66.249.68.7 - - [25/Feb/2025:18:03:14 +0000] "GET /wp-content/uploads/2013/12/chilum-peq.png HTTP/1.1" 404 109069 "-" "Googlebot-Image/1.0"
146.190.157.162 - - [25/Feb/2025:18:04:04 +0000] "POST /wp-cron.php?doing_wp_cron=1740506644.9180660247802734375000 HTTP/1.1" 200 2850 "-" "WordPress/6.3.5; https://plantamadre.es"
95.164.67.6 - - [25/Feb/2025:18:04:03 +0000] "GET /tienda/semillas/l-s-d-feminizada-10-semillas/ HTTP/1.1" 404 109094 "-" "Mozilla/5.0 (X11; Linux x86_64) AppleWebKit/537.36 (KHTML, like Gecko) Chrome/114.0.0.0 Safari/537.36 OPR/89.0.4447.51"
62.117.170.101 - - [25/Feb/2025:18:05:14 +0000] "POST /wp-admin/admin-ajax.php HTTP/1.1" 200 982 "https://plantamadre.es/wp-admin/post.php?post=25043&action=edit" "Mozilla/5.0 (Windows NT 10.0; Win64; x64) AppleWebKit/537.36 (KHTML, like Gecko) Chrome/133.0.0.0 Safari/537.36"
146.190.157.162 - - [25/Feb/2025:18:05:16 +0000] "POST /wp-cron.php?doing_wp_cron=1740506716.2723419666290283203125 HTTP/1.1" 200 2851 "-" "WordPress/6.3.5; https://plantamadre.es"
62.169.25.232 - - [25/Feb/2025:18:07:05 +0000] "GET /wp-login.php HTTP/1.1" 301 462 "-" "Mozilla/5.0 (X11; Fedora; Linux x86_64; rv:94.0) Gecko/20100101 Firefox/95.0"
62.169.25.232 - - [25/Feb/2025:18:07:06 +0000] "GET /wp-login.php HTTP/1.1" 200 7070 "http://plantamadre.es/wp-login.php" "Mozilla/5.0 (X11; Fedora; Linux x86_64; rv:94.0) Gecko/20100101 Firefox/95.0"
62.169.25.232 - - [25/Feb/2025:18:07:08 +0000] "GET /wp-login.php HTTP/1.1" 200 7069 "-" "Mozilla/5.0 (X11; Fedora; Linux x86_64; rv:94.0) Gecko/20100101 Firefox/95.0"
62.169.25.232 - - [25/Feb/2025:18:07:09 +0000] "POST /wp-login.php HTTP/1.1" 200 7069 "-" "Mozilla/5.0 (X11; Fedora; Linux x86_64; rv:94.0) Gecko/20100101 Firefox/95.0"
62.117.170.101 - - [25/Feb/2025:18:07:15 +0000] "POST /wp-admin/admin-ajax.php HTTP/1.1" 200 982 "https://plantamadre.es/wp-admin/post.php?post=25043&action=edit" "Mozilla/5.0 (Windows NT 10.0; Win64; x64) AppleWebKit/537.36 (KHTML, like Gecko) Chrome/133.0.0.0 Safari/537.36"
146.190.157.162 - - [25/Feb/2025:18:07:17 +0000] "POST /wp-cron.php?doing_wp_cron=1740506837.1473550796508789062500 HTTP/1.1" 200 2850 "-" "WordPress/6.3.5; https://plantamadre.es"
62.117.170.101 - - [25/Feb/2025:18:09:16 +0000] "POST /wp-admin/admin-ajax.php HTTP/1.1" 200 982 "https://plantamadre.es/wp-admin/post.php?post=25043&action=edit" "Mozilla/5.0 (Windows NT 10.0; Win64; x64) AppleWebKit/537.36 (KHTML, like Gecko) Chrome/133.0.0.0 Safari/537.36"
146.190.157.162 - - [25/Feb/2025:18:09:18 +0000] "POST /wp-cron.php?doing_wp_cron=1740506958.4501080513000488281250 HTTP/1.1" 200 2850 "-" "WordPress/6.3.5; https://plantamadre.es"
146.190.157.162 - - [25/Feb/2025:18:09:47 +0000] "POST /wp-cron.php?doing_wp_cron=1740506987.7416739463806152343750 HTTP/1.1" 200 2851 "-" "WordPress/6.3.5; https://plantamadre.es"
193.33.66.204 - - [25/Feb/2025:18:09:46 +0000] "GET /tienda/cultivo-indoor/masterclean-5l-alcohol-isopropilico-999/ HTTP/1.1" 404 108968 "https://plantamadre.es" "Mozilla/5.0 (Windows NT 10.0; Win64; x64) AppleWebKit/537.36 (KHTML, like Gecko) Chrome/62.0.3202.94 Safari/537.36"
146.190.157.162 - - [25/Feb/2025:18:09:52 +0000] "POST /wp-cron.php?doing_wp_cron=1740506992.3870160579681396484375 HTTP/1.1" 200 2849 "-" "WordPress/6.3.5; https://plantamadre.es"
193.33.66.204 - - [25/Feb/2025:18:09:50 +0000] "GET /tienda/cultivo-indoor/masterclean-5l-alcohol-isopropilico-999/ HTTP/1.1" 404 108967 "https://plantamadre.es" "Mozilla/5.0 (Windows NT 10.0; Win64; x64) AppleWebKit/537.36 (KHTML, like Gecko) Chrome/62.0.3202.94 Safari/537.36"
216.244.66.239 - - [25/Feb/2025:18:09:54 +0000] "GET /robots.txt HTTP/1.1" 301 439 "-" "Mozilla/5.0 (compatible; DotBot/1.2; +https://opensiteexplorer.org/dotbot; help@moz.com)"
216.244.66.239 - - [25/Feb/2025:18:09:54 +0000] "GET /robots.txt HTTP/1.1" 200 2886 "-" "Mozilla/5.0 (compatible; DotBot/1.2; +https://opensiteexplorer.org/dotbot; help@moz.com)"
193.33.66.204 - - [25/Feb/2025:18:09:55 +0000] "GET /tienda/cultivo-indoor/masterclean-5l-alcohol-isopropilico-999/ HTTP/1.1" 404 108967 "https://plantamadre.es" "Mozilla/5.0 (Windows NT 10.0; Win64; x64) AppleWebKit/537.36 (KHTML, like Gecko) Chrome/62.0.3202.94 Safari/537.36"
193.33.66.204 - - [25/Feb/2025:18:09:58 +0000] "GET /tienda/cultivo-indoor/masterclean-5l-alcohol-isopropilico-999/ HTTP/1.1" 404 108966 "https://plantamadre.es" "Mozilla/5.0 (Windows NT 10.0; Win64; x64) AppleWebKit/537.36 (KHTML, like Gecko) Chrome/62.0.3202.94 Safari/537.36"
146.190.157.162 - - [25/Feb/2025:18:10:28 +0000] "POST /wp-cron.php?doing_wp_cron=1740507028.3427779674530029296875 HTTP/1.1" 200 2850 "-" "WordPress/6.3.5; https://plantamadre.es"
91.223.133.177 - - [25/Feb/2025:18:10:26 +0000] "GET /tienda/trabe/trabe-radical-flower-500ml/ HTTP/1.1" 404 108945 "https://plantamadre.es" "Mozilla/5.0 (Windows NT 10.0; Win64; x64) AppleWebKit/537.36 (KHTML, like Gecko) Chrome/62.0.3202.94 Safari/537.36"
146.190.157.162 - - [25/Feb/2025:18:10:32 +0000] "POST /wp-cron.php?doing_wp_cron=1740507032.8349280357360839843750 HTTP/1.1" 200 2850 "-" "WordPress/6.3.5; https://plantamadre.es"
91.223.133.177 - - [25/Feb/2025:18:10:31 +0000] "GET /tienda/trabe/trabe-radical-flower-500ml/ HTTP/1.1" 404 108946 "https://plantamadre.es" "Mozilla/5.0 (Windows NT 10.0; Win64; x64) AppleWebKit/537.36 (KHTML, like Gecko) Chrome/62.0.3202.94 Safari/537.36"
91.223.133.177 - - [25/Feb/2025:18:10:35 +0000] "GET /tienda/trabe/trabe-radical-flower-500ml/ HTTP/1.1" 404 108945 "https://plantamadre.es" "Mozilla/5.0 (Windows NT 10.0; Win64; x64) AppleWebKit/537.36 (KHTML, like Gecko) Chrome/62.0.3202.94 Safari/537.36"
91.223.133.177 - - [25/Feb/2025:18:10:39 +0000] "GET /tienda/trabe/trabe-radical-flower-500ml/ HTTP/1.1" 404 108944 "https://plantamadre.es" "Mozilla/5.0 (Windows NT 10.0; Win64; x64) AppleWebKit/537.36 (KHTML, like Gecko) Chrome/62.0.3202.94 Safari/537.36"
195.178.110.125 - - [25/Feb/2025:18:11:03 +0000] "GET /storage/app/public/.env HTTP/1.1" 404 109082 "-" "Mozilla/5.0"
62.117.170.101 - - [25/Feb/2025:18:11:17 +0000] "POST /wp-admin/admin-ajax.php HTTP/1.1" 200 982 "https://plantamadre.es/wp-admin/post.php?post=25043&action=edit" "Mozilla/5.0 (Windows NT 10.0; Win64; x64) AppleWebKit/537.36 (KHTML, like Gecko) Chrome/133.0.0.0 Safari/537.36"
85.208.98.23 - - [25/Feb/2025:18:13:06 +0000] "GET /robots.txt HTTP/1.1" 301 439 "-" "Mozilla/5.0 (compatible; SemrushBot-BA; +http://www.semrush.com/bot.html)"
85.208.98.23 - - [25/Feb/2025:18:13:06 +0000] "GET /robots.txt HTTP/1.1" 200 2980 "http://plantamadre.es/robots.txt" "Mozilla/5.0 (compatible; SemrushBot-BA; +http://www.semrush.com/bot.html)"
146.190.157.162 - - [25/Feb/2025:18:13:07 +0000] "POST /wp-cron.php?doing_wp_cron=1740507187.9628860950469970703125 HTTP/1.1" 200 2850 "-" "WordPress/6.3.5; https://plantamadre.es"
35.187.250.253 - - [25/Feb/2025:18:13:10 +0000] "POST /wp-login.php HTTP/1.1" 301 443 "http://plantamadre.es" "Mozilla/5.0 (Macintosh; Intel Mac OS X 14.3) AppleWebKit/614.31.14 (KHTML, like Gecko) Version/17.0.96 Safari/614.31.14"
35.187.250.253 - - [25/Feb/2025:18:13:11 +0000] "GET /wp-login.php HTTP/1.1" 200 7285 "http://plantamadre.es" "Mozilla/5.0 (Macintosh; Intel Mac OS X 14.3) AppleWebKit/614.31.14 (KHTML, like Gecko) Version/17.0.96 Safari/614.31.14"
62.117.170.101 - - [25/Feb/2025:18:13:18 +0000] "POST /wp-admin/admin-ajax.php HTTP/1.1" 200 982 "https://plantamadre.es/wp-admin/post.php?post=25043&action=edit" "Mozilla/5.0 (Windows NT 10.0; Win64; x64) AppleWebKit/537.36 (KHTML, like Gecko) Chrome/133.0.0.0 Safari/537.36"
146.190.157.162 - - [25/Feb/2025:18:13:43 +0000] "POST /wp-cron.php?doing_wp_cron=1740507223.2423460483551025390625 HTTP/1.1" 200 2849 "-" "WordPress/6.3.5; https://plantamadre.es"
85.208.98.16 - - [25/Feb/2025:18:13:41 +0000] "GET /tienda/balastros/balastro-electronico-newlite-1000w-regulable-con-potenciometro/ HTTP/1.1" 404 109050 "-" "Mozilla/5.0 (compatible; SemrushBot-BA; +http://www.semrush.com/bot.html)"
146.190.157.162 - - [25/Feb/2025:18:14:42 +0000] "POST /wp-cron.php?doing_wp_cron=1740507282.9142940044403076171875 HTTP/1.1" 200 2851 "-" "WordPress/6.3.5; https://plantamadre.es"
192.210.176.96 - - [25/Feb/2025:18:14:41 +0000] "GET /tienda/ez-test/ez-test-ketamina/ HTTP/1.1" 404 109081 "-" "Mozilla/5.0 (X11; Linux x86_64) AppleWebKit/537.36 (KHTML, like Gecko) Chrome/114.0.0.0 Safari/537.36 OPR/89.0.4447.51"
192.210.176.96 - - [25/Feb/2025:18:14:46 +0000] "GET / HTTP/1.1" 200 27146 "-" "Mozilla/5.0 (X11; Linux x86_64) AppleWebKit/537.36 (KHTML, like Gecko) Chrome/114.0.0.0 Safari/537.36 OPR/89.0.4447.51"
192.210.176.96 - - [25/Feb/2025:18:14:50 +0000] "GET /wp-login.php?action=register HTTP/1.1" 200 7351 "https://plantamadre.es" "Mozilla/5.0 (Windows NT 6.3; Win64; x64) AppleWebKit/537.36 (KHTML, like Gecko) Chrome/103.0.0.0 Safari/537.36"
192.210.176.96 - - [25/Feb/2025:18:14:52 +0000] "GET /wp-login.php?action=register HTTP/1.1" 200 7350 "https://plantamadre.es/wp-login.php?action=register" "Mozilla/5.0 (Windows NT 6.3; Win64; x64) AppleWebKit/537.36 (KHTML, like Gecko) Chrome/103.0.0.0 Safari/537.36"
192.210.176.96 - - [25/Feb/2025:18:15:01 +0000] "POST /wp-login.php?jetpack-protect-recovery=true HTTP/1.1" 200 7314 "https://plantamadre.es/wp-login.php?action=register" "Mozilla/5.0 (Windows NT 6.3; Win64; x64) AppleWebKit/537.36 (KHTML, like Gecko) Chrome/103.0.0.0 Safari/537.36"
62.117.170.101 - - [25/Feb/2025:18:15:19 +0000] "POST /wp-admin/admin-ajax.php HTTP/1.1" 200 982 "https://plantamadre.es/wp-admin/post.php?post=25043&action=edit" "Mozilla/5.0 (Windows NT 10.0; Win64; x64) AppleWebKit/537.36 (KHTML, like Gecko) Chrome/133.0.0.0 Safari/537.36"
62.117.170.101 - - [25/Feb/2025:18:17:20 +0000] "POST /wp-admin/admin-ajax.php HTTP/1.1" 200 982 "https://plantamadre.es/wp-admin/post.php?post=25043&action=edit" "Mozilla/5.0 (Windows NT 10.0; Win64; x64) AppleWebKit/537.36 (KHTML, like Gecko) Chrome/133.0.0.0 Safari/537.36"
146.190.157.162 - - [25/Feb/2025:18:17:22 +0000] "POST /wp-cron.php?doing_wp_cron=1740507442.4003810882568359375000 HTTP/1.1" 200 2848 "-" "WordPress/6.3.5; https://plantamadre.es"
62.117.170.101 - - [25/Feb/2025:18:19:21 +0000] "POST /wp-admin/admin-ajax.php HTTP/1.1" 200 982 "https://plantamadre.es/wp-admin/post.php?post=25043&action=edit" "Mozilla/5.0 (Windows NT 10.0; Win64; x64) AppleWebKit/537.36 (KHTML, like Gecko) Chrome/133.0.0.0 Safari/537.36"
146.190.157.162 - - [25/Feb/2025:18:19:23 +0000] "POST /wp-cron.php?doing_wp_cron=1740507563.1693639755249023437500 HTTP/1.1" 200 2850 "-" "WordPress/6.3.5; https://plantamadre.es"
62.117.170.101 - - [25/Feb/2025:18:21:22 +0000] "POST /wp-admin/admin-ajax.php HTTP/1.1" 200 982 "https://plantamadre.es/wp-admin/post.php?post=25043&action=edit" "Mozilla/5.0 (Windows NT 10.0; Win64; x64) AppleWebKit/537.36 (KHTML, like Gecko) Chrome/133.0.0.0 Safari/537.36"
146.190.157.162 - - [25/Feb/2025:18:21:24 +0000] "POST /wp-cron.php?doing_wp_cron=1740507684.4267930984497070312500 HTTP/1.1" 200 2850 "-" "WordPress/6.3.5; https://plantamadre.es"
146.190.157.162 - - [25/Feb/2025:18:22:41 +0000] "POST /wp-cron.php?doing_wp_cron=1740507761.4678699970245361328125 HTTP/1.1" 200 2850 "-" "WordPress/6.3.5; https://plantamadre.es"
181.10.103.192 - - [25/Feb/2025:18:22:40 +0000] "GET /tienda/00-seeds-bank/00-seeds-auto-mix-5und/ HTTP/1.0" 404 108811 "https://plantamadre.es/tienda/00-seeds-bank/00-seeds-auto-mix-5und/" "Mozilla/5.0 (Windows NT 10.0; Win64; x64) AppleWebKit/537.36 (KHTML, like Gecko) Chrome/129.0.0.0 Safari/537.36"
4.227.36.62 - - [25/Feb/2025:18:22:57 +0000] "GET /robots.txt HTTP/1.1" 200 3012 "-" "Mozilla/5.0 AppleWebKit/537.36 (KHTML, like Gecko; compatible; GPTBot/1.2; +https://openai.com/gptbot)"
146.190.157.162 - - [25/Feb/2025:18:22:59 +0000] "POST /wp-cron.php?doing_wp_cron=1740507779.2637510299682617187500 HTTP/1.1" 200 2850 "-" "WordPress/6.3.5; https://plantamadre.es"
20.171.207.207 - - [25/Feb/2025:18:23:08 +0000] "GET /tienda/co2/generador-de-co2-4-quemadores/ HTTP/1.1" 404 109044 "-" "Mozilla/5.0 AppleWebKit/537.36 (KHTML, like Gecko; compatible; GPTBot/1.2; +https://openai.com/gptbot)"
62.117.170.101 - - [25/Feb/2025:18:23:23 +0000] "POST /wp-admin/admin-ajax.php HTTP/1.1" 200 982 "https://plantamadre.es/wp-admin/post.php?post=25043&action=edit" "Mozilla/5.0 (Windows NT 10.0; Win64; x64) AppleWebKit/537.36 (KHTML, like Gecko) Chrome/133.0.0.0 Safari/537.36"
66.249.68.8 - - [25/Feb/2025:18:24:25 +0000] "GET /wp-content/uploads/2024/12/NANO-HIDR.png HTTP/1.1" 301 555 "-" "Googlebot-Image/1.0"
66.249.68.6 - - [25/Feb/2025:18:24:25 +0000] "GET /wp-content/uploads/2024/12/NANO-HIDR.png HTTP/1.1" 200 275967 "-" "Googlebot-Image/1.0"
146.190.157.162 - - [25/Feb/2025:18:25:07 +0000] "POST /wp-cron.php?doing_wp_cron=1740507907.0342960357666015625000 HTTP/1.1" 200 2849 "-" "WordPress/6.3.5; https://plantamadre.es"
85.90.216.185 - - [25/Feb/2025:18:25:05 +0000] "GET /tienda/co2/generador-de-co2-4-quemadores/ HTTP/1.0" 404 108808 "https://plantamadre.es/tienda/co2/generador-de-co2-4-quemadores/" "Mozilla/5.0 (Windows NT 10.0; Win64; x64) AppleWebKit/537.36 (KHTML, like Gecko) Chrome/103.0.0.0 Safari/537.36 Herring/95.1.8810.11"
85.90.216.185 - - [25/Feb/2025:18:25:21 +0000] "GET / HTTP/1.0" 200 146441 "https://plantamadre.es/" "Mozilla/5.0 (Windows NT 10.0; Win64; x64) AppleWebKit/537.36 (KHTML, like Gecko) Chrome/103.0.0.0 Safari/537.36 Herring/95.1.8810.11"
62.117.170.101 - - [25/Feb/2025:18:25:24 +0000] "POST /wp-admin/admin-ajax.php HTTP/1.1" 200 982 "https://plantamadre.es/wp-admin/post.php?post=25043&action=edit" "Mozilla/5.0 (Windows NT 10.0; Win64; x64) AppleWebKit/537.36 (KHTML, like Gecko) Chrome/133.0.0.0 Safari/537.36"
85.90.216.185 - - [25/Feb/2025:18:25:27 +0000] "GET /contacto/ HTTP/1.0" 200 196542 "https://plantamadre.es/contacto/" "Mozilla/5.0 (Windows NT 10.0; Win64; x64) AppleWebKit/537.36 (KHTML, like Gecko) Chrome/103.0.0.0 Safari/537.36 Herring/95.1.8810.11"
146.190.157.162 - - [25/Feb/2025:18:25:34 +0000] "POST /wp-cron.php?doing_wp_cron=1740507934.1055960655212402343750 HTTP/1.1" 200 2850 "-" "WordPress/6.3.5; https://plantamadre.es"
85.90.216.185 - - [25/Feb/2025:18:25:32 +0000] "POST /contacto/ HTTP/1.0" 200 194637 "https://plantamadre.es/contacto/" "Mozilla/5.0 (Windows NT 10.0; Win64; x64) AppleWebKit/537.36 (KHTML, like Gecko) Chrome/103.0.0.0 Safari/537.36 Herring/95.1.8810.11"
181.10.103.192 - - [25/Feb/2025:18:25:44 +0000] "GET /tienda/balanzas/peso-fuzion-diablo-00175-gr/ HTTP/1.0" 404 108813 "https://plantamadre.es/tienda/balanzas/peso-fuzion-diablo-00175-gr/" "Mozilla/5.0 (Windows NT 10.0; Win64; x64) AppleWebKit/537.36 (KHTML, like Gecko) Chrome/129.0.0.0 Safari/537.36"
146.190.157.162 - - [25/Feb/2025:18:27:15 +0000] "POST /wp-cron.php?doing_wp_cron=1740508035.6018950939178466796875 HTTP/1.1" 200 2850 "-" "WordPress/6.3.5; https://plantamadre.es"
46.232.112.124 - - [25/Feb/2025:18:27:13 +0000] "GET /tienda/canna-fertilizantes/canna-bio-boost-10l/ HTTP/1.1" 404 108952 "https://plantamadre.es" "Mozilla/5.0 (Windows NT 10.0; Win64; x64) AppleWebKit/537.36 (KHTML, like Gecko) Chrome/62.0.3202.94 Safari/537.36"
46.232.112.124 - - [25/Feb/2025:18:27:18 +0000] "GET /tienda/canna-fertilizantes/canna-bio-boost-10l/ HTTP/1.1" 404 108951 "https://plantamadre.es" "Mozilla/5.0 (Windows NT 10.0; Win64; x64) AppleWebKit/537.36 (KHTML, like Gecko) Chrome/62.0.3202.94 Safari/537.36"
46.232.112.124 - - [25/Feb/2025:18:27:22 +0000] "GET /tienda/canna-fertilizantes/canna-bio-boost-10l/ HTTP/1.1" 404 108952 "https://plantamadre.es" "Mozilla/5.0 (Windows NT 10.0; Win64; x64) AppleWebKit/537.36 (KHTML, like Gecko) Chrome/62.0.3202.94 Safari/537.36"
62.117.170.101 - - [25/Feb/2025:18:27:25 +0000] "POST /wp-admin/admin-ajax.php HTTP/1.1" 200 982 "https://plantamadre.es/wp-admin/post.php?post=25043&action=edit" "Mozilla/5.0 (Windows NT 10.0; Win64; x64) AppleWebKit/537.36 (KHTML, like Gecko) Chrome/133.0.0.0 Safari/537.36"
46.232.112.124 - - [25/Feb/2025:18:27:25 +0000] "GET /tienda/canna-fertilizantes/canna-bio-boost-10l/ HTTP/1.1" 404 108952 "https://plantamadre.es" "Mozilla/5.0 (Windows NT 10.0; Win64; x64) AppleWebKit/537.36 (KHTML, like Gecko) Chrome/62.0.3202.94 Safari/537.36"
62.117.170.101 - - [25/Feb/2025:18:29:26 +0000] "POST /wp-admin/admin-ajax.php HTTP/1.1" 200 3228 "https://plantamadre.es/wp-admin/post.php?post=25043&action=edit" "Mozilla/5.0 (Windows NT 10.0; Win64; x64) AppleWebKit/537.36 (KHTML, like Gecko) Chrome/133.0.0.0 Safari/537.36"
146.190.157.162 - - [25/Feb/2025:18:29:28 +0000] "POST /wp-cron.php?doing_wp_cron=1740508168.4999001026153564453125 HTTP/1.1" 200 2851 "-" "WordPress/6.3.5; https://plantamadre.es"
62.117.170.101 - - [25/Feb/2025:18:31:27 +0000] "POST /wp-admin/admin-ajax.php HTTP/1.1" 200 982 "https://plantamadre.es/wp-admin/post.php?post=25043&action=edit" "Mozilla/5.0 (Windows NT 10.0; Win64; x64) AppleWebKit/537.36 (KHTML, like Gecko) Chrome/133.0.0.0 Safari/537.36"
146.190.157.162 - - [25/Feb/2025:18:31:29 +0000] "POST /wp-cron.php?doing_wp_cron=1740508289.3513178825378417968750 HTTP/1.1" 200 2851 "-" "WordPress/6.3.5; https://plantamadre.es"
146.190.157.162 - - [25/Feb/2025:18:33:04 +0000] "POST /wp-cron.php?doing_wp_cron=1740508384.8667089939117431640625 HTTP/1.1" 200 2851 "-" "WordPress/6.3.5; https://plantamadre.es"
91.223.133.164 - - [25/Feb/2025:18:33:03 +0000] "GET /tienda/insecticidas/sbm-insecticida-polivalente-decis-protech-10ml/ HTTP/1.1" 404 108972 "https://plantamadre.es" "Mozilla/5.0 (Windows NT 10.0; Win64; x64) AppleWebKit/537.36 (KHTML, like Gecko) Chrome/62.0.3202.94 Safari/537.36"
91.223.133.164 - - [25/Feb/2025:18:33:07 +0000] "GET /tienda/insecticidas/sbm-insecticida-polivalente-decis-protech-10ml/ HTTP/1.1" 404 108972 "https://plantamadre.es" "Mozilla/5.0 (Windows NT 10.0; Win64; x64) AppleWebKit/537.36 (KHTML, like Gecko) Chrome/62.0.3202.94 Safari/537.36"
91.223.133.164 - - [25/Feb/2025:18:33:11 +0000] "GET /tienda/insecticidas/sbm-insecticida-polivalente-decis-protech-10ml/ HTTP/1.1" 404 108972 "https://plantamadre.es" "Mozilla/5.0 (Windows NT 10.0; Win64; x64) AppleWebKit/537.36 (KHTML, like Gecko) Chrome/62.0.3202.94 Safari/537.36"
91.223.133.164 - - [25/Feb/2025:18:33:14 +0000] "GET /tienda/insecticidas/sbm-insecticida-polivalente-decis-protech-10ml/ HTTP/1.1" 404 108973 "https://plantamadre.es" "Mozilla/5.0 (Windows NT 10.0; Win64; x64) AppleWebKit/537.36 (KHTML, like Gecko) Chrome/62.0.3202.94 Safari/537.36"
62.117.170.101 - - [25/Feb/2025:18:33:28 +0000] "POST /wp-admin/admin-ajax.php HTTP/1.1" 200 982 "https://plantamadre.es/wp-admin/post.php?post=25043&action=edit" "Mozilla/5.0 (Windows NT 10.0; Win64; x64) AppleWebKit/537.36 (KHTML, like Gecko) Chrome/133.0.0.0 Safari/537.36"
190.92.174.37 - - [25/Feb/2025:18:33:51 +0000] "POST /wp-login.php HTTP/1.1" 301 443 "http://plantamadre.es" "Mozilla/5.0 (Windows NT 11.0; Win64; x64) AppleWebKit/537.36 (KHTML, like Gecko) Chrome/126.0.0.0 Safari/537.36"
190.92.174.37 - - [25/Feb/2025:18:33:52 +0000] "GET /wp-login.php HTTP/1.1" 200 7284 "http://plantamadre.es" "Mozilla/5.0 (Windows NT 11.0; Win64; x64) AppleWebKit/537.36 (KHTML, like Gecko) Chrome/126.0.0.0 Safari/537.36"
146.190.157.162 - - [25/Feb/2025:18:34:18 +0000] "POST /wp-cron.php?doing_wp_cron=1740508458.7502570152282714843750 HTTP/1.1" 200 2850 "-" "WordPress/6.3.5; https://plantamadre.es"
170.231.250.64 - - [25/Feb/2025:18:34:17 +0000] "GET /tienda/trabe/trabe-ain-grow-30ml/ HTTP/1.1" 404 108939 "https://plantamadre.es" "Mozilla/5.0 (Windows NT 10.0; Win64; x64) AppleWebKit/537.36 (KHTML, like Gecko) Chrome/62.0.3202.94 Safari/537.36"
146.190.157.162 - - [25/Feb/2025:18:34:24 +0000] "POST /wp-cron.php?doing_wp_cron=1740508464.1684970855712890625000 HTTP/1.1" 200 2851 "-" "WordPress/6.3.5; https://plantamadre.es"
170.231.250.64 - - [25/Feb/2025:18:34:22 +0000] "GET /tienda/trabe/trabe-ain-grow-30ml/ HTTP/1.1" 404 108938 "https://plantamadre.es" "Mozilla/5.0 (Windows NT 10.0; Win64; x64) AppleWebKit/537.36 (KHTML, like Gecko) Chrome/62.0.3202.94 Safari/537.36"
170.231.250.64 - - [25/Feb/2025:18:34:27 +0000] "GET /tienda/trabe/trabe-ain-grow-30ml/ HTTP/1.1" 404 108938 "https://plantamadre.es" "Mozilla/5.0 (Windows NT 10.0; Win64; x64) AppleWebKit/537.36 (KHTML, like Gecko) Chrome/62.0.3202.94 Safari/537.36"
146.190.157.162 - - [25/Feb/2025:18:34:32 +0000] "POST /wp-cron.php?doing_wp_cron=1740508472.3011019229888916015625 HTTP/1.1" 200 2850 "-" "WordPress/6.3.5; https://plantamadre.es"
170.231.250.64 - - [25/Feb/2025:18:34:31 +0000] "GET /tienda/trabe/trabe-ain-grow-30ml/ HTTP/1.1" 404 108937 "https://plantamadre.es" "Mozilla/5.0 (Windows NT 10.0; Win64; x64) AppleWebKit/537.36 (KHTML, like Gecko) Chrome/62.0.3202.94 Safari/537.36"
62.117.170.101 - - [25/Feb/2025:18:35:29 +0000] "POST /wp-admin/admin-ajax.php HTTP/1.1" 200 982 "https://plantamadre.es/wp-admin/post.php?post=25043&action=edit" "Mozilla/5.0 (Windows NT 10.0; Win64; x64) AppleWebKit/537.36 (KHTML, like Gecko) Chrome/133.0.0.0 Safari/537.36"
146.190.157.162 - - [25/Feb/2025:18:35:31 +0000] "POST /wp-cron.php?doing_wp_cron=1740508531.5054509639739990234375 HTTP/1.1" 200 2850 "-" "WordPress/6.3.5; https://plantamadre.es"
135.181.15.80 - - [25/Feb/2025:18:36:09 +0000] "GET /tienda/00-seeds-bank/00-seeds-auto-northern-lights-5und/ HTTP/1.0" 404 108823 "https://plantamadre.es/tienda/00-seeds-bank/00-seeds-auto-northern-lights-5und/" "Mozilla/5.0 (Windows NT 10.0; Win64; x64) AppleWebKit/537.36 (KHTML, like Gecko) Chrome/130.0.0.0 Safari/537.36"
62.117.170.101 - - [25/Feb/2025:18:37:30 +0000] "POST /wp-admin/admin-ajax.php HTTP/1.1" 200 982 "https://plantamadre.es/wp-admin/post.php?post=25043&action=edit" "Mozilla/5.0 (Windows NT 10.0; Win64; x64) AppleWebKit/537.36 (KHTML, like Gecko) Chrome/133.0.0.0 Safari/537.36"
146.190.157.162 - - [25/Feb/2025:18:37:32 +0000] "POST /wp-cron.php?doing_wp_cron=1740508652.0673010349273681640625 HTTP/1.1" 200 2850 "-" "WordPress/6.3.5; https://plantamadre.es"
146.190.157.162 - - [25/Feb/2025:18:37:55 +0000] "POST /wp-cron.php?doing_wp_cron=1740508675.4532890319824218750000 HTTP/1.1" 200 2849 "-" "WordPress/6.3.5; https://plantamadre.es"
181.10.103.192 - - [25/Feb/2025:18:37:54 +0000] "GET /tienda/00-seeds-bank/00-seeds-auto-chocolate-skunk-5und/ HTTP/1.0" 404 108825 "https://plantamadre.es/tienda/00-seeds-bank/00-seeds-auto-chocolate-skunk-5und/" "Mozilla/5.0 (Windows NT 10.0; Win64; x64) AppleWebKit/537.36 (KHTML, like Gecko) Chrome/131.0.0.0 Safari/537.36 Avast/131.0.0.0"
216.244.66.239 - - [25/Feb/2025:18:38:10 +0000] "GET /product/cafe-racer/?add-to-cart=23230 HTTP/1.1" 200 251363 "-" "Mozilla/5.0 (compatible; DotBot/1.2; +https://opensiteexplorer.org/dotbot; help@moz.com)"
114.119.151.80 - - [25/Feb/2025:18:38:19 +0000] "GET /shop/sustratos/cover-crop/ HTTP/1.1" 200 24133 "https://plantamadre.es/product/deposito-polipropileno-2/" "Mozilla/5.0 (Linux; Android 7.0;) AppleWebKit/537.36 (KHTML, like Gecko) Mobile Safari/537.36 (compatible; PetalBot;+https://webmaster.petalsearch.com/site/petalbot)"
68.36.51.226 - - [25/Feb/2025:18:38:38 +0000] "GET /wp-login.php HTTP/1.1" 301 443 "-" "GRequests/0.10"
68.36.51.226 - - [25/Feb/2025:18:38:38 +0000] "GET /wp-login.php HTTP/1.1" 200 6021 "http://plantamadre.es/wp-login.php" "GRequests/0.10"
68.36.51.226 - - [25/Feb/2025:18:38:40 +0000] "POST /wp-login.php HTTP/1.1" 301 443 "-" "GRequests/0.10"
146.190.157.162 - - [25/Feb/2025:18:38:39 +0000] "POST /wp-cron.php?doing_wp_cron=1740508719.6142089366912841796875 HTTP/1.1" 200 2851 "-" "WordPress/6.3.5; https://plantamadre.es"
68.36.51.226 - - [25/Feb/2025:18:38:40 +0000] "GET /wp-login.php HTTP/1.1" 200 6026 "http://plantamadre.es/wp-login.php" "GRequests/0.10"
68.36.51.226 - - [25/Feb/2025:18:38:41 +0000] "GET /wp-admin/ HTTP/1.1" 301 437 "-" "GRequests/0.10"
216.244.66.239 - - [25/Feb/2025:18:38:38 +0000] "GET /product/caramel-kush/?add-to-cart=24946 HTTP/1.1" 200 238661 "-" "Mozilla/5.0 (compatible; DotBot/1.2; +https://opensiteexplorer.org/dotbot; help@moz.com)"
68.36.51.226 - - [25/Feb/2025:18:38:41 +0000] "GET /wp-admin/ HTTP/1.1" 302 386 "http://plantamadre.es/wp-admin/" "GRequests/0.10"
68.36.51.226 - - [25/Feb/2025:18:38:43 +0000] "GET /wp-login.php?redirect_to=https%3A%2F%2Fplantamadre.es%2Fwp-admin%2F&reauth=1 HTTP/1.1" 200 5536 "https://plantamadre.es/wp-admin/" "GRequests/0.10"
216.244.66.239 - - [25/Feb/2025:18:39:03 +0000] "GET /product/lemon-og-5-und/?add-to-cart=24953 HTTP/1.1" 200 238600 "-" "Mozilla/5.0 (compatible; DotBot/1.2; +https://opensiteexplorer.org/dotbot; help@moz.com)"
85.208.98.23 - - [25/Feb/2025:18:39:11 +0000] "GET /robots.txt HTTP/1.1" 301 439 "-" "Mozilla/5.0 (compatible; SemrushBot-BA; +http://www.semrush.com/bot.html)"
85.208.98.23 - - [25/Feb/2025:18:39:11 +0000] "GET /robots.txt HTTP/1.1" 200 2981 "http://plantamadre.es/robots.txt" "Mozilla/5.0 (compatible; SemrushBot-BA; +http://www.semrush.com/bot.html)"
146.190.157.162 - - [25/Feb/2025:18:39:31 +0000] "POST /wp-cron.php?doing_wp_cron=1740508771.1189188957214355468750 HTTP/1.1" 200 2850 "-" "WordPress/6.3.5; https://plantamadre.es"
62.117.170.101 - - [25/Feb/2025:18:39:31 +0000] "POST /wp-admin/admin-ajax.php HTTP/1.1" 200 982 "https://plantamadre.es/wp-admin/post.php?post=25043&action=edit" "Mozilla/5.0 (Windows NT 10.0; Win64; x64) AppleWebKit/537.36 (KHTML, like Gecko) Chrome/133.0.0.0 Safari/537.36"
216.244.66.239 - - [25/Feb/2025:18:39:29 +0000] "GET /product/mimosa-5-und/?add-to-cart=24904 HTTP/1.1" 200 238520 "-" "Mozilla/5.0 (compatible; DotBot/1.2; +https://opensiteexplorer.org/dotbot; help@moz.com)"
85.208.98.31 - - [25/Feb/2025:18:39:38 +0000] "GET /tienda/insecticidas/sbm-protect-home-insecticida-rastreros-500ml/ HTTP/1.1" 404 109037 "-" "Mozilla/5.0 (compatible; SemrushBot-BA; +http://www.semrush.com/bot.html)"
85.208.98.19 - - [25/Feb/2025:18:39:55 +0000] "GET /tienda/ez-test/ez-test-extasis-mdma/ HTTP/1.1" 404 109007 "-" "Mozilla/5.0 (compatible; SemrushBot-BA; +http://www.semrush.com/bot.html)"
216.244.66.239 - - [25/Feb/2025:18:40:03 +0000] "GET /product/psicodelicia/?add-to-cart=24920 HTTP/1.1" 200 248832 "-" "Mozilla/5.0 (compatible; DotBot/1.2; +https://opensiteexplorer.org/dotbot; help@moz.com)"
146.190.157.162 - - [25/Feb/2025:18:40:38 +0000] "POST /wp-cron.php?doing_wp_cron=1740508838.6649498939514160156250 HTTP/1.1" 200 2850 "-" "WordPress/6.3.5; https://plantamadre.es"
216.244.66.239 - - [25/Feb/2025:18:40:37 +0000] "GET /product/sour-diesel/?add-to-cart=24924 HTTP/1.1" 200 252230 "-" "Mozilla/5.0 (compatible; DotBot/1.2; +https://opensiteexplorer.org/dotbot; help@moz.com)"
95.164.67.6 - - [25/Feb/2025:18:40:51 +0000] "GET /tienda/semillas/l-s-d-feminizada-10-semillas/ HTTP/1.1" 404 109095 "-" "Mozilla/5.0 (Windows NT 10.0; Win64; x64; Xbox; Xbox One) AppleWebKit/537.36 (KHTML, like Gecko) Chrome/114.0.0.0 Safari/537.36 Edge/44.18363.8131"
142.93.219.175 - - [25/Feb/2025:18:40:56 +0000] "GET /tienda/extraccion/extractor-rvk-l1-150mm-700m3h/ HTTP/1.1" 404 108917 "-" "-"
142.93.219.175 - - [25/Feb/2025:18:40:56 +0000] "GET /tienda/semillas-3/venus-genetics-aktombe-3-semillas-fem/ HTTP/1.1" 404 108924 "-" "-"
95.164.67.6 - - [25/Feb/2025:18:40:56 +0000] "GET / HTTP/1.1" 200 27147 "-" "Mozilla/5.0 (Windows NT 10.0; Win64; x64; Xbox; Xbox One) AppleWebKit/537.36 (KHTML, like Gecko) Chrome/114.0.0.0 Safari/537.36 Edge/44.18363.8131"
142.93.219.175 - - [25/Feb/2025:18:41:00 +0000] "GET /tienda/utensil-de-cosecha/tijeras-podar-metalica-hortiline/ HTTP/1.1" 404 106539 "-" "-"
142.93.219.175 - - [25/Feb/2025:18:41:01 +0000] "POST /wp-comments-post.php HTTP/1.1" 200 448 "-" "-"
142.93.219.175 - - [25/Feb/2025:18:41:00 +0000] "POST /wp-comments-post.php HTTP/1.1" 200 448 "-" "-"
142.93.219.175 - - [25/Feb/2025:18:40:59 +0000] "GET /tienda/cannabiogen-semillas/cannabiogen-sandstorm-5-sem-fem/ HTTP/1.1" 404 106475 "-" "-"
142.93.219.175 - - [25/Feb/2025:18:41:02 +0000] "GET /tienda/delicious/critical-sensi-star-feminizada-10-semillas-2/ HTTP/1.1" 404 106607 "-" "-"
95.164.67.6 - - [25/Feb/2025:18:41:05 +0000] "GET /wp-login.php?action=register HTTP/1.1" 403 3016 "https://plantamadre.es" "Mozilla/5.0 (Windows NT 6.3; Win64; x64) AppleWebKit/537.36 (KHTML, like Gecko) Chrome/103.0.0.0 Safari/537.36"
142.93.219.175 - - [25/Feb/2025:18:41:06 +0000] "POST /wp-comments-post.php HTTP/1.1" 200 2638 "-" "-"
216.244.66.239 - - [25/Feb/2025:18:41:08 +0000] "GET /wp-content/uploads/2025/01/blueberry-1.png HTTP/1.1" 200 149580 "-" "Mozilla/5.0 (compatible; DotBot/1.2; +https://opensiteexplorer.org/dotbot; help@moz.com)"
142.93.219.175 - - [25/Feb/2025:18:41:06 +0000] "POST /wp-comments-post.php HTTP/1.1" 200 448 "-" "-"
95.164.67.6 - - [25/Feb/2025:18:41:08 +0000] "GET /wp-login.php?action=register HTTP/1.1" 403 3016 "https://plantamadre.es/wp-login.php?action=register" "Mozilla/5.0 (Windows NT 6.3; Win64; x64) AppleWebKit/537.36 (KHTML, like Gecko) Chrome/103.0.0.0 Safari/537.36"
142.93.219.175 - - [25/Feb/2025:18:41:08 +0000] "POST /wp-comments-post.php HTTP/1.1" 200 448 "-" "-"
95.164.67.6 - - [25/Feb/2025:18:41:10 +0000] "GET /tienda/semillas/l-s-d-feminizada-10-semillas/ HTTP/1.1" 404 109088 "https://plantamadre.es/tienda/semillas/l-s-d-feminizada-10-semillas/" "PHP/{5|6|7}.{3|2}.{1|2|3|4|5|6|7|8|9|0}{1|2|3|4|5|6|7|8|9|0}"
95.164.67.6 - - [25/Feb/2025:18:41:14 +0000] "POST /xmlrpc.php HTTP/1.1" 403 3015 "https://plantamadre.es/tienda/semillas/l-s-d-feminizada-10-semillas/" "PHP/5.3.76"
95.164.67.6 - - [25/Feb/2025:18:41:16 +0000] "GET /tienda/semillas/l-s-d-feminizada-10-semillas/ HTTP/1.1" 404 109089 "-" "PHP/5.3.76"
62.117.170.101 - - [25/Feb/2025:18:41:32 +0000] "POST /wp-admin/admin-ajax.php HTTP/1.1" 200 982 "https://plantamadre.es/wp-admin/post.php?post=25043&action=edit" "Mozilla/5.0 (Windows NT 10.0; Win64; x64) AppleWebKit/537.36 (KHTML, like Gecko) Chrome/133.0.0.0 Safari/537.36"
146.190.157.162 - - [25/Feb/2025:18:41:34 +0000] "POST /wp-cron.php?doing_wp_cron=1740508894.3715059757232666015625 HTTP/1.1" 200 2851 "-" "WordPress/6.3.5; https://plantamadre.es"
216.244.66.239 - - [25/Feb/2025:18:41:35 +0000] "GET /product/blue-dream-blimburn-seeds/?add-to-cart=24882 HTTP/1.1" 200 251137 "-" "Mozilla/5.0 (compatible; DotBot/1.2; +https://opensiteexplorer.org/dotbot; help@moz.com)"
216.244.66.239 - - [25/Feb/2025:18:42:04 +0000] "GET /product/blue-dream-blimburn-seeds/?add-to-cart=24940 HTTP/1.1" 200 251107 "-" "Mozilla/5.0 (compatible; DotBot/1.2; +https://opensiteexplorer.org/dotbot; help@moz.com)"
146.190.157.162 - - [25/Feb/2025:18:42:32 +0000] "POST /wp-cron.php?doing_wp_cron=1740508952.2537229061126708984375 HTTP/1.1" 200 2850 "-" "WordPress/6.3.5; https://plantamadre.es"
216.244.66.239 - - [25/Feb/2025:18:42:30 +0000] "GET /product/s-a-d-sweet-afgani-delicious-s1/?add-to-cart=24895 HTTP/1.1" 200 250554 "-" "Mozilla/5.0 (compatible; DotBot/1.2; +https://opensiteexplorer.org/dotbot; help@moz.com)"
202.55.67.194 - - [25/Feb/2025:18:43:14 +0000] "GET https://plantamadre.es/tienda/00-seeds-bank-semillas/00-seeds-00-kush-5und-fem/ HTTP/1.0" 301 550 "-" "Mozilla/5.0 (Windows NT 10.0; Win64; x64) AppleWebKit/537.36 (KHTML, like Gecko) Chrome/114.0.0.0 Safari/537.36"
175.156.113.157 - - [25/Feb/2025:18:43:19 +0000] "GET https://plantamadre.es/tienda/00-seeds-bank-semillas/00-seeds-00-kush-5und-fem/ HTTP/1.1" 301 587 "https://plantamadre.es/tienda/00-seeds-bank-semillas/00-seeds-00-kush-5und-fem/" "Mozilla/5.0 (Windows NT 10.0; Win64; x64) AppleWebKit/537.36 (KHTML, like Gecko) Chrome/114.0.0.0 Safari/537.36"
146.190.157.162 - - [25/Feb/2025:18:43:23 +0000] "POST /wp-cron.php?doing_wp_cron=1740509003.4437370300292968750000 HTTP/1.1" 200 2851 "-" "WordPress/6.3.5; https://plantamadre.es"
216.177.134.171 - - [25/Feb/2025:18:43:22 +0000] "GET /tienda/extraccion/extractor-rvk-l1-250mm-1000m3h/ HTTP/1.1" 404 108953 "https://plantamadre.es" "Mozilla/5.0 (Windows NT 10.0; Win64; x64) AppleWebKit/537.36 (KHTML, like Gecko) Chrome/62.0.3202.94 Safari/537.36"
216.177.134.171 - - [25/Feb/2025:18:43:26 +0000] "GET /tienda/extraccion/extractor-rvk-l1-250mm-1000m3h/ HTTP/1.1" 404 108954 "https://plantamadre.es" "Mozilla/5.0 (Windows NT 10.0; Win64; x64) AppleWebKit/537.36 (KHTML, like Gecko) Chrome/62.0.3202.94 Safari/537.36"
216.177.134.171 - - [25/Feb/2025:18:43:29 +0000] "GET /tienda/extraccion/extractor-rvk-l1-250mm-1000m3h/ HTTP/1.1" 404 108953 "https://plantamadre.es" "Mozilla/5.0 (Windows NT 10.0; Win64; x64) AppleWebKit/537.36 (KHTML, like Gecko) Chrome/62.0.3202.94 Safari/537.36"
62.117.170.101 - - [25/Feb/2025:18:43:33 +0000] "POST /wp-admin/admin-ajax.php HTTP/1.1" 200 982 "https://plantamadre.es/wp-admin/post.php?post=25043&action=edit" "Mozilla/5.0 (Windows NT 10.0; Win64; x64) AppleWebKit/537.36 (KHTML, like Gecko) Chrome/133.0.0.0 Safari/537.36"
146.190.157.162 - - [25/Feb/2025:18:43:34 +0000] "POST /wp-cron.php?doing_wp_cron=1740509014.0005919933319091796875 HTTP/1.1" 200 2850 "-" "WordPress/6.3.5; https://plantamadre.es"
216.177.134.171 - - [25/Feb/2025:18:43:32 +0000] "GET /tienda/extraccion/extractor-rvk-l1-250mm-1000m3h/ HTTP/1.1" 404 108955 "https://plantamadre.es" "Mozilla/5.0 (Windows NT 10.0; Win64; x64) AppleWebKit/537.36 (KHTML, like Gecko) Chrome/62.0.3202.94 Safari/537.36"
114.119.146.252 - - [25/Feb/2025:18:43:37 +0000] "GET /product/tecodor-dispositivo-teco-10-blanca/ HTTP/1.1" 200 25726 "https://plantamadre.es/product/soporte-filtro-regulable/" "Mozilla/5.0 (Linux; Android 7.0;) AppleWebKit/537.36 (KHTML, like Gecko) Mobile Safari/537.36 (compatible; PetalBot;+https://webmaster.petalsearch.com/site/petalbot)"
62.117.170.101 - - [25/Feb/2025:18:45:34 +0000] "POST /wp-admin/admin-ajax.php HTTP/1.1" 200 982 "https://plantamadre.es/wp-admin/post.php?post=25043&action=edit" "Mozilla/5.0 (Windows NT 10.0; Win64; x64) AppleWebKit/537.36 (KHTML, like Gecko) Chrome/133.0.0.0 Safari/537.36"
146.190.157.162 - - [25/Feb/2025:18:45:36 +0000] "POST /wp-cron.php?doing_wp_cron=1740509136.0460269451141357421875 HTTP/1.1" 200 2849 "-" "WordPress/6.3.5; https://plantamadre.es"
66.249.68.5 - - [25/Feb/2025:18:45:35 +0000] "GET /wp-content/uploads/2014/07/dub.png HTTP/1.1" 404 109061 "-" "Googlebot-Image/1.0"
193.186.4.122 - - [25/Feb/2025:18:46:44 +0000] "GET / HTTP/1.1" 200 27143 "https://www.google.com/" "Mozilla/5.0 (Linux; Android 10; K) AppleWebKit/537.36 (KHTML, like Gecko) Chrome/133.0.0.0 Mobile Safari/537.36"
146.190.157.162 - - [25/Feb/2025:18:46:45 +0000] "POST /wp-cron.php?doing_wp_cron=1740509205.4209198951721191406250 HTTP/1.1" 200 2850 "-" "WordPress/6.3.5; https://plantamadre.es"
66.249.93.32 - - [25/Feb/2025:18:46:43 +0000] "GET /.well-known/traffic-advice HTTP/1.1" 404 109053 "-" "Chrome Privacy Preserving Prefetch Proxy"
191.102.129.47 - - [25/Feb/2025:18:46:54 +0000] "GET /tienda/hesi/hesi-complejo-floracion-1l/ HTTP/1.1" 404 108943 "https://plantamadre.es" "Mozilla/5.0 (Windows NT 10.0; Win64; x64) AppleWebKit/537.36 (KHTML, like Gecko) Chrome/62.0.3202.94 Safari/537.36"
191.102.129.47 - - [25/Feb/2025:18:46:58 +0000] "GET /tienda/hesi/hesi-complejo-floracion-1l/ HTTP/1.1" 404 108945 "https://plantamadre.es" "Mozilla/5.0 (Windows NT 10.0; Win64; x64) AppleWebKit/537.36 (KHTML, like Gecko) Chrome/62.0.3202.94 Safari/537.36"
191.102.129.47 - - [25/Feb/2025:18:47:01 +0000] "GET /tienda/hesi/hesi-complejo-floracion-1l/ HTTP/1.1" 404 108944 "https://plantamadre.es" "Mozilla/5.0 (Windows NT 10.0; Win64; x64) AppleWebKit/537.36 (KHTML, like Gecko) Chrome/62.0.3202.94 Safari/537.36"
191.102.129.47 - - [25/Feb/2025:18:47:05 +0000] "GET /tienda/hesi/hesi-complejo-floracion-1l/ HTTP/1.1" 404 108944 "https://plantamadre.es" "Mozilla/5.0 (Windows NT 10.0; Win64; x64) AppleWebKit/537.36 (KHTML, like Gecko) Chrome/62.0.3202.94 Safari/537.36"
62.117.170.101 - - [25/Feb/2025:18:47:35 +0000] "POST /wp-admin/admin-ajax.php HTTP/1.1" 200 982 "https://plantamadre.es/wp-admin/post.php?post=25043&action=edit" "Mozilla/5.0 (Windows NT 10.0; Win64; x64) AppleWebKit/537.36 (KHTML, like Gecko) Chrome/133.0.0.0 Safari/537.36"
146.190.157.162 - - [25/Feb/2025:18:47:36 +0000] "POST /wp-cron.php?doing_wp_cron=1740509256.9677100181579589843750 HTTP/1.1" 200 2851 "-" "WordPress/6.3.5; https://plantamadre.es"
146.190.157.162 - - [25/Feb/2025:18:48:27 +0000] "POST /wp-cron.php?doing_wp_cron=1740509307.7156789302825927734375 HTTP/1.1" 200 2851 "-" "WordPress/6.3.5; https://plantamadre.es"
114.119.132.11 - - [25/Feb/2025:18:48:26 +0000] "GET /product/prensa-qnubu-press-kompact-2-0-manual-600kg-placa-6x12cm/ HTTP/1.1" 200 34230 "https://plantamadre.es/shop/extarccion-de-resina/prensas-rosin/" "Mozilla/5.0 (Linux; Android 7.0;) AppleWebKit/537.36 (KHTML, like Gecko) Mobile Safari/537.36 (compatible; PetalBot;+https://webmaster.petalsearch.com/site/petalbot)"
196.251.113.75 - - [25/Feb/2025:18:48:56 +0000] "GET //wp-content/plugins/fix/up.php HTTP/1.1" 301 533 "-" "Mozilla/5.0 (Windows NT 10.0; Win64; x64) AppleWebKit/537.36 (KHTML, like Gecko) Chrome/85.0.4183.102 Safari/537.36"
146.190.157.162 - - [25/Feb/2025:18:48:58 +0000] "POST /wp-cron.php?doing_wp_cron=1740509338.5823218822479248046875 HTTP/1.1" 200 2849 "-" "WordPress/6.3.5; https://plantamadre.es"
196.251.113.75 - - [25/Feb/2025:18:48:57 +0000] "GET /wp-content/plugins/fix/up.php HTTP/1.1" 404 109094 "-" "Mozilla/5.0 (Windows NT 10.0; Win64; x64) AppleWebKit/537.36 (KHTML, like Gecko) Chrome/85.0.4183.102 Safari/537.36"
62.117.170.101 - - [25/Feb/2025:18:49:36 +0000] "POST /wp-admin/admin-ajax.php HTTP/1.1" 200 982 "https://plantamadre.es/wp-admin/post.php?post=25043&action=edit" "Mozilla/5.0 (Windows NT 10.0; Win64; x64) AppleWebKit/537.36 (KHTML, like Gecko) Chrome/133.0.0.0 Safari/537.36"
146.190.157.162 - - [25/Feb/2025:18:49:38 +0000] "POST /wp-cron.php?doing_wp_cron=1740509378.0492110252380371093750 HTTP/1.1" 200 2851 "-" "WordPress/6.3.5; https://plantamadre.es"
62.117.170.101 - - [25/Feb/2025:18:51:37 +0000] "POST /wp-admin/admin-ajax.php HTTP/1.1" 200 982 "https://plantamadre.es/wp-admin/post.php?post=25043&action=edit" "Mozilla/5.0 (Windows NT 10.0; Win64; x64) AppleWebKit/537.36 (KHTML, like Gecko) Chrome/133.0.0.0 Safari/537.36"
146.190.157.162 - - [25/Feb/2025:18:51:39 +0000] "POST /wp-cron.php?doing_wp_cron=1740509499.0013239383697509765625 HTTP/1.1" 200 2850 "-" "WordPress/6.3.5; https://plantamadre.es"
193.37.133.254 - - [25/Feb/2025:18:52:32 +0000] "HEAD /tienda/otros/lombricor-humus-de-lombriz-5l-3kg/ HTTP/1.1" 404 2696 "https://plantamadre.es" "Mozilla/5.0 (Windows NT 10.0; Win64; x64) AppleWebKit/537.36 (KHTML, like Gecko) Chrome/97.0.4692.71 Safari/537.36"
146.190.157.162 - - [25/Feb/2025:18:52:33 +0000] "POST /wp-cron.php?doing_wp_cron=1740509553.5566449165344238281250 HTTP/1.1" 200 2849 "-" "WordPress/6.3.5; https://plantamadre.es"
193.176.237.242 - - [25/Feb/2025:18:52:35 +0000] "HEAD /tienda/otros/lombricor-humus-de-lombriz-5l-3kg/ HTTP/1.1" 404 2697 "https://plantamadre.es" "Mozilla/5.0 (Windows NT 10.0; Win64; x64) AppleWebKit/537.36 (KHTML, like Gecko) Chrome/97.0.4692.71 Safari/537.36"
146.190.157.162 - - [25/Feb/2025:18:53:15 +0000] "POST /wp-cron.php?doing_wp_cron=1740509595.7212810516357421875000 HTTP/1.1" 200 2849 "-" "WordPress/6.3.5; https://plantamadre.es"
142.93.219.175 - - [25/Feb/2025:18:53:14 +0000] "GET /tienda/eva-seeds/eva-seeds-white-dragon-3-semillas-fem/ HTTP/1.1" 404 108924 "-" "-"
142.93.219.175 - - [25/Feb/2025:18:53:16 +0000] "GET /tienda/bio-tabs/biotabs-mycotrex-100-g/ HTTP/1.1" 404 106716 "-" "-"
142.93.219.175 - - [25/Feb/2025:18:53:18 +0000] "POST /wp-comments-post.php HTTP/1.1" 200 448 "-" "-"
142.93.219.175 - - [25/Feb/2025:18:53:19 +0000] "GET /tienda/ripper-seeds/ripper-seeds-black-valley-5%E2%99%80/ HTTP/1.1" 404 106537 "-" "-"
142.93.219.175 - - [25/Feb/2025:18:53:19 +0000] "POST /wp-comments-post.php HTTP/1.1" 200 448 "-" "-"
142.93.219.175 - - [25/Feb/2025:18:53:24 +0000] "POST /wp-comments-post.php HTTP/1.1" 200 2640 "-" "-"
14.128.14.100 - - [25/Feb/2025:18:53:26 +0000] "POST /wp-login.php HTTP/1.1" 301 443 "http://plantamadre.es" "Mozilla/5.0 (Macintosh; Intel Mac OS X 10_15_7) AppleWebKit/537.36 (KHTML, like Gecko) Chrome/113.0.5672.93 Safari/537.36"
14.128.14.100 - - [25/Feb/2025:18:53:27 +0000] "GET /wp-login.php HTTP/1.1" 403 2959 "http://plantamadre.es" "Mozilla/5.0 (Macintosh; Intel Mac OS X 10_15_7) AppleWebKit/537.36 (KHTML, like Gecko) Chrome/113.0.5672.93 Safari/537.36"
146.190.157.162 - - [25/Feb/2025:18:53:33 +0000] "POST /wp-cron.php?doing_wp_cron=1740509613.9619328975677490234375 HTTP/1.1" 200 2850 "-" "WordPress/6.3.5; https://plantamadre.es"
114.119.130.168 - - [25/Feb/2025:18:53:32 +0000] "GET /product/oreoz-5-und/ HTTP/1.1" 200 30753 "https://plantamadre.es/product/sweet-cheese/" "Mozilla/5.0 (Linux; Android 7.0;) AppleWebKit/537.36 (KHTML, like Gecko) Mobile Safari/537.36 (compatible; PetalBot;+https://webmaster.petalsearch.com/site/petalbot)"
62.117.170.101 - - [25/Feb/2025:18:53:38 +0000] "POST /wp-admin/admin-ajax.php HTTP/1.1" 200 982 "https://plantamadre.es/wp-admin/post.php?post=25043&action=edit" "Mozilla/5.0 (Windows NT 10.0; Win64; x64) AppleWebKit/537.36 (KHTML, like Gecko) Chrome/133.0.0.0 Safari/537.36"
62.117.170.101 - - [25/Feb/2025:18:55:39 +0000] "POST /wp-admin/admin-ajax.php HTTP/1.1" 200 982 "https://plantamadre.es/wp-admin/post.php?post=25043&action=edit" "Mozilla/5.0 (Windows NT 10.0; Win64; x64) AppleWebKit/537.36 (KHTML, like Gecko) Chrome/133.0.0.0 Safari/537.36"
146.190.157.162 - - [25/Feb/2025:18:55:41 +0000] "POST /wp-cron.php?doing_wp_cron=1740509741.0300910472869873046875 HTTP/1.1" 200 2850 "-" "WordPress/6.3.5; https://plantamadre.es"
77.83.1.24 - - [25/Feb/2025:18:56:04 +0000] "GET /tienda/bombas-de-aire/bomba-sumergible-multi-4000-4000-lh-conex-1/ HTTP/1.1" 404 109114 "-" "Mozilla/5.0 (X11; Ubuntu; Linux i686; rv:114.0) Gecko/20100101 Firefox/114.0"
20.171.207.207 - - [25/Feb/2025:18:56:08 +0000] "GET /tienda/co2/generador-de-co2-4-quemadores/ HTTP/1.1" 404 109042 "-" "Mozilla/5.0 AppleWebKit/537.36 (KHTML, like Gecko; compatible; GPTBot/1.2; +https://openai.com/gptbot)"
66.249.68.7 - - [25/Feb/2025:18:56:11 +0000] "GET /wp-content/uploads/2024/12/RECAMBIO-HUMI.png HTTP/1.1" 200 108643 "-" "Googlebot-Image/1.0"
116.202.116.111 - - [25/Feb/2025:18:56:21 +0000] "GET /tienda/bongs-y-pipas/bong-cristal-varios-dibujos-14-cm/ HTTP/1.0" 404 108823 "https://plantamadre.es/tienda/bongs-y-pipas/bong-cristal-varios-dibujos-14-cm/#comment-466919" "Mozilla/5.0 (Windows NT 10.0; Win64; x64) AppleWebKit/537.36 (KHTML, like Gecko) Chrome/103.0.0.0 Safari/537.36 Herring/95.1.8810.11"
116.202.116.111 - - [25/Feb/2025:18:56:25 +0000] "GET / HTTP/1.0" 200 146442 "https://plantamadre.es/" "Mozilla/5.0 (Windows NT 10.0; Win64; x64) AppleWebKit/537.36 (KHTML, like Gecko) Chrome/103.0.0.0 Safari/537.36 Herring/95.1.8810.11"
77.83.1.24 - - [25/Feb/2025:18:56:28 +0000] "GET / HTTP/1.1" 200 27145 "-" "Mozilla/5.0 (X11; Ubuntu; Linux i686; rv:114.0) Gecko/20100101 Firefox/114.0"
77.83.1.24 - - [25/Feb/2025:18:56:49 +0000] "GET /wp-login.php?action=register HTTP/1.1" 302 3121 "https://plantamadre.es" "Mozilla/5.0 (Windows NT 6.3; Win64; x64) AppleWebKit/537.36 (KHTML, like Gecko) Chrome/103.0.0.0 Safari/537.36"
146.190.157.162 - - [25/Feb/2025:18:56:51 +0000] "POST /wp-cron.php?doing_wp_cron=1740509811.3082830905914306640625 HTTP/1.1" 200 2850 "-" "WordPress/6.3.5; https://plantamadre.es"
77.83.1.24 - - [25/Feb/2025:18:56:57 +0000] "GET /wp-login.php?registration=disabled HTTP/1.1" 200 6168 "https://plantamadre.es/wp-login.php?action=register" "Mozilla/5.0 (Windows NT 6.3; Win64; x64) AppleWebKit/537.36 (KHTML, like Gecko) Chrome/103.0.0.0 Safari/537.36"
146.190.157.162 - - [25/Feb/2025:18:57:34 +0000] "POST /wp-cron.php?doing_wp_cron=1740509854.2385320663452148437500 HTTP/1.1" 200 2849 "-" "WordPress/6.3.5; https://plantamadre.es"
185.235.142.130 - - [25/Feb/2025:18:57:32 +0000] "HEAD /tienda/alta-presion-de-sodio-crecimiento-y-floracion/bombilla-sunmaster-400w-creflo/ HTTP/1.1" 404 2695 "https://plantamadre.es" "Mozilla/5.0 (Windows NT 10.0; Win64; x64) AppleWebKit/537.36 (KHTML, like Gecko) Chrome/97.0.4692.71 Safari/537.36"
191.102.129.28 - - [25/Feb/2025:18:57:36 +0000] "HEAD /tienda/alta-presion-de-sodio-crecimiento-y-floracion/bombilla-sunmaster-400w-creflo/ HTTP/1.1" 404 2696 "https://plantamadre.es" "Mozilla/5.0 (Windows NT 10.0; Win64; x64) AppleWebKit/537.36 (KHTML, like Gecko) Chrome/97.0.4692.71 Safari/537.36"
62.117.170.101 - - [25/Feb/2025:18:57:40 +0000] "POST /wp-admin/admin-ajax.php HTTP/1.1" 200 982 "https://plantamadre.es/wp-admin/post.php?post=25043&action=edit" "Mozilla/5.0 (Windows NT 10.0; Win64; x64) AppleWebKit/537.36 (KHTML, like Gecko) Chrome/133.0.0.0 Safari/537.36"
170.244.94.98 - - [25/Feb/2025:18:58:10 +0000] "HEAD /tienda/insecticidas/%ee%a3%bf-sipcam-jardin-fosetil-al-80-sobre-40gr-fungicida-mildius-phytophthora-fosetil-80-p-p/ HTTP/1.1" 404 2696 "https://plantamadre.es" "Mozilla/5.0 (Windows NT 10.0; Win64; x64) AppleWebKit/537.36 (KHTML, like Gecko) Chrome/97.0.4692.71 Safari/537.36"
146.190.157.162 - - [25/Feb/2025:18:58:11 +0000] "POST /wp-cron.php?doing_wp_cron=1740509891.8550469875335693359375 HTTP/1.1" 200 2850 "-" "WordPress/6.3.5; https://plantamadre.es"
191.102.129.37 - - [25/Feb/2025:18:58:13 +0000] "HEAD /tienda/insecticidas/%ee%a3%bf-sipcam-jardin-fosetil-al-80-sobre-40gr-fungicida-mildius-phytophthora-fosetil-80-p-p/ HTTP/1.1" 404 2695 "https://plantamadre.es" "Mozilla/5.0 (Windows NT 10.0; Win64; x64) AppleWebKit/537.36 (KHTML, like Gecko) Chrome/97.0.4692.71 Safari/537.36"
77.232.37.35 - - [25/Feb/2025:18:58:30 +0000] "GET /tienda/insecticidas/sbm-protect-home-insecticida-rastreros-500ml/ HTTP/1.0" 403 2777 "-" "Mozilla/5.0 (Windows NT 6.3; Win64; x64) AppleWebKit/537.36 (KHTML, like Gecko) Chrome/75.0.3770.100 Safari/537.36"
146.190.157.162 - - [25/Feb/2025:18:58:32 +0000] "POST /wp-cron.php?doing_wp_cron=1740509912.4774041175842285156250 HTTP/1.1" 200 2849 "-" "WordPress/6.3.5; https://plantamadre.es"
114.119.144.72 - - [25/Feb/2025:18:58:31 +0000] "GET /product/northern-lights-5-und/ HTTP/1.1" 200 30907 "https://plantamadre.es/product/sweet-cheese/" "Mozilla/5.0 (Linux; Android 7.0;) AppleWebKit/537.36 (KHTML, like Gecko) Mobile Safari/537.36 (compatible; PetalBot;+https://webmaster.petalsearch.com/site/petalbot)"
194.107.125.194 - - [25/Feb/2025:18:59:06 +0000] "HEAD /tienda/top-crop/top-crop-microvita-700-gr/ HTTP/1.1" 404 2696 "https://plantamadre.es" "Mozilla/5.0 (Windows NT 10.0; Win64; x64) AppleWebKit/537.36 (KHTML, like Gecko) Chrome/97.0.4692.71 Safari/537.36"
46.232.115.11 - - [25/Feb/2025:18:59:09 +0000] "HEAD /tienda/top-crop/top-crop-microvita-700-gr/ HTTP/1.1" 404 2695 "https://plantamadre.es" "Mozilla/5.0 (Windows NT 10.0; Win64; x64) AppleWebKit/537.36 (KHTML, like Gecko) Chrome/97.0.4692.71 Safari/537.36"
62.117.170.101 - - [25/Feb/2025:18:59:41 +0000] "POST /wp-admin/admin-ajax.php HTTP/1.1" 200 982 "https://plantamadre.es/wp-admin/post.php?post=25043&action=edit" "Mozilla/5.0 (Windows NT 10.0; Win64; x64) AppleWebKit/537.36 (KHTML, like Gecko) Chrome/133.0.0.0 Safari/537.36"
146.190.157.162 - - [25/Feb/2025:18:59:43 +0000] "POST /wp-cron.php?doing_wp_cron=1740509983.2338299751281738281250 HTTP/1.1" 200 2850 "-" "WordPress/6.3.5; https://plantamadre.es"
52.167.144.162 - - [25/Feb/2025:18:59:46 +0000] "GET /tienda/annbis-cuidado-corporal/annabis-atopicann-100ml/ HTTP/1.1" 404 109147 "-" "Mozilla/5.0 AppleWebKit/537.36 (KHTML, like Gecko; compatible; bingbot/2.0; +http://www.bing.com/bingbot.htm) Chrome/116.0.1938.76 Safari/537.36"
185.249.68.162 - - [25/Feb/2025:19:00:43 +0000] "POST /xmlrpc.php HTTP/1.1" 200 3337 "-" "Mozilla/5.0 (Windows NT 10.0; Win64; x64; rv:79.0) Gecko/20100101 Firefox/79.0"
185.249.68.162 - - [25/Feb/2025:19:00:43 +0000] "POST /xmlrpc.php HTTP/1.1" 200 3336 "-" "Mozilla/5.0 (Windows NT 6.1; WOW64; rv:44.0) Gecko/20100101 Firefox/44.0"
23.82.125.145 - - [25/Feb/2025:19:00:45 +0000] "POST /xmlrpc.php HTTP/1.1" 200 3336 "-" "Mozilla/5.0 (Windows NT 6.3; Win64; x64; rv:73.0) Gecko/20100101 Firefox/73.0"
146.190.157.162 - - [25/Feb/2025:19:00:46 +0000] "POST /wp-cron.php?doing_wp_cron=1740510046.5556180477142333984375 HTTP/1.1" 200 2850 "-" "WordPress/6.3.5; https://plantamadre.es"
23.82.125.145 - - [25/Feb/2025:19:00:51 +0000] "POST /xmlrpc.php HTTP/1.1" 200 3335 "-" "Mozilla/5.0 (Windows NT 10.0; Win64; x64; rv:58.0) Gecko/20100101 Firefox/58.0"
185.105.184.121 - - [25/Feb/2025:19:00:51 +0000] "POST /xmlrpc.php HTTP/1.1" 200 3337 "-" "Mozilla/5.0 (Windows NT 10.0; WOW64) AppleWebKit/537.36 (KHTML, like Gecko) Chrome/91.0.4472.114 Safari/537.36"
104.248.33.232 - - [25/Feb/2025:19:00:59 +0000] "POST /xmlrpc.php HTTP/1.1" 200 3135 "-" "Mozilla/5.0 (Windows NT 10.0; Win64; x64; rv:67.0) Gecko/20100101 Firefox/67.0"
77.222.57.88 - - [25/Feb/2025:19:01:06 +0000] "POST /xmlrpc.php HTTP/1.1" 403 2748 "-" "Mozilla/5.0 (Windows NT 6.1) AppleWebKit/537.36 (KHTML, like Gecko) Chrome/56.0.2924.76 Safari/537.36"
77.68.64.31 - - [25/Feb/2025:19:01:06 +0000] "POST /xmlrpc.php HTTP/1.1" 200 3132 "-" "Mozilla/5.0 (Windows NT 6.1; WOW64; rv:42.0) Gecko/20100101 Firefox/42.0"
45.159.223.66 - - [25/Feb/2025:19:01:12 +0000] "POST /xmlrpc.php HTTP/1.1" 200 3336 "-" "Mozilla/5.0 (Windows NT 10.0; Win64; x64; rv:78.0) Gecko/20100101 Firefox/78.0"
89.117.54.167 - - [25/Feb/2025:19:01:16 +0000] "POST /xmlrpc.php HTTP/1.1" 200 3336 "-" "Mozilla/5.0 (Windows NT 10.0; WOW64) AppleWebKit/537.36 (KHTML, like Gecko) Chrome/72.0.3626.121 Safari/537.36"
216.244.66.239 - - [25/Feb/2025:19:01:19 +0000] "GET /robots.txt HTTP/1.1" 301 439 "-" "Mozilla/5.0 (compatible; DotBot/1.2; +https://opensiteexplorer.org/dotbot; help@moz.com)"
216.244.66.239 - - [25/Feb/2025:19:01:19 +0000] "GET /robots.txt HTTP/1.1" 200 2886 "-" "Mozilla/5.0 (compatible; DotBot/1.2; +https://opensiteexplorer.org/dotbot; help@moz.com)"
108.181.196.60 - - [25/Feb/2025:19:01:19 +0000] "GET /tienda/extraccion/extractor-rvk-l1-150mm-700m3h/ HTTP/1.1" 404 108916 "-" "-"
