146.190.157.162 - - [25/Feb/2025:22:02:08 +0000] "POST /wp-cron.php?doing_wp_cron=1740520928.8015799522399902343750 HTTP/1.1" 200 2851 "-" "WordPress/6.3.5; https://plantamadre.es"
51.222.253.14 - - [25/Feb/2025:22:02:10 +0000] "GET /page-sitemap.xml HTTP/1.1" 301 451 "-" "Mozilla/5.0 (compatible; AhrefsBot/7.0; +http://ahrefs.com/robot/)"
51.222.253.14 - - [25/Feb/2025:22:02:11 +0000] "GET /page-sitemap.xml HTTP/1.1" 200 4480 "-" "Mozilla/5.0 (compatible; AhrefsBot/7.0; +http://ahrefs.com/robot/)"
51.222.253.18 - - [25/Feb/2025:22:02:13 +0000] "GET /product-sitemap.xml HTTP/1.1" 301 457 "-" "Mozilla/5.0 (compatible; AhrefsBot/7.0; +http://ahrefs.com/robot/)"
51.222.253.18 - - [25/Feb/2025:22:02:13 +0000] "GET /product-sitemap.xml HTTP/1.1" 200 15570 "-" "Mozilla/5.0 (compatible; AhrefsBot/7.0; +http://ahrefs.com/robot/)"
146.190.157.162 - - [25/Feb/2025:22:02:15 +0000] "POST /wp-cron.php?doing_wp_cron=1740520935.3675570487976074218750 HTTP/1.1" 200 2850 "-" "WordPress/6.3.5; https://plantamadre.es"
51.222.253.14 - - [25/Feb/2025:22:02:17 +0000] "GET /product_cat-sitemap.xml HTTP/1.1" 301 465 "-" "Mozilla/5.0 (compatible; AhrefsBot/7.0; +http://ahrefs.com/robot/)"
51.222.253.14 - - [25/Feb/2025:22:02:17 +0000] "GET /product_cat-sitemap.xml HTTP/1.1" 200 4937 "-" "Mozilla/5.0 (compatible; AhrefsBot/7.0; +http://ahrefs.com/robot/)"
62.117.170.101 - - [25/Feb/2025:22:03:11 +0000] "POST /wp-admin/admin-ajax.php HTTP/1.1" 200 982 "https://plantamadre.es/wp-admin/post.php?post=25043&action=edit" "Mozilla/5.0 (Windows NT 10.0; Win64; x64) AppleWebKit/537.36 (KHTML, like Gecko) Chrome/133.0.0.0 Safari/537.36"
146.190.157.162 - - [25/Feb/2025:22:03:13 +0000] "POST /wp-cron.php?doing_wp_cron=1740520993.1618120670318603515625 HTTP/1.1" 200 2850 "-" "WordPress/6.3.5; https://plantamadre.es"
66.249.68.5 - - [25/Feb/2025:22:03:12 +0000] "GET /wp-content/uploads/2014/06/kronic.png HTTP/1.1" 404 109064 "-" "Googlebot-Image/1.0"
66.249.68.5 - - [25/Feb/2025:22:03:15 +0000] "GET /wp-content/uploads/2014/07/propagador-vdl-grande-eco.png HTTP/1.1" 404 106528 "-" "Googlebot-Image/1.0"
146.190.157.162 - - [25/Feb/2025:22:03:32 +0000] "POST /wp-cron.php?doing_wp_cron=1740521012.4867479801177978515625 HTTP/1.1" 200 2851 "-" "WordPress/6.3.5; https://plantamadre.es"
195.178.110.125 - - [25/Feb/2025:22:03:30 +0000] "GET /backend/.env HTTP/1.1" 404 109069 "-" "Mozilla/5.0"
62.117.170.101 - - [25/Feb/2025:22:05:12 +0000] "POST /wp-admin/admin-ajax.php HTTP/1.1" 200 982 "https://plantamadre.es/wp-admin/post.php?post=25043&action=edit" "Mozilla/5.0 (Windows NT 10.0; Win64; x64) AppleWebKit/537.36 (KHTML, like Gecko) Chrome/133.0.0.0 Safari/537.36"
146.190.157.162 - - [25/Feb/2025:22:05:14 +0000] "POST /wp-cron.php?doing_wp_cron=1740521114.2778220176696777343750 HTTP/1.1" 200 2850 "-" "WordPress/6.3.5; https://plantamadre.es"
52.167.144.162 - - [25/Feb/2025:22:05:16 +0000] "GET /product/sweet-amnesia-haze-xl-auto/ HTTP/1.1" 200 35332 "-" "Mozilla/5.0 AppleWebKit/537.36 (KHTML, like Gecko; compatible; bingbot/2.0; +http://www.bing.com/bingbot.htm) Chrome/116.0.1938.76 Safari/537.36"
108.181.196.60 - - [25/Feb/2025:22:05:24 +0000] "GET /tienda/00-seeds-bank/00-seeds-auto-bubble-gum-5und/ HTTP/1.1" 404 108919 "-" "-"
108.181.196.60 - - [25/Feb/2025:22:05:29 +0000] "POST /wp-comments-post.php HTTP/1.1" 200 448 "-" "-"
62.117.170.101 - - [25/Feb/2025:22:07:13 +0000] "POST /wp-admin/admin-ajax.php HTTP/1.1" 200 982 "https://plantamadre.es/wp-admin/post.php?post=25043&action=edit" "Mozilla/5.0 (Windows NT 10.0; Win64; x64) AppleWebKit/537.36 (KHTML, like Gecko) Chrome/133.0.0.0 Safari/537.36"
146.190.157.162 - - [25/Feb/2025:22:07:15 +0000] "POST /wp-cron.php?doing_wp_cron=1740521235.4431550502777099609375 HTTP/1.1" 200 2851 "-" "WordPress/6.3.5; https://plantamadre.es"
146.190.157.162 - - [25/Feb/2025:22:07:49 +0000] "POST /wp-cron.php?doing_wp_cron=1740521269.7144980430603027343750 HTTP/1.1" 200 2849 "-" "WordPress/6.3.5; https://plantamadre.es"
108.181.196.60 - - [25/Feb/2025:22:07:47 +0000] "GET /tienda/00-seeds-bank/00-seeds-auto-bubble-gum-5und/ HTTP/1.1" 404 108918 "-" "-"
108.181.196.60 - - [25/Feb/2025:22:07:54 +0000] "POST /wp-comments-post.php HTTP/1.1" 200 448 "-" "-"
146.190.157.162 - - [25/Feb/2025:22:07:55 +0000] "POST /wp-cron.php?doing_wp_cron=1740521275.8051910400390625000000 HTTP/1.1" 200 2851 "-" "WordPress/6.3.5; https://plantamadre.es"
185.173.36.97 - - [25/Feb/2025:22:08:04 +0000] "GET /tienda/bongs-y-pipas/bong-cristal-varios-dibujos-14-cm/ HTTP/1.0" 403 2777 "https://plantamadre.es/tienda/bongs-y-pipas/bong-cristal-varios-dibujos-14-cm/" "Mozilla/5.0 (Windows NT 10.0; Win64; x64) AppleWebKit/537.36 (KHTML, like Gecko) Chrome/129.0.0.0 Safari/537.36"
185.173.36.97 - - [25/Feb/2025:22:08:07 +0000] "GET / HTTP/1.0" 403 2824 "https://plantamadre.es/tienda/bongs-y-pipas/bong-cristal-varios-dibujos-14-cm/" "Mozilla/5.0 (Windows NT 10.0; Win64; x64) AppleWebKit/537.36 (KHTML, like Gecko) Chrome/129.0.0.0 Safari/537.36"
185.173.36.97 - - [25/Feb/2025:22:08:09 +0000] "GET / HTTP/1.0" 403 2823 "https://plantamadre.es/" "Mozilla/5.0 (Windows NT 10.0; Win64; x64) AppleWebKit/537.36 (KHTML, like Gecko) Chrome/129.0.0.0 Safari/537.36"
185.173.36.97 - - [25/Feb/2025:22:08:12 +0000] "GET / HTTP/1.0" 403 2824 "https://plantamadre.es/" "Mozilla/5.0 (Windows NT 10.0; Win64; x64) AppleWebKit/537.36 (KHTML, like Gecko) Chrome/129.0.0.0 Safari/537.36"
62.117.170.101 - - [25/Feb/2025:22:09:14 +0000] "POST /wp-admin/admin-ajax.php HTTP/1.1" 200 982 "https://plantamadre.es/wp-admin/post.php?post=25043&action=edit" "Mozilla/5.0 (Windows NT 10.0; Win64; x64) AppleWebKit/537.36 (KHTML, like Gecko) Chrome/133.0.0.0 Safari/537.36"
146.190.157.162 - - [25/Feb/2025:22:09:16 +0000] "POST /wp-cron.php?doing_wp_cron=1740521356.4445109367370605468750 HTTP/1.1" 200 2849 "-" "WordPress/6.3.5; https://plantamadre.es"
142.93.219.175 - - [25/Feb/2025:22:09:56 +0000] "GET /tienda/buddha-seeds/pulsar-feminizada-5-semillas/ HTTP/1.1" 404 108918 "-" "-"
146.190.157.162 - - [25/Feb/2025:22:09:57 +0000] "POST /wp-cron.php?doing_wp_cron=1740521397.7736349105834960937500 HTTP/1.1" 200 2851 "-" "WordPress/6.3.5; https://plantamadre.es"
142.93.219.175 - - [25/Feb/2025:22:09:56 +0000] "GET /tienda/vapeadores/vaporizador-80tc-traveler/ HTTP/1.1" 404 108912 "-" "-"
142.93.219.175 - - [25/Feb/2025:22:10:00 +0000] "POST /wp-comments-post.php HTTP/1.1" 200 448 "-" "-"
142.93.219.175 - - [25/Feb/2025:22:10:01 +0000] "POST /wp-comments-post.php HTTP/1.1" 200 448 "-" "-"
62.117.170.101 - - [25/Feb/2025:22:11:15 +0000] "POST /wp-admin/admin-ajax.php HTTP/1.1" 200 982 "https://plantamadre.es/wp-admin/post.php?post=25043&action=edit" "Mozilla/5.0 (Windows NT 10.0; Win64; x64) AppleWebKit/537.36 (KHTML, like Gecko) Chrome/133.0.0.0 Safari/537.36"
146.190.157.162 - - [25/Feb/2025:22:11:17 +0000] "POST /wp-cron.php?doing_wp_cron=1740521477.3378469944000244140625 HTTP/1.1" 200 2850 "-" "WordPress/6.3.5; https://plantamadre.es"
146.190.157.162 - - [25/Feb/2025:22:12:27 +0000] "POST /wp-cron.php?doing_wp_cron=1740521547.1879339218139648437500 HTTP/1.1" 200 2851 "-" "WordPress/6.3.5; https://plantamadre.es"
108.181.196.60 - - [25/Feb/2025:22:12:25 +0000] "GET /tienda/00-seeds-bank/00-seeds-auto-bubble-gum-5und/ HTTP/1.1" 404 108919 "-" "-"
108.181.196.60 - - [25/Feb/2025:22:12:31 +0000] "POST /wp-comments-post.php HTTP/1.1" 200 448 "-" "-"
146.190.157.162 - - [25/Feb/2025:22:12:33 +0000] "POST /wp-cron.php?doing_wp_cron=1740521553.4091000556945800781250 HTTP/1.1" 200 2851 "-" "WordPress/6.3.5; https://plantamadre.es"
62.117.170.101 - - [25/Feb/2025:22:13:16 +0000] "POST /wp-admin/admin-ajax.php HTTP/1.1" 200 982 "https://plantamadre.es/wp-admin/post.php?post=25043&action=edit" "Mozilla/5.0 (Windows NT 10.0; Win64; x64) AppleWebKit/537.36 (KHTML, like Gecko) Chrome/133.0.0.0 Safari/537.36"
146.190.157.162 - - [25/Feb/2025:22:13:18 +0000] "POST /wp-cron.php?doing_wp_cron=1740521598.8050079345703125000000 HTTP/1.1" 200 2849 "-" "WordPress/6.3.5; https://plantamadre.es"
157.55.39.225 - - [25/Feb/2025:22:13:34 +0000] "GET /robots.txt HTTP/1.1" 301 495 "-" "Mozilla/5.0 AppleWebKit/537.36 (KHTML, like Gecko; compatible; bingbot/2.0; +http://www.bing.com/bingbot.htm) Chrome/116.0.1938.76 Safari/537.36"
146.190.157.162 - - [25/Feb/2025:22:13:36 +0000] "POST /wp-cron.php?doing_wp_cron=1740521616.1761519908905029296875 HTTP/1.1" 200 2849 "-" "WordPress/6.3.5; https://plantamadre.es"
157.55.39.225 - - [25/Feb/2025:22:13:34 +0000] "GET /robots.txt HTTP/1.1" 200 3158 "-" "Mozilla/5.0 AppleWebKit/537.36 (KHTML, like Gecko; compatible; bingbot/2.0; +http://www.bing.com/bingbot.htm) Chrome/116.0.1938.76 Safari/537.36"
52.167.144.138 - - [25/Feb/2025:22:13:47 +0000] "GET /product/kit-600w-reflector-stuco-newlite-hps-ignator-2-0-abierto/ HTTP/1.1" 301 549 "-" "Mozilla/5.0 AppleWebKit/537.36 (KHTML, like Gecko; compatible; bingbot/2.0; +http://www.bing.com/bingbot.htm) Chrome/116.0.1938.76 Safari/537.36"
35.173.38.202 - - [25/Feb/2025:22:14:16 +0000] "GET /shop/semillas-cbd/00-seeds-semillas-cbd/ HTTP/1.1" 200 23899 "-" "Mozilla/5.0 AppleWebKit/537.36 (KHTML, like Gecko; compatible; Amazonbot/0.1; +https://developer.amazon.com/support/amazonbot) Chrome/119.0.6045.214 Safari/537.36"
52.3.102.51 - - [25/Feb/2025:22:14:21 +0000] "GET /shop/semillas-autoflorecientes/00-seeds/ HTTP/1.1" 200 24490 "-" "Mozilla/5.0 AppleWebKit/537.36 (KHTML, like Gecko; compatible; Amazonbot/0.1; +https://developer.amazon.com/support/amazonbot) Chrome/119.0.6045.214 Safari/537.36"
146.190.157.162 - - [25/Feb/2025:22:14:34 +0000] "POST /wp-cron.php?doing_wp_cron=1740521674.9232399463653564453125 HTTP/1.1" 200 2849 "-" "WordPress/6.3.5; https://plantamadre.es"
116.202.116.111 - - [25/Feb/2025:22:14:33 +0000] "GET /tienda/bongs-y-pipas/bong-cristal-varios-dibujos-14-cm/ HTTP/1.0" 404 108823 "https://plantamadre.es/tienda/bongs-y-pipas/bong-cristal-varios-dibujos-14-cm/#comment-466919" "Mozilla/5.0 (Windows NT 6.3; Win64; x64) AppleWebKit/537.36 (KHTML, like Gecko) Chrome/103.0.5060.53 Safari/537.36"
116.202.116.111 - - [25/Feb/2025:22:14:38 +0000] "GET / HTTP/1.0" 200 146440 "https://plantamadre.es/" "Mozilla/5.0 (Windows NT 6.3; Win64; x64) AppleWebKit/537.36 (KHTML, like Gecko) Chrome/103.0.5060.53 Safari/537.36"
62.117.170.101 - - [25/Feb/2025:22:15:17 +0000] "POST /wp-admin/admin-ajax.php HTTP/1.1" 200 982 "https://plantamadre.es/wp-admin/post.php?post=25043&action=edit" "Mozilla/5.0 (Windows NT 10.0; Win64; x64) AppleWebKit/537.36 (KHTML, like Gecko) Chrome/133.0.0.0 Safari/537.36"
146.190.157.162 - - [25/Feb/2025:22:15:41 +0000] "POST /wp-cron.php?doing_wp_cron=1740521741.6640250682830810546875 HTTP/1.1" 200 2850 "-" "WordPress/6.3.5; https://plantamadre.es"
108.181.196.60 - - [25/Feb/2025:22:15:39 +0000] "GET /tienda/00-seeds-bank/00-seeds-auto-bubble-gum-5und/ HTTP/1.1" 404 108920 "-" "-"
108.181.196.60 - - [25/Feb/2025:22:15:45 +0000] "POST /wp-comments-post.php HTTP/1.1" 200 448 "-" "-"
62.117.170.101 - - [25/Feb/2025:22:17:18 +0000] "POST /wp-admin/admin-ajax.php HTTP/1.1" 200 982 "https://plantamadre.es/wp-admin/post.php?post=25043&action=edit" "Mozilla/5.0 (Windows NT 10.0; Win64; x64) AppleWebKit/537.36 (KHTML, like Gecko) Chrome/133.0.0.0 Safari/537.36"
146.190.157.162 - - [25/Feb/2025:22:17:20 +0000] "POST /wp-cron.php?doing_wp_cron=1740521840.5290050506591796875000 HTTP/1.1" 200 2850 "-" "WordPress/6.3.5; https://plantamadre.es"
146.190.157.162 - - [25/Feb/2025:22:17:43 +0000] "POST /wp-cron.php?doing_wp_cron=1740521863.9198009967803955078125 HTTP/1.1" 200 2851 "-" "WordPress/6.3.5; https://plantamadre.es"
17.241.219.78 - - [25/Feb/2025:22:17:42 +0000] "GET /etiqueta-producto/panama-feminizada/ HTTP/1.1" 404 109027 "-" "Mozilla/5.0 (Macintosh; Intel Mac OS X 10_15_7) AppleWebKit/605.1.15 (KHTML, like Gecko) Version/17.4 Safari/605.1.15 (Applebot/0.1; +http://www.apple.com/go/applebot)"
52.11.220.143 - - [25/Feb/2025:22:17:53 +0000] "GET /wp-content/uploads/2013/12/blackvalley-300x300.png HTTP/1.1" 404 109078 "https://plantamadre.es/" "Mozilla/5.0 (Windows NT 10.0; Win64; x64) AppleWebKit/537.36 (KHTML, like Gecko) Chrome/58.0.3029.81 Safari/537.36 Edge/16.16299"
146.190.157.162 - - [25/Feb/2025:22:17:54 +0000] "POST /wp-cron.php?doing_wp_cron=1740521874.7230489253997802734375 HTTP/1.1" 200 2851 "-" "WordPress/6.3.5; https://plantamadre.es"
52.11.220.143 - - [25/Feb/2025:22:17:53 +0000] "GET /wp-content/uploads/2013/09/orange-bud1-300x300.png HTTP/1.1" 404 102498 "https://plantamadre.es/" "Mozilla/5.0 (Windows NT 5.1; rv:7.0.1) Gecko/20100101 Firefox/7.0.1"
52.11.220.143 - - [25/Feb/2025:22:17:55 +0000] "GET /wp-content/uploads/2013/12/blackvalley-300x300.png HTTP/1.1" 404 109077 "https://plantamadre.es/" "Mozilla/5.0 (X11; Linux x86_64) AppleWebKit/537.36 (KHTML, like Gecko) Chrome/44.0.2403.157 Safari/537.36"
52.11.220.143 - - [25/Feb/2025:22:17:56 +0000] "GET /wp-content/uploads/2013/09/orange-bud1-300x300.png HTTP/1.1" 404 109079 "https://plantamadre.es/" "Mozilla/5.0 (Windows NT 10.0; WOW64; Trident/7.0; AS; rv:11.0) like Gecko"
52.11.220.143 - - [25/Feb/2025:22:17:58 +0000] "GET /wp-content/uploads/2013/12/blackvalley-300x300.png HTTP/1.1" 404 109078 "https://plantamadre.es/" "Mozilla/5.0 (X11; Linux x86_64) AppleWebKit/537.36 (KHTML, like Gecko) Chrome/44.0.2403.157 Safari/537.36"
52.11.220.143 - - [25/Feb/2025:22:17:58 +0000] "GET /wp-content/uploads/2013/09/orange-bud1-300x300.png HTTP/1.1" 404 109075 "https://plantamadre.es/" "Mozilla/5.0 (iPad; CPU OS 11_0 like Mac OS X) AppleWebKit/604.1.34 (KHTML, like Gecko) Version/11.0 Mobile/15A5341f Safari/604.1"
52.11.220.143 - - [25/Feb/2025:22:18:00 +0000] "GET /wp-content/uploads/2013/12/blackvalley-300x300.png HTTP/1.1" 404 109075 "https://plantamadre.es/" "Mozilla/5.0 (Macintosh; Intel Mac OS X 10_9_3) AppleWebKit/537.75.14 (KHTML, like Gecko) Version/7.0.3 Safari/7046A194A"
52.11.220.143 - - [25/Feb/2025:22:18:01 +0000] "GET /wp-content/uploads/2013/09/orange-bud1-300x300.png HTTP/1.1" 404 109079 "https://plantamadre.es/" "Mozilla/5.0 (Windows NT 10.0; WOW64; Trident/7.0; AS; rv:11.0) like Gecko"
82.213.251.63 - - [25/Feb/2025:22:18:07 +0000] "GET / HTTP/1.1" 200 27146 "-" "Mozilla/5.0 (Windows NT 10.0; Win64; x64) AppleWebKit/537.36 (KHTML, like Gecko) Chrome/114.0.0.0 Safari/537.36"
192.126.147.181 - - [25/Feb/2025:22:18:13 +0000] "POST /xmlrpc.php HTTP/1.1" 200 3004 "https://plantamadre.es" "PHP/7.3.28"
192.126.147.181 - - [25/Feb/2025:22:18:17 +0000] "GET / HTTP/1.1" 200 27142 "-" "PHP/7.3.28"
147.45.139.42 - - [25/Feb/2025:22:18:20 +0000] "GET /tienda/canna-fertilizantes/canna-star-05l/ HTTP/1.0" 403 2777 "https://plantamadre.es/tienda/canna-fertilizantes/canna-star-05l/#comment-429016" "Mozilla/5.0 (Windows NT 10.0; Win64; x64) AppleWebKit/537.36 (KHTML, like Gecko) Chrome/130.0.0.0 Safari/537.36 CCleaner/130.0.0.0"
147.45.139.42 - - [25/Feb/2025:22:18:23 +0000] "GET / HTTP/1.0" 403 2825 "https://plantamadre.es/tienda/canna-fertilizantes/canna-star-05l/#comment-429016" "Mozilla/5.0 (Windows NT 10.0; Win64; x64) AppleWebKit/537.36 (KHTML, like Gecko) Chrome/130.0.0.0 Safari/537.36 CCleaner/130.0.0.0"
147.45.139.42 - - [25/Feb/2025:22:18:25 +0000] "GET / HTTP/1.0" 403 2825 "https://plantamadre.es/" "Mozilla/5.0 (Windows NT 10.0; Win64; x64) AppleWebKit/537.36 (KHTML, like Gecko) Chrome/130.0.0.0 Safari/537.36 CCleaner/130.0.0.0"
147.45.139.42 - - [25/Feb/2025:22:18:27 +0000] "GET / HTTP/1.0" 403 2824 "https://plantamadre.es/" "Mozilla/5.0 (Windows NT 10.0; Win64; x64) AppleWebKit/537.36 (KHTML, like Gecko) Chrome/130.0.0.0 Safari/537.36 CCleaner/130.0.0.0"
45.88.154.222 - - [25/Feb/2025:22:18:30 +0000] "GET / HTTP/1.1" 301 2901 "https://www.google.com/" "Mozilla/5.0 (iPhone; CPU iPhone OS 18_3_1 like Mac OS X) AppleWebKit/605.1.15 (KHTML, like Gecko) Version/18.3 Mobile/15E148 Safari/604.1"
146.190.157.162 - - [25/Feb/2025:22:18:31 +0000] "POST /wp-cron.php?doing_wp_cron=1740521911.6683490276336669921875 HTTP/1.1" 200 2851 "-" "WordPress/6.3.5; https://plantamadre.es"
45.88.154.222 - - [25/Feb/2025:22:18:33 +0000] "GET / HTTP/1.1" 200 27144 "https://www.google.com/" "Mozilla/5.0 (iPhone; CPU iPhone OS 18_3_1 like Mac OS X) AppleWebKit/605.1.15 (KHTML, like Gecko) Version/18.3 Mobile/15E148 Safari/604.1"
45.88.154.222 - - [25/Feb/2025:22:18:36 +0000] "GET /wp-content/plugins/woocommerce/packages/woocommerce-blocks/build/add-to-cart-form.css?ver=10.6.6 HTTP/1.1" 200 719 "https://plantamadre.es/" "Mozilla/5.0 (iPhone; CPU iPhone OS 18_3_1 like Mac OS X) AppleWebKit/605.1.15 (KHTML, like Gecko) Version/18.3 Mobile/15E148 Safari/604.1"
45.88.154.222 - - [25/Feb/2025:22:18:36 +0000] "GET /wp-content/plugins/woocommerce/packages/woocommerce-blocks/build/packages-style.css?ver=10.6.6 HTTP/1.1" 200 3966 "https://plantamadre.es/" "Mozilla/5.0 (iPhone; CPU iPhone OS 18_3_1 like Mac OS X) AppleWebKit/605.1.15 (KHTML, like Gecko) Version/18.3 Mobile/15E148 Safari/604.1"
45.88.154.222 - - [25/Feb/2025:22:18:36 +0000] "GET /wp-includes/js/mediaelement/mediaelementplayer-legacy.min.css?ver=4.2.17 HTTP/1.1" 200 5505 "https://plantamadre.es/" "Mozilla/5.0 (iPhone; CPU iPhone OS 18_3_1 like Mac OS X) AppleWebKit/605.1.15 (KHTML, like Gecko) Version/18.3 Mobile/15E148 Safari/604.1"
45.88.154.222 - - [25/Feb/2025:22:18:36 +0000] "GET /wp-includes/css/dist/block-library/style.min.css?ver=6.3.5 HTTP/1.1" 200 16822 "https://plantamadre.es/" "Mozilla/5.0 (iPhone; CPU iPhone OS 18_3_1 like Mac OS X) AppleWebKit/605.1.15 (KHTML, like Gecko) Version/18.3 Mobile/15E148 Safari/604.1"
45.88.154.222 - - [25/Feb/2025:22:18:36 +0000] "GET /wp-content/plugins/woocommerce/packages/woocommerce-blocks/build/wc-blocks.css?ver=10.6.6 HTTP/1.1" 200 5408 "https://plantamadre.es/" "Mozilla/5.0 (iPhone; CPU iPhone OS 18_3_1 like Mac OS X) AppleWebKit/605.1.15 (KHTML, like Gecko) Version/18.3 Mobile/15E148 Safari/604.1"
45.88.154.222 - - [25/Feb/2025:22:18:36 +0000] "GET /wp-includes/js/mediaelement/wp-mediaelement.min.css?ver=6.3.5 HTTP/1.1" 200 4068 "https://plantamadre.es/" "Mozilla/5.0 (iPhone; CPU iPhone OS 18_3_1 like Mac OS X) AppleWebKit/605.1.15 (KHTML, like Gecko) Version/18.3 Mobile/15E148 Safari/604.1"
45.88.154.222 - - [25/Feb/2025:22:18:36 +0000] "GET /wp-content/plugins/woocommerce/packages/woocommerce-blocks/build/active-filters.css?ver=10.6.6 HTTP/1.1" 200 4940 "https://plantamadre.es/" "Mozilla/5.0 (iPhone; CPU iPhone OS 18_3_1 like Mac OS X) AppleWebKit/605.1.15 (KHTML, like Gecko) Version/18.3 Mobile/15E148 Safari/604.1"
45.88.154.222 - - [25/Feb/2025:22:18:36 +0000] "GET /wp-content/plugins/woocommerce/packages/woocommerce-blocks/build/all-products.css?ver=10.6.6 HTTP/1.1" 200 4633 "https://plantamadre.es/" "Mozilla/5.0 (iPhone; CPU iPhone OS 18_3_1 like Mac OS X) AppleWebKit/605.1.15 (KHTML, like Gecko) Version/18.3 Mobile/15E148 Safari/604.1"
45.88.154.222 - - [25/Feb/2025:22:18:36 +0000] "GET /wp-content/plugins/woocommerce/packages/woocommerce-blocks/build/all-reviews.css?ver=10.6.6 HTTP/1.1" 200 2204 "https://plantamadre.es/" "Mozilla/5.0 (iPhone; CPU iPhone OS 18_3_1 like Mac OS X) AppleWebKit/605.1.15 (KHTML, like Gecko) Version/18.3 Mobile/15E148 Safari/604.1"
45.88.154.222 - - [25/Feb/2025:22:18:36 +0000] "GET /wp-content/plugins/woocommerce/packages/woocommerce-blocks/build/attribute-filter.css?ver=10.6.6 HTTP/1.1" 200 4582 "https://plantamadre.es/" "Mozilla/5.0 (iPhone; CPU iPhone OS 18_3_1 like Mac OS X) AppleWebKit/605.1.15 (KHTML, like Gecko) Version/18.3 Mobile/15E148 Safari/604.1"
45.88.154.222 - - [25/Feb/2025:22:18:36 +0000] "GET /wp-content/plugins/woocommerce/packages/woocommerce-blocks/build/breadcrumbs.css?ver=10.6.6 HTTP/1.1" 200 594 "https://plantamadre.es/" "Mozilla/5.0 (iPhone; CPU iPhone OS 18_3_1 like Mac OS X) AppleWebKit/605.1.15 (KHTML, like Gecko) Version/18.3 Mobile/15E148 Safari/604.1"
45.88.154.222 - - [25/Feb/2025:22:18:36 +0000] "GET /wp-content/plugins/woocommerce/packages/woocommerce-blocks/build/catalog-sorting.css?ver=10.6.6 HTTP/1.1" 200 617 "https://plantamadre.es/" "Mozilla/5.0 (iPhone; CPU iPhone OS 18_3_1 like Mac OS X) AppleWebKit/605.1.15 (KHTML, like Gecko) Version/18.3 Mobile/15E148 Safari/604.1"
45.88.154.222 - - [25/Feb/2025:22:18:36 +0000] "GET /wp-content/plugins/woocommerce/packages/woocommerce-blocks/build/customer-account.css?ver=10.6.6 HTTP/1.1" 200 747 "https://plantamadre.es/" "Mozilla/5.0 (iPhone; CPU iPhone OS 18_3_1 like Mac OS X) AppleWebKit/605.1.15 (KHTML, like Gecko) Version/18.3 Mobile/15E148 Safari/604.1"
45.88.154.222 - - [25/Feb/2025:22:18:36 +0000] "GET /wp-content/plugins/woocommerce/packages/woocommerce-blocks/build/featured-category.css?ver=10.6.6 HTTP/1.1" 200 1331 "https://plantamadre.es/" "Mozilla/5.0 (iPhone; CPU iPhone OS 18_3_1 like Mac OS X) AppleWebKit/605.1.15 (KHTML, like Gecko) Version/18.3 Mobile/15E148 Safari/604.1"
45.88.154.222 - - [25/Feb/2025:22:18:36 +0000] "GET /wp-content/plugins/woocommerce/packages/woocommerce-blocks/build/featured-product.css?ver=10.6.6 HTTP/1.1" 200 1379 "https://plantamadre.es/" "Mozilla/5.0 (iPhone; CPU iPhone OS 18_3_1 like Mac OS X) AppleWebKit/605.1.15 (KHTML, like Gecko) Version/18.3 Mobile/15E148 Safari/604.1"
45.88.154.222 - - [25/Feb/2025:22:18:36 +0000] "GET /wp-content/plugins/woocommerce/packages/woocommerce-blocks/build/mini-cart.css?ver=10.6.6 HTTP/1.1" 200 2971 "https://plantamadre.es/" "Mozilla/5.0 (iPhone; CPU iPhone OS 18_3_1 like Mac OS X) AppleWebKit/605.1.15 (KHTML, like Gecko) Version/18.3 Mobile/15E148 Safari/604.1"
45.88.154.222 - - [25/Feb/2025:22:18:36 +0000] "GET /wp-content/plugins/woocommerce/packages/woocommerce-blocks/build/price-filter.css?ver=10.6.6 HTTP/1.1" 200 3077 "https://plantamadre.es/" "Mozilla/5.0 (iPhone; CPU iPhone OS 18_3_1 like Mac OS X) AppleWebKit/605.1.15 (KHTML, like Gecko) Version/18.3 Mobile/15E148 Safari/604.1"
45.88.154.222 - - [25/Feb/2025:22:18:36 +0000] "GET /wp-content/plugins/woocommerce/packages/woocommerce-blocks/build/product-add-to-cart.css?ver=10.6.6 HTTP/1.1" 200 1743 "https://plantamadre.es/" "Mozilla/5.0 (iPhone; CPU iPhone OS 18_3_1 like Mac OS X) AppleWebKit/605.1.15 (KHTML, like Gecko) Version/18.3 Mobile/15E148 Safari/604.1"
45.88.154.222 - - [25/Feb/2025:22:18:37 +0000] "GET /wp-content/plugins/woocommerce/packages/woocommerce-blocks/build/product-button.css?ver=10.6.6 HTTP/1.1" 200 1234 "https://plantamadre.es/" "Mozilla/5.0 (iPhone; CPU iPhone OS 18_3_1 like Mac OS X) AppleWebKit/605.1.15 (KHTML, like Gecko) Version/18.3 Mobile/15E148 Safari/604.1"
45.88.154.222 - - [25/Feb/2025:22:18:37 +0000] "GET /wp-content/plugins/woocommerce/packages/woocommerce-blocks/build/product-categories.css?ver=10.6.6 HTTP/1.1" 200 1018 "https://plantamadre.es/" "Mozilla/5.0 (iPhone; CPU iPhone OS 18_3_1 like Mac OS X) AppleWebKit/605.1.15 (KHTML, like Gecko) Version/18.3 Mobile/15E148 Safari/604.1"
45.88.154.222 - - [25/Feb/2025:22:18:37 +0000] "GET /wp-content/plugins/woocommerce/packages/woocommerce-blocks/build/product-image.css?ver=10.6.6 HTTP/1.1" 200 1298 "https://plantamadre.es/" "Mozilla/5.0 (iPhone; CPU iPhone OS 18_3_1 like Mac OS X) AppleWebKit/605.1.15 (KHTML, like Gecko) Version/18.3 Mobile/15E148 Safari/604.1"
45.88.154.222 - - [25/Feb/2025:22:18:37 +0000] "GET /wp-content/plugins/woocommerce/packages/woocommerce-blocks/build/product-image-gallery.css?ver=10.6.6 HTTP/1.1" 200 663 "https://plantamadre.es/" "Mozilla/5.0 (iPhone; CPU iPhone OS 18_3_1 like Mac OS X) AppleWebKit/605.1.15 (KHTML, like Gecko) Version/18.3 Mobile/15E148 Safari/604.1"
45.88.154.222 - - [25/Feb/2025:22:18:37 +0000] "GET /wp-content/plugins/woocommerce/packages/woocommerce-blocks/build/product-query.css?ver=10.6.6 HTTP/1.1" 200 706 "https://plantamadre.es/" "Mozilla/5.0 (iPhone; CPU iPhone OS 18_3_1 like Mac OS X) AppleWebKit/605.1.15 (KHTML, like Gecko) Version/18.3 Mobile/15E148 Safari/604.1"
45.88.154.222 - - [25/Feb/2025:22:18:37 +0000] "GET /wp-content/plugins/woocommerce/packages/woocommerce-blocks/build/product-results-count.css?ver=10.6.6 HTTP/1.1" 200 588 "https://plantamadre.es/" "Mozilla/5.0 (iPhone; CPU iPhone OS 18_3_1 like Mac OS X) AppleWebKit/605.1.15 (KHTML, like Gecko) Version/18.3 Mobile/15E148 Safari/604.1"
45.88.154.222 - - [25/Feb/2025:22:18:37 +0000] "GET /wp-content/plugins/woocommerce/packages/woocommerce-blocks/build/product-reviews.css?ver=10.6.6 HTTP/1.1" 200 814 "https://plantamadre.es/" "Mozilla/5.0 (iPhone; CPU iPhone OS 18_3_1 like Mac OS X) AppleWebKit/605.1.15 (KHTML, like Gecko) Version/18.3 Mobile/15E148 Safari/604.1"
45.88.154.222 - - [25/Feb/2025:22:18:37 +0000] "GET /wp-content/plugins/woocommerce/packages/woocommerce-blocks/build/product-sale-badge.css?ver=10.6.6 HTTP/1.1" 200 730 "https://plantamadre.es/" "Mozilla/5.0 (iPhone; CPU iPhone OS 18_3_1 like Mac OS X) AppleWebKit/605.1.15 (KHTML, like Gecko) Version/18.3 Mobile/15E148 Safari/604.1"
45.88.154.222 - - [25/Feb/2025:22:18:37 +0000] "GET /wp-content/plugins/woocommerce/packages/woocommerce-blocks/build/product-search.css?ver=10.6.6 HTTP/1.1" 200 777 "https://plantamadre.es/" "Mozilla/5.0 (iPhone; CPU iPhone OS 18_3_1 like Mac OS X) AppleWebKit/605.1.15 (KHTML, like Gecko) Version/18.3 Mobile/15E148 Safari/604.1"
45.88.154.222 - - [25/Feb/2025:22:18:37 +0000] "GET /wp-content/plugins/woocommerce/packages/woocommerce-blocks/build/product-sku.css?ver=10.6.6 HTTP/1.1" 200 599 "https://plantamadre.es/" "Mozilla/5.0 (iPhone; CPU iPhone OS 18_3_1 like Mac OS X) AppleWebKit/605.1.15 (KHTML, like Gecko) Version/18.3 Mobile/15E148 Safari/604.1"
45.88.154.222 - - [25/Feb/2025:22:18:37 +0000] "GET /wp-content/plugins/woocommerce/packages/woocommerce-blocks/build/product-stock-indicator.css?ver=10.6.6 HTTP/1.1" 200 591 "https://plantamadre.es/" "Mozilla/5.0 (iPhone; CPU iPhone OS 18_3_1 like Mac OS X) AppleWebKit/605.1.15 (KHTML, like Gecko) Version/18.3 Mobile/15E148 Safari/604.1"
45.88.154.222 - - [25/Feb/2025:22:18:37 +0000] "GET /wp-content/plugins/woocommerce/packages/woocommerce-blocks/build/product-summary.css?ver=10.6.6 HTTP/1.1" 200 913 "https://plantamadre.es/" "Mozilla/5.0 (iPhone; CPU iPhone OS 18_3_1 like Mac OS X) AppleWebKit/605.1.15 (KHTML, like Gecko) Version/18.3 Mobile/15E148 Safari/604.1"
45.88.154.222 - - [25/Feb/2025:22:18:37 +0000] "GET /wp-content/plugins/woocommerce/packages/woocommerce-blocks/build/product-title.css?ver=10.6.6 HTTP/1.1" 200 1060 "https://plantamadre.es/" "Mozilla/5.0 (iPhone; CPU iPhone OS 18_3_1 like Mac OS X) AppleWebKit/605.1.15 (KHTML, like Gecko) Version/18.3 Mobile/15E148 Safari/604.1"
45.88.154.222 - - [25/Feb/2025:22:18:37 +0000] "GET /wp-content/plugins/woocommerce/packages/woocommerce-blocks/build/rating-filter.css?ver=10.6.6 HTTP/1.1" 200 4625 "https://plantamadre.es/" "Mozilla/5.0 (iPhone; CPU iPhone OS 18_3_1 like Mac OS X) AppleWebKit/605.1.15 (KHTML, like Gecko) Version/18.3 Mobile/15E148 Safari/604.1"
45.88.154.222 - - [25/Feb/2025:22:18:37 +0000] "GET /wp-content/plugins/woocommerce/packages/woocommerce-blocks/build/reviews-by-category.css?ver=10.6.6 HTTP/1.1" 200 2204 "https://plantamadre.es/" "Mozilla/5.0 (iPhone; CPU iPhone OS 18_3_1 like Mac OS X) AppleWebKit/605.1.15 (KHTML, like Gecko) Version/18.3 Mobile/15E148 Safari/604.1"
45.88.154.222 - - [25/Feb/2025:22:18:37 +0000] "GET /wp-content/plugins/woocommerce/packages/woocommerce-blocks/build/reviews-by-product.css?ver=10.6.6 HTTP/1.1" 200 2204 "https://plantamadre.es/" "Mozilla/5.0 (iPhone; CPU iPhone OS 18_3_1 like Mac OS X) AppleWebKit/605.1.15 (KHTML, like Gecko) Version/18.3 Mobile/15E148 Safari/604.1"
45.88.154.222 - - [25/Feb/2025:22:18:37 +0000] "GET /wp-content/plugins/woocommerce/packages/woocommerce-blocks/build/product-details.css?ver=10.6.6 HTTP/1.1" 200 751 "https://plantamadre.es/" "Mozilla/5.0 (iPhone; CPU iPhone OS 18_3_1 like Mac OS X) AppleWebKit/605.1.15 (KHTML, like Gecko) Version/18.3 Mobile/15E148 Safari/604.1"
45.88.154.222 - - [25/Feb/2025:22:18:37 +0000] "GET /wp-content/plugins/woocommerce/packages/woocommerce-blocks/build/single-product.css?ver=10.6.6 HTTP/1.1" 200 738 "https://plantamadre.es/" "Mozilla/5.0 (iPhone; CPU iPhone OS 18_3_1 like Mac OS X) AppleWebKit/605.1.15 (KHTML, like Gecko) Version/18.3 Mobile/15E148 Safari/604.1"
45.88.154.222 - - [25/Feb/2025:22:18:37 +0000] "GET /wp-content/plugins/woocommerce/packages/woocommerce-blocks/build/stock-filter.css?ver=10.6.6 HTTP/1.1" 200 4454 "https://plantamadre.es/" "Mozilla/5.0 (iPhone; CPU iPhone OS 18_3_1 like Mac OS X) AppleWebKit/605.1.15 (KHTML, like Gecko) Version/18.3 Mobile/15E148 Safari/604.1"
45.88.154.222 - - [25/Feb/2025:22:18:37 +0000] "GET /wp-content/plugins/woocommerce/packages/woocommerce-blocks/build/cart.css?ver=10.6.6 HTTP/1.1" 200 10101 "https://plantamadre.es/" "Mozilla/5.0 (iPhone; CPU iPhone OS 18_3_1 like Mac OS X) AppleWebKit/605.1.15 (KHTML, like Gecko) Version/18.3 Mobile/15E148 Safari/604.1"
45.88.154.222 - - [25/Feb/2025:22:18:37 +0000] "GET /wp-content/plugins/woocommerce/packages/woocommerce-blocks/build/checkout.css?ver=10.6.6 HTTP/1.1" 200 9727 "https://plantamadre.es/" "Mozilla/5.0 (iPhone; CPU iPhone OS 18_3_1 like Mac OS X) AppleWebKit/605.1.15 (KHTML, like Gecko) Version/18.3 Mobile/15E148 Safari/604.1"
45.88.154.222 - - [25/Feb/2025:22:18:37 +0000] "GET /wp-content/plugins/woocommerce/packages/woocommerce-blocks/build/mini-cart-contents.css?ver=10.6.6 HTTP/1.1" 200 3103 "https://plantamadre.es/" "Mozilla/5.0 (iPhone; CPU iPhone OS 18_3_1 like Mac OS X) AppleWebKit/605.1.15 (KHTML, like Gecko) Version/18.3 Mobile/15E148 Safari/604.1"
45.88.154.222 - - [25/Feb/2025:22:18:37 +0000] "GET /wp-content/plugins/age-gate/dist/main.css?ver=3.5.2 HTTP/1.1" 200 3195 "https://plantamadre.es/" "Mozilla/5.0 (iPhone; CPU iPhone OS 18_3_1 like Mac OS X) AppleWebKit/605.1.15 (KHTML, like Gecko) Version/18.3 Mobile/15E148 Safari/604.1"
45.88.154.222 - - [25/Feb/2025:22:18:37 +0000] "GET /wp-content/plugins/one-click-order-reorder/assets/css/style.min.css?ver=1.1.8 HTTP/1.1" 200 1807 "https://plantamadre.es/" "Mozilla/5.0 (iPhone; CPU iPhone OS 18_3_1 like Mac OS X) AppleWebKit/605.1.15 (KHTML, like Gecko) Version/18.3 Mobile/15E148 Safari/604.1"
45.88.154.222 - - [25/Feb/2025:22:18:37 +0000] "GET /wp-content/plugins/simple-banner/simple-banner.css?ver=2.15.2 HTTP/1.1" 200 610 "https://plantamadre.es/" "Mozilla/5.0 (iPhone; CPU iPhone OS 18_3_1 like Mac OS X) AppleWebKit/605.1.15 (KHTML, like Gecko) Version/18.3 Mobile/15E148 Safari/604.1"
45.88.154.222 - - [25/Feb/2025:22:18:37 +0000] "GET /wp-content/plugins/woocommerce-menu-bar-cart/assets/css/wpmenucart-icons.min.css?ver=2.14.0 HTTP/1.1" 200 597 "https://plantamadre.es/" "Mozilla/5.0 (iPhone; CPU iPhone OS 18_3_1 like Mac OS X) AppleWebKit/605.1.15 (KHTML, like Gecko) Version/18.3 Mobile/15E148 Safari/604.1"
45.88.154.222 - - [25/Feb/2025:22:18:37 +0000] "GET /wp-content/plugins/woocommerce-menu-bar-cart/assets/css/wpmenucart-main.min.css?ver=2.14.0 HTTP/1.1" 200 766 "https://plantamadre.es/" "Mozilla/5.0 (iPhone; CPU iPhone OS 18_3_1 like Mac OS X) AppleWebKit/605.1.15 (KHTML, like Gecko) Version/18.3 Mobile/15E148 Safari/604.1"
45.88.154.222 - - [25/Feb/2025:22:18:37 +0000] "GET /wp-content/plugins/woocommerce/assets/css/woocommerce-layout.css?ver=8.0.3 HTTP/1.1" 200 2879 "https://plantamadre.es/" "Mozilla/5.0 (iPhone; CPU iPhone OS 18_3_1 like Mac OS X) AppleWebKit/605.1.15 (KHTML, like Gecko) Version/18.3 Mobile/15E148 Safari/604.1"
45.88.154.222 - - [25/Feb/2025:22:18:37 +0000] "GET /wp-content/plugins/woocommerce/assets/css/woocommerce.css?ver=8.0.3 HTTP/1.1" 200 9754 "https://plantamadre.es/" "Mozilla/5.0 (iPhone; CPU iPhone OS 18_3_1 like Mac OS X) AppleWebKit/605.1.15 (KHTML, like Gecko) Version/18.3 Mobile/15E148 Safari/604.1"
45.88.154.222 - - [25/Feb/2025:22:18:37 +0000] "GET /wp-content/plugins/product-layouts/assets/lib/fontpicker/jquery.fontselect.min.css?ver=1718819752 HTTP/1.1" 200 1141 "https://plantamadre.es/" "Mozilla/5.0 (iPhone; CPU iPhone OS 18_3_1 like Mac OS X) AppleWebKit/605.1.15 (KHTML, like Gecko) Version/18.3 Mobile/15E148 Safari/604.1"
45.88.154.222 - - [25/Feb/2025:22:18:37 +0000] "GET /wp-content/plugins/product-layouts/assets/lib/icons/wpte-cart-icon.css?ver=1718819752 HTTP/1.1" 200 2638 "https://plantamadre.es/" "Mozilla/5.0 (iPhone; CPU iPhone OS 18_3_1 like Mac OS X) AppleWebKit/605.1.15 (KHTML, like Gecko) Version/18.3 Mobile/15E148 Safari/604.1"
45.88.154.222 - - [25/Feb/2025:22:18:37 +0000] "GET /wp-content/plugins/product-layouts/assets/lib/icons/animation.css?ver=1718819752 HTTP/1.1" 200 630 "https://plantamadre.es/" "Mozilla/5.0 (iPhone; CPU iPhone OS 18_3_1 like Mac OS X) AppleWebKit/605.1.15 (KHTML, like Gecko) Version/18.3 Mobile/15E148 Safari/604.1"
45.88.154.222 - - [25/Feb/2025:22:18:37 +0000] "GET /wp-content/plugins/product-layouts/assets/global/css/wpte-product-layouts.css?ver=1718819752 HTTP/1.1" 200 15753 "https://plantamadre.es/" "Mozilla/5.0 (iPhone; CPU iPhone OS 18_3_1 like Mac OS X) AppleWebKit/605.1.15 (KHTML, like Gecko) Version/18.3 Mobile/15E148 Safari/604.1"
45.88.154.222 - - [25/Feb/2025:22:18:37 +0000] "GET /wp-content/plugins/wpb-woocommerce-related-products-slider/assets/css/owl.carousel.css?ver=2.3.4 HTTP/1.1" 200 1636 "https://plantamadre.es/" "Mozilla/5.0 (iPhone; CPU iPhone OS 18_3_1 like Mac OS X) AppleWebKit/605.1.15 (KHTML, like Gecko) Version/18.3 Mobile/15E148 Safari/604.1"
45.88.154.222 - - [25/Feb/2025:22:18:37 +0000] "GET /wp-content/plugins/wpb-woocommerce-related-products-slider/assets/css/main.css?ver=1.0 HTTP/1.1" 200 2113 "https://plantamadre.es/" "Mozilla/5.0 (iPhone; CPU iPhone OS 18_3_1 like Mac OS X) AppleWebKit/605.1.15 (KHTML, like Gecko) Version/18.3 Mobile/15E148 Safari/604.1"
45.88.154.222 - - [25/Feb/2025:22:18:37 +0000] "GET /wp-content/themes/Divi/style.css?ver=4.9.1 HTTP/1.1" 200 83623 "https://plantamadre.es/" "Mozilla/5.0 (iPhone; CPU iPhone OS 18_3_1 like Mac OS X) AppleWebKit/605.1.15 (KHTML, like Gecko) Version/18.3 Mobile/15E148 Safari/604.1"
45.88.154.222 - - [25/Feb/2025:22:18:38 +0000] "GET /wp-content/plugins/woocommerce/assets/css/photoswipe/photoswipe.min.css?ver=8.0.3 HTTP/1.1" 200 1338 "https://plantamadre.es/" "Mozilla/5.0 (iPhone; CPU iPhone OS 18_3_1 like Mac OS X) AppleWebKit/605.1.15 (KHTML, like Gecko) Version/18.3 Mobile/15E148 Safari/604.1"
45.88.154.222 - - [25/Feb/2025:22:18:38 +0000] "GET /wp-content/plugins/woocommerce/assets/css/photoswipe/default-skin/default-skin.min.css?ver=8.0.3 HTTP/1.1" 200 2258 "https://plantamadre.es/" "Mozilla/5.0 (iPhone; CPU iPhone OS 18_3_1 like Mac OS X) AppleWebKit/605.1.15 (KHTML, like Gecko) Version/18.3 Mobile/15E148 Safari/604.1"
45.88.154.222 - - [25/Feb/2025:22:18:38 +0000] "GET /wp-includes/css/dashicons.min.css?ver=6.3.5 HTTP/1.1" 200 36206 "https://plantamadre.es/" "Mozilla/5.0 (iPhone; CPU iPhone OS 18_3_1 like Mac OS X) AppleWebKit/605.1.15 (KHTML, like Gecko) Version/18.3 Mobile/15E148 Safari/604.1"
45.88.154.222 - - [25/Feb/2025:22:18:38 +0000] "GET /wp-content/uploads/custom-layouts/style.css?ver=3 HTTP/1.1" 200 2455 "https://plantamadre.es/" "Mozilla/5.0 (iPhone; CPU iPhone OS 18_3_1 like Mac OS X) AppleWebKit/605.1.15 (KHTML, like Gecko) Version/18.3 Mobile/15E148 Safari/604.1"
45.88.154.222 - - [25/Feb/2025:22:18:38 +0000] "GET /wp-content/plugins/jetpack/css/jetpack.css?ver=12.0.2 HTTP/1.1" 200 18559 "https://plantamadre.es/" "Mozilla/5.0 (iPhone; CPU iPhone OS 18_3_1 like Mac OS X) AppleWebKit/605.1.15 (KHTML, like Gecko) Version/18.3 Mobile/15E148 Safari/604.1"
45.88.154.222 - - [25/Feb/2025:22:18:38 +0000] "GET /wp-includes/js/dist/vendor/wp-polyfill-inert.min.js?ver=3.1.2 HTTP/1.1" 200 2834 "https://plantamadre.es/" "Mozilla/5.0 (iPhone; CPU iPhone OS 18_3_1 like Mac OS X) AppleWebKit/605.1.15 (KHTML, like Gecko) Version/18.3 Mobile/15E148 Safari/604.1"
45.88.154.222 - - [25/Feb/2025:22:18:38 +0000] "GET /wp-includes/js/dist/vendor/regenerator-runtime.min.js?ver=0.13.11 HTTP/1.1" 200 2849 "https://plantamadre.es/" "Mozilla/5.0 (iPhone; CPU iPhone OS 18_3_1 like Mac OS X) AppleWebKit/605.1.15 (KHTML, like Gecko) Version/18.3 Mobile/15E148 Safari/604.1"
45.88.154.222 - - [25/Feb/2025:22:18:38 +0000] "GET /wp-includes/js/dist/vendor/wp-polyfill.min.js?ver=3.15.0 HTTP/1.1" 200 6239 "https://plantamadre.es/" "Mozilla/5.0 (iPhone; CPU iPhone OS 18_3_1 like Mac OS X) AppleWebKit/605.1.15 (KHTML, like Gecko) Version/18.3 Mobile/15E148 Safari/604.1"
45.88.154.222 - - [25/Feb/2025:22:18:38 +0000] "GET /wp-includes/js/dist/hooks.min.js?ver=c6aec9a8d4e5a5d543a1 HTTP/1.1" 200 1917 "https://plantamadre.es/" "Mozilla/5.0 (iPhone; CPU iPhone OS 18_3_1 like Mac OS X) AppleWebKit/605.1.15 (KHTML, like Gecko) Version/18.3 Mobile/15E148 Safari/604.1"
45.88.154.222 - - [25/Feb/2025:22:18:38 +0000] "GET /wp-includes/js/jquery/jquery-migrate.min.js?ver=3.4.1 HTTP/1.1" 200 5222 "https://plantamadre.es/" "Mozilla/5.0 (iPhone; CPU iPhone OS 18_3_1 like Mac OS X) AppleWebKit/605.1.15 (KHTML, like Gecko) Version/18.3 Mobile/15E148 Safari/604.1"
45.88.154.222 - - [25/Feb/2025:22:18:38 +0000] "GET /wp-includes/js/jquery/jquery.min.js?ver=3.7.0 HTTP/1.1" 200 30805 "https://plantamadre.es/" "Mozilla/5.0 (iPhone; CPU iPhone OS 18_3_1 like Mac OS X) AppleWebKit/605.1.15 (KHTML, like Gecko) Version/18.3 Mobile/15E148 Safari/604.1"
45.88.154.222 - - [25/Feb/2025:22:18:38 +0000] "GET /wp-content/plugins/simple-banner/simple-banner.js?ver=2.15.2 HTTP/1.1" 200 1769 "https://plantamadre.es/" "Mozilla/5.0 (iPhone; CPU iPhone OS 18_3_1 like Mac OS X) AppleWebKit/605.1.15 (KHTML, like Gecko) Version/18.3 Mobile/15E148 Safari/604.1"
45.88.154.222 - - [25/Feb/2025:22:18:38 +0000] "GET /wp-content/themes/Divi/core/admin/fonts/modules.ttf HTTP/1.1" 200 92935 "https://plantamadre.es/" "Mozilla/5.0 (iPhone; CPU iPhone OS 18_3_1 like Mac OS X) AppleWebKit/605.1.15 (KHTML, like Gecko) Version/18.3 Mobile/15E148 Safari/604.1"
45.88.154.222 - - [25/Feb/2025:22:18:38 +0000] "GET /wp-content/et-cache/20023/et-core-unified-tb-20099-20023-17386084428238.min.css HTTP/1.1" 200 2100 "https://plantamadre.es/" "Mozilla/5.0 (iPhone; CPU iPhone OS 18_3_1 like Mac OS X) AppleWebKit/605.1.15 (KHTML, like Gecko) Version/18.3 Mobile/15E148 Safari/604.1"
45.88.154.222 - - [25/Feb/2025:22:18:38 +0000] "GET /wp-content/et-cache/20023/et-core-unified-20023-17386084428238.min.css HTTP/1.1" 200 9120 "https://plantamadre.es/" "Mozilla/5.0 (iPhone; CPU iPhone OS 18_3_1 like Mac OS X) AppleWebKit/605.1.15 (KHTML, like Gecko) Version/18.3 Mobile/15E148 Safari/604.1"
45.88.154.222 - - [25/Feb/2025:22:18:38 +0000] "GET /wp-content/plugins/age-gate/dist/all.js?ver=3.5.2 HTTP/1.1" 200 1714 "https://plantamadre.es/" "Mozilla/5.0 (iPhone; CPU iPhone OS 18_3_1 like Mac OS X) AppleWebKit/605.1.15 (KHTML, like Gecko) Version/18.3 Mobile/15E148 Safari/604.1"
45.88.154.222 - - [25/Feb/2025:22:18:38 +0000] "GET /wp-includes/js/imagesloaded.min.js?ver=4.1.4 HTTP/1.1" 200 2184 "https://plantamadre.es/" "Mozilla/5.0 (iPhone; CPU iPhone OS 18_3_1 like Mac OS X) AppleWebKit/605.1.15 (KHTML, like Gecko) Version/18.3 Mobile/15E148 Safari/604.1"
45.88.154.222 - - [25/Feb/2025:22:18:38 +0000] "GET /wp-includes/js/masonry.min.js?ver=4.2.2 HTTP/1.1" 200 7732 "https://plantamadre.es/" "Mozilla/5.0 (iPhone; CPU iPhone OS 18_3_1 like Mac OS X) AppleWebKit/605.1.15 (KHTML, like Gecko) Version/18.3 Mobile/15E148 Safari/604.1"
45.88.154.222 - - [25/Feb/2025:22:18:38 +0000] "GET /wp-includes/js/jquery/ui/core.min.js?ver=1.13.2 HTTP/1.1" 200 7449 "https://plantamadre.es/" "Mozilla/5.0 (iPhone; CPU iPhone OS 18_3_1 like Mac OS X) AppleWebKit/605.1.15 (KHTML, like Gecko) Version/18.3 Mobile/15E148 Safari/604.1"
45.88.154.222 - - [25/Feb/2025:22:18:38 +0000] "GET /wp-content/plugins/custom-layouts/assets/js/frontend/custom-layouts.js?ver=1.4.9 HTTP/1.1" 200 591 "https://plantamadre.es/" "Mozilla/5.0 (iPhone; CPU iPhone OS 18_3_1 like Mac OS X) AppleWebKit/605.1.15 (KHTML, like Gecko) Version/18.3 Mobile/15E148 Safari/604.1"
45.88.154.222 - - [25/Feb/2025:22:18:38 +0000] "GET /wp-includes/js/jquery/ui/mouse.min.js?ver=1.13.2 HTTP/1.1" 200 1434 "https://plantamadre.es/" "Mozilla/5.0 (iPhone; CPU iPhone OS 18_3_1 like Mac OS X) AppleWebKit/605.1.15 (KHTML, like Gecko) Version/18.3 Mobile/15E148 Safari/604.1"
45.88.154.222 - - [25/Feb/2025:22:18:38 +0000] "GET /wp-content/plugins/one-click-order-reorder/assets/js/ced_cng_cart.min.js?ver=1.1.8 HTTP/1.1" 200 2906 "https://plantamadre.es/" "Mozilla/5.0 (iPhone; CPU iPhone OS 18_3_1 like Mac OS X) AppleWebKit/605.1.15 (KHTML, like Gecko) Version/18.3 Mobile/15E148 Safari/604.1"
45.88.154.222 - - [25/Feb/2025:22:18:38 +0000] "GET /wp-includes/js/jquery/ui/draggable.min.js?ver=1.13.2 HTTP/1.1" 200 5189 "https://plantamadre.es/" "Mozilla/5.0 (iPhone; CPU iPhone OS 18_3_1 like Mac OS X) AppleWebKit/605.1.15 (KHTML, like Gecko) Version/18.3 Mobile/15E148 Safari/604.1"
45.88.154.222 - - [25/Feb/2025:22:18:38 +0000] "GET /wp-content/plugins/woocommerce/assets/js/jquery-blockui/jquery.blockUI.min.js?ver=2.7.0-wc.8.0.3 HTTP/1.1" 200 3887 "https://plantamadre.es/" "Mozilla/5.0 (iPhone; CPU iPhone OS 18_3_1 like Mac OS X) AppleWebKit/605.1.15 (KHTML, like Gecko) Version/18.3 Mobile/15E148 Safari/604.1"
45.88.154.222 - - [25/Feb/2025:22:18:38 +0000] "GET /wp-content/plugins/woocommerce/assets/js/js-cookie/js.cookie.min.js?ver=2.1.4-wc.8.0.3 HTTP/1.1" 200 1328 "https://plantamadre.es/" "Mozilla/5.0 (iPhone; CPU iPhone OS 18_3_1 like Mac OS X) AppleWebKit/605.1.15 (KHTML, like Gecko) Version/18.3 Mobile/15E148 Safari/604.1"
45.88.154.222 - - [25/Feb/2025:22:18:38 +0000] "GET /wp-content/plugins/woocommerce/assets/js/frontend/woocommerce.min.js?ver=8.0.3 HTTP/1.1" 200 1147 "https://plantamadre.es/" "Mozilla/5.0 (iPhone; CPU iPhone OS 18_3_1 like Mac OS X) AppleWebKit/605.1.15 (KHTML, like Gecko) Version/18.3 Mobile/15E148 Safari/604.1"
45.88.154.222 - - [25/Feb/2025:22:18:38 +0000] "GET /wp-content/plugins/wpb-woocommerce-related-products-slider/assets/js/owl.carousel.js?ver=2.3.4 HTTP/1.1" 200 11829 "https://plantamadre.es/" "Mozilla/5.0 (iPhone; CPU iPhone OS 18_3_1 like Mac OS X) AppleWebKit/605.1.15 (KHTML, like Gecko) Version/18.3 Mobile/15E148 Safari/604.1"
45.88.154.222 - - [25/Feb/2025:22:18:38 +0000] "GET /wp-content/plugins/wpb-woocommerce-related-products-slider/assets/js/init.js?ver=1.0 HTTP/1.1" 200 837 "https://plantamadre.es/" "Mozilla/5.0 (iPhone; CPU iPhone OS 18_3_1 like Mac OS X) AppleWebKit/605.1.15 (KHTML, like Gecko) Version/18.3 Mobile/15E148 Safari/604.1"
45.88.154.222 - - [25/Feb/2025:22:18:38 +0000] "GET /wp-includes/js/comment-reply.min.js?ver=6.3.5 HTTP/1.1" 200 1700 "https://plantamadre.es/" "Mozilla/5.0 (iPhone; CPU iPhone OS 18_3_1 like Mac OS X) AppleWebKit/605.1.15 (KHTML, like Gecko) Version/18.3 Mobile/15E148 Safari/604.1"
45.88.154.222 - - [25/Feb/2025:22:18:38 +0000] "GET /wp-content/plugins/age-gate/dist/age-gate.js?ver=3.5.2 HTTP/1.1" 200 30406 "https://plantamadre.es/" "Mozilla/5.0 (iPhone; CPU iPhone OS 18_3_1 like Mac OS X) AppleWebKit/605.1.15 (KHTML, like Gecko) Version/18.3 Mobile/15E148 Safari/604.1"
45.88.154.222 - - [25/Feb/2025:22:18:39 +0000] "GET /wp-content/themes/Divi/core/admin/js/common.js?ver=4.9.1 HTTP/1.1" 200 914 "https://plantamadre.es/" "Mozilla/5.0 (iPhone; CPU iPhone OS 18_3_1 like Mac OS X) AppleWebKit/605.1.15 (KHTML, like Gecko) Version/18.3 Mobile/15E148 Safari/604.1"
45.88.154.222 - - [25/Feb/2025:22:18:39 +0000] "GET /wp-content/plugins/woocommerce/assets/js/zoom/jquery.zoom.min.js?ver=1.7.21-wc.8.0.3 HTTP/1.1" 200 1541 "https://plantamadre.es/" "Mozilla/5.0 (iPhone; CPU iPhone OS 18_3_1 like Mac OS X) AppleWebKit/605.1.15 (KHTML, like Gecko) Version/18.3 Mobile/15E148 Safari/604.1"
45.88.154.222 - - [25/Feb/2025:22:18:39 +0000] "GET /wp-content/plugins/woocommerce/assets/js/flexslider/jquery.flexslider.min.js?ver=2.7.2-wc.8.0.3 HTTP/1.1" 200 6581 "https://plantamadre.es/" "Mozilla/5.0 (iPhone; CPU iPhone OS 18_3_1 like Mac OS X) AppleWebKit/605.1.15 (KHTML, like Gecko) Version/18.3 Mobile/15E148 Safari/604.1"
45.88.154.222 - - [25/Feb/2025:22:18:39 +0000] "GET /wp-content/plugins/woocommerce/assets/js/photoswipe/photoswipe.min.js?ver=4.1.1-wc.8.0.3 HTTP/1.1" 200 12459 "https://plantamadre.es/" "Mozilla/5.0 (iPhone; CPU iPhone OS 18_3_1 like Mac OS X) AppleWebKit/605.1.15 (KHTML, like Gecko) Version/18.3 Mobile/15E148 Safari/604.1"
45.88.154.222 - - [25/Feb/2025:22:18:38 +0000] "GET /wp-content/themes/Divi/js/custom.unified.js?ver=4.9.1 HTTP/1.1" 200 139323 "https://plantamadre.es/" "Mozilla/5.0 (iPhone; CPU iPhone OS 18_3_1 like Mac OS X) AppleWebKit/605.1.15 (KHTML, like Gecko) Version/18.3 Mobile/15E148 Safari/604.1"
45.88.154.222 - - [25/Feb/2025:22:18:39 +0000] "GET /wp-content/plugins/woocommerce/assets/js/frontend/single-product.min.js?ver=8.0.3 HTTP/1.1" 200 2252 "https://plantamadre.es/" "Mozilla/5.0 (iPhone; CPU iPhone OS 18_3_1 like Mac OS X) AppleWebKit/605.1.15 (KHTML, like Gecko) Version/18.3 Mobile/15E148 Safari/604.1"
45.88.154.222 - - [25/Feb/2025:22:18:39 +0000] "GET /wp-content/plugins/woocommerce/assets/js/photoswipe/photoswipe-ui-default.min.js?ver=4.1.1-wc.8.0.3 HTTP/1.1" 200 4024 "https://plantamadre.es/" "Mozilla/5.0 (iPhone; CPU iPhone OS 18_3_1 like Mac OS X) AppleWebKit/605.1.15 (KHTML, like Gecko) Version/18.3 Mobile/15E148 Safari/604.1"
45.88.154.222 - - [25/Feb/2025:22:18:39 +0000] "GET /wp-content/plugins/woocommerce/assets/js/frontend/cart-fragments.min.js?ver=8.0.3 HTTP/1.1" 200 1394 "https://plantamadre.es/" "Mozilla/5.0 (iPhone; CPU iPhone OS 18_3_1 like Mac OS X) AppleWebKit/605.1.15 (KHTML, like Gecko) Version/18.3 Mobile/15E148 Safari/604.1"
45.88.154.222 - - [25/Feb/2025:22:18:39 +0000] "GET /wp-includes/js/mediaelement/mediaelement-and-player.min.js?ver=4.2.17 HTTP/1.1" 200 39273 "https://plantamadre.es/" "Mozilla/5.0 (iPhone; CPU iPhone OS 18_3_1 like Mac OS X) AppleWebKit/605.1.15 (KHTML, like Gecko) Version/18.3 Mobile/15E148 Safari/604.1"
45.88.154.222 - - [25/Feb/2025:22:18:39 +0000] "GET /wp-includes/js/mediaelement/mediaelement-migrate.min.js?ver=6.3.5 HTTP/1.1" 200 888 "https://plantamadre.es/" "Mozilla/5.0 (iPhone; CPU iPhone OS 18_3_1 like Mac OS X) AppleWebKit/605.1.15 (KHTML, like Gecko) Version/18.3 Mobile/15E148 Safari/604.1"
45.88.154.222 - - [25/Feb/2025:22:18:39 +0000] "GET /wp-includes/js/mediaelement/wp-mediaelement.min.js?ver=6.3.5 HTTP/1.1" 200 886 "https://plantamadre.es/" "Mozilla/5.0 (iPhone; CPU iPhone OS 18_3_1 like Mac OS X) AppleWebKit/605.1.15 (KHTML, like Gecko) Version/18.3 Mobile/15E148 Safari/604.1"
45.88.154.222 - - [25/Feb/2025:22:18:39 +0000] "GET /wp-content/uploads/2024/06/169026-840229961_small.mp4 HTTP/1.1" 206 341 "https://plantamadre.es/" "Mozilla/5.0 (iPhone; CPU iPhone OS 18_3_1 like Mac OS X) AppleWebKit/605.1.15 (KHTML, like Gecko) Version/18.3 Mobile/15E148 Safari/604.1"
45.88.154.222 - - [25/Feb/2025:22:18:39 +0000] "GET /wp-content/uploads/2024/06/169026-840229961_small.mp4 HTTP/1.1" 206 341 "https://plantamadre.es/" "Mozilla/5.0 (iPhone; CPU iPhone OS 18_3_1 like Mac OS X) AppleWebKit/605.1.15 (KHTML, like Gecko) Version/18.3 Mobile/15E148 Safari/604.1"
45.88.154.222 - - [25/Feb/2025:22:18:39 +0000] "GET /wp-content/uploads/2024/06/logo.png HTTP/1.1" 200 15804 "https://plantamadre.es/" "Mozilla/5.0 (iPhone; CPU iPhone OS 18_3_1 like Mac OS X) AppleWebKit/605.1.15 (KHTML, like Gecko) Version/18.3 Mobile/15E148 Safari/604.1"
45.88.154.222 - - [25/Feb/2025:22:18:39 +0000] "GET /wp-content/themes/Divi/includes/builder/styles/images/preloader.gif HTTP/1.1" 200 9741 "https://plantamadre.es/" "Mozilla/5.0 (iPhone; CPU iPhone OS 18_3_1 like Mac OS X) AppleWebKit/605.1.15 (KHTML, like Gecko) Version/18.3 Mobile/15E148 Safari/604.1"
45.88.154.222 - - [25/Feb/2025:22:18:39 +0000] "GET /wp-content/plugins/woocommerce/assets/css/woocommerce-smallscreen.css?ver=8.0.3 HTTP/1.1" 200 1520 "https://plantamadre.es/" "Mozilla/5.0 (iPhone; CPU iPhone OS 18_3_1 like Mac OS X) AppleWebKit/605.1.15 (KHTML, like Gecko) Version/18.3 Mobile/15E148 Safari/604.1"
45.88.154.222 - - [25/Feb/2025:22:18:39 +0000] "GET /wp-content/uploads/2023/02/cont-icon-5.png HTTP/1.1" 200 2569 "https://plantamadre.es/" "Mozilla/5.0 (iPhone; CPU iPhone OS 18_3_1 like Mac OS X) AppleWebKit/605.1.15 (KHTML, like Gecko) Version/18.3 Mobile/15E148 Safari/604.1"
45.88.154.222 - - [25/Feb/2025:22:18:39 +0000] "GET /wp-content/uploads/2023/02/cont-icon-1.png HTTP/1.1" 200 1873 "https://plantamadre.es/" "Mozilla/5.0 (iPhone; CPU iPhone OS 18_3_1 like Mac OS X) AppleWebKit/605.1.15 (KHTML, like Gecko) Version/18.3 Mobile/15E148 Safari/604.1"
45.88.154.222 - - [25/Feb/2025:22:18:39 +0000] "GET /wp-content/uploads/2023/02/cont-icon-4.png HTTP/1.1" 200 1244 "https://plantamadre.es/" "Mozilla/5.0 (iPhone; CPU iPhone OS 18_3_1 like Mac OS X) AppleWebKit/605.1.15 (KHTML, like Gecko) Version/18.3 Mobile/15E148 Safari/604.1"
45.88.154.222 - - [25/Feb/2025:22:18:39 +0000] "GET /wp-content/uploads/2024/06/kit_digital-1024x61-1.png HTTP/1.1" 200 63151 "https://plantamadre.es/" "Mozilla/5.0 (iPhone; CPU iPhone OS 18_3_1 like Mac OS X) AppleWebKit/605.1.15 (KHTML, like Gecko) Version/18.3 Mobile/15E148 Safari/604.1"
45.88.154.222 - - [25/Feb/2025:22:18:39 +0000] "GET /wp-content/uploads/2024/06/cannabis-4633205_1280.jpg HTTP/1.1" 200 212803 "https://plantamadre.es/" "Mozilla/5.0 (iPhone; CPU iPhone OS 18_3_1 like Mac OS X) AppleWebKit/605.1.15 (KHTML, like Gecko) Version/18.3 Mobile/15E148 Safari/604.1"
45.88.154.222 - - [25/Feb/2025:22:18:39 +0000] "GET /wp-content/uploads/2024/06/maceta.png HTTP/1.1" 200 111582 "https://plantamadre.es/" "Mozilla/5.0 (iPhone; CPU iPhone OS 18_3_1 like Mac OS X) AppleWebKit/605.1.15 (KHTML, like Gecko) Version/18.3 Mobile/15E148 Safari/604.1"
45.88.154.222 - - [25/Feb/2025:22:18:39 +0000] "GET /wp-content/uploads/2023/02/cont-icon-3.png HTTP/1.1" 200 1152 "https://plantamadre.es/" "Mozilla/5.0 (iPhone; CPU iPhone OS 18_3_1 like Mac OS X) AppleWebKit/605.1.15 (KHTML, like Gecko) Version/18.3 Mobile/15E148 Safari/604.1"
