83.221.16.200 - - [25/Feb/2025:16:12:37 +0000] "GET /tienda/canna-fertilizantes/canna-aquaflores-a-1l/ HTTP/1.0" 403 2777 "https://plantamadre.es/tienda/canna-fertilizantes/canna-aquaflores-a-1l/" "Mozilla/5.0 (Windows NT 10.0; Win64; x64) AppleWebKit/537.36 (KHTML, like Gecko) Chrome/131.0.0.0 Safari/537.36"
146.190.157.162 - - [25/Feb/2025:16:12:42 +0000] "POST /wp-cron.php?doing_wp_cron=1740499962.2416789531707763671875 HTTP/1.1" 200 2850 "-" "WordPress/6.3.5; https://plantamadre.es"
83.221.16.200 - - [25/Feb/2025:16:12:44 +0000] "GET / HTTP/1.0" 403 2824 "https://plantamadre.es/tienda/canna-fertilizantes/canna-aquaflores-a-1l/" "Mozilla/5.0 (Windows NT 10.0; Win64; x64) AppleWebKit/537.36 (KHTML, like Gecko) Chrome/131.0.0.0 Safari/537.36"
83.221.16.200 - - [25/Feb/2025:16:12:47 +0000] "GET / HTTP/1.0" 403 2823 "https://plantamadre.es/" "Mozilla/5.0 (Windows NT 10.0; Win64; x64) AppleWebKit/537.36 (KHTML, like Gecko) Chrome/131.0.0.0 Safari/537.36"
83.221.16.200 - - [25/Feb/2025:16:12:50 +0000] "GET / HTTP/1.0" 403 2825 "https://plantamadre.es/" "Mozilla/5.0 (Windows NT 10.0; Win64; x64) AppleWebKit/537.36 (KHTML, like Gecko) Chrome/131.0.0.0 Safari/537.36"
185.173.36.97 - - [25/Feb/2025:16:13:39 +0000] "GET /tienda/00-seeds-bank-semillas/00-seeds-caramel-kush-5und-fem/ HTTP/1.0" 403 2777 "https://plantamadre.es/tienda/00-seeds-bank-semillas/00-seeds-caramel-kush-5und-fem/" "Mozilla/5.0 (Windows NT 10.0; Win64; x64) AppleWebKit/537.36 (KHTML, like Gecko) Chrome/131.0.0.0 Safari/537.36 Avast/131.0.0.0"
146.190.157.162 - - [25/Feb/2025:16:13:41 +0000] "POST /wp-cron.php?doing_wp_cron=1740500021.8577570915222167968750 HTTP/1.1" 200 2849 "-" "WordPress/6.3.5; https://plantamadre.es"
185.173.36.97 - - [25/Feb/2025:16:13:43 +0000] "GET / HTTP/1.0" 403 2824 "https://plantamadre.es/tienda/00-seeds-bank-semillas/00-seeds-caramel-kush-5und-fem/" "Mozilla/5.0 (Windows NT 10.0; Win64; x64) AppleWebKit/537.36 (KHTML, like Gecko) Chrome/131.0.0.0 Safari/537.36 Avast/131.0.0.0"
185.173.36.97 - - [25/Feb/2025:16:13:46 +0000] "GET / HTTP/1.0" 403 2824 "https://plantamadre.es/" "Mozilla/5.0 (Windows NT 10.0; Win64; x64) AppleWebKit/537.36 (KHTML, like Gecko) Chrome/131.0.0.0 Safari/537.36 Avast/131.0.0.0"
185.173.36.97 - - [25/Feb/2025:16:13:48 +0000] "GET / HTTP/1.0" 403 2825 "https://plantamadre.es/" "Mozilla/5.0 (Windows NT 10.0; Win64; x64) AppleWebKit/537.36 (KHTML, like Gecko) Chrome/131.0.0.0 Safari/537.36 Avast/131.0.0.0"
198.187.31.67 - - [25/Feb/2025:16:14:17 +0000] "GET /wp-login.php HTTP/1.1" 200 14821 "-" "Mozilla/5.0 (Windows NT 10.0; Win64; x64; rv:57.0) Gecko/20100101 Firefox/57.0"
158.101.231.239 - - [25/Feb/2025:16:14:18 +0000] "GET /wp-login.php HTTP/1.1" 200 14821 "-" "Mozilla/5.0 (X11; Linux x86_64) AppleWebKit/537.36 (KHTML, like Gecko) Chrome/91.0.4472.114 Safari/537.36"
3.7.130.194 - - [25/Feb/2025:16:14:20 +0000] "GET /wp-login.php HTTP/1.1" 200 14818 "-" "Mozilla/5.0 (Windows NT 6.1; Win64; x64; rv:57.0) Gecko/20100101 Firefox/57.0"
62.117.170.101 - - [25/Feb/2025:16:14:20 +0000] "POST /wp-admin/admin-ajax.php HTTP/1.1" 200 982 "https://plantamadre.es/wp-admin/post.php?post=25043&action=edit" "Mozilla/5.0 (Windows NT 10.0; Win64; x64) AppleWebKit/537.36 (KHTML, like Gecko) Chrome/133.0.0.0 Safari/537.36"
34.76.230.252 - - [25/Feb/2025:16:14:32 +0000] "GET /wp-login.php HTTP/1.1" 200 12689 "-" "Mozilla/5.0 (Windows NT 10.0; Win64; x64; rv:58.0) Gecko/20100101 Firefox/58.0"
146.190.157.162 - - [25/Feb/2025:16:14:34 +0000] "POST /wp-cron.php?doing_wp_cron=1740500074.4494600296020507812500 HTTP/1.1" 200 2850 "-" "WordPress/6.3.5; https://plantamadre.es"
34.76.230.252 - - [25/Feb/2025:16:14:36 +0000] "POST /wp-login.php HTTP/1.1" 401 6523 "https://plantamadre.es/wp-login.php" "Mozilla/5.0 (Windows NT 10.0; Win64; x64; rv:58.0) Gecko/20100101 Firefox/58.0"
213.55.96.154 - - [25/Feb/2025:16:14:41 +0000] "GET /wp-login.php HTTP/1.1" 200 12689 "-" "Mozilla/5.0 (Windows NT 10.0; Win64; x64) AppleWebKit/537.36 (KHTML, like Gecko) Chrome/80.0.3987.149 Safari/537.36"
213.55.96.154 - - [25/Feb/2025:16:14:45 +0000] "POST /wp-login.php HTTP/1.1" 401 6522 "https://plantamadre.es/wp-login.php" "Mozilla/5.0 (Windows NT 10.0; Win64; x64) AppleWebKit/537.36 (KHTML, like Gecko) Chrome/80.0.3987.149 Safari/537.36"
185.237.65.59 - - [25/Feb/2025:16:14:49 +0000] "GET /wp-login.php HTTP/1.1" 200 12689 "-" "Mozilla/5.0 (Windows NT 10.0; Win64; x64) AppleWebKit/537.36 (KHTML, like Gecko) Chrome/74.0.3729.157 Safari/537.36"
185.237.65.59 - - [25/Feb/2025:16:14:53 +0000] "POST /wp-login.php HTTP/1.1" 401 6522 "https://plantamadre.es/wp-login.php" "Mozilla/5.0 (Windows NT 10.0; Win64; x64) AppleWebKit/537.36 (KHTML, like Gecko) Chrome/74.0.3729.157 Safari/537.36"
114.119.149.171 - - [25/Feb/2025:16:14:54 +0000] "GET /product/lemon-og-5-und/ HTTP/1.1" 200 30950 "https://plantamadre.es/product/sweet-cheese/" "Mozilla/5.0 (Linux; Android 7.0;) AppleWebKit/537.36 (KHTML, like Gecko) Mobile Safari/537.36 (compatible; PetalBot;+https://webmaster.petalsearch.com/site/petalbot)"
104.44.128.13 - - [25/Feb/2025:16:14:59 +0000] "GET /wp-login.php HTTP/1.1" 200 12690 "-" "Mozilla/5.0 (Macintosh; Intel Mac OS X 11_4) AppleWebKit/537.36 (KHTML, like Gecko) Chrome/91.0.4472.114 Safari/537.36"
104.44.128.13 - - [25/Feb/2025:16:15:01 +0000] "POST /wp-login.php HTTP/1.1" 401 6523 "https://plantamadre.es/wp-login.php" "Mozilla/5.0 (Macintosh; Intel Mac OS X 11_4) AppleWebKit/537.36 (KHTML, like Gecko) Chrome/91.0.4472.114 Safari/537.36"
69.30.195.178 - - [25/Feb/2025:16:15:21 +0000] "GET /wp-login.php HTTP/1.1" 301 443 "-" "GRequests/0.10"
69.30.195.178 - - [25/Feb/2025:16:15:21 +0000] "GET /wp-login.php HTTP/1.1" 200 7271 "http://plantamadre.es/wp-login.php" "GRequests/0.10"
69.30.195.178 - - [25/Feb/2025:16:15:22 +0000] "POST /wp-login.php HTTP/1.1" 301 443 "-" "GRequests/0.10"
69.30.195.178 - - [25/Feb/2025:16:15:22 +0000] "GET /wp-login.php HTTP/1.1" 200 7270 "http://plantamadre.es/wp-login.php" "GRequests/0.10"
69.30.195.178 - - [25/Feb/2025:16:15:23 +0000] "GET /wp-admin/ HTTP/1.1" 301 437 "-" "GRequests/0.10"
69.30.195.178 - - [25/Feb/2025:16:15:23 +0000] "GET /wp-admin/ HTTP/1.1" 302 386 "http://plantamadre.es/wp-admin/" "GRequests/0.10"
69.30.195.178 - - [25/Feb/2025:16:15:25 +0000] "GET /wp-login.php?redirect_to=https%3A%2F%2Fplantamadre.es%2Fwp-admin%2F&reauth=1 HTTP/1.1" 200 4752 "https://plantamadre.es/wp-admin/" "GRequests/0.10"
77.232.37.35 - - [25/Feb/2025:16:15:24 +0000] "GET /tienda/dr-underground-semillas/dr-underground-king-kong-2-semillas-fem/ HTTP/1.0" 403 2776 "-" "Mozilla/5.0 (Windows NT 6.3; Win64; x64) AppleWebKit/537.36 (KHTML, like Gecko) Chrome/75.0.3770.100 Safari/537.36"
66.249.68.6 - - [25/Feb/2025:16:16:15 +0000] "GET /etiqueta-producto/semillas-2/page/66/?orderby=price-desc HTTP/1.1" 404 109089 "-" "Mozilla/5.0 (Linux; Android 6.0.1; Nexus 5X Build/MMB29P) AppleWebKit/537.36 (KHTML, like Gecko) Chrome/133.0.6943.53 Mobile Safari/537.36 (compatible; Googlebot/2.1; +http://www.google.com/bot.html)"
146.190.157.162 - - [25/Feb/2025:16:16:18 +0000] "POST /wp-cron.php?doing_wp_cron=1740500178.2758009433746337890625 HTTP/1.1" 200 2850 "-" "WordPress/6.3.5; https://plantamadre.es"
62.117.170.101 - - [25/Feb/2025:16:16:21 +0000] "POST /wp-admin/admin-ajax.php HTTP/1.1" 200 982 "https://plantamadre.es/wp-admin/post.php?post=25043&action=edit" "Mozilla/5.0 (Windows NT 10.0; Win64; x64) AppleWebKit/537.36 (KHTML, like Gecko) Chrome/133.0.0.0 Safari/537.36"
146.190.157.162 - - [25/Feb/2025:16:18:18 +0000] "POST /wp-cron.php?doing_wp_cron=1740500298.6872711181640625000000 HTTP/1.1" 200 2851 "-" "WordPress/6.3.5; https://plantamadre.es"
212.30.33.223 - - [25/Feb/2025:16:18:17 +0000] "GET /tienda/semillas/l-s-d-feminizada-10-semillas/ HTTP/1.0" 404 108813 "https://plantamadre.es/tienda/semillas/l-s-d-feminizada-10-semillas/" "Mozilla/5.0 (Windows NT 10.0; Win64; x64) AppleWebKit/537.36 (KHTML, like Gecko) Chrome/131.0.0.0 Safari/537.36"
62.117.170.101 - - [25/Feb/2025:16:18:22 +0000] "POST /wp-admin/admin-ajax.php HTTP/1.1" 200 982 "https://plantamadre.es/wp-admin/post.php?post=25043&action=edit" "Mozilla/5.0 (Windows NT 10.0; Win64; x64) AppleWebKit/537.36 (KHTML, like Gecko) Chrome/133.0.0.0 Safari/537.36"
66.249.68.5 - - [25/Feb/2025:16:18:22 +0000] "GET /wp-content/uploads/2014/01/dark-devil.png HTTP/1.1" 404 109068 "-" "Googlebot-Image/1.0"
212.30.33.204 - - [25/Feb/2025:16:18:22 +0000] "GET /contacto/ HTTP/1.0" 200 196541 "https://plantamadre.es/contacto/" "Mozilla/5.0 (Windows NT 10.0; Win64; x64) AppleWebKit/537.36 (KHTML, like Gecko) Chrome/131.0.0.0 Safari/537.36"
212.30.33.220 - - [25/Feb/2025:16:18:26 +0000] "POST /contacto/ HTTP/1.0" 200 194636 "https://plantamadre.es/contacto/" "Mozilla/5.0 (Windows NT 10.0; Win64; x64) AppleWebKit/537.36 (KHTML, like Gecko) Chrome/131.0.0.0 Safari/537.36"
185.56.75.138 - - [25/Feb/2025:16:18:42 +0000] "POST /wp-login.php HTTP/1.1" 301 443 "http://plantamadre.es" "Mozilla/5.0 (Macintosh; Intel Mac OS X 10_15_7) AppleWebKit/537.36 (KHTML, like Gecko) Chrome/126.0.0.0 Safari/537.36"
185.56.75.138 - - [25/Feb/2025:16:18:48 +0000] "GET /wp-login.php HTTP/1.1" 200 7284 "http://plantamadre.es" "Mozilla/5.0 (Macintosh; Intel Mac OS X 10_15_7) AppleWebKit/537.36 (KHTML, like Gecko) Chrome/126.0.0.0 Safari/537.36"
146.190.157.162 - - [25/Feb/2025:16:19:48 +0000] "POST /wp-cron.php?doing_wp_cron=1740500388.1594779491424560546875 HTTP/1.1" 200 2850 "-" "WordPress/6.3.5; https://plantamadre.es"
114.119.144.72 - - [25/Feb/2025:16:19:46 +0000] "GET /product/gas-atomic-400ml/ HTTP/1.1" 200 30682 "https://plantamadre.es/product/extractor-de-resina-tumble-bee-m-60x40x32-5cm-60l/" "Mozilla/5.0 (Linux; Android 7.0;) AppleWebKit/537.36 (KHTML, like Gecko) Mobile Safari/537.36 (compatible; PetalBot;+https://webmaster.petalsearch.com/site/petalbot)"
62.117.170.101 - - [25/Feb/2025:16:20:23 +0000] "POST /wp-admin/admin-ajax.php HTTP/1.1" 200 982 "https://plantamadre.es/wp-admin/post.php?post=25043&action=edit" "Mozilla/5.0 (Windows NT 10.0; Win64; x64) AppleWebKit/537.36 (KHTML, like Gecko) Chrome/133.0.0.0 Safari/537.36"
146.190.157.162 - - [25/Feb/2025:16:20:40 +0000] "POST /wp-cron.php?doing_wp_cron=1740500440.0110061168670654296875 HTTP/1.1" 200 2850 "-" "WordPress/6.3.5; https://plantamadre.es"
95.164.67.6 - - [25/Feb/2025:16:20:38 +0000] "GET /tienda/semillas/l-s-d-feminizada-10-semillas/ HTTP/1.1" 404 109097 "-" "Mozilla/5.0 (Windows NT 10.0; Win64; x64; Xbox; Xbox One) AppleWebKit/537.36 (KHTML, like Gecko) Chrome/114.0.0.0 Safari/537.36 Edge/44.18363.8131"
95.164.67.6 - - [25/Feb/2025:16:20:43 +0000] "GET / HTTP/1.1" 200 27147 "-" "Mozilla/5.0 (Windows NT 10.0; Win64; x64; Xbox; Xbox One) AppleWebKit/537.36 (KHTML, like Gecko) Chrome/114.0.0.0 Safari/537.36 Edge/44.18363.8131"
95.164.67.6 - - [25/Feb/2025:16:20:51 +0000] "GET /wp-login.php?action=register HTTP/1.1" 403 3015 "https://plantamadre.es" "Mozilla/5.0 (Windows NT 6.3; Win64; x64) AppleWebKit/537.36 (KHTML, like Gecko) Chrome/103.0.0.0 Safari/537.36"
95.164.67.6 - - [25/Feb/2025:16:20:54 +0000] "GET /wp-login.php?action=register HTTP/1.1" 403 3017 "https://plantamadre.es/wp-login.php?action=register" "Mozilla/5.0 (Windows NT 6.3; Win64; x64) AppleWebKit/537.36 (KHTML, like Gecko) Chrome/103.0.0.0 Safari/537.36"
95.164.67.6 - - [25/Feb/2025:16:20:56 +0000] "GET /tienda/semillas/l-s-d-feminizada-10-semillas/ HTTP/1.1" 404 109087 "https://plantamadre.es/tienda/semillas/l-s-d-feminizada-10-semillas/" "PHP/{5|6|7}.{3|2}.{1|2|3|4|5|6|7|8|9|0}{1|2|3|4|5|6|7|8|9|0}"
95.164.67.6 - - [25/Feb/2025:16:21:00 +0000] "POST /xmlrpc.php HTTP/1.1" 403 3016 "https://plantamadre.es/tienda/semillas/l-s-d-feminizada-10-semillas/" "PHP/6.2.07"
95.164.67.6 - - [25/Feb/2025:16:21:02 +0000] "GET /tienda/semillas/l-s-d-feminizada-10-semillas/ HTTP/1.1" 404 109088 "-" "PHP/6.2.07"
62.117.170.101 - - [25/Feb/2025:16:22:24 +0000] "POST /wp-admin/admin-ajax.php HTTP/1.1" 200 982 "https://plantamadre.es/wp-admin/post.php?post=25043&action=edit" "Mozilla/5.0 (Windows NT 10.0; Win64; x64) AppleWebKit/537.36 (KHTML, like Gecko) Chrome/133.0.0.0 Safari/537.36"
146.190.157.162 - - [25/Feb/2025:16:22:26 +0000] "POST /wp-cron.php?doing_wp_cron=1740500546.2310829162597656250000 HTTP/1.1" 200 2850 "-" "WordPress/6.3.5; https://plantamadre.es"
146.190.157.162 - - [25/Feb/2025:16:23:35 +0000] "POST /wp-cron.php?doing_wp_cron=1740500615.1221818923950195312500 HTTP/1.1" 200 2849 "-" "WordPress/6.3.5; https://plantamadre.es"
54.189.193.121 - - [25/Feb/2025:16:23:33 +0000] "GET /wp-content/uploads/2013/09/blue-widow2-300x300.png HTTP/1.1" 404 109080 "https://plantamadre.es/" "Mozilla/5.0 (Windows NT 10.0; Win64; x64) AppleWebKit/537.36 (KHTML, like Gecko) Chrome/58.0.3029.81 Safari/537.36 Edge/16.16299"
54.189.193.121 - - [25/Feb/2025:16:23:37 +0000] "GET /wp-content/uploads/2013/09/blue-widow2-300x300.png HTTP/1.1" 404 102497 "https://plantamadre.es/" "Mozilla/5.0 (Windows NT 10.0; Win64; x64) AppleWebKit/537.36 (KHTML, like Gecko) Chrome/58.0.3029.110 Safari/537.36"
54.189.193.121 - - [25/Feb/2025:16:23:39 +0000] "GET /wp-content/uploads/2013/09/blue-widow2-300x300.png HTTP/1.1" 404 109075 "https://plantamadre.es/" "Mozilla/5.0 (iPad; CPU OS 13_4 like Mac OS X) AppleWebKit/605.1.15 (KHTML, like Gecko) Version/13.1 Mobile/15E148 Safari/604.1"
54.189.193.121 - - [25/Feb/2025:16:23:42 +0000] "GET /wp-content/uploads/2013/09/blue-widow2-300x300.png HTTP/1.1" 404 102498 "https://plantamadre.es/" "Mozilla/5.0 (Windows NT 10.0; Win64; x64) AppleWebKit/537.36 (KHTML, like Gecko) Chrome/58.0.3029.81 Safari/537.36 Edge/16.16299"
62.117.170.101 - - [25/Feb/2025:16:24:25 +0000] "POST /wp-admin/admin-ajax.php HTTP/1.1" 200 982 "https://plantamadre.es/wp-admin/post.php?post=25043&action=edit" "Mozilla/5.0 (Windows NT 10.0; Win64; x64) AppleWebKit/537.36 (KHTML, like Gecko) Chrome/133.0.0.0 Safari/537.36"
146.190.157.162 - - [25/Feb/2025:16:24:27 +0000] "POST /wp-cron.php?doing_wp_cron=1740500667.0727949142456054687500 HTTP/1.1" 200 2851 "-" "WordPress/6.3.5; https://plantamadre.es"
146.190.157.162 - - [25/Feb/2025:16:25:07 +0000] "POST /wp-cron.php?doing_wp_cron=1740500707.9683771133422851562500 HTTP/1.1" 200 2851 "-" "WordPress/6.3.5; https://plantamadre.es"
114.119.130.168 - - [25/Feb/2025:16:25:06 +0000] "GET /product/chocolopez/ HTTP/1.1" 200 33344 "https://plantamadre.es/product/sweet-cheese/" "Mozilla/5.0 (Linux; Android 7.0;) AppleWebKit/537.36 (KHTML, like Gecko) Mobile Safari/537.36 (compatible; PetalBot;+https://webmaster.petalsearch.com/site/petalbot)"
62.117.170.101 - - [25/Feb/2025:16:26:26 +0000] "POST /wp-admin/admin-ajax.php HTTP/1.1" 200 982 "https://plantamadre.es/wp-admin/post.php?post=25043&action=edit" "Mozilla/5.0 (Windows NT 10.0; Win64; x64) AppleWebKit/537.36 (KHTML, like Gecko) Chrome/133.0.0.0 Safari/537.36"
146.190.157.162 - - [25/Feb/2025:16:26:28 +0000] "POST /wp-cron.php?doing_wp_cron=1740500788.2126479148864746093750 HTTP/1.1" 200 2850 "-" "WordPress/6.3.5; https://plantamadre.es"
45.81.136.110 - - [25/Feb/2025:16:26:58 +0000] "GET /tienda/advanced-nutrients/advanced-nutrients-mother-earth-organic-tea-bloom-10l/ HTTP/1.0" 403 2777 "https://plantamadre.es/tienda/advanced-nutrients/advanced-nutrients-mother-earth-organic-tea-bloom-10l/" "Mozilla/5.0 (Windows NT 10.0; Win64; x64) AppleWebKit/537.36 (KHTML, like Gecko) Chrome/129.0.0.0 Safari/537.36"
146.190.157.162 - - [25/Feb/2025:16:27:00 +0000] "POST /wp-cron.php?doing_wp_cron=1740500820.3521609306335449218750 HTTP/1.1" 200 2849 "-" "WordPress/6.3.5; https://plantamadre.es"
45.81.136.110 - - [25/Feb/2025:16:27:02 +0000] "GET / HTTP/1.0" 403 2823 "https://plantamadre.es/" "Mozilla/5.0 (Windows NT 10.0; Win64; x64) AppleWebKit/537.36 (KHTML, like Gecko) Chrome/129.0.0.0 Safari/537.36"
62.117.170.101 - - [25/Feb/2025:16:28:27 +0000] "POST /wp-admin/admin-ajax.php HTTP/1.1" 200 982 "https://plantamadre.es/wp-admin/post.php?post=25043&action=edit" "Mozilla/5.0 (Windows NT 10.0; Win64; x64) AppleWebKit/537.36 (KHTML, like Gecko) Chrome/133.0.0.0 Safari/537.36"
146.190.157.162 - - [25/Feb/2025:16:28:29 +0000] "POST /wp-cron.php?doing_wp_cron=1740500909.4694049358367919921875 HTTP/1.1" 200 2851 "-" "WordPress/6.3.5; https://plantamadre.es"
185.173.36.97 - - [25/Feb/2025:16:29:08 +0000] "GET /tienda/00-seeds-bank/00-seeds-auto-mix-5und/ HTTP/1.0" 403 2777 "https://plantamadre.es/tienda/00-seeds-bank/00-seeds-auto-mix-5und/" "Mozilla/5.0 (Windows NT 10.0; Win64; x64) AppleWebKit/537.36 (KHTML, like Gecko) Chrome/129.0.0.0 Safari/537.36"
185.173.36.97 - - [25/Feb/2025:16:29:12 +0000] "GET / HTTP/1.0" 403 2824 "https://plantamadre.es/tienda/00-seeds-bank/00-seeds-auto-mix-5und/" "Mozilla/5.0 (Windows NT 10.0; Win64; x64) AppleWebKit/537.36 (KHTML, like Gecko) Chrome/129.0.0.0 Safari/537.36"
185.173.36.97 - - [25/Feb/2025:16:29:14 +0000] "GET / HTTP/1.0" 403 2825 "https://plantamadre.es/" "Mozilla/5.0 (Windows NT 10.0; Win64; x64) AppleWebKit/537.36 (KHTML, like Gecko) Chrome/129.0.0.0 Safari/537.36"
185.173.36.97 - - [25/Feb/2025:16:29:16 +0000] "GET / HTTP/1.0" 403 2823 "https://plantamadre.es/" "Mozilla/5.0 (Windows NT 10.0; Win64; x64) AppleWebKit/537.36 (KHTML, like Gecko) Chrome/129.0.0.0 Safari/537.36"
109.236.93.77 - - [25/Feb/2025:16:29:42 +0000] "GET /tienda/00-seeds-bank-semillas/00-seeds-00-kush-5und-fem HTTP/1.0" 403 2814 "-" "Mozilla/5.0 (Windows NT 10.0; Win64; x64) AppleWebKit/537.36 (KHTML, like Gecko) Chrome/118.0.0.0 Safari/537.36"
146.190.157.162 - - [25/Feb/2025:16:29:44 +0000] "POST /wp-cron.php?doing_wp_cron=1740500983.9874660968780517578125 HTTP/1.1" 200 2850 "-" "WordPress/6.3.5; https://plantamadre.es"
114.119.149.171 - - [25/Feb/2025:16:29:44 +0000] "GET /product/canna-fosforo-17-1l/ HTTP/1.1" 200 31532 "https://plantamadre.es/shop33/?product-page=19" "Mozilla/5.0 (Linux; Android 7.0;) AppleWebKit/537.36 (KHTML, like Gecko) Mobile Safari/537.36 (compatible; PetalBot;+https://webmaster.petalsearch.com/site/petalbot)"
62.117.170.101 - - [25/Feb/2025:16:30:28 +0000] "POST /wp-admin/admin-ajax.php HTTP/1.1" 200 982 "https://plantamadre.es/wp-admin/post.php?post=25043&action=edit" "Mozilla/5.0 (Windows NT 10.0; Win64; x64) AppleWebKit/537.36 (KHTML, like Gecko) Chrome/133.0.0.0 Safari/537.36"
185.173.36.97 - - [25/Feb/2025:16:31:11 +0000] "GET /tienda/balanzas/peso-fuzion-diablo-00175-gr/ HTTP/1.0" 403 2777 "https://plantamadre.es/tienda/balanzas/peso-fuzion-diablo-00175-gr/" "Mozilla/5.0 (Windows NT 10.0; Win64; x64) AppleWebKit/537.36 (KHTML, like Gecko) Chrome/129.0.0.0 Safari/537.36"
146.190.157.162 - - [25/Feb/2025:16:31:13 +0000] "POST /wp-cron.php?doing_wp_cron=1740501073.2561810016632080078125 HTTP/1.1" 200 2851 "-" "WordPress/6.3.5; https://plantamadre.es"
185.173.36.97 - - [25/Feb/2025:16:31:15 +0000] "GET / HTTP/1.0" 403 2824 "https://plantamadre.es/tienda/balanzas/peso-fuzion-diablo-00175-gr/" "Mozilla/5.0 (Windows NT 10.0; Win64; x64) AppleWebKit/537.36 (KHTML, like Gecko) Chrome/129.0.0.0 Safari/537.36"
185.173.36.97 - - [25/Feb/2025:16:31:17 +0000] "GET / HTTP/1.0" 403 2824 "https://plantamadre.es/" "Mozilla/5.0 (Windows NT 10.0; Win64; x64) AppleWebKit/537.36 (KHTML, like Gecko) Chrome/129.0.0.0 Safari/537.36"
185.173.36.97 - - [25/Feb/2025:16:31:20 +0000] "GET / HTTP/1.0" 403 2824 "https://plantamadre.es/" "Mozilla/5.0 (Windows NT 10.0; Win64; x64) AppleWebKit/537.36 (KHTML, like Gecko) Chrome/129.0.0.0 Safari/537.36"
146.190.157.162 - - [25/Feb/2025:16:32:09 +0000] "POST /wp-cron.php?doing_wp_cron=1740501129.4427349567413330078125 HTTP/1.1" 200 2850 "-" "WordPress/6.3.5; https://plantamadre.es"
95.70.128.229 - - [25/Feb/2025:16:32:07 +0000] "GET /tienda/agrobacterias/agrobacterias-protect-killer-60ml-1und/ HTTP/1.1" 404 108929 "-" "-"
95.70.128.229 - - [25/Feb/2025:16:32:12 +0000] "POST /wp-comments-post.php HTTP/1.1" 200 448 "-" "-"
146.190.157.162 - - [25/Feb/2025:16:32:14 +0000] "POST /wp-cron.php?doing_wp_cron=1740501134.5735220909118652343750 HTTP/1.1" 200 2849 "-" "WordPress/6.3.5; https://plantamadre.es"
62.117.170.101 - - [25/Feb/2025:16:32:32 +0000] "POST /wp-admin/admin-ajax.php HTTP/1.1" 200 982 "https://plantamadre.es/wp-admin/post.php?post=25043&action=edit" "Mozilla/5.0 (Windows NT 10.0; Win64; x64) AppleWebKit/537.36 (KHTML, like Gecko) Chrome/133.0.0.0 Safari/537.36"
146.190.157.162 - - [25/Feb/2025:16:32:34 +0000] "POST /wp-cron.php?doing_wp_cron=1740501154.7171080112457275390625 HTTP/1.1" 200 2851 "-" "WordPress/6.3.5; https://plantamadre.es"
82.213.251.63 - - [25/Feb/2025:16:32:49 +0000] "GET / HTTP/1.1" 200 27144 "-" "Mozilla/5.0 (Macintosh; Intel Mac OS X 12.5; rv:114.0) Gecko/20100101 Firefox/114.0"
216.244.66.239 - - [25/Feb/2025:16:33:05 +0000] "GET /robots.txt HTTP/1.1" 301 439 "-" "Mozilla/5.0 (compatible; DotBot/1.2; +https://opensiteexplorer.org/dotbot; help@moz.com)"
216.244.66.239 - - [25/Feb/2025:16:33:05 +0000] "GET /robots.txt HTTP/1.1" 200 2885 "-" "Mozilla/5.0 (compatible; DotBot/1.2; +https://opensiteexplorer.org/dotbot; help@moz.com)"
146.190.157.162 - - [25/Feb/2025:16:33:07 +0000] "POST /wp-cron.php?doing_wp_cron=1740501187.5347080230712890625000 HTTP/1.1" 200 2851 "-" "WordPress/6.3.5; https://plantamadre.es"
147.45.139.42 - - [25/Feb/2025:16:34:25 +0000] "GET /tienda/canna-fertilizantes/canna-star-05l/ HTTP/1.0" 403 2777 "https://plantamadre.es/tienda/canna-fertilizantes/canna-star-05l/#comment-429016" "Mozilla/5.0 (Windows NT 10.0; Win64; x64) AppleWebKit/537.36 (KHTML, like Gecko) Chrome/130.0.0.0 Safari/537.36 CCleaner/130.0.0.0"
146.190.157.162 - - [25/Feb/2025:16:34:27 +0000] "POST /wp-cron.php?doing_wp_cron=1740501266.9922850131988525390625 HTTP/1.1" 200 2849 "-" "WordPress/6.3.5; https://plantamadre.es"
147.45.139.42 - - [25/Feb/2025:16:34:28 +0000] "GET / HTTP/1.0" 403 2824 "https://plantamadre.es/tienda/canna-fertilizantes/canna-star-05l/#comment-429016" "Mozilla/5.0 (Windows NT 10.0; Win64; x64) AppleWebKit/537.36 (KHTML, like Gecko) Chrome/130.0.0.0 Safari/537.36 CCleaner/130.0.0.0"
147.45.139.42 - - [25/Feb/2025:16:34:31 +0000] "GET / HTTP/1.0" 403 2824 "https://plantamadre.es/" "Mozilla/5.0 (Windows NT 10.0; Win64; x64) AppleWebKit/537.36 (KHTML, like Gecko) Chrome/130.0.0.0 Safari/537.36 CCleaner/130.0.0.0"
62.117.170.101 - - [25/Feb/2025:16:34:30 +0000] "POST /wp-admin/admin-ajax.php HTTP/1.1" 200 982 "https://plantamadre.es/wp-admin/post.php?post=25043&action=edit" "Mozilla/5.0 (Windows NT 10.0; Win64; x64) AppleWebKit/537.36 (KHTML, like Gecko) Chrome/133.0.0.0 Safari/537.36"
146.190.157.162 - - [25/Feb/2025:16:34:32 +0000] "POST /wp-cron.php?doing_wp_cron=1740501272.2128539085388183593750 HTTP/1.1" 200 2850 "-" "WordPress/6.3.5; https://plantamadre.es"
147.45.139.42 - - [25/Feb/2025:16:34:33 +0000] "GET / HTTP/1.0" 403 2824 "https://plantamadre.es/" "Mozilla/5.0 (Windows NT 10.0; Win64; x64) AppleWebKit/537.36 (KHTML, like Gecko) Chrome/130.0.0.0 Safari/537.36 CCleaner/130.0.0.0"
147.45.139.42 - - [25/Feb/2025:16:34:48 +0000] "GET /tienda/00-seeds-bank/00-seeds-auto-northern-lights-5und/ HTTP/1.0" 403 2778 "https://plantamadre.es/tienda/00-seeds-bank/00-seeds-auto-northern-lights-5und/#comment-429017" "Mozilla/5.0 (Windows NT 10.0; Win64; x64) AppleWebKit/537.36 (KHTML, like Gecko) Chrome/129.0.0.0 Safari/537.36"
147.45.139.42 - - [25/Feb/2025:16:34:51 +0000] "GET / HTTP/1.0" 403 2824 "https://plantamadre.es/tienda/00-seeds-bank/00-seeds-auto-northern-lights-5und/#comment-429017" "Mozilla/5.0 (Windows NT 10.0; Win64; x64) AppleWebKit/537.36 (KHTML, like Gecko) Chrome/129.0.0.0 Safari/537.36"
147.45.139.42 - - [25/Feb/2025:16:34:53 +0000] "GET / HTTP/1.0" 403 2824 "https://plantamadre.es/" "Mozilla/5.0 (Windows NT 10.0; Win64; x64) AppleWebKit/537.36 (KHTML, like Gecko) Chrome/129.0.0.0 Safari/537.36"
114.119.144.72 - - [25/Feb/2025:16:34:53 +0000] "GET /product/bubble-gum-5-und/ HTTP/1.1" 200 30942 "https://plantamadre.es/productos/?product-page=4" "Mozilla/5.0 (Linux; Android 7.0;) AppleWebKit/537.36 (KHTML, like Gecko) Mobile Safari/537.36 (compatible; PetalBot;+https://webmaster.petalsearch.com/site/petalbot)"
147.45.139.42 - - [25/Feb/2025:16:34:55 +0000] "GET / HTTP/1.0" 403 2824 "https://plantamadre.es/" "Mozilla/5.0 (Windows NT 10.0; Win64; x64) AppleWebKit/537.36 (KHTML, like Gecko) Chrome/129.0.0.0 Safari/537.36"
47.245.92.140 - - [25/Feb/2025:16:35:01 +0000] "GET /wp-login.php HTTP/1.1" 301 462 "-" "Mozilla/5.0 (X11; Fedora; Linux x86_64; rv:94.0) Gecko/20100101 Firefox/95.0"
47.245.92.140 - - [25/Feb/2025:16:35:02 +0000] "GET /wp-login.php HTTP/1.1" 200 7070 "http://plantamadre.es/wp-login.php" "Mozilla/5.0 (X11; Fedora; Linux x86_64; rv:94.0) Gecko/20100101 Firefox/95.0"
47.245.92.140 - - [25/Feb/2025:16:35:05 +0000] "GET /wp-login.php HTTP/1.1" 200 7070 "-" "Mozilla/5.0 (X11; Fedora; Linux x86_64; rv:94.0) Gecko/20100101 Firefox/95.0"
47.245.92.140 - - [25/Feb/2025:16:35:07 +0000] "POST /wp-login.php HTTP/1.1" 200 7069 "-" "Mozilla/5.0 (X11; Fedora; Linux x86_64; rv:94.0) Gecko/20100101 Firefox/95.0"
66.249.68.5 - - [25/Feb/2025:16:35:30 +0000] "GET /wp-content/uploads/2014/02/bandeja-no-goo-peke%C3%B1a.png HTTP/1.1" 404 109084 "-" "Googlebot-Image/1.0"
146.190.157.162 - - [25/Feb/2025:16:35:32 +0000] "POST /wp-cron.php?doing_wp_cron=1740501332.5393550395965576171875 HTTP/1.1" 200 2850 "-" "WordPress/6.3.5; https://plantamadre.es"
52.167.144.162 - - [25/Feb/2025:16:35:33 +0000] "GET /etiqueta-producto/resina-de-marihuana/ HTTP/1.1" 404 109130 "-" "Mozilla/5.0 AppleWebKit/537.36 (KHTML, like Gecko; compatible; bingbot/2.0; +http://www.bing.com/bingbot.htm) Chrome/116.0.1938.76 Safari/537.36"
213.165.69.184 - - [25/Feb/2025:16:35:49 +0000] "POST /xmlrpc.php HTTP/1.1" 200 3336 "-" "Mozilla/5.0 (Windows NT 6.1; WOW64; rv:38.0) Gecko/20100101 Firefox/38.0"
149.86.69.205 - - [25/Feb/2025:16:35:51 +0000] "POST /xmlrpc.php HTTP/1.1" 200 3337 "-" "Mozilla/5.0 (Windows NT 6.1; WOW64; rv:43.0) Gecko/20100101 Firefox/43.0"
151.14.41.196 - - [25/Feb/2025:16:35:52 +0000] "POST /xmlrpc.php HTTP/1.1" 200 3337 "-" "Mozilla/5.0 (Windows NT 10.0; WOW64) AppleWebKit/537.36 (KHTML, like Gecko) Chrome/91.0.4472.114 Safari/537.36"
52.220.241.45 - - [25/Feb/2025:16:35:56 +0000] "POST /xmlrpc.php HTTP/1.1" 200 3134 "-" "Mozilla/5.0 (Windows NT 10.0; Win64; x64) AppleWebKit/537.36 (KHTML, like Gecko) Chrome/88.0.4324.104 Safari/537.36"
137.184.213.198 - - [25/Feb/2025:16:35:57 +0000] "POST /xmlrpc.php HTTP/1.1" 200 3338 "-" "Mozilla/5.0 (Windows NT 10.0; Win64; x64) AppleWebKit/537.36 (KHTML, like Gecko) Chrome/80.0.3987.149 Safari/537.36"
23.82.125.145 - - [25/Feb/2025:16:35:59 +0000] "POST /xmlrpc.php HTTP/1.1" 200 3336 "-" "Mozilla/5.0 (Windows NT 10.0; WOW64) AppleWebKit/537.36 (KHTML, like Gecko) Chrome/91.0.4472.114 Safari/537.36"
149.86.69.205 - - [25/Feb/2025:16:36:04 +0000] "POST /xmlrpc.php HTTP/1.1" 200 3336 "-" "Mozilla/5.0 (Windows NT 6.1; Win64; x64) AppleWebKit/537.36 (KHTML, like Gecko) Chrome/63.0.3239.132 Safari/537.36"
92.205.104.118 - - [25/Feb/2025:16:36:08 +0000] "POST /xmlrpc.php HTTP/1.1" 200 3337 "-" "Mozilla/5.0 (Windows NT 6.1; Win64; x64; rv:25.0) Gecko/20100101 Firefox/29.0"
86.110.243.225 - - [25/Feb/2025:16:36:11 +0000] "POST /xmlrpc.php HTTP/1.1" 200 3336 "-" "Mozilla/5.0 (Windows NT 10.0; Win64; x64) AppleWebKit/537.36 (KHTML, like Gecko) Chrome/74.0.3729.131 Safari/537.36"
166.62.89.87 - - [25/Feb/2025:16:36:27 +0000] "POST /xmlrpc.php HTTP/1.1" 200 3335 "-" "Mozilla/5.0 (Windows NT 6.1; WOW64) AppleWebKit/537.1 (KHTML, like Gecko) Chrome/21.0.1180.83 Safari/537.1"
37.140.192.171 - - [25/Feb/2025:16:36:29 +0000] "POST /xmlrpc.php HTTP/1.1" 403 2776 "-" "Mozilla/5.0 (Windows NT 6.1; Win64; x64) AppleWebKit/537.36 (KHTML, like Gecko) Chrome/63.0.3239.132 Safari/537.36"
62.117.170.101 - - [25/Feb/2025:16:36:31 +0000] "POST /wp-admin/admin-ajax.php HTTP/1.1" 200 982 "https://plantamadre.es/wp-admin/post.php?post=25043&action=edit" "Mozilla/5.0 (Windows NT 10.0; Win64; x64) AppleWebKit/537.36 (KHTML, like Gecko) Chrome/133.0.0.0 Safari/537.36"
146.190.157.162 - - [25/Feb/2025:16:36:32 +0000] "POST /wp-cron.php?doing_wp_cron=1740501392.9524400234222412109375 HTTP/1.1" 200 2850 "-" "WordPress/6.3.5; https://plantamadre.es"
146.190.157.162 - - [25/Feb/2025:16:37:18 +0000] "POST /wp-cron.php?doing_wp_cron=1740501438.8386769294738769531250 HTTP/1.1" 200 2850 "-" "WordPress/6.3.5; https://plantamadre.es"
52.167.144.228 - - [25/Feb/2025:16:37:17 +0000] "GET /etiqueta-producto/blimburn-super-automatic/ HTTP/1.1" 404 109137 "-" "Mozilla/5.0 AppleWebKit/537.36 (KHTML, like Gecko; compatible; bingbot/2.0; +http://www.bing.com/bingbot.htm) Chrome/116.0.1938.76 Safari/537.36"
62.117.170.101 - - [25/Feb/2025:16:38:32 +0000] "POST /wp-admin/admin-ajax.php HTTP/1.1" 200 982 "https://plantamadre.es/wp-admin/post.php?post=25043&action=edit" "Mozilla/5.0 (Windows NT 10.0; Win64; x64) AppleWebKit/537.36 (KHTML, like Gecko) Chrome/133.0.0.0 Safari/537.36"
146.190.157.162 - - [25/Feb/2025:16:38:34 +0000] "POST /wp-cron.php?doing_wp_cron=1740501514.4318759441375732421875 HTTP/1.1" 200 2849 "-" "WordPress/6.3.5; https://plantamadre.es"
156.59.198.135 - - [25/Feb/2025:16:39:33 +0000] "GET /wp-content/uploads/2015/12/blister-snoop-dogg-90x90.png HTTP/1.1" 403 2977 "-" "Mozilla/5.0 (Linux; Android 5.0) AppleWebKit/537.36 (KHTML, like Gecko) Mobile Safari/537.36 (compatible; Bytespider; spider-feedback@bytedance.com)"
146.190.157.162 - - [25/Feb/2025:16:39:34 +0000] "POST /wp-cron.php?doing_wp_cron=1740501574.8427391052246093750000 HTTP/1.1" 200 2851 "-" "WordPress/6.3.5; https://plantamadre.es"
104.247.115.213 - - [25/Feb/2025:16:40:12 +0000] "GET /tienda/00-seeds-bank-semillas/00-seeds-00-kush-5und-fem/ HTTP/1.1" 404 109102 "-" "Mozilla/5.0 (Macintosh; Intel Mac OS X 12_5) AppleWebKit/537.36 (KHTML, like Gecko) Chrome/114.0.0.0 Safari/537.36"
104.247.115.213 - - [25/Feb/2025:16:40:17 +0000] "GET / HTTP/1.1" 200 27145 "-" "Mozilla/5.0 (Macintosh; Intel Mac OS X 12_5) AppleWebKit/537.36 (KHTML, like Gecko) Chrome/114.0.0.0 Safari/537.36"
104.247.115.213 - - [25/Feb/2025:16:40:22 +0000] "GET /product/aire-acondicionado-electrogrow/ HTTP/1.1" 200 32989 "https://plantamadre.es" "Mozilla/5.0 (Macintosh; Intel Mac OS X 12_5) AppleWebKit/537.36 (KHTML, like Gecko) Chrome/114.0.0.0 Safari/537.36"
62.117.170.101 - - [25/Feb/2025:16:40:33 +0000] "POST /wp-admin/admin-ajax.php HTTP/1.1" 200 982 "https://plantamadre.es/wp-admin/post.php?post=25043&action=edit" "Mozilla/5.0 (Windows NT 10.0; Win64; x64) AppleWebKit/537.36 (KHTML, like Gecko) Chrome/133.0.0.0 Safari/537.36"
146.190.157.162 - - [25/Feb/2025:16:40:35 +0000] "POST /wp-cron.php?doing_wp_cron=1740501635.1824779510498046875000 HTTP/1.1" 200 2850 "-" "WordPress/6.3.5; https://plantamadre.es"
146.190.157.162 - - [25/Feb/2025:16:41:57 +0000] "POST /wp-cron.php?doing_wp_cron=1740501716.9922449588775634765625 HTTP/1.1" 200 2850 "-" "WordPress/6.3.5; https://plantamadre.es"
52.167.144.139 - - [25/Feb/2025:16:41:55 +0000] "GET /tienda/b-a-c/b-a-c-funky-fungi-200-gr/ HTTP/1.1" 404 109131 "-" "Mozilla/5.0 AppleWebKit/537.36 (KHTML, like Gecko; compatible; bingbot/2.0; +http://www.bing.com/bingbot.htm) Chrome/116.0.1938.76 Safari/537.36"
62.117.170.101 - - [25/Feb/2025:16:42:34 +0000] "POST /wp-admin/admin-ajax.php HTTP/1.1" 200 982 "https://plantamadre.es/wp-admin/post.php?post=25043&action=edit" "Mozilla/5.0 (Windows NT 10.0; Win64; x64) AppleWebKit/537.36 (KHTML, like Gecko) Chrome/133.0.0.0 Safari/537.36"
146.190.157.162 - - [25/Feb/2025:16:42:36 +0000] "POST /wp-cron.php?doing_wp_cron=1740501756.7104890346527099609375 HTTP/1.1" 200 2850 "-" "WordPress/6.3.5; https://plantamadre.es"
165.232.189.218 - - [25/Feb/2025:16:43:17 +0000] "POST /wp-login.php HTTP/1.1" 301 443 "http://plantamadre.es" "Mozilla/5.0 (Windows NT 10.0; Win64; x64) AppleWebKit/537.36 (KHTML, like Gecko) Chrome/112.0.5615.138 Safari/537.36"
165.232.189.218 - - [25/Feb/2025:16:43:17 +0000] "GET /wp-login.php HTTP/1.1" 200 7284 "http://plantamadre.es" "Mozilla/5.0 (Windows NT 10.0; Win64; x64) AppleWebKit/537.36 (KHTML, like Gecko) Chrome/112.0.5615.138 Safari/537.36"
146.190.157.162 - - [25/Feb/2025:16:44:06 +0000] "POST /wp-cron.php?doing_wp_cron=1740501846.4283509254455566406250 HTTP/1.1" 200 2850 "-" "WordPress/6.3.5; https://plantamadre.es"
66.249.68.6 - - [25/Feb/2025:16:44:05 +0000] "GET /wp-content/uploads/2014/02/spidermite.png HTTP/1.1" 404 109068 "-" "Googlebot-Image/1.0"
62.117.170.101 - - [25/Feb/2025:16:44:35 +0000] "POST /wp-admin/admin-ajax.php HTTP/1.1" 200 982 "https://plantamadre.es/wp-admin/post.php?post=25043&action=edit" "Mozilla/5.0 (Windows NT 10.0; Win64; x64) AppleWebKit/537.36 (KHTML, like Gecko) Chrome/133.0.0.0 Safari/537.36"
146.190.157.162 - - [25/Feb/2025:16:44:37 +0000] "POST /wp-cron.php?doing_wp_cron=1740501877.0029950141906738281250 HTTP/1.1" 200 2850 "-" "WordPress/6.3.5; https://plantamadre.es"
146.190.157.162 - - [25/Feb/2025:16:45:54 +0000] "POST /wp-cron.php?doing_wp_cron=1740501954.4475190639495849609375 HTTP/1.1" 200 2850 "-" "WordPress/6.3.5; https://plantamadre.es"
216.244.66.239 - - [25/Feb/2025:16:45:53 +0000] "GET /shop/page/34/ HTTP/1.1" 200 145841 "-" "Mozilla/5.0 (compatible; DotBot/1.2; +https://opensiteexplorer.org/dotbot; help@moz.com)"
89.110.120.233 - - [25/Feb/2025:16:46:23 +0000] "GET /tienda/agrobacterias/agrobacterias-snake-killer-50-gr/ HTTP/1.0" 403 2778 "https://plantamadre.es/tienda/agrobacterias/agrobacterias-snake-killer-50-gr/" "Mozilla/5.0 (Windows NT 10.0; Win64; x64) AppleWebKit/537.36 (KHTML, like Gecko) Chrome/131.0.0.0 Safari/537.36 Avast/131.0.0.0"
89.110.120.233 - - [25/Feb/2025:16:46:25 +0000] "GET / HTTP/1.0" 403 2823 "https://plantamadre.es/tienda/agrobacterias/agrobacterias-snake-killer-50-gr/" "Mozilla/5.0 (Windows NT 10.0; Win64; x64) AppleWebKit/537.36 (KHTML, like Gecko) Chrome/131.0.0.0 Safari/537.36 Avast/131.0.0.0"
89.110.120.233 - - [25/Feb/2025:16:46:27 +0000] "GET / HTTP/1.0" 403 2823 "https://plantamadre.es/" "Mozilla/5.0 (Windows NT 10.0; Win64; x64) AppleWebKit/537.36 (KHTML, like Gecko) Chrome/131.0.0.0 Safari/537.36 Avast/131.0.0.0"
89.110.120.233 - - [25/Feb/2025:16:46:29 +0000] "GET / HTTP/1.0" 403 2824 "https://plantamadre.es/" "Mozilla/5.0 (Windows NT 10.0; Win64; x64) AppleWebKit/537.36 (KHTML, like Gecko) Chrome/131.0.0.0 Safari/537.36 Avast/131.0.0.0"
146.190.157.162 - - [25/Feb/2025:16:46:31 +0000] "POST /wp-cron.php?doing_wp_cron=1740501991.0930850505828857421875 HTTP/1.1" 200 2850 "-" "WordPress/6.3.5; https://plantamadre.es"
62.117.170.101 - - [25/Feb/2025:16:46:36 +0000] "POST /wp-admin/admin-ajax.php HTTP/1.1" 200 982 "https://plantamadre.es/wp-admin/post.php?post=25043&action=edit" "Mozilla/5.0 (Windows NT 10.0; Win64; x64) AppleWebKit/537.36 (KHTML, like Gecko) Chrome/133.0.0.0 Safari/537.36"
89.110.120.233 - - [25/Feb/2025:16:48:01 +0000] "GET /tienda/canna-fertilizantes/canna-potasio-20-1l/ HTTP/1.0" 403 2777 "https://plantamadre.es/tienda/canna-fertilizantes/canna-potasio-20-1l/" "Mozilla/5.0 (Windows NT 10.0; Win64; x64) AppleWebKit/537.36 (KHTML, like Gecko) Chrome/130.0.0.0 Safari/537.36"
146.190.157.162 - - [25/Feb/2025:16:48:03 +0000] "POST /wp-cron.php?doing_wp_cron=1740502083.6010088920593261718750 HTTP/1.1" 200 2850 "-" "WordPress/6.3.5; https://plantamadre.es"
89.110.120.233 - - [25/Feb/2025:16:48:05 +0000] "GET / HTTP/1.0" 403 2824 "https://plantamadre.es/tienda/canna-fertilizantes/canna-potasio-20-1l/" "Mozilla/5.0 (Windows NT 10.0; Win64; x64) AppleWebKit/537.36 (KHTML, like Gecko) Chrome/130.0.0.0 Safari/537.36"
89.110.120.233 - - [25/Feb/2025:16:48:07 +0000] "GET / HTTP/1.0" 403 2824 "https://plantamadre.es/" "Mozilla/5.0 (Windows NT 10.0; Win64; x64) AppleWebKit/537.36 (KHTML, like Gecko) Chrome/130.0.0.0 Safari/537.36"
89.110.120.233 - - [25/Feb/2025:16:48:09 +0000] "GET / HTTP/1.0" 403 2823 "https://plantamadre.es/" "Mozilla/5.0 (Windows NT 10.0; Win64; x64) AppleWebKit/537.36 (KHTML, like Gecko) Chrome/130.0.0.0 Safari/537.36"
62.117.170.101 - - [25/Feb/2025:16:48:37 +0000] "POST /wp-admin/admin-ajax.php HTTP/1.1" 200 982 "https://plantamadre.es/wp-admin/post.php?post=25043&action=edit" "Mozilla/5.0 (Windows NT 10.0; Win64; x64) AppleWebKit/537.36 (KHTML, like Gecko) Chrome/133.0.0.0 Safari/537.36"
146.190.157.162 - - [25/Feb/2025:16:48:39 +0000] "POST /wp-cron.php?doing_wp_cron=1740502119.0740859508514404296875 HTTP/1.1" 200 2850 "-" "WordPress/6.3.5; https://plantamadre.es"
88.201.253.140 - - [25/Feb/2025:16:48:45 +0000] "GET /tienda/semillas/l-s-d-feminizada-10-semillas/ HTTP/1.0" 403 2777 "https://plantamadre.es/tienda/semillas/l-s-d-feminizada-10-semillas/" "Mozilla/5.0 (Windows NT 6.1; Win64; x64) AppleWebKit/537.36 (KHTML, like Gecko) Chrome/103.0.5060.66 Safari/537.36"
88.201.253.140 - - [25/Feb/2025:16:48:47 +0000] "GET / HTTP/1.0" 403 2825 "https://plantamadre.es/tienda/semillas/l-s-d-feminizada-10-semillas/" "Mozilla/5.0 (Windows NT 6.1; Win64; x64) AppleWebKit/537.36 (KHTML, like Gecko) Chrome/103.0.5060.66 Safari/537.36"
88.201.253.140 - - [25/Feb/2025:16:48:49 +0000] "GET / HTTP/1.0" 403 2825 "https://plantamadre.es/" "Mozilla/5.0 (Windows NT 6.1; Win64; x64) AppleWebKit/537.36 (KHTML, like Gecko) Chrome/103.0.5060.66 Safari/537.36"
88.201.253.140 - - [25/Feb/2025:16:48:52 +0000] "GET / HTTP/1.0" 403 2824 "https://plantamadre.es/" "Mozilla/5.0 (Windows NT 6.1; Win64; x64) AppleWebKit/537.36 (KHTML, like Gecko) Chrome/103.0.5060.66 Safari/537.36"
146.190.157.162 - - [25/Feb/2025:16:49:34 +0000] "POST /wp-cron.php?doing_wp_cron=1740502174.2577250003814697265625 HTTP/1.1" 200 2851 "-" "WordPress/6.3.5; https://plantamadre.es"
178.159.37.28 - - [25/Feb/2025:16:49:32 +0000] "GET /tienda/autopot/autopot-estera-coco-prensado-58x51cm/ HTTP/1.0" 404 108821 "https://plantamadre.es/tienda/autopot/autopot-estera-coco-prensado-58x51cm/" "Mozilla/5.0 (Windows NT 6.1; rv:57.0) Gecko/20100101 Firefox/57.0"
62.117.170.101 - - [25/Feb/2025:16:50:38 +0000] "POST /wp-admin/admin-ajax.php HTTP/1.1" 200 982 "https://plantamadre.es/wp-admin/post.php?post=25043&action=edit" "Mozilla/5.0 (Windows NT 10.0; Win64; x64) AppleWebKit/537.36 (KHTML, like Gecko) Chrome/133.0.0.0 Safari/537.36"
146.190.157.162 - - [25/Feb/2025:16:50:40 +0000] "POST /wp-cron.php?doing_wp_cron=1740502240.4830210208892822265625 HTTP/1.1" 200 2850 "-" "WordPress/6.3.5; https://plantamadre.es"
185.173.37.68 - - [25/Feb/2025:16:51:05 +0000] "GET /tienda/kaya-spain-quality/kaya-spain-quality-seeds-big-brother-3-semillas-fem/ HTTP/1.1" 403 3017 "-" "Mozilla/5.0 (Windows NT 10.0; WOW64; x64) AppleWebKit/537.36 (KHTML, like Gecko) Chrome/114.0.0.0 Safari/537.36 OPR/89.0.4447.51"
185.173.37.68 - - [25/Feb/2025:16:51:07 +0000] "GET / HTTP/1.1" 403 3063 "-" "Mozilla/5.0 (Windows NT 10.0; WOW64; x64) AppleWebKit/537.36 (KHTML, like Gecko) Chrome/114.0.0.0 Safari/537.36 OPR/89.0.4447.51"
185.173.36.97 - - [25/Feb/2025:16:51:21 +0000] "GET /tienda/bongs-y-pipas/bong-cristal-varios-dibujos-14-cm/ HTTP/1.0" 403 2776 "https://plantamadre.es/tienda/bongs-y-pipas/bong-cristal-varios-dibujos-14-cm/" "Mozilla/5.0 (Windows NT 10.0; Win64; x64) AppleWebKit/537.36 (KHTML, like Gecko) Chrome/130.0.0.0 Safari/537.36 CCleaner/130.0.0.0"
185.173.36.97 - - [25/Feb/2025:16:51:24 +0000] "GET / HTTP/1.0" 403 2824 "https://plantamadre.es/tienda/bongs-y-pipas/bong-cristal-varios-dibujos-14-cm/" "Mozilla/5.0 (Windows NT 10.0; Win64; x64) AppleWebKit/537.36 (KHTML, like Gecko) Chrome/130.0.0.0 Safari/537.36 CCleaner/130.0.0.0"
185.173.36.97 - - [25/Feb/2025:16:51:26 +0000] "GET / HTTP/1.0" 403 2823 "https://plantamadre.es/" "Mozilla/5.0 (Windows NT 10.0; Win64; x64) AppleWebKit/537.36 (KHTML, like Gecko) Chrome/130.0.0.0 Safari/537.36 CCleaner/130.0.0.0"
185.173.36.97 - - [25/Feb/2025:16:51:30 +0000] "GET / HTTP/1.0" 403 2824 "https://plantamadre.es/" "Mozilla/5.0 (Windows NT 10.0; Win64; x64) AppleWebKit/537.36 (KHTML, like Gecko) Chrome/130.0.0.0 Safari/537.36 CCleaner/130.0.0.0"
146.190.157.162 - - [25/Feb/2025:16:51:31 +0000] "POST /wp-cron.php?doing_wp_cron=1740502291.4935801029205322265625 HTTP/1.1" 200 2850 "-" "WordPress/6.3.5; https://plantamadre.es"
216.244.66.239 - - [25/Feb/2025:16:51:30 +0000] "GET /product/blue-dream/?add-to-cart=23230 HTTP/1.1" 200 238797 "-" "Mozilla/5.0 (compatible; DotBot/1.2; +https://opensiteexplorer.org/dotbot; help@moz.com)"
216.244.66.239 - - [25/Feb/2025:16:51:48 +0000] "GET /product/bruce-banner-3-fb/?add-to-cart=24918 HTTP/1.1" 200 253683 "-" "Mozilla/5.0 (compatible; DotBot/1.2; +https://opensiteexplorer.org/dotbot; help@moz.com)"
216.244.66.239 - - [25/Feb/2025:16:52:03 +0000] "GET /product/caramel-kush/?add-to-cart=24911 HTTP/1.1" 200 238657 "-" "Mozilla/5.0 (compatible; DotBot/1.2; +https://opensiteexplorer.org/dotbot; help@moz.com)"
146.190.157.162 - - [25/Feb/2025:16:52:18 +0000] "POST /wp-cron.php?doing_wp_cron=1740502338.7918169498443603515625 HTTP/1.1" 200 2850 "-" "WordPress/6.3.5; https://plantamadre.es"
216.244.66.239 - - [25/Feb/2025:16:52:17 +0000] "GET /product/girl-scout-cookies/?add-to-cart=24893 HTTP/1.1" 200 251269 "-" "Mozilla/5.0 (compatible; DotBot/1.2; +https://opensiteexplorer.org/dotbot; help@moz.com)"
146.190.157.162 - - [25/Feb/2025:16:52:37 +0000] "POST /wp-cron.php?doing_wp_cron=1740502357.5353538990020751953125 HTTP/1.1" 200 2851 "-" "WordPress/6.3.5; https://plantamadre.es"
66.249.68.7 - - [25/Feb/2025:16:52:39 +0000] "GET /wp-content/uploads/2024/12/CESTO.png HTTP/1.1" 301 547 "-" "Googlebot-Image/1.0"
66.249.68.7 - - [25/Feb/2025:16:52:39 +0000] "GET /wp-content/uploads/2024/12/CESTO.png HTTP/1.1" 200 152264 "-" "Googlebot-Image/1.0"
216.244.66.239 - - [25/Feb/2025:16:52:35 +0000] "GET /product/green-poison/?add-to-cart=24897 HTTP/1.1" 200 250852 "-" "Mozilla/5.0 (compatible; DotBot/1.2; +https://opensiteexplorer.org/dotbot; help@moz.com)"
62.117.170.101 - - [25/Feb/2025:16:52:39 +0000] "POST /wp-admin/admin-ajax.php HTTP/1.1" 200 982 "https://plantamadre.es/wp-admin/post.php?post=25043&action=edit" "Mozilla/5.0 (Windows NT 10.0; Win64; x64) AppleWebKit/537.36 (KHTML, like Gecko) Chrome/133.0.0.0 Safari/537.36"
146.190.157.162 - - [25/Feb/2025:16:52:55 +0000] "POST /wp-cron.php?doing_wp_cron=1740502375.2255599498748779296875 HTTP/1.1" 200 2851 "-" "WordPress/6.3.5; https://plantamadre.es"
216.244.66.239 - - [25/Feb/2025:16:52:53 +0000] "GET /product/jack-47/?add-to-cart=24916 HTTP/1.1" 200 247991 "-" "Mozilla/5.0 (compatible; DotBot/1.2; +https://opensiteexplorer.org/dotbot; help@moz.com)"
216.244.66.239 - - [25/Feb/2025:16:53:11 +0000] "GET /product/psicodelicia/?add-to-cart=24918 HTTP/1.1" 200 248823 "-" "Mozilla/5.0 (compatible; DotBot/1.2; +https://opensiteexplorer.org/dotbot; help@moz.com)"
216.244.66.239 - - [25/Feb/2025:16:53:28 +0000] "GET /product/white-widow-5-und/?add-to-cart=24926 HTTP/1.1" 200 238831 "-" "Mozilla/5.0 (compatible; DotBot/1.2; +https://opensiteexplorer.org/dotbot; help@moz.com)"
216.244.66.239 - - [25/Feb/2025:16:53:42 +0000] "GET /wp-content/uploads/2025/01/green-crack.png HTTP/1.1" 200 663027 "-" "Mozilla/5.0 (compatible; DotBot/1.2; +https://opensiteexplorer.org/dotbot; help@moz.com)"
146.190.157.162 - - [25/Feb/2025:16:53:55 +0000] "POST /wp-cron.php?doing_wp_cron=1740502435.5018510818481445312500 HTTP/1.1" 200 2851 "-" "WordPress/6.3.5; https://plantamadre.es"
216.244.66.239 - - [25/Feb/2025:16:53:53 +0000] "GET /product/gorilla-girl-f1-fast-version/?add-to-cart=24909 HTTP/1.1" 200 248744 "-" "Mozilla/5.0 (compatible; DotBot/1.2; +https://opensiteexplorer.org/dotbot; help@moz.com)"
62.117.170.101 - - [25/Feb/2025:16:54:40 +0000] "POST /wp-admin/admin-ajax.php HTTP/1.1" 200 982 "https://plantamadre.es/wp-admin/post.php?post=25043&action=edit" "Mozilla/5.0 (Windows NT 10.0; Win64; x64) AppleWebKit/537.36 (KHTML, like Gecko) Chrome/133.0.0.0 Safari/537.36"
146.190.157.162 - - [25/Feb/2025:16:54:42 +0000] "POST /wp-cron.php?doing_wp_cron=1740502482.2281920909881591796875 HTTP/1.1" 200 2851 "-" "WordPress/6.3.5; https://plantamadre.es"
147.45.139.42 - - [25/Feb/2025:16:55:28 +0000] "GET /tienda/atami-fertilizantes/atami-bio-bloombastic-500ml/ HTTP/1.0" 403 2776 "https://plantamadre.es/tienda/atami-fertilizantes/atami-bio-bloombastic-500ml/#comment-429049" "Mozilla/5.0 (Windows NT 10.0; Win64; x64) AppleWebKit/537.36 (KHTML, like Gecko) Chrome/130.0.0.0 Safari/537.36 CCleaner/130.0.0.0"
147.45.139.42 - - [25/Feb/2025:16:55:30 +0000] "GET / HTTP/1.0" 403 2824 "https://plantamadre.es/tienda/atami-fertilizantes/atami-bio-bloombastic-500ml/#comment-429049" "Mozilla/5.0 (Windows NT 10.0; Win64; x64) AppleWebKit/537.36 (KHTML, like Gecko) Chrome/130.0.0.0 Safari/537.36 CCleaner/130.0.0.0"
146.190.157.162 - - [25/Feb/2025:16:55:32 +0000] "POST /wp-cron.php?doing_wp_cron=1740502532.4007499217987060546875 HTTP/1.1" 200 2850 "-" "WordPress/6.3.5; https://plantamadre.es"
147.45.139.42 - - [25/Feb/2025:16:55:34 +0000] "GET / HTTP/1.0" 403 2824 "https://plantamadre.es/" "Mozilla/5.0 (Windows NT 10.0; Win64; x64) AppleWebKit/537.36 (KHTML, like Gecko) Chrome/130.0.0.0 Safari/537.36 CCleaner/130.0.0.0"
147.45.139.42 - - [25/Feb/2025:16:55:36 +0000] "GET / HTTP/1.0" 403 2824 "https://plantamadre.es/" "Mozilla/5.0 (Windows NT 10.0; Win64; x64) AppleWebKit/537.36 (KHTML, like Gecko) Chrome/130.0.0.0 Safari/537.36 CCleaner/130.0.0.0"
62.117.170.101 - - [25/Feb/2025:16:56:41 +0000] "POST /wp-admin/admin-ajax.php HTTP/1.1" 200 982 "https://plantamadre.es/wp-admin/post.php?post=25043&action=edit" "Mozilla/5.0 (Windows NT 10.0; Win64; x64) AppleWebKit/537.36 (KHTML, like Gecko) Chrome/133.0.0.0 Safari/537.36"
146.190.157.162 - - [25/Feb/2025:16:56:43 +0000] "POST /wp-cron.php?doing_wp_cron=1740502603.4649209976196289062500 HTTP/1.1" 200 2850 "-" "WordPress/6.3.5; https://plantamadre.es"
146.190.157.162 - - [25/Feb/2025:16:58:25 +0000] "POST /wp-cron.php?doing_wp_cron=1740502705.3301470279693603515625 HTTP/1.1" 200 2849 "-" "WordPress/6.3.5; https://plantamadre.es"
66.249.68.6 - - [25/Feb/2025:16:58:23 +0000] "GET /tienda/conexiones-para-extraccion/silenciador-srf-vents-315900-2/ HTTP/1.1" 404 109098 "-" "Mozilla/5.0 (Linux; Android 6.0.1; Nexus 5X Build/MMB29P) AppleWebKit/537.36 (KHTML, like Gecko) Chrome/133.0.6943.53 Mobile Safari/537.36 (compatible; Googlebot/2.1; +http://www.google.com/bot.html)"
89.110.120.233 - - [25/Feb/2025:16:58:29 +0000] "GET /tienda/hesi/hesi-coco-5l/ HTTP/1.0" 403 2777 "https://plantamadre.es/tienda/hesi/hesi-coco-5l/" "Mozilla/5.0 (Windows NT 10.0; Win64; x64) AppleWebKit/537.36 (KHTML, like Gecko) Chrome/131.0.0.0 Safari/537.36"
146.190.157.162 - - [25/Feb/2025:16:58:31 +0000] "POST /wp-cron.php?doing_wp_cron=1740502711.5787820816040039062500 HTTP/1.1" 200 2851 "-" "WordPress/6.3.5; https://plantamadre.es"
89.110.120.233 - - [25/Feb/2025:16:58:33 +0000] "GET / HTTP/1.0" 403 2824 "https://plantamadre.es/tienda/hesi/hesi-coco-5l/" "Mozilla/5.0 (Windows NT 10.0; Win64; x64) AppleWebKit/537.36 (KHTML, like Gecko) Chrome/131.0.0.0 Safari/537.36"
89.110.120.233 - - [25/Feb/2025:16:58:35 +0000] "GET / HTTP/1.0" 403 2824 "https://plantamadre.es/" "Mozilla/5.0 (Windows NT 10.0; Win64; x64) AppleWebKit/537.36 (KHTML, like Gecko) Chrome/131.0.0.0 Safari/537.36"
89.110.120.233 - - [25/Feb/2025:16:58:37 +0000] "GET / HTTP/1.0" 403 2824 "https://plantamadre.es/" "Mozilla/5.0 (Windows NT 10.0; Win64; x64) AppleWebKit/537.36 (KHTML, like Gecko) Chrome/131.0.0.0 Safari/537.36"
62.117.170.101 - - [25/Feb/2025:16:58:42 +0000] "POST /wp-admin/admin-ajax.php HTTP/1.1" 200 982 "https://plantamadre.es/wp-admin/post.php?post=25043&action=edit" "Mozilla/5.0 (Windows NT 10.0; Win64; x64) AppleWebKit/537.36 (KHTML, like Gecko) Chrome/133.0.0.0 Safari/537.36"
62.117.170.101 - - [25/Feb/2025:17:00:43 +0000] "POST /wp-admin/admin-ajax.php HTTP/1.1" 200 982 "https://plantamadre.es/wp-admin/post.php?post=25043&action=edit" "Mozilla/5.0 (Windows NT 10.0; Win64; x64) AppleWebKit/537.36 (KHTML, like Gecko) Chrome/133.0.0.0 Safari/537.36"
146.190.157.162 - - [25/Feb/2025:17:00:45 +0000] "POST /wp-cron.php?doing_wp_cron=1740502845.0578939914703369140625 HTTP/1.1" 200 2850 "-" "WordPress/6.3.5; https://plantamadre.es"
66.249.68.6 - - [25/Feb/2025:17:01:13 +0000] "GET /wp-content/uploads/2013/11/GHE-DUTCH-POTS-AERO-1X1.png HTTP/1.1" 404 109081 "-" "Googlebot-Image/1.0"
77.232.37.35 - - [25/Feb/2025:17:01:34 +0000] "GET /tienda/vapeadores/smok-vape-pen-22-1650mah/ HTTP/1.0" 403 2776 "-" "Mozilla/5.0 (Windows NT 6.3; Win64; x64) AppleWebKit/537.36 (KHTML, like Gecko) Chrome/75.0.3770.100 Safari/537.36"
77.232.37.35 - - [25/Feb/2025:17:01:33 +0000] "GET /tienda/insecticidas/sbm-protect-home-antihormigas-granulado-200gr/ HTTP/1.0" 403 2778 "-" "Mozilla/5.0 (Windows NT 6.3; Win64; x64) AppleWebKit/537.36 (KHTML, like Gecko) Chrome/75.0.3770.100 Safari/537.36"
146.190.157.162 - - [25/Feb/2025:17:01:35 +0000] "POST /wp-cron.php?doing_wp_cron=1740502895.5522251129150390625000 HTTP/1.1" 200 2850 "-" "WordPress/6.3.5; https://plantamadre.es"
62.117.170.101 - - [25/Feb/2025:17:02:44 +0000] "POST /wp-admin/admin-ajax.php HTTP/1.1" 200 982 "https://plantamadre.es/wp-admin/post.php?post=25043&action=edit" "Mozilla/5.0 (Windows NT 10.0; Win64; x64) AppleWebKit/537.36 (KHTML, like Gecko) Chrome/133.0.0.0 Safari/537.36"
146.190.157.162 - - [25/Feb/2025:17:02:46 +0000] "POST /wp-cron.php?doing_wp_cron=1740502966.3645648956298828125000 HTTP/1.1" 200 2850 "-" "WordPress/6.3.5; https://plantamadre.es"
62.117.170.101 - - [25/Feb/2025:17:04:45 +0000] "POST /wp-admin/admin-ajax.php HTTP/1.1" 200 982 "https://plantamadre.es/wp-admin/post.php?post=25043&action=edit" "Mozilla/5.0 (Windows NT 10.0; Win64; x64) AppleWebKit/537.36 (KHTML, like Gecko) Chrome/133.0.0.0 Safari/537.36"
146.190.157.162 - - [25/Feb/2025:17:04:47 +0000] "POST /wp-cron.php?doing_wp_cron=1740503087.1736660003662109375000 HTTP/1.1" 200 2850 "-" "WordPress/6.3.5; https://plantamadre.es"
85.208.98.23 - - [25/Feb/2025:17:04:53 +0000] "GET /robots.txt HTTP/1.1" 301 439 "-" "Mozilla/5.0 (compatible; SemrushBot-BA; +http://www.semrush.com/bot.html)"
