77.232.36.34 - - [25/Feb/2025:20:24:08 +0000] "GET / HTTP/1.0" 403 2824 "https://plantamadre.es/" "Mozilla/5.0 (Windows NT 10.0; Win64; x64) AppleWebKit/537.36 (KHTML, like Gecko) Chrome/131.0.0.0 Safari/537.36"
77.232.36.34 - - [25/Feb/2025:20:24:09 +0000] "GET / HTTP/1.0" 403 2825 "https://plantamadre.es/" "Mozilla/5.0 (Windows NT 10.0; Win64; x64) AppleWebKit/537.36 (KHTML, like Gecko) Chrome/131.0.0.0 Safari/537.36 Avast/131.0.0.0"
192.126.147.181 - - [25/Feb/2025:20:24:12 +0000] "POST /xmlrpc.php HTTP/1.1" 200 3028 "https://plantamadre.es" "PHP/5.2.33"
62.117.170.101 - - [25/Feb/2025:20:24:23 +0000] "POST /wp-admin/admin-ajax.php HTTP/1.1" 200 982 "https://plantamadre.es/wp-admin/post.php?post=25043&action=edit" "Mozilla/5.0 (Windows NT 10.0; Win64; x64) AppleWebKit/537.36 (KHTML, like Gecko) Chrome/133.0.0.0 Safari/537.36"
146.190.157.162 - - [25/Feb/2025:20:24:25 +0000] "POST /wp-cron.php?doing_wp_cron=1740515065.1811900138854980468750 HTTP/1.1" 200 2850 "-" "WordPress/6.3.5; https://plantamadre.es"
216.244.66.239 - - [25/Feb/2025:20:24:24 +0000] "GET /product/blue-dream/?add-to-cart=24895 HTTP/1.1" 200 238749 "-" "Mozilla/5.0 (compatible; DotBot/1.2; +https://opensiteexplorer.org/dotbot; help@moz.com)"
77.232.36.34 - - [25/Feb/2025:20:24:43 +0000] "GET /tienda/utensil-de-cosecha/tijeras-bud-clean-punta-curva/ HTTP/1.0" 403 2778 "https://plantamadre.es/tienda/utensil-de-cosecha/tijeras-bud-clean-punta-curva/" "Mozilla/5.0 (Windows NT 10.0; Win64; x64) AppleWebKit/537.36 (KHTML, like Gecko) Chrome/130.0.0.0 Safari/537.36"
146.190.157.162 - - [25/Feb/2025:20:24:44 +0000] "POST /wp-cron.php?doing_wp_cron=1740515084.7549350261688232421875 HTTP/1.1" 200 2850 "-" "WordPress/6.3.5; https://plantamadre.es"
216.244.66.239 - - [25/Feb/2025:20:24:43 +0000] "GET /product/blueberry-5-und/?add-to-cart=24918 HTTP/1.1" 200 238838 "-" "Mozilla/5.0 (compatible; DotBot/1.2; +https://opensiteexplorer.org/dotbot; help@moz.com)"
77.232.36.34 - - [25/Feb/2025:20:24:46 +0000] "GET / HTTP/1.0" 403 2823 "https://plantamadre.es/tienda/utensil-de-cosecha/tijeras-bud-clean-punta-curva/" "Mozilla/5.0 (Windows NT 10.0; Win64; x64) AppleWebKit/537.36 (KHTML, like Gecko) Chrome/130.0.0.0 Safari/537.36"
77.232.36.34 - - [25/Feb/2025:20:24:48 +0000] "GET / HTTP/1.0" 403 2824 "https://plantamadre.es/" "Mozilla/5.0 (Windows NT 10.0; Win64; x64) AppleWebKit/537.36 (KHTML, like Gecko) Chrome/130.0.0.0 Safari/537.36"
77.232.36.34 - - [25/Feb/2025:20:24:50 +0000] "GET / HTTP/1.0" 403 2824 "https://plantamadre.es/" "Mozilla/5.0 (Windows NT 10.0; Win64; x64) AppleWebKit/537.36 (KHTML, like Gecko) Chrome/130.0.0.0 Safari/537.36"
216.244.66.239 - - [25/Feb/2025:20:25:02 +0000] "GET /product/california-kush/?add-to-cart=24942 HTTP/1.1" 200 238826 "-" "Mozilla/5.0 (compatible; DotBot/1.2; +https://opensiteexplorer.org/dotbot; help@moz.com)"
216.244.66.239 - - [25/Feb/2025:20:25:20 +0000] "GET /product/caramel-kush/?add-to-cart=24906 HTTP/1.1" 200 238653 "-" "Mozilla/5.0 (compatible; DotBot/1.2; +https://opensiteexplorer.org/dotbot; help@moz.com)"
66.249.68.6 - - [25/Feb/2025:20:25:25 +0000] "GET /wp-content/uploads/2013/10/deshumificador-grande.png HTTP/1.1" 404 109079 "-" "Googlebot-Image/1.0"
77.232.36.34 - - [25/Feb/2025:20:25:32 +0000] "GET /tienda/utensil-de-cosecha/red-de-secado-dryit-75/ HTTP/1.0" 403 2778 "https://plantamadre.es/tienda/utensil-de-cosecha/red-de-secado-dryit-75/" "Mozilla/5.0 (Windows NT 10.0; Win64; x64) AppleWebKit/537.36 (KHTML, like Gecko) Chrome/130.0.0.0 Safari/537.36 CCleaner/130.0.0.0"
146.190.157.162 - - [25/Feb/2025:20:25:34 +0000] "POST /wp-cron.php?doing_wp_cron=1740515134.2599489688873291015625 HTTP/1.1" 200 2851 "-" "WordPress/6.3.5; https://plantamadre.es"
77.232.36.34 - - [25/Feb/2025:20:25:36 +0000] "GET / HTTP/1.0" 403 2823 "https://plantamadre.es/tienda/utensil-de-cosecha/red-de-secado-dryit-75/" "Mozilla/5.0 (Windows NT 10.0; Win64; x64) AppleWebKit/537.36 (KHTML, like Gecko) Chrome/130.0.0.0 Safari/537.36 CCleaner/130.0.0.0"
77.232.36.34 - - [25/Feb/2025:20:25:38 +0000] "GET / HTTP/1.0" 403 2824 "https://plantamadre.es/" "Mozilla/5.0 (Windows NT 10.0; Win64; x64) AppleWebKit/537.36 (KHTML, like Gecko) Chrome/130.0.0.0 Safari/537.36 CCleaner/130.0.0.0"
216.244.66.239 - - [25/Feb/2025:20:25:37 +0000] "GET /product/girl-scout-cookies/?add-to-cart=24916 HTTP/1.1" 200 251278 "-" "Mozilla/5.0 (compatible; DotBot/1.2; +https://opensiteexplorer.org/dotbot; help@moz.com)"
77.232.36.34 - - [25/Feb/2025:20:25:40 +0000] "GET / HTTP/1.0" 403 2824 "https://plantamadre.es/" "Mozilla/5.0 (Windows NT 10.0; Win64; x64) AppleWebKit/537.36 (KHTML, like Gecko) Chrome/130.0.0.0 Safari/537.36 CCleaner/130.0.0.0"
82.213.251.63 - - [25/Feb/2025:20:25:41 +0000] "GET / HTTP/1.1" 200 27148 "-" "Mozilla/5.0 (Windows NT 10.0; WOW64) AppleWebKit/537.36 (KHTML, like Gecko) Chrome/114.0.0.0 YaBrowser/22.7.0 Yowser/2.5 Safari/537.36"
192.126.147.181 - - [25/Feb/2025:20:25:50 +0000] "GET /wp-login.php?action=register HTTP/1.1" 302 3121 "https://plantamadre.es" "Mozilla/5.0 (Windows NT 6.3; Win64; x64) AppleWebKit/537.36 (KHTML, like Gecko) Chrome/103.0.0.0 Safari/537.36"
192.126.147.181 - - [25/Feb/2025:20:25:53 +0000] "GET /wp-login.php?registration=disabled HTTP/1.1" 200 5952 "https://plantamadre.es/wp-login.php?action=register" "Mozilla/5.0 (Windows NT 6.3; Win64; x64) AppleWebKit/537.36 (KHTML, like Gecko) Chrome/103.0.0.0 Safari/537.36"
216.244.66.239 - - [25/Feb/2025:20:25:52 +0000] "GET /product/green-crack/?add-to-cart=24940 HTTP/1.1" 200 252580 "-" "Mozilla/5.0 (compatible; DotBot/1.2; +https://opensiteexplorer.org/dotbot; help@moz.com)"
77.232.36.34 - - [25/Feb/2025:20:25:55 +0000] "GET /tienda/can-filters/filtro-can-filter-250x700mm-1000m3h/ HTTP/1.0" 403 2778 "https://plantamadre.es/tienda/can-filters/filtro-can-filter-250x700mm-1000m3h/" "Mozilla/5.0 (Windows NT 10.0; Win64; x64) AppleWebKit/537.36 (KHTML, like Gecko) Chrome/131.0.0.0 Safari/537.36 Avast/131.0.0.0"
77.232.36.34 - - [25/Feb/2025:20:25:56 +0000] "GET /tienda/hesi/hesi-boost-2-5-l/ HTTP/1.0" 403 2777 "https://plantamadre.es/tienda/hesi/hesi-boost-2-5-l/" "Mozilla/5.0 (Windows NT 10.0; Win64; x64) AppleWebKit/537.36 (KHTML, like Gecko) Chrome/130.0.0.0 Safari/537.36"
77.232.36.34 - - [25/Feb/2025:20:25:58 +0000] "GET / HTTP/1.0" 403 2824 "https://plantamadre.es/tienda/can-filters/filtro-can-filter-250x700mm-1000m3h/" "Mozilla/5.0 (Windows NT 10.0; Win64; x64) AppleWebKit/537.36 (KHTML, like Gecko) Chrome/131.0.0.0 Safari/537.36 Avast/131.0.0.0"
77.232.36.34 - - [25/Feb/2025:20:25:58 +0000] "GET / HTTP/1.0" 403 2824 "https://plantamadre.es/tienda/hesi/hesi-boost-2-5-l/" "Mozilla/5.0 (Windows NT 10.0; Win64; x64) AppleWebKit/537.36 (KHTML, like Gecko) Chrome/130.0.0.0 Safari/537.36"
77.232.36.34 - - [25/Feb/2025:20:26:00 +0000] "GET / HTTP/1.0" 403 2824 "https://plantamadre.es/" "Mozilla/5.0 (Windows NT 10.0; Win64; x64) AppleWebKit/537.36 (KHTML, like Gecko) Chrome/131.0.0.0 Safari/537.36 Avast/131.0.0.0"
77.232.36.34 - - [25/Feb/2025:20:26:00 +0000] "GET / HTTP/1.0" 403 2824 "https://plantamadre.es/" "Mozilla/5.0 (Windows NT 10.0; Win64; x64) AppleWebKit/537.36 (KHTML, like Gecko) Chrome/130.0.0.0 Safari/537.36"
77.232.36.34 - - [25/Feb/2025:20:26:02 +0000] "GET / HTTP/1.0" 403 2825 "https://plantamadre.es/" "Mozilla/5.0 (Windows NT 10.0; Win64; x64) AppleWebKit/537.36 (KHTML, like Gecko) Chrome/131.0.0.0 Safari/537.36 Avast/131.0.0.0"
77.232.36.34 - - [25/Feb/2025:20:26:03 +0000] "GET / HTTP/1.0" 403 2823 "https://plantamadre.es/" "Mozilla/5.0 (Windows NT 10.0; Win64; x64) AppleWebKit/537.36 (KHTML, like Gecko) Chrome/130.0.0.0 Safari/537.36"
77.232.36.34 - - [25/Feb/2025:20:26:08 +0000] "GET /tienda/reflectores/reflector-garden-highpro-pearl-pro-xl/ HTTP/1.0" 403 2778 "https://plantamadre.es/tienda/reflectores/reflector-garden-highpro-pearl-pro-xl/" "Mozilla/5.0 (Windows NT 10.0; Win64; x64) AppleWebKit/537.36 (KHTML, like Gecko) Chrome/129.0.0.0 Safari/537.36"
216.244.66.239 - - [25/Feb/2025:20:26:07 +0000] "GET /product/green-crack/?add-to-cart=24953 HTTP/1.1" 200 252601 "-" "Mozilla/5.0 (compatible; DotBot/1.2; +https://opensiteexplorer.org/dotbot; help@moz.com)"
77.232.36.34 - - [25/Feb/2025:20:26:11 +0000] "GET / HTTP/1.0" 403 2825 "https://plantamadre.es/tienda/reflectores/reflector-garden-highpro-pearl-pro-xl/" "Mozilla/5.0 (Windows NT 10.0; Win64; x64) AppleWebKit/537.36 (KHTML, like Gecko) Chrome/129.0.0.0 Safari/537.36"
77.232.36.34 - - [25/Feb/2025:20:26:13 +0000] "GET / HTTP/1.0" 403 2824 "https://plantamadre.es/" "Mozilla/5.0 (Windows NT 10.0; Win64; x64) AppleWebKit/537.36 (KHTML, like Gecko) Chrome/129.0.0.0 Safari/537.36"
77.232.36.34 - - [25/Feb/2025:20:26:16 +0000] "GET / HTTP/1.0" 403 2823 "https://plantamadre.es/" "Mozilla/5.0 (Windows NT 10.0; Win64; x64) AppleWebKit/537.36 (KHTML, like Gecko) Chrome/129.0.0.0 Safari/537.36"
216.244.66.239 - - [25/Feb/2025:20:26:21 +0000] "GET /product/mimosa-5-und/?add-to-cart=24942 HTTP/1.1" 200 238534 "-" "Mozilla/5.0 (compatible; DotBot/1.2; +https://opensiteexplorer.org/dotbot; help@moz.com)"
188.130.143.13 - - [25/Feb/2025:20:26:22 +0000] "GET /tienda/semillas-3/sweet-seeds-sweet-mix-auto/ HTTP/1.0" 403 2777 "https://plantamadre.es/tienda/semillas-3/sweet-seeds-sweet-mix-auto/" "Mozilla/5.0 (Windows NT 10.0; Win64; x64) AppleWebKit/537.36 (KHTML, like Gecko) Chrome/130.0.0.0 Safari/537.36 CCleaner/130.0.0.0"
62.117.170.101 - - [25/Feb/2025:20:26:24 +0000] "POST /wp-admin/admin-ajax.php HTTP/1.1" 200 982 "https://plantamadre.es/wp-admin/post.php?post=25043&action=edit" "Mozilla/5.0 (Windows NT 10.0; Win64; x64) AppleWebKit/537.36 (KHTML, like Gecko) Chrome/133.0.0.0 Safari/537.36"
188.130.143.13 - - [25/Feb/2025:20:26:25 +0000] "GET / HTTP/1.0" 403 2823 "https://plantamadre.es/" "Mozilla/5.0 (Windows NT 10.0; Win64; x64) AppleWebKit/537.36 (KHTML, like Gecko) Chrome/130.0.0.0 Safari/537.36 CCleaner/130.0.0.0"
146.190.157.162 - - [25/Feb/2025:20:26:32 +0000] "POST /wp-cron.php?doing_wp_cron=1740515192.2042610645294189453125 HTTP/1.1" 200 2850 "-" "WordPress/6.3.5; https://plantamadre.es"
85.208.96.205 - - [25/Feb/2025:20:26:30 +0000] "GET /robots.txt HTTP/1.1" 200 3015 "-" "Mozilla/5.0 (compatible; SemrushBot/7~bl; +http://www.semrush.com/bot.html)"
216.244.66.239 - - [25/Feb/2025:20:26:33 +0000] "GET /product/ogs-kush/?add-to-cart=24924 HTTP/1.1" 200 251514 "-" "Mozilla/5.0 (compatible; DotBot/1.2; +https://opensiteexplorer.org/dotbot; help@moz.com)"
85.208.96.199 - - [25/Feb/2025:20:26:34 +0000] "GET /product/canna-bio-flores-2/ HTTP/1.1" 200 32967 "-" "Mozilla/5.0 (compatible; SemrushBot/7~bl; +http://www.semrush.com/bot.html)"
216.244.66.239 - - [25/Feb/2025:20:26:47 +0000] "GET /product/gorilla-girl-f1-fast-version/?add-to-cart=24924 HTTP/1.1" 200 248750 "-" "Mozilla/5.0 (compatible; DotBot/1.2; +https://opensiteexplorer.org/dotbot; help@moz.com)"
77.232.36.34 - - [25/Feb/2025:20:26:53 +0000] "GET /tienda/controladores/humidostato/ HTTP/1.0" 403 2777 "https://plantamadre.es/tienda/controladores/humidostato/" "Mozilla/5.0 (Windows NT 10.0; Win64; x64) AppleWebKit/537.36 (KHTML, like Gecko) Chrome/129.0.0.0 Safari/537.36"
77.232.36.34 - - [25/Feb/2025:20:26:55 +0000] "GET / HTTP/1.0" 403 2823 "https://plantamadre.es/tienda/controladores/humidostato/" "Mozilla/5.0 (Windows NT 10.0; Win64; x64) AppleWebKit/537.36 (KHTML, like Gecko) Chrome/129.0.0.0 Safari/537.36"
77.232.36.34 - - [25/Feb/2025:20:26:57 +0000] "GET / HTTP/1.0" 403 2824 "https://plantamadre.es/" "Mozilla/5.0 (Windows NT 10.0; Win64; x64) AppleWebKit/537.36 (KHTML, like Gecko) Chrome/129.0.0.0 Safari/537.36"
77.232.36.34 - - [25/Feb/2025:20:26:59 +0000] "GET / HTTP/1.0" 403 2825 "https://plantamadre.es/" "Mozilla/5.0 (Windows NT 10.0; Win64; x64) AppleWebKit/537.36 (KHTML, like Gecko) Chrome/129.0.0.0 Safari/537.36"
216.244.66.239 - - [25/Feb/2025:20:27:00 +0000] "GET /product/s-a-d-sweet-afgani-delicious-s1/?add-to-cart=24946 HTTP/1.1" 200 250570 "-" "Mozilla/5.0 (compatible; DotBot/1.2; +https://opensiteexplorer.org/dotbot; help@moz.com)"
146.190.157.162 - - [25/Feb/2025:20:27:22 +0000] "POST /wp-cron.php?doing_wp_cron=1740515242.6434988975524902343750 HTTP/1.1" 200 2851 "-" "WordPress/6.3.5; https://plantamadre.es"
216.244.66.239 - - [25/Feb/2025:20:27:21 +0000] "GET /shop/page/3/?add-to-cart=24848 HTTP/1.1" 200 145678 "-" "Mozilla/5.0 (compatible; DotBot/1.2; +https://opensiteexplorer.org/dotbot; help@moz.com)"
77.232.36.34 - - [25/Feb/2025:20:27:32 +0000] "GET /tienda/bio-bizz/sustrato-bio-bizz-humus-de-lombriz-40l/ HTTP/1.0" 403 2776 "https://plantamadre.es/tienda/bio-bizz/sustrato-bio-bizz-humus-de-lombriz-40l/" "Mozilla/5.0 (Windows NT 10.0; Win64; x64) AppleWebKit/537.36 (KHTML, like Gecko) Chrome/131.0.0.0 Safari/537.36"
146.190.157.162 - - [25/Feb/2025:20:27:33 +0000] "POST /wp-cron.php?doing_wp_cron=1740515253.9598610401153564453125 HTTP/1.1" 200 2849 "-" "WordPress/6.3.5; https://plantamadre.es"
77.232.36.34 - - [25/Feb/2025:20:27:35 +0000] "GET / HTTP/1.0" 403 2824 "https://plantamadre.es/tienda/bio-bizz/sustrato-bio-bizz-humus-de-lombriz-40l/" "Mozilla/5.0 (Windows NT 10.0; Win64; x64) AppleWebKit/537.36 (KHTML, like Gecko) Chrome/131.0.0.0 Safari/537.36"
77.232.36.34 - - [25/Feb/2025:20:27:38 +0000] "GET / HTTP/1.0" 403 2824 "https://plantamadre.es/" "Mozilla/5.0 (Windows NT 10.0; Win64; x64) AppleWebKit/537.36 (KHTML, like Gecko) Chrome/131.0.0.0 Safari/537.36"
77.232.36.34 - - [25/Feb/2025:20:27:40 +0000] "GET / HTTP/1.0" 403 2823 "https://plantamadre.es/" "Mozilla/5.0 (Windows NT 10.0; Win64; x64) AppleWebKit/537.36 (KHTML, like Gecko) Chrome/131.0.0.0 Safari/537.36"
216.244.66.239 - - [25/Feb/2025:20:27:39 +0000] "GET /shop/page/37/?add-to-cart=24983 HTTP/1.1" 200 146571 "-" "Mozilla/5.0 (compatible; DotBot/1.2; +https://opensiteexplorer.org/dotbot; help@moz.com)"
77.232.36.34 - - [25/Feb/2025:20:28:17 +0000] "GET /tienda/atami-fertilizantes/atami-root-fast-250ml/ HTTP/1.0" 403 2776 "https://plantamadre.es/tienda/atami-fertilizantes/atami-root-fast-250ml/" "Mozilla/5.0 (Windows NT 10.0; Win64; x64) AppleWebKit/537.36 (KHTML, like Gecko) Chrome/130.0.0.0 Safari/537.36"
146.190.157.162 - - [25/Feb/2025:20:28:19 +0000] "POST /wp-cron.php?doing_wp_cron=1740515299.1037840843200683593750 HTTP/1.1" 200 2850 "-" "WordPress/6.3.5; https://plantamadre.es"
103.173.66.134 - - [25/Feb/2025:20:28:21 +0000] "GET /wp-login.php HTTP/1.1" 301 462 "-" "Mozilla/5.0 (X11; Fedora; Linux x86_64; rv:94.0) Gecko/20100101 Firefox/95.0"
77.232.36.34 - - [25/Feb/2025:20:28:20 +0000] "GET / HTTP/1.0" 403 2824 "https://plantamadre.es/tienda/atami-fertilizantes/atami-root-fast-250ml/" "Mozilla/5.0 (Windows NT 10.0; Win64; x64) AppleWebKit/537.36 (KHTML, like Gecko) Chrome/130.0.0.0 Safari/537.36"
77.232.36.34 - - [25/Feb/2025:20:28:22 +0000] "GET /tienda/agrobacterias/agrobacterias-fungi-killer-60ml-cola-de-caballo/ HTTP/1.0" 403 2777 "https://plantamadre.es/tienda/agrobacterias/agrobacterias-fungi-killer-60ml-cola-de-caballo/" "Mozilla/5.0 (Windows NT 10.0; Win64; x64) AppleWebKit/537.36 (KHTML, like Gecko) Chrome/131.0.0.0 Safari/537.36"
77.232.36.34 - - [25/Feb/2025:20:28:23 +0000] "GET / HTTP/1.0" 403 2825 "https://plantamadre.es/" "Mozilla/5.0 (Windows NT 10.0; Win64; x64) AppleWebKit/537.36 (KHTML, like Gecko) Chrome/130.0.0.0 Safari/537.36"
77.232.36.34 - - [25/Feb/2025:20:28:25 +0000] "GET / HTTP/1.0" 403 2823 "https://plantamadre.es/tienda/agrobacterias/agrobacterias-fungi-killer-60ml-cola-de-caballo/" "Mozilla/5.0 (Windows NT 10.0; Win64; x64) AppleWebKit/537.36 (KHTML, like Gecko) Chrome/131.0.0.0 Safari/537.36"
62.117.170.101 - - [25/Feb/2025:20:28:25 +0000] "POST /wp-admin/admin-ajax.php HTTP/1.1" 200 982 "https://plantamadre.es/wp-admin/post.php?post=25043&action=edit" "Mozilla/5.0 (Windows NT 10.0; Win64; x64) AppleWebKit/537.36 (KHTML, like Gecko) Chrome/133.0.0.0 Safari/537.36"
77.232.36.34 - - [25/Feb/2025:20:28:25 +0000] "GET / HTTP/1.0" 403 2824 "https://plantamadre.es/" "Mozilla/5.0 (Windows NT 10.0; Win64; x64) AppleWebKit/537.36 (KHTML, like Gecko) Chrome/130.0.0.0 Safari/537.36"
77.232.36.34 - - [25/Feb/2025:20:28:28 +0000] "GET / HTTP/1.0" 403 2823 "https://plantamadre.es/" "Mozilla/5.0 (Windows NT 10.0; Win64; x64) AppleWebKit/537.36 (KHTML, like Gecko) Chrome/131.0.0.0 Safari/537.36"
114.119.151.80 - - [25/Feb/2025:20:28:28 +0000] "GET /product/silenciador-srf-vents-150-900/ HTTP/1.1" 200 33109 "https://plantamadre.es/product/controlador-de-temperatura-cornwall-electronics/" "Mozilla/5.0 (Linux; Android 7.0;) AppleWebKit/537.36 (KHTML, like Gecko) Mobile Safari/537.36 (compatible; PetalBot;+https://webmaster.petalsearch.com/site/petalbot)"
77.232.36.34 - - [25/Feb/2025:20:28:30 +0000] "GET / HTTP/1.0" 403 2823 "https://plantamadre.es/" "Mozilla/5.0 (Windows NT 10.0; Win64; x64) AppleWebKit/537.36 (KHTML, like Gecko) Chrome/131.0.0.0 Safari/537.36"
146.190.157.162 - - [25/Feb/2025:20:28:32 +0000] "POST /wp-cron.php?doing_wp_cron=1740515312.2694890499114990234375 HTTP/1.1" 200 2850 "-" "WordPress/6.3.5; https://plantamadre.es"
77.232.36.34 - - [25/Feb/2025:20:28:48 +0000] "GET /tienda/controladores/termostato-ta-1002/ HTTP/1.0" 403 2776 "https://plantamadre.es/tienda/controladores/termostato-ta-1002/" "Mozilla/5.0 (Windows NT 10.0; Win64; x64) AppleWebKit/537.36 (KHTML, like Gecko) Chrome/130.0.0.0 Safari/537.36 CCleaner/130.0.0.0"
103.173.66.134 - - [25/Feb/2025:20:28:51 +0000] "POST /wp-login.php HTTP/1.1" 301 462 "-" "Mozilla/5.0 (X11; Fedora; Linux x86_64; rv:94.0) Gecko/20100101 Firefox/95.0"
77.232.36.34 - - [25/Feb/2025:20:28:50 +0000] "GET / HTTP/1.0" 403 2823 "https://plantamadre.es/tienda/controladores/termostato-ta-1002/" "Mozilla/5.0 (Windows NT 10.0; Win64; x64) AppleWebKit/537.36 (KHTML, like Gecko) Chrome/130.0.0.0 Safari/537.36 CCleaner/130.0.0.0"
77.232.36.34 - - [25/Feb/2025:20:28:53 +0000] "GET / HTTP/1.0" 403 2825 "https://plantamadre.es/" "Mozilla/5.0 (Windows NT 10.0; Win64; x64) AppleWebKit/537.36 (KHTML, like Gecko) Chrome/130.0.0.0 Safari/537.36 CCleaner/130.0.0.0"
77.232.36.34 - - [25/Feb/2025:20:28:55 +0000] "GET / HTTP/1.0" 403 2825 "https://plantamadre.es/" "Mozilla/5.0 (Windows NT 10.0; Win64; x64) AppleWebKit/537.36 (KHTML, like Gecko) Chrome/130.0.0.0 Safari/537.36 CCleaner/130.0.0.0"
77.232.36.34 - - [25/Feb/2025:20:29:11 +0000] "GET /tienda/co2/co2-boost-cubo-y-bomba-co2boost/ HTTP/1.0" 403 2777 "https://plantamadre.es/tienda/co2/co2-boost-cubo-y-bomba-co2boost/" "Mozilla/5.0 (Windows NT 10.0; Win64; x64) AppleWebKit/537.36 (KHTML, like Gecko) Chrome/131.0.0.0 Safari/537.36 Avast/131.0.0.0"
77.232.36.34 - - [25/Feb/2025:20:29:13 +0000] "GET / HTTP/1.0" 403 2823 "https://plantamadre.es/tienda/co2/co2-boost-cubo-y-bomba-co2boost/" "Mozilla/5.0 (Windows NT 10.0; Win64; x64) AppleWebKit/537.36 (KHTML, like Gecko) Chrome/131.0.0.0 Safari/537.36 Avast/131.0.0.0"
77.232.36.34 - - [25/Feb/2025:20:29:15 +0000] "GET / HTTP/1.0" 403 2825 "https://plantamadre.es/" "Mozilla/5.0 (Windows NT 10.0; Win64; x64) AppleWebKit/537.36 (KHTML, like Gecko) Chrome/131.0.0.0 Safari/537.36 Avast/131.0.0.0"
77.232.36.34 - - [25/Feb/2025:20:29:17 +0000] "GET /tienda/eva-seeds/eva-seeds-white-dragon-6-semillas-fem/ HTTP/1.0" 403 2777 "https://plantamadre.es/tienda/eva-seeds/eva-seeds-white-dragon-6-semillas-fem/" "Mozilla/5.0 (Windows NT 10.0; Win64; x64) AppleWebKit/537.36 (KHTML, like Gecko) Chrome/131.0.0.0 Safari/537.36"
77.232.36.34 - - [25/Feb/2025:20:29:18 +0000] "GET / HTTP/1.0" 403 2823 "https://plantamadre.es/" "Mozilla/5.0 (Windows NT 10.0; Win64; x64) AppleWebKit/537.36 (KHTML, like Gecko) Chrome/131.0.0.0 Safari/537.36 Avast/131.0.0.0"
77.232.36.34 - - [25/Feb/2025:20:29:19 +0000] "GET / HTTP/1.0" 403 2825 "https://plantamadre.es/tienda/eva-seeds/eva-seeds-white-dragon-6-semillas-fem/" "Mozilla/5.0 (Windows NT 10.0; Win64; x64) AppleWebKit/537.36 (KHTML, like Gecko) Chrome/131.0.0.0 Safari/537.36"
77.232.36.34 - - [25/Feb/2025:20:29:21 +0000] "GET / HTTP/1.0" 403 2823 "https://plantamadre.es/" "Mozilla/5.0 (Windows NT 10.0; Win64; x64) AppleWebKit/537.36 (KHTML, like Gecko) Chrome/131.0.0.0 Safari/537.36"
77.232.36.34 - - [25/Feb/2025:20:29:24 +0000] "GET / HTTP/1.0" 403 2824 "https://plantamadre.es/" "Mozilla/5.0 (Windows NT 10.0; Win64; x64) AppleWebKit/537.36 (KHTML, like Gecko) Chrome/131.0.0.0 Safari/537.36"
146.190.157.162 - - [25/Feb/2025:20:29:25 +0000] "POST /wp-cron.php?doing_wp_cron=1740515365.7398250102996826171875 HTTP/1.1" 200 2851 "-" "WordPress/6.3.5; https://plantamadre.es"
40.77.167.48 - - [25/Feb/2025:20:29:41 +0000] "GET /wp-content/uploads/2024/12/NANO-HIDR.png HTTP/1.1" 200 276033 "-" "Mozilla/5.0 AppleWebKit/537.36 (KHTML, like Gecko; compatible; bingbot/2.0; +http://www.bing.com/bingbot.htm) Chrome/116.0.1938.76 Safari/537.36"
62.117.170.101 - - [25/Feb/2025:20:30:26 +0000] "POST /wp-admin/admin-ajax.php HTTP/1.1" 200 982 "https://plantamadre.es/wp-admin/post.php?post=25043&action=edit" "Mozilla/5.0 (Windows NT 10.0; Win64; x64) AppleWebKit/537.36 (KHTML, like Gecko) Chrome/133.0.0.0 Safari/537.36"
146.190.157.162 - - [25/Feb/2025:20:30:28 +0000] "POST /wp-cron.php?doing_wp_cron=1740515428.5875799655914306640625 HTTP/1.1" 200 2849 "-" "WordPress/6.3.5; https://plantamadre.es"
77.232.36.34 - - [25/Feb/2025:20:30:37 +0000] "GET /tienda/macetas/macetas-texpot-geotextil-25l/ HTTP/1.0" 403 2777 "https://plantamadre.es/tienda/macetas/macetas-texpot-geotextil-25l/" "Mozilla/5.0 (Windows NT 10.0; Win64; x64) AppleWebKit/537.36 (KHTML, like Gecko) Chrome/131.0.0.0 Safari/537.36 Avast/131.0.0.0"
146.190.157.162 - - [25/Feb/2025:20:30:38 +0000] "POST /wp-cron.php?doing_wp_cron=1740515438.5085499286651611328125 HTTP/1.1" 200 2850 "-" "WordPress/6.3.5; https://plantamadre.es"
77.232.36.34 - - [25/Feb/2025:20:30:40 +0000] "GET / HTTP/1.0" 403 2823 "https://plantamadre.es/tienda/macetas/macetas-texpot-geotextil-25l/" "Mozilla/5.0 (Windows NT 10.0; Win64; x64) AppleWebKit/537.36 (KHTML, like Gecko) Chrome/131.0.0.0 Safari/537.36 Avast/131.0.0.0"
77.232.36.34 - - [25/Feb/2025:20:30:42 +0000] "GET / HTTP/1.0" 403 2824 "https://plantamadre.es/" "Mozilla/5.0 (Windows NT 10.0; Win64; x64) AppleWebKit/537.36 (KHTML, like Gecko) Chrome/131.0.0.0 Safari/537.36 Avast/131.0.0.0"
77.232.36.34 - - [25/Feb/2025:20:30:45 +0000] "GET / HTTP/1.0" 403 2823 "https://plantamadre.es/" "Mozilla/5.0 (Windows NT 10.0; Win64; x64) AppleWebKit/537.36 (KHTML, like Gecko) Chrome/131.0.0.0 Safari/537.36 Avast/131.0.0.0"
95.164.67.6 - - [25/Feb/2025:20:30:44 +0000] "GET /tienda/semillas/l-s-d-feminizada-10-semillas/ HTTP/1.1" 404 109095 "-" "Mozilla/5.0 (X11; Ubuntu; Linux i686; rv:114.0) Gecko/20100101 Firefox/114.0"
77.232.36.34 - - [25/Feb/2025:20:30:49 +0000] "GET /tienda/ghe-fertilizantes/ghe-bioroot-plus-500ml-estimulador/ HTTP/1.0" 403 2776 "https://plantamadre.es/tienda/ghe-fertilizantes/ghe-bioroot-plus-500ml-estimulador/" "Mozilla/5.0 (Windows NT 10.0; Win64; x64) AppleWebKit/537.36 (KHTML, like Gecko) Chrome/131.0.0.0 Safari/537.36 Avast/131.0.0.0"
95.164.67.6 - - [25/Feb/2025:20:30:48 +0000] "GET / HTTP/1.1" 200 27145 "-" "Mozilla/5.0 (X11; Ubuntu; Linux i686; rv:114.0) Gecko/20100101 Firefox/114.0"
77.232.36.34 - - [25/Feb/2025:20:30:52 +0000] "GET / HTTP/1.0" 403 2823 "https://plantamadre.es/tienda/ghe-fertilizantes/ghe-bioroot-plus-500ml-estimulador/" "Mozilla/5.0 (Windows NT 10.0; Win64; x64) AppleWebKit/537.36 (KHTML, like Gecko) Chrome/131.0.0.0 Safari/537.36 Avast/131.0.0.0"
77.232.36.34 - - [25/Feb/2025:20:30:54 +0000] "GET / HTTP/1.0" 403 2824 "https://plantamadre.es/" "Mozilla/5.0 (Windows NT 10.0; Win64; x64) AppleWebKit/537.36 (KHTML, like Gecko) Chrome/131.0.0.0 Safari/537.36 Avast/131.0.0.0"
95.164.67.6 - - [25/Feb/2025:20:30:57 +0000] "GET /wp-login.php?action=register HTTP/1.1" 403 3017 "https://plantamadre.es" "Mozilla/5.0 (Windows NT 6.3; Win64; x64) AppleWebKit/537.36 (KHTML, like Gecko) Chrome/103.0.0.0 Safari/537.36"
146.190.157.162 - - [25/Feb/2025:20:30:56 +0000] "POST /wp-cron.php?doing_wp_cron=1740515456.6971349716186523437500 HTTP/1.1" 200 2851 "-" "WordPress/6.3.5; https://plantamadre.es"
77.232.36.34 - - [25/Feb/2025:20:30:58 +0000] "GET / HTTP/1.0" 403 2825 "https://plantamadre.es/" "Mozilla/5.0 (Windows NT 10.0; Win64; x64) AppleWebKit/537.36 (KHTML, like Gecko) Chrome/131.0.0.0 Safari/537.36 Avast/131.0.0.0"
95.164.67.6 - - [25/Feb/2025:20:31:00 +0000] "GET /wp-login.php?action=register HTTP/1.1" 403 3015 "https://plantamadre.es/wp-login.php?action=register" "Mozilla/5.0 (Windows NT 6.3; Win64; x64) AppleWebKit/537.36 (KHTML, like Gecko) Chrome/103.0.0.0 Safari/537.36"
95.164.67.6 - - [25/Feb/2025:20:31:02 +0000] "GET /tienda/semillas/l-s-d-feminizada-10-semillas/ HTTP/1.1" 404 109088 "https://plantamadre.es/tienda/semillas/l-s-d-feminizada-10-semillas/" "PHP/{5|6|7}.{3|2}.{1|2|3|4|5|6|7|8|9|0}{1|2|3|4|5|6|7|8|9|0}"
95.164.67.6 - - [25/Feb/2025:20:31:06 +0000] "POST /xmlrpc.php HTTP/1.1" 403 3017 "https://plantamadre.es/tienda/semillas/l-s-d-feminizada-10-semillas/" "PHP/5.3.73"
77.232.36.34 - - [25/Feb/2025:20:31:07 +0000] "GET /tienda/sin-categorizar/probelte-azufre-micronizado-500-gr/ HTTP/1.0" 403 2777 "https://plantamadre.es/tienda/sin-categorizar/probelte-azufre-micronizado-500-gr/" "Mozilla/5.0 (Windows NT 10.0; Win64; x64) AppleWebKit/537.36 (KHTML, like Gecko) Chrome/131.0.0.0 Safari/537.36 Avast/131.0.0.0"
95.164.67.6 - - [25/Feb/2025:20:31:08 +0000] "GET /tienda/semillas/l-s-d-feminizada-10-semillas/ HTTP/1.1" 404 109088 "-" "PHP/5.3.73"
77.232.36.34 - - [25/Feb/2025:20:31:09 +0000] "GET / HTTP/1.0" 403 2824 "https://plantamadre.es/tienda/sin-categorizar/probelte-azufre-micronizado-500-gr/" "Mozilla/5.0 (Windows NT 10.0; Win64; x64) AppleWebKit/537.36 (KHTML, like Gecko) Chrome/131.0.0.0 Safari/537.36 Avast/131.0.0.0"
77.232.36.34 - - [25/Feb/2025:20:31:10 +0000] "GET /tienda/annabis-dolor-y-movilidad/annabis-arthrocann-collagen-omega-forte-60-comprimidos/ HTTP/1.0" 403 2777 "https://plantamadre.es/tienda/annabis-dolor-y-movilidad/annabis-arthrocann-collagen-omega-forte-60-comprimidos/" "Mozilla/5.0 (Windows NT 10.0; Win64; x64) AppleWebKit/537.36 (KHTML, like Gecko) Chrome/129.0.0.0 Safari/537.36"
77.232.36.34 - - [25/Feb/2025:20:31:12 +0000] "GET / HTTP/1.0" 403 2824 "https://plantamadre.es/" "Mozilla/5.0 (Windows NT 10.0; Win64; x64) AppleWebKit/537.36 (KHTML, like Gecko) Chrome/131.0.0.0 Safari/537.36 Avast/131.0.0.0"
77.232.36.34 - - [25/Feb/2025:20:31:13 +0000] "GET / HTTP/1.0" 403 2823 "https://plantamadre.es/tienda/annabis-dolor-y-movilidad/annabis-arthrocann-collagen-omega-forte-60-comprimidos/" "Mozilla/5.0 (Windows NT 10.0; Win64; x64) AppleWebKit/537.36 (KHTML, like Gecko) Chrome/129.0.0.0 Safari/537.36"
77.232.36.34 - - [25/Feb/2025:20:31:14 +0000] "GET / HTTP/1.0" 403 2825 "https://plantamadre.es/" "Mozilla/5.0 (Windows NT 10.0; Win64; x64) AppleWebKit/537.36 (KHTML, like Gecko) Chrome/131.0.0.0 Safari/537.36 Avast/131.0.0.0"
77.232.36.34 - - [25/Feb/2025:20:31:15 +0000] "GET / HTTP/1.0" 403 2824 "https://plantamadre.es/" "Mozilla/5.0 (Windows NT 10.0; Win64; x64) AppleWebKit/537.36 (KHTML, like Gecko) Chrome/129.0.0.0 Safari/537.36"
77.232.36.34 - - [25/Feb/2025:20:31:17 +0000] "GET / HTTP/1.0" 403 2824 "https://plantamadre.es/" "Mozilla/5.0 (Windows NT 10.0; Win64; x64) AppleWebKit/537.36 (KHTML, like Gecko) Chrome/129.0.0.0 Safari/537.36"
107.180.119.158 - - [25/Feb/2025:20:31:39 +0000] "POST /wp-login.php HTTP/1.1" 301 443 "http://plantamadre.es" "Mozilla/5.0 (Macintosh; Intel Mac OS X 14_6) AppleWebKit/605.1.15 (KHTML, like Gecko) Version/17.5 Safari/605.1.15"
107.180.119.158 - - [25/Feb/2025:20:31:39 +0000] "GET /wp-login.php HTTP/1.1" 200 7285 "http://plantamadre.es" "Mozilla/5.0 (Macintosh; Intel Mac OS X 14_6) AppleWebKit/605.1.15 (KHTML, like Gecko) Version/17.5 Safari/605.1.15"
146.190.157.162 - - [25/Feb/2025:20:31:57 +0000] "POST /wp-cron.php?doing_wp_cron=1740515517.6175870895385742187500 HTTP/1.1" 200 2849 "-" "WordPress/6.3.5; https://plantamadre.es"
142.93.219.175 - - [25/Feb/2025:20:31:56 +0000] "GET /tienda/eva-seeds/eva-seeds-white-dragon-3-semillas-fem/ HTTP/1.1" 404 108923 "-" "-"
142.93.219.175 - - [25/Feb/2025:20:32:05 +0000] "GET /tienda/bio-tabs/biotabs-mycotrex-100-g/ HTTP/1.1" 404 106660 "-" "-"
142.93.219.175 - - [25/Feb/2025:20:32:08 +0000] "POST /wp-comments-post.php HTTP/1.1" 200 448 "-" "-"
142.93.219.175 - - [25/Feb/2025:20:32:11 +0000] "GET /tienda/ripper-seeds/ripper-seeds-black-valley-5%E2%99%80/ HTTP/1.1" 404 106537 "-" "-"
142.93.219.175 - - [25/Feb/2025:20:32:16 +0000] "POST /wp-comments-post.php HTTP/1.1" 200 2640 "-" "-"
146.190.157.162 - - [25/Feb/2025:20:32:18 +0000] "POST /wp-cron.php?doing_wp_cron=1740515538.4140288829803466796875 HTTP/1.1" 200 2850 "-" "WordPress/6.3.5; https://plantamadre.es"
142.93.219.175 - - [25/Feb/2025:20:32:19 +0000] "POST /wp-comments-post.php HTTP/1.1" 200 448 "-" "-"
62.117.170.101 - - [25/Feb/2025:20:32:26 +0000] "POST /wp-admin/admin-ajax.php HTTP/1.1" 200 982 "https://plantamadre.es/wp-admin/post.php?post=25043&action=edit" "Mozilla/5.0 (Windows NT 10.0; Win64; x64) AppleWebKit/537.36 (KHTML, like Gecko) Chrome/133.0.0.0 Safari/537.36"
146.190.157.162 - - [25/Feb/2025:20:33:13 +0000] "POST /wp-cron.php?doing_wp_cron=1740515593.8729600906372070312500 HTTP/1.1" 200 2851 "-" "WordPress/6.3.5; https://plantamadre.es"
142.93.219.175 - - [25/Feb/2025:20:33:12 +0000] "GET /tienda/sin-categorizar/minerales-sabor-monster-amaretto/ HTTP/1.1" 404 108923 "-" "-"
142.93.219.175 - - [25/Feb/2025:20:33:17 +0000] "POST /wp-comments-post.php HTTP/1.1" 200 448 "-" "-"
114.119.146.252 - - [25/Feb/2025:20:33:24 +0000] "GET /product/prensa-qnubu-press-pro-hidraulica-6-toneladas-placas-12x12cm/ HTTP/1.1" 200 32249 "https://plantamadre.es/shop/extarccion-de-resina/prensas-rosin/" "Mozilla/5.0 (Linux; Android 7.0;) AppleWebKit/537.36 (KHTML, like Gecko) Mobile Safari/537.36 (compatible; PetalBot;+https://webmaster.petalsearch.com/site/petalbot)"
146.190.157.162 - - [25/Feb/2025:20:33:53 +0000] "POST /wp-cron.php?doing_wp_cron=1740515633.5602779388427734375000 HTTP/1.1" 200 2849 "-" "WordPress/6.3.5; https://plantamadre.es"
85.208.96.204 - - [25/Feb/2025:20:33:52 +0000] "GET /product/deshumidificador-mini-cornwall/ HTTP/1.1" 200 31839 "-" "Mozilla/5.0 (compatible; SemrushBot/7~bl; +http://www.semrush.com/bot.html)"
66.249.68.6 - - [25/Feb/2025:20:34:00 +0000] "GET /wp-content/uploads/2019/02/grizli.png HTTP/1.1" 404 109064 "-" "Googlebot-Image/1.0"
62.117.170.101 - - [25/Feb/2025:20:34:27 +0000] "POST /wp-admin/admin-ajax.php HTTP/1.1" 200 982 "https://plantamadre.es/wp-admin/post.php?post=25043&action=edit" "Mozilla/5.0 (Windows NT 10.0; Win64; x64) AppleWebKit/537.36 (KHTML, like Gecko) Chrome/133.0.0.0 Safari/537.36"
146.190.157.162 - - [25/Feb/2025:20:34:29 +0000] "POST /wp-cron.php?doing_wp_cron=1740515669.0664570331573486328125 HTTP/1.1" 200 2850 "-" "WordPress/6.3.5; https://plantamadre.es"
146.190.157.162 - - [25/Feb/2025:20:34:33 +0000] "POST /wp-cron.php?doing_wp_cron=1740515673.7612090110778808593750 HTTP/1.1" 200 2851 "-" "WordPress/6.3.5; https://plantamadre.es"
193.176.237.196 - - [25/Feb/2025:20:34:32 +0000] "GET /tienda/600-w/kit-basico-600w-vanguads-hidroponicsbombilla-vanguads-hidroponics-creflo-reflector-pearl-pro-copiar/ HTTP/1.1" 404 109161 "-" "Mozilla/5.0 (Macintosh; Intel Mac OS X 12_5) AppleWebKit/537.36 (KHTML, like Gecko) Chrome/114.0.0.0 Safari/537.36"
193.176.237.196 - - [25/Feb/2025:20:34:37 +0000] "GET / HTTP/1.1" 200 27145 "-" "Mozilla/5.0 (Macintosh; Intel Mac OS X 12_5) AppleWebKit/537.36 (KHTML, like Gecko) Chrome/114.0.0.0 Safari/537.36"
193.176.237.196 - - [25/Feb/2025:20:34:41 +0000] "GET /product/aire-acondicionado-electrogrow/ HTTP/1.1" 200 32841 "https://plantamadre.es" "Mozilla/5.0 (Macintosh; Intel Mac OS X 12_5) AppleWebKit/537.36 (KHTML, like Gecko) Chrome/114.0.0.0 Safari/537.36"
62.117.170.101 - - [25/Feb/2025:20:36:28 +0000] "POST /wp-admin/admin-ajax.php HTTP/1.1" 200 982 "https://plantamadre.es/wp-admin/post.php?post=25043&action=edit" "Mozilla/5.0 (Windows NT 10.0; Win64; x64) AppleWebKit/537.36 (KHTML, like Gecko) Chrome/133.0.0.0 Safari/537.36"
146.190.157.162 - - [25/Feb/2025:20:36:30 +0000] "POST /wp-cron.php?doing_wp_cron=1740515790.1639859676361083984375 HTTP/1.1" 200 2850 "-" "WordPress/6.3.5; https://plantamadre.es"
146.190.157.162 - - [25/Feb/2025:20:38:03 +0000] "POST /wp-cron.php?doing_wp_cron=1740515883.8525838851928710937500 HTTP/1.1" 200 2850 "-" "WordPress/6.3.5; https://plantamadre.es"
142.93.219.175 - - [25/Feb/2025:20:38:02 +0000] "GET /tienda/eva-seeds/eva-seeds-white-dragon-3-semillas-fem/ HTTP/1.1" 404 108923 "-" "-"
142.93.219.175 - - [25/Feb/2025:20:38:12 +0000] "GET /tienda/ripper-seeds/ripper-seeds-black-valley-5%E2%99%80/ HTTP/1.1" 404 108925 "-" "-"
62.117.170.101 - - [25/Feb/2025:20:38:29 +0000] "POST /wp-admin/admin-ajax.php HTTP/1.1" 200 982 "https://plantamadre.es/wp-admin/post.php?post=25043&action=edit" "Mozilla/5.0 (Windows NT 10.0; Win64; x64) AppleWebKit/537.36 (KHTML, like Gecko) Chrome/133.0.0.0 Safari/537.36"
142.93.219.175 - - [25/Feb/2025:20:38:29 +0000] "POST /wp-comments-post.php HTTP/1.1" 200 448 "-" "-"
146.190.157.162 - - [25/Feb/2025:20:38:31 +0000] "POST /wp-cron.php?doing_wp_cron=1740515911.6313009262084960937500 HTTP/1.1" 200 2849 "-" "WordPress/6.3.5; https://plantamadre.es"
142.93.219.175 - - [25/Feb/2025:20:38:30 +0000] "GET /tienda/bio-tabs/biotabs-mycotrex-100-g/ HTTP/1.1" 404 106660 "-" "-"
142.93.219.175 - - [25/Feb/2025:20:38:44 +0000] "POST /wp-comments-post.php HTTP/1.1" 200 448 "-" "-"
62.117.170.101 - - [25/Feb/2025:20:40:30 +0000] "POST /wp-admin/admin-ajax.php HTTP/1.1" 200 982 "https://plantamadre.es/wp-admin/post.php?post=25043&action=edit" "Mozilla/5.0 (Windows NT 10.0; Win64; x64) AppleWebKit/537.36 (KHTML, like Gecko) Chrome/133.0.0.0 Safari/537.36"
146.190.157.162 - - [25/Feb/2025:20:40:32 +0000] "POST /wp-cron.php?doing_wp_cron=1740516032.1561119556427001953125 HTTP/1.1" 200 2851 "-" "WordPress/6.3.5; https://plantamadre.es"
85.208.96.199 - - [25/Feb/2025:20:41:00 +0000] "GET /product/sweet-skunk-f1-fast-version/ HTTP/1.1" 301 510 "-" "Mozilla/5.0 (compatible; SemrushBot/7~bl; +http://www.semrush.com/bot.html)"
185.191.171.5 - - [25/Feb/2025:20:41:01 +0000] "GET /product/sweet-skunk-f1-fast-version/ HTTP/1.1" 200 30052 "-" "Mozilla/5.0 (compatible; SemrushBot/7~bl; +http://www.semrush.com/bot.html)"
146.190.157.162 - - [25/Feb/2025:20:42:10 +0000] "POST /wp-cron.php?doing_wp_cron=1740516130.8456690311431884765625 HTTP/1.1" 200 2849 "-" "WordPress/6.3.5; https://plantamadre.es"
38.152.142.107 - - [25/Feb/2025:20:42:09 +0000] "GET /tienda/ph-y-ec/milwaukee-medidor-ph-eco-ph600/ HTTP/1.1" 404 108894 "-" "Mozilla/5.0 (X11; Ubuntu; Linux i686; rv:114.0) Gecko/20100101 Firefox/114.0"
146.190.157.162 - - [25/Feb/2025:20:42:28 +0000] "POST /wp-cron.php?doing_wp_cron=1740516148.6143910884857177734375 HTTP/1.1" 200 2850 "-" "WordPress/6.3.5; https://plantamadre.es"
38.152.142.45 - - [25/Feb/2025:20:42:27 +0000] "GET /tienda/ph-y-ec/milwaukee-medidor-ph-eco-ph600/ HTTP/1.1" 404 108892 "-" "Mozilla/5.0 (X11; Ubuntu; Linux i686; rv:114.0) Gecko/20100101 Firefox/114.0"
62.117.170.101 - - [25/Feb/2025:20:42:31 +0000] "POST /wp-admin/admin-ajax.php HTTP/1.1" 200 982 "https://plantamadre.es/wp-admin/post.php?post=25043&action=edit" "Mozilla/5.0 (Windows NT 10.0; Win64; x64) AppleWebKit/537.36 (KHTML, like Gecko) Chrome/133.0.0.0 Safari/537.36"
146.190.157.162 - - [25/Feb/2025:20:42:33 +0000] "POST /wp-cron.php?doing_wp_cron=1740516153.2141799926757812500000 HTTP/1.1" 200 2850 "-" "WordPress/6.3.5; https://plantamadre.es"
146.190.157.162 - - [25/Feb/2025:20:43:25 +0000] "POST /wp-cron.php?doing_wp_cron=1740516205.2246799468994140625000 HTTP/1.1" 200 2850 "-" "WordPress/6.3.5; https://plantamadre.es"
114.119.130.168 - - [25/Feb/2025:20:43:23 +0000] "GET /product/autopot-tanque-flexible/ HTTP/1.1" 200 32539 "https://plantamadre.es/product/deposito-polipropileno-2/" "Mozilla/5.0 (Linux; Android 7.0;) AppleWebKit/537.36 (KHTML, like Gecko) Mobile Safari/537.36 (compatible; PetalBot;+https://webmaster.petalsearch.com/site/petalbot)"
66.249.68.5 - - [25/Feb/2025:20:43:34 +0000] "GET /robots.txt HTTP/1.1" 200 3036 "-" "Mozilla/5.0 (compatible; Googlebot/2.1; +http://www.google.com/bot.html)"
146.190.157.162 - - [25/Feb/2025:20:43:35 +0000] "POST /wp-cron.php?doing_wp_cron=1740516215.6564850807189941406250 HTTP/1.1" 200 2849 "-" "WordPress/6.3.5; https://plantamadre.es"
66.249.68.5 - - [25/Feb/2025:20:43:34 +0000] "GET /wp-content/uploads/2015/01/sweet-special.png HTTP/1.1" 404 109071 "-" "Googlebot-Image/1.0"
62.117.170.101 - - [25/Feb/2025:20:44:32 +0000] "POST /wp-admin/admin-ajax.php HTTP/1.1" 200 982 "https://plantamadre.es/wp-admin/post.php?post=25043&action=edit" "Mozilla/5.0 (Windows NT 10.0; Win64; x64) AppleWebKit/537.36 (KHTML, like Gecko) Chrome/133.0.0.0 Safari/537.36"
146.190.157.162 - - [25/Feb/2025:20:44:34 +0000] "POST /wp-cron.php?doing_wp_cron=1740516274.4517838954925537109375 HTTP/1.1" 200 2849 "-" "WordPress/6.3.5; https://plantamadre.es"
142.93.219.175 - - [25/Feb/2025:20:45:43 +0000] "GET /tienda/semillas-3/venus-genetics-aktombe-1semilla-fem/ HTTP/1.1" 404 106731 "-" "-"
146.190.157.162 - - [25/Feb/2025:20:45:44 +0000] "POST /wp-cron.php?doing_wp_cron=1740516344.4287540912628173828125 HTTP/1.1" 200 2850 "-" "WordPress/6.3.5; https://plantamadre.es"
142.93.219.175 - - [25/Feb/2025:20:45:43 +0000] "GET /tienda/00-seeds-bank/00-seeds-auto-afghan-mass-xxl-5und/ HTTP/1.1" 404 108924 "-" "-"
142.93.219.175 - - [25/Feb/2025:20:45:47 +0000] "POST /wp-comments-post.php HTTP/1.1" 200 448 "-" "-"
142.93.219.175 - - [25/Feb/2025:20:45:48 +0000] "POST /wp-comments-post.php HTTP/1.1" 200 448 "-" "-"
66.249.68.5 - - [25/Feb/2025:20:45:51 +0000] "GET /robots.txt HTTP/1.1" 200 3036 "-" "Mozilla/5.0 (compatible; Googlebot/2.1; +http://www.google.com/bot.html)"
66.249.68.6 - - [25/Feb/2025:20:45:52 +0000] "GET /etiqueta-producto/indizono/ HTTP/1.1" 404 109060 "-" "Mozilla/5.0 (Linux; Android 6.0.1; Nexus 5X Build/MMB29P) AppleWebKit/537.36 (KHTML, like Gecko) Chrome/133.0.6943.53 Mobile Safari/537.36 (compatible; Googlebot/2.1; +http://www.google.com/bot.html)"
62.117.170.101 - - [25/Feb/2025:20:46:33 +0000] "POST /wp-admin/admin-ajax.php HTTP/1.1" 200 982 "https://plantamadre.es/wp-admin/post.php?post=25043&action=edit" "Mozilla/5.0 (Windows NT 10.0; Win64; x64) AppleWebKit/537.36 (KHTML, like Gecko) Chrome/133.0.0.0 Safari/537.36"
146.190.157.162 - - [25/Feb/2025:20:46:35 +0000] "POST /wp-cron.php?doing_wp_cron=1740516395.2459859848022460937500 HTTP/1.1" 200 2850 "-" "WordPress/6.3.5; https://plantamadre.es"
146.190.157.162 - - [25/Feb/2025:20:47:25 +0000] "POST /wp-cron.php?doing_wp_cron=1740516445.9506030082702636718750 HTTP/1.1" 200 2849 "-" "WordPress/6.3.5; https://plantamadre.es"
142.93.219.175 - - [25/Feb/2025:20:47:24 +0000] "GET /tienda/00-seeds-bank-semillas/00-seeds-chocolate-kush-5und-fem/ HTTP/1.1" 404 108875 "-" "-"
142.93.219.175 - - [25/Feb/2025:20:47:29 +0000] "POST /wp-comments-post.php HTTP/1.1" 200 448 "-" "-"
146.190.157.162 - - [25/Feb/2025:20:48:21 +0000] "POST /wp-cron.php?doing_wp_cron=1740516501.8820650577545166015625 HTTP/1.1" 200 2850 "-" "WordPress/6.3.5; https://plantamadre.es"
114.119.151.80 - - [25/Feb/2025:20:48:20 +0000] "GET /product/atami-high-porosity-cocos/ HTTP/1.1" 200 29511 "https://plantamadre.es/product/canna-terra-profesional-50l/" "Mozilla/5.0 (Linux; Android 7.0;) AppleWebKit/537.36 (KHTML, like Gecko) Mobile Safari/537.36 (compatible; PetalBot;+https://webmaster.petalsearch.com/site/petalbot)"
77.83.1.194 - - [25/Feb/2025:20:48:22 +0000] "GET /tienda/advanced-nutrients/advanced-nutrients-mother-earth-organic-tea-grow-4l/ HTTP/1.1" 404 109129 "-" "Mozilla/5.0 (Windows NT 10.0; Win64; x64) AppleWebKit/537.36 (KHTML, like Gecko) Chrome/114.0.0.0 Safari/537.36 OPR/89.0.4447.51"
62.117.170.101 - - [25/Feb/2025:20:48:34 +0000] "POST /wp-admin/admin-ajax.php HTTP/1.1" 200 982 "https://plantamadre.es/wp-admin/post.php?post=25043&action=edit" "Mozilla/5.0 (Windows NT 10.0; Win64; x64) AppleWebKit/537.36 (KHTML, like Gecko) Chrome/133.0.0.0 Safari/537.36"
146.190.157.162 - - [25/Feb/2025:20:48:36 +0000] "POST /wp-cron.php?doing_wp_cron=1740516516.0825989246368408203125 HTTP/1.1" 200 2850 "-" "WordPress/6.3.5; https://plantamadre.es"
77.83.1.194 - - [25/Feb/2025:20:48:39 +0000] "GET / HTTP/1.1" 200 27148 "-" "Mozilla/5.0 (Windows NT 10.0; Win64; x64) AppleWebKit/537.36 (KHTML, like Gecko) Chrome/114.0.0.0 Safari/537.36 OPR/89.0.4447.51"
77.83.1.194 - - [25/Feb/2025:20:48:54 +0000] "GET /wp-login.php?action=register HTTP/1.1" 302 3119 "https://plantamadre.es" "Mozilla/5.0 (Windows NT 6.3; Win64; x64) AppleWebKit/537.36 (KHTML, like Gecko) Chrome/103.0.0.0 Safari/537.36"
77.83.1.194 - - [25/Feb/2025:20:49:10 +0000] "GET /wp-login.php?registration=disabled HTTP/1.1" 200 5951 "https://plantamadre.es/wp-login.php?action=register" "Mozilla/5.0 (Windows NT 6.3; Win64; x64) AppleWebKit/537.36 (KHTML, like Gecko) Chrome/103.0.0.0 Safari/537.36"
51.222.253.8 - - [25/Feb/2025:20:49:49 +0000] "GET /sitemap_index.xml HTTP/1.1" 301 453 "-" "Mozilla/5.0 (compatible; AhrefsBot/7.0; +http://ahrefs.com/robot/)"
51.222.253.8 - - [25/Feb/2025:20:49:49 +0000] "GET /sitemap_index.xml HTTP/1.1" 200 3134 "-" "Mozilla/5.0 (compatible; AhrefsBot/7.0; +http://ahrefs.com/robot/)"
146.190.157.162 - - [25/Feb/2025:20:49:51 +0000] "POST /wp-cron.php?doing_wp_cron=1740516591.0914270877838134765625 HTTP/1.1" 200 2850 "-" "WordPress/6.3.5; https://plantamadre.es"
51.222.253.3 - - [25/Feb/2025:20:49:53 +0000] "GET /page-sitemap.xml HTTP/1.1" 301 451 "-" "Mozilla/5.0 (compatible; AhrefsBot/7.0; +http://ahrefs.com/robot/)"
51.222.253.3 - - [25/Feb/2025:20:49:53 +0000] "GET /page-sitemap.xml HTTP/1.1" 200 4480 "-" "Mozilla/5.0 (compatible; AhrefsBot/7.0; +http://ahrefs.com/robot/)"
51.222.253.14 - - [25/Feb/2025:20:49:55 +0000] "GET /product-sitemap.xml HTTP/1.1" 301 457 "-" "Mozilla/5.0 (compatible; AhrefsBot/7.0; +http://ahrefs.com/robot/)"
51.222.253.14 - - [25/Feb/2025:20:49:55 +0000] "GET /product-sitemap.xml HTTP/1.1" 200 15570 "-" "Mozilla/5.0 (compatible; AhrefsBot/7.0; +http://ahrefs.com/robot/)"
51.222.253.11 - - [25/Feb/2025:20:49:58 +0000] "GET /product_cat-sitemap.xml HTTP/1.1" 301 465 "-" "Mozilla/5.0 (compatible; AhrefsBot/7.0; +http://ahrefs.com/robot/)"
51.222.253.11 - - [25/Feb/2025:20:49:58 +0000] "GET /product_cat-sitemap.xml HTTP/1.1" 200 4936 "-" "Mozilla/5.0 (compatible; AhrefsBot/7.0; +http://ahrefs.com/robot/)"
77.83.1.28 - - [25/Feb/2025:20:50:12 +0000] "GET /tienda/600-w/kit-basico-600w-vanguads-hidroponicsbombilla-vanguads-hidroponics-creflo-reflector-pearl-pro-copiar/ HTTP/1.1" 404 109164 "-" "Mozilla/5.0 (Windows NT 10.0; WOW64) AppleWebKit/537.36 (KHTML, like Gecko) Chrome/114.0.0.0 YaBrowser/22.7.0 Yowser/2.5 Safari/537.36"
62.117.170.101 - - [25/Feb/2025:20:50:35 +0000] "POST /wp-admin/admin-ajax.php HTTP/1.1" 200 982 "https://plantamadre.es/wp-admin/post.php?post=25043&action=edit" "Mozilla/5.0 (Windows NT 10.0; Win64; x64) AppleWebKit/537.36 (KHTML, like Gecko) Chrome/133.0.0.0 Safari/537.36"
146.190.157.162 - - [25/Feb/2025:20:50:37 +0000] "POST /wp-cron.php?doing_wp_cron=1740516637.3193209171295166015625 HTTP/1.1" 200 2850 "-" "WordPress/6.3.5; https://plantamadre.es"
77.83.1.28 - - [25/Feb/2025:20:50:41 +0000] "GET / HTTP/1.1" 200 27148 "-" "Mozilla/5.0 (Windows NT 10.0; WOW64) AppleWebKit/537.36 (KHTML, like Gecko) Chrome/114.0.0.0 YaBrowser/22.7.0 Yowser/2.5 Safari/537.36"
77.83.1.28 - - [25/Feb/2025:20:50:56 +0000] "GET /wp-login.php?action=register HTTP/1.1" 302 3121 "https://plantamadre.es" "Mozilla/5.0 (Windows NT 6.3; Win64; x64) AppleWebKit/537.36 (KHTML, like Gecko) Chrome/103.0.0.0 Safari/537.36"
77.83.1.28 - - [25/Feb/2025:20:51:06 +0000] "GET /wp-login.php?registration=disabled HTTP/1.1" 200 5951 "https://plantamadre.es/wp-login.php?action=register" "Mozilla/5.0 (Windows NT 6.3; Win64; x64) AppleWebKit/537.36 (KHTML, like Gecko) Chrome/103.0.0.0 Safari/537.36"
66.249.68.5 - - [25/Feb/2025:20:51:08 +0000] "GET /robots.txt HTTP/1.1" 200 3036 "-" "Mozilla/5.0 (compatible; Googlebot/2.1; +http://www.google.com/bot.html)"
66.249.68.5 - - [25/Feb/2025:20:51:08 +0000] "GET /wp-content/uploads/2013/12/piranha.png HTTP/1.1" 404 109065 "-" "Googlebot-Image/1.0"
146.190.157.162 - - [25/Feb/2025:20:52:35 +0000] "POST /wp-cron.php?doing_wp_cron=1740516755.9315960407257080078125 HTTP/1.1" 200 2850 "-" "WordPress/6.3.5; https://plantamadre.es"
142.93.219.175 - - [25/Feb/2025:20:52:34 +0000] "GET /tienda/eva-seeds/eva-seeds-white-dragon-3-semillas-fem/ HTTP/1.1" 404 108922 "-" "-"
62.117.170.101 - - [25/Feb/2025:20:52:36 +0000] "POST /wp-admin/admin-ajax.php HTTP/1.1" 200 982 "https://plantamadre.es/wp-admin/post.php?post=25043&action=edit" "Mozilla/5.0 (Windows NT 10.0; Win64; x64) AppleWebKit/537.36 (KHTML, like Gecko) Chrome/133.0.0.0 Safari/537.36"
142.93.219.175 - - [25/Feb/2025:20:52:40 +0000] "GET /tienda/bio-tabs/biotabs-mycotrex-100-g/ HTTP/1.1" 404 106716 "-" "-"
34.46.107.224 - - [25/Feb/2025:20:52:52 +0000] "POST /wp-login.php HTTP/1.1" 301 443 "http://plantamadre.es" "Mozilla/5.0 (Windows NT 10.0; Win64; x64) AppleWebKit/537.36 (KHTML, like Gecko) Chrome/116.0.5845.96 Safari/537.36 Edg/116.0.1938.62"
34.46.107.224 - - [25/Feb/2025:20:52:52 +0000] "GET /wp-login.php HTTP/1.1" 200 7283 "http://plantamadre.es" "Mozilla/5.0 (Windows NT 10.0; Win64; x64) AppleWebKit/537.36 (KHTML, like Gecko) Chrome/116.0.5845.96 Safari/537.36 Edg/116.0.1938.62"
142.93.219.175 - - [25/Feb/2025:20:52:53 +0000] "POST /wp-comments-post.php HTTP/1.1" 200 448 "-" "-"
146.190.157.162 - - [25/Feb/2025:20:52:57 +0000] "POST /wp-cron.php?doing_wp_cron=1740516777.1998929977416992187500 HTTP/1.1" 200 2851 "-" "WordPress/6.3.5; https://plantamadre.es"
142.93.219.175 - - [25/Feb/2025:20:52:59 +0000] "POST /wp-comments-post.php HTTP/1.1" 200 448 "-" "-"
114.119.151.80 - - [25/Feb/2025:20:53:26 +0000] "GET /shop/semillas-autoflorecientes/?product-page=3 HTTP/1.1" 200 24793 "https://plantamadre.es/shop/semillas-autoflorecientes/?product-page=5" "Mozilla/5.0 (Linux; Android 7.0;) AppleWebKit/537.36 (KHTML, like Gecko) Mobile Safari/537.36 (compatible; PetalBot;+https://webmaster.petalsearch.com/site/petalbot)"
146.190.157.162 - - [25/Feb/2025:20:53:48 +0000] "POST /wp-cron.php?doing_wp_cron=1740516828.8857190608978271484375 HTTP/1.1" 200 2851 "-" "WordPress/6.3.5; https://plantamadre.es"
20.171.207.207 - - [25/Feb/2025:20:53:47 +0000] "GET /tienda/co2/generador-de-co2-4-quemadores/ HTTP/1.1" 404 109044 "-" "Mozilla/5.0 AppleWebKit/537.36 (KHTML, like Gecko; compatible; GPTBot/1.2; +https://openai.com/gptbot)"
62.117.170.101 - - [25/Feb/2025:20:54:37 +0000] "POST /wp-admin/admin-ajax.php HTTP/1.1" 200 982 "https://plantamadre.es/wp-admin/post.php?post=25043&action=edit" "Mozilla/5.0 (Windows NT 10.0; Win64; x64) AppleWebKit/537.36 (KHTML, like Gecko) Chrome/133.0.0.0 Safari/537.36"
146.190.157.162 - - [25/Feb/2025:20:54:39 +0000] "POST /wp-cron.php?doing_wp_cron=1740516879.1755878925323486328125 HTTP/1.1" 200 2851 "-" "WordPress/6.3.5; https://plantamadre.es"
142.93.219.175 - - [25/Feb/2025:20:56:22 +0000] "GET /tienda/eva-seeds/eva-seeds-white-dragon-3-semillas-fem/ HTTP/1.1" 404 108923 "-" "-"
146.190.157.162 - - [25/Feb/2025:20:56:26 +0000] "GET /wp-json/jetpack/v4/sync/spawn-sync?time=1740516986&request_lock_id=1740516986.5878 HTTP/1.1" 200 2869 "-" "WordPress/6.3.5; https://plantamadre.es"
192.0.113.47 - - [25/Feb/2025:20:56:30 +0000] "POST /xmlrpc.php?for=jetpack&token=%40cS5OHOP8UYkrCHv%5EI9%2AAzpBP%40rp9S9y%3A1%3A0&timestamp=1740516990&nonce=249mC10Aug&body-hash=9szLne1oclabUI70giIvEpVYcOs%3D&signature=MUJDQSXzJ3MWSzfc%2Bgb0oDHxZtc%3D HTTP/1.1" 200 3540 "https://plantamadre.es/xmlrpc.php?for=jetpack&token=%40cS5OHOP8UYkrCHv%5EI9%2AAzpBP%40rp9S9y%3A1%3A0&timestamp=1740516990&nonce=249mC10Aug&body-hash=9szLne1oclabUI70giIvEpVYcOs%3D&signature=MUJDQSXzJ3MWSzfc%2Bgb0oDHxZtc%3D" "Jetpack by WordPress.com"
146.190.157.162 - - [25/Feb/2025:20:56:24 +0000] "POST /wp-cron.php?doing_wp_cron=1740516984.1630110740661621093750 HTTP/1.1" 200 2850 "-" "WordPress/6.3.5; https://plantamadre.es"
146.190.157.162 - - [25/Feb/2025:20:56:32 +0000] "GET /wp-json/jetpack/v4/sync/spawn-sync?time=1740516992&request_lock_id=1740516992.5503 HTTP/1.1" 200 2869 "-" "WordPress/6.3.5; https://plantamadre.es"
142.93.219.175 - - [25/Feb/2025:20:56:32 +0000] "GET /tienda/bio-tabs/biotabs-mycotrex-100-g/ HTTP/1.1" 404 108908 "-" "-"
62.117.170.101 - - [25/Feb/2025:20:56:38 +0000] "POST /wp-admin/admin-ajax.php HTTP/1.1" 200 982 "https://plantamadre.es/wp-admin/post.php?post=25043&action=edit" "Mozilla/5.0 (Windows NT 10.0; Win64; x64) AppleWebKit/537.36 (KHTML, like Gecko) Chrome/133.0.0.0 Safari/537.36"
146.190.157.162 - - [25/Feb/2025:20:56:40 +0000] "POST /wp-cron.php?doing_wp_cron=1740517000.3089261054992675781250 HTTP/1.1" 200 2850 "-" "WordPress/6.3.5; https://plantamadre.es"
142.93.219.175 - - [25/Feb/2025:20:56:44 +0000] "GET /tienda/dr-underground-semillas/dr-underground-auto-melon-gum-2-semillas-fem/ HTTP/1.1" 404 108944 "-" "-"
142.93.219.175 - - [25/Feb/2025:20:56:48 +0000] "POST /wp-comments-post.php HTTP/1.1" 200 448 "-" "-"
142.93.219.175 - - [25/Feb/2025:20:56:48 +0000] "POST /wp-comments-post.php HTTP/1.1" 200 448 "-" "-"
142.93.219.175 - - [25/Feb/2025:20:56:57 +0000] "POST /wp-comments-post.php HTTP/1.1" 200 448 "-" "-"
108.181.196.60 - - [25/Feb/2025:20:57:23 +0000] "GET /tienda/blim-burn-seeds/blim-burn-mamba-negra-6-semillas-feminizada/ HTTP/1.1" 404 108936 "-" "-"
146.190.157.162 - - [25/Feb/2025:20:57:25 +0000] "POST /wp-cron.php?doing_wp_cron=1740517045.4138839244842529296875 HTTP/1.1" 200 2849 "-" "WordPress/6.3.5; https://plantamadre.es"
108.181.196.60 - - [25/Feb/2025:20:57:23 +0000] "GET /tienda/b-a-c/b-a-c-funky-fungi-200-gr/ HTTP/1.1" 404 108906 "-" "-"
