166.62.89.87 - - [26/Feb/2025:06:19:26 +0000] "POST /xmlrpc.php HTTP/1.1" 200 3336 "-" "Mozilla/5.0 (Windows NT 10.0; Win64; x64; rv:85.0) Gecko/20100101 Firefox/85.0"
146.190.157.162 - - [26/Feb/2025:06:19:27 +0000] "POST /wp-cron.php?doing_wp_cron=1740550767.8817079067230224609375 HTTP/1.1" 200 2850 "-" "WordPress/6.3.5; https://plantamadre.es"
192.142.10.169 - - [26/Feb/2025:06:19:35 +0000] "POST /xmlrpc.php HTTP/1.1" 200 3338 "-" "Mozilla/5.0 (X11; Linux x86_64) AppleWebKit/537.36 (KHTML, like Gecko) Chrome/44.0.2403.157 Safari/537.36"
146.190.157.162 - - [26/Feb/2025:06:19:37 +0000] "POST /wp-cron.php?doing_wp_cron=1740550777.0201890468597412109375 HTTP/1.1" 200 2850 "-" "WordPress/6.3.5; https://plantamadre.es"
162.253.17.204 - - [26/Feb/2025:06:19:45 +0000] "POST /xmlrpc.php HTTP/1.1" 200 3135 "-" "Mozilla/5.0 (Windows NT 10.0; Win64; x64) AppleWebKit/537.36 (KHTML, like Gecko) Chrome/90.0.4430.212 Safari/537.36"
77.232.37.35 - - [26/Feb/2025:06:20:16 +0000] "GET /tienda/cultivo-indoor/germinador-pro/ HTTP/1.0" 403 2778 "-" "Mozilla/5.0 (Windows NT 6.3; Win64; x64) AppleWebKit/537.36 (KHTML, like Gecko) Chrome/75.0.3770.100 Safari/537.36"
146.190.157.162 - - [26/Feb/2025:06:21:11 +0000] "POST /wp-cron.php?doing_wp_cron=1740550871.8143770694732666015625 HTTP/1.1" 200 2850 "-" "WordPress/6.3.5; https://plantamadre.es"
66.249.68.5 - - [26/Feb/2025:06:21:10 +0000] "GET /wp-content/uploads/2013/12/grandma-enggy-h2.png HTTP/1.1" 404 109074 "-" "Googlebot-Image/1.0"
146.190.157.162 - - [26/Feb/2025:06:22:00 +0000] "POST /wp-cron.php?doing_wp_cron=1740550920.3817350864410400390625 HTTP/1.1" 200 2850 "-" "WordPress/6.3.5; https://plantamadre.es"
217.24.64.221 - - [26/Feb/2025:06:21:58 +0000] "GET /tienda/otros/ladrillo-coco-prensado-trichoderma-5-kg-70-l/ HTTP/1.1" 404 109109 "-" "Mozilla/5.0 (Windows NT 10.0) AppleWebKit/537.36 (KHTML, like Gecko) Chrome/114.0.0.0 Safari/537.36"
217.24.64.221 - - [26/Feb/2025:06:22:05 +0000] "GET / HTTP/1.1" 200 27149 "-" "Mozilla/5.0 (Windows NT 10.0) AppleWebKit/537.36 (KHTML, like Gecko) Chrome/114.0.0.0 Safari/537.36"
217.24.64.221 - - [26/Feb/2025:06:22:15 +0000] "GET /wp-login.php?action=register HTTP/1.1" 200 7351 "https://plantamadre.es" "Mozilla/5.0 (Windows NT 6.3; Win64; x64) AppleWebKit/537.36 (KHTML, like Gecko) Chrome/103.0.0.0 Safari/537.36"
217.24.64.221 - - [26/Feb/2025:06:22:23 +0000] "GET /wp-login.php?action=register HTTP/1.1" 200 7351 "https://plantamadre.es/wp-login.php?action=register" "Mozilla/5.0 (Windows NT 6.3; Win64; x64) AppleWebKit/537.36 (KHTML, like Gecko) Chrome/103.0.0.0 Safari/537.36"
217.24.64.221 - - [26/Feb/2025:06:22:37 +0000] "POST /wp-login.php?jetpack-protect-recovery=true HTTP/1.1" 200 7316 "https://plantamadre.es/wp-login.php?action=register" "Mozilla/5.0 (Windows NT 6.3; Win64; x64) AppleWebKit/537.36 (KHTML, like Gecko) Chrome/103.0.0.0 Safari/537.36"
146.190.157.162 - - [26/Feb/2025:06:25:48 +0000] "POST /wp-cron.php?doing_wp_cron=1740551148.5242850780487060546875 HTTP/1.1" 200 2850 "-" "WordPress/6.3.5; https://plantamadre.es"
66.249.68.7 - - [26/Feb/2025:06:25:47 +0000] "GET /wp-content/uploads/2013/10/raw-300.png HTTP/1.1" 404 109064 "-" "Googlebot-Image/1.0"
146.190.157.162 - - [26/Feb/2025:06:29:47 +0000] "POST /wp-cron.php?doing_wp_cron=1740551387.9557480812072753906250 HTTP/1.1" 200 2851 "-" "WordPress/6.3.5; https://plantamadre.es"
20.171.207.32 - - [26/Feb/2025:06:29:45 +0000] "GET /tienda/bongs-y-pipas/bong-cristal-varios-dibujos-14-cm/ HTTP/1.1" 404 109057 "-" "Mozilla/5.0 AppleWebKit/537.36 (KHTML, like Gecko; compatible; GPTBot/1.2; +https://openai.com/gptbot)"
66.249.68.6 - - [26/Feb/2025:06:30:24 +0000] "GET /wp-content/uploads/2013/10/MYCOPLANT.png HTTP/1.1" 404 109067 "-" "Googlebot-Image/1.0"
188.19.163.146 - - [26/Feb/2025:06:30:52 +0000] "GET /tienda/semillas/l-s-d-feminizada-10-semillas/ HTTP/1.0" 403 2777 "https://plantamadre.es/tienda/semillas/l-s-d-feminizada-10-semillas/#comment-442977" "Mozilla/5.0 (Windows NT 10.0; Win64; x64) AppleWebKit/537.36 (KHTML, like Gecko) Chrome/131.0.0.0 Safari/537.36"
146.190.157.162 - - [26/Feb/2025:06:30:54 +0000] "POST /wp-cron.php?doing_wp_cron=1740551454.5549991130828857421875 HTTP/1.1" 200 2850 "-" "WordPress/6.3.5; https://plantamadre.es"
85.208.98.17 - - [26/Feb/2025:06:30:53 +0000] "GET / HTTP/1.1" 200 27071 "-" "SEMrushBot"
188.19.163.146 - - [26/Feb/2025:06:30:56 +0000] "GET / HTTP/1.0" 403 2824 "https://plantamadre.es/tienda/semillas/l-s-d-feminizada-10-semillas/#comment-442977" "Mozilla/5.0 (Windows NT 10.0; Win64; x64) AppleWebKit/537.36 (KHTML, like Gecko) Chrome/131.0.0.0 Safari/537.36"
188.19.163.146 - - [26/Feb/2025:06:31:00 +0000] "GET / HTTP/1.0" 403 2825 "https://plantamadre.es/" "Mozilla/5.0 (Windows NT 10.0; Win64; x64) AppleWebKit/537.36 (KHTML, like Gecko) Chrome/131.0.0.0 Safari/537.36"
188.19.163.146 - - [26/Feb/2025:06:31:03 +0000] "GET / HTTP/1.0" 403 2825 "https://plantamadre.es/" "Mozilla/5.0 (Windows NT 10.0; Win64; x64) AppleWebKit/537.36 (KHTML, like Gecko) Chrome/131.0.0.0 Safari/537.36"
146.190.157.162 - - [26/Feb/2025:06:31:44 +0000] "POST /wp-cron.php?doing_wp_cron=1740551504.2649381160736083984375 HTTP/1.1" 301 556 "-" "WordPress/6.3.5; http://plantamadre.es"
40.77.167.12 - - [26/Feb/2025:06:31:42 +0000] "GET /sitemap_index.xml HTTP/1.1" 200 527 "-" "Mozilla/5.0 AppleWebKit/537.36 (KHTML, like Gecko; compatible; bingbot/2.0; +http://www.bing.com/bingbot.htm) Chrome/116.0.1938.76 Safari/537.36"
20.171.207.32 - - [26/Feb/2025:06:31:42 +0000] "GET /tienda/bongs-y-pipas/bong-cristal-varios-dibujos-14-cm/ HTTP/1.1" 404 109057 "-" "Mozilla/5.0 AppleWebKit/537.36 (KHTML, like Gecko; compatible; GPTBot/1.2; +https://openai.com/gptbot)"
40.77.167.12 - - [26/Feb/2025:06:31:44 +0000] "GET /sitemap.xml HTTP/1.1" 301 310 "-" "Mozilla/5.0 AppleWebKit/537.36 (KHTML, like Gecko; compatible; bingbot/2.0; +http://www.bing.com/bingbot.htm) Chrome/116.0.1938.76 Safari/537.36"
52.167.144.223 - - [26/Feb/2025:06:31:52 +0000] "GET /sitemap.xml HTTP/1.1" 301 441 "-" "Mozilla/5.0 AppleWebKit/537.36 (KHTML, like Gecko; compatible; bingbot/2.0; +http://www.bing.com/bingbot.htm) Chrome/116.0.1938.76 Safari/537.36"
52.167.144.223 - - [26/Feb/2025:06:31:53 +0000] "GET /sitemap.xml HTTP/1.1" 301 3014 "-" "Mozilla/5.0 AppleWebKit/537.36 (KHTML, like Gecko; compatible; bingbot/2.0; +http://www.bing.com/bingbot.htm) Chrome/116.0.1938.76 Safari/537.36"
52.167.144.223 - - [26/Feb/2025:06:31:55 +0000] "GET /sitemap_index.xml HTTP/1.1" 200 549 "-" "Mozilla/5.0 AppleWebKit/537.36 (KHTML, like Gecko; compatible; bingbot/2.0; +http://www.bing.com/bingbot.htm) Chrome/116.0.1938.76 Safari/537.36"
195.2.71.167 - - [26/Feb/2025:06:32:59 +0000] "GET /tienda/otros/bandeja-lana-de-roca-150-alveolos/ HTTP/1.0" 403 2778 "https://plantamadre.es/tienda/otros/bandeja-lana-de-roca-150-alveolos/" "Mozilla/5.0 (Windows NT 10.0; Win64; x64) AppleWebKit/537.36 (KHTML, like Gecko) Chrome/103.0.5060.66 Safari/537.36"
146.190.157.162 - - [26/Feb/2025:06:33:00 +0000] "POST /wp-cron.php?doing_wp_cron=1740551580.8914690017700195312500 HTTP/1.1" 200 2850 "-" "WordPress/6.3.5; https://plantamadre.es"
195.2.71.167 - - [26/Feb/2025:06:33:02 +0000] "GET / HTTP/1.0" 403 2823 "https://plantamadre.es/tienda/otros/bandeja-lana-de-roca-150-alveolos/" "Mozilla/5.0 (Windows NT 10.0; Win64; x64) AppleWebKit/537.36 (KHTML, like Gecko) Chrome/103.0.5060.66 Safari/537.36"
195.2.71.167 - - [26/Feb/2025:06:33:04 +0000] "GET / HTTP/1.0" 403 2824 "https://plantamadre.es/" "Mozilla/5.0 (Windows NT 10.0; Win64; x64) AppleWebKit/537.36 (KHTML, like Gecko) Chrome/103.0.5060.66 Safari/537.36"
195.2.71.167 - - [26/Feb/2025:06:33:07 +0000] "GET / HTTP/1.0" 403 2824 "https://plantamadre.es/" "Mozilla/5.0 (Windows NT 10.0; Win64; x64) AppleWebKit/537.36 (KHTML, like Gecko) Chrome/103.0.5060.66 Safari/537.36"
51.222.253.6 - - [26/Feb/2025:06:33:10 +0000] "GET /tienda/varios/lighthanger-hortiline-5kg/?add-to-cart=7409 HTTP/1.1" 404 109058 "-" "Mozilla/5.0 (compatible; AhrefsBot/7.0; +http://ahrefs.com/robot/)"
146.190.157.162 - - [26/Feb/2025:06:34:01 +0000] "POST /wp-cron.php?doing_wp_cron=1740551641.0454199314117431640625 HTTP/1.1" 200 2851 "-" "WordPress/6.3.5; https://plantamadre.es"
20.171.207.32 - - [26/Feb/2025:06:33:59 +0000] "GET /tienda/bongs-y-pipas/bong-cristal-varios-dibujos-14-cm/ HTTP/1.1" 404 109057 "-" "Mozilla/5.0 AppleWebKit/537.36 (KHTML, like Gecko; compatible; GPTBot/1.2; +https://openai.com/gptbot)"
85.208.98.17 - - [26/Feb/2025:06:34:26 +0000] "GET / HTTP/1.1" 301 419 "-" "SEMrushBot"
146.190.157.162 - - [26/Feb/2025:06:34:28 +0000] "POST /wp-cron.php?doing_wp_cron=1740551668.1033461093902587890625 HTTP/1.1" 200 2850 "-" "WordPress/6.3.5; https://plantamadre.es"
85.208.98.17 - - [26/Feb/2025:06:34:26 +0000] "GET / HTTP/1.1" 200 27071 "http://plantamadre.es/" "SEMrushBot"
146.190.157.162 - - [26/Feb/2025:06:34:33 +0000] "POST /wp-cron.php?doing_wp_cron=1740551673.7208991050720214843750 HTTP/1.1" 200 2850 "-" "WordPress/6.3.5; https://plantamadre.es"
20.171.207.32 - - [26/Feb/2025:06:34:32 +0000] "GET /tienda/bongs-y-pipas/bong-cristal-varios-dibujos-14-cm/ HTTP/1.1" 404 109056 "-" "Mozilla/5.0 AppleWebKit/537.36 (KHTML, like Gecko; compatible; GPTBot/1.2; +https://openai.com/gptbot)"
20.171.207.32 - - [26/Feb/2025:06:34:51 +0000] "GET /tienda/bongs-y-pipas/bong-cristal-varios-dibujos-14-cm/ HTTP/1.1" 404 109056 "-" "Mozilla/5.0 AppleWebKit/537.36 (KHTML, like Gecko; compatible; GPTBot/1.2; +https://openai.com/gptbot)"
66.249.68.7 - - [26/Feb/2025:06:35:01 +0000] "GET /wp-content/uploads/2013/09/white-siberian1.png HTTP/1.1" 404 109074 "-" "Googlebot-Image/1.0"
20.171.207.32 - - [26/Feb/2025:06:35:17 +0000] "GET /tienda/bongs-y-pipas/bong-cristal-varios-dibujos-14-cm/ HTTP/1.1" 404 109058 "-" "Mozilla/5.0 AppleWebKit/537.36 (KHTML, like Gecko; compatible; GPTBot/1.2; +https://openai.com/gptbot)"
51.222.253.14 - - [26/Feb/2025:06:36:33 +0000] "GET /sitemap_index.xml HTTP/1.1" 200 3133 "-" "Mozilla/5.0 (compatible; AhrefsBot/7.0; +http://ahrefs.com/robot/)"
146.190.157.162 - - [26/Feb/2025:06:36:34 +0000] "POST /wp-cron.php?doing_wp_cron=1740551794.9152228832244873046875 HTTP/1.1" 200 2849 "-" "WordPress/6.3.5; https://plantamadre.es"
108.181.196.60 - - [26/Feb/2025:06:36:34 +0000] "GET /tienda/eva-seeds/eva-seeds-white-dragon-3-semillas-fem/ HTTP/1.1" 404 108922 "-" "-"
51.222.253.12 - - [26/Feb/2025:06:36:37 +0000] "GET /page-sitemap.xml HTTP/1.1" 301 451 "-" "Mozilla/5.0 (compatible; AhrefsBot/7.0; +http://ahrefs.com/robot/)"
51.222.253.12 - - [26/Feb/2025:06:36:37 +0000] "GET /page-sitemap.xml HTTP/1.1" 200 4480 "-" "Mozilla/5.0 (compatible; AhrefsBot/7.0; +http://ahrefs.com/robot/)"
108.181.196.60 - - [26/Feb/2025:06:36:37 +0000] "POST /wp-comments-post.php HTTP/1.1" 200 448 "-" "-"
51.222.253.14 - - [26/Feb/2025:06:36:40 +0000] "GET /product-sitemap.xml HTTP/1.1" 301 457 "-" "Mozilla/5.0 (compatible; AhrefsBot/7.0; +http://ahrefs.com/robot/)"
108.181.196.60 - - [26/Feb/2025:06:36:38 +0000] "GET /tienda/bio-tabs/biotabs-mycotrex-100-g/ HTTP/1.1" 404 106519 "-" "-"
108.181.196.60 - - [26/Feb/2025:06:36:39 +0000] "GET /tienda/ripper-seeds/ripper-seeds-black-valley-5%E2%99%80/ HTTP/1.1" 404 108870 "-" "-"
51.222.253.14 - - [26/Feb/2025:06:36:40 +0000] "GET /product-sitemap.xml HTTP/1.1" 200 15570 "-" "Mozilla/5.0 (compatible; AhrefsBot/7.0; +http://ahrefs.com/robot/)"
108.181.196.60 - - [26/Feb/2025:06:36:41 +0000] "POST /wp-comments-post.php HTTP/1.1" 200 448 "-" "-"
51.222.253.11 - - [26/Feb/2025:06:36:43 +0000] "GET /product_cat-sitemap.xml HTTP/1.1" 301 465 "-" "Mozilla/5.0 (compatible; AhrefsBot/7.0; +http://ahrefs.com/robot/)"
108.181.196.60 - - [26/Feb/2025:06:36:42 +0000] "POST /wp-comments-post.php HTTP/1.1" 200 448 "-" "-"
51.222.253.11 - - [26/Feb/2025:06:36:43 +0000] "GET /product_cat-sitemap.xml HTTP/1.1" 200 4936 "-" "Mozilla/5.0 (compatible; AhrefsBot/7.0; +http://ahrefs.com/robot/)"
20.171.207.32 - - [26/Feb/2025:06:36:56 +0000] "GET /tienda/bongs-y-pipas/bong-cristal-varios-dibujos-14-cm/ HTTP/1.1" 404 109056 "-" "Mozilla/5.0 AppleWebKit/537.36 (KHTML, like Gecko; compatible; GPTBot/1.2; +https://openai.com/gptbot)"
20.171.207.32 - - [26/Feb/2025:06:37:11 +0000] "GET /tienda/bongs-y-pipas/bong-cristal-varios-dibujos-14-cm/ HTTP/1.1" 404 109057 "-" "Mozilla/5.0 AppleWebKit/537.36 (KHTML, like Gecko; compatible; GPTBot/1.2; +https://openai.com/gptbot)"
146.190.157.162 - - [26/Feb/2025:06:37:32 +0000] "POST /wp-cron.php?doing_wp_cron=1740551852.3452630043029785156250 HTTP/1.1" 200 2851 "-" "WordPress/6.3.5; https://plantamadre.es"
195.178.110.125 - - [26/Feb/2025:06:37:30 +0000] "GET /cache/.env HTTP/1.1" 404 109067 "-" "Mozilla/5.0"
85.208.96.198 - - [26/Feb/2025:06:37:32 +0000] "GET /product/eluxe-led-720w-con-balastro-ppe-2-7/ HTTP/1.1" 200 30778 "-" "Mozilla/5.0 (compatible; SemrushBot/7~bl; +http://www.semrush.com/bot.html)"
20.171.207.32 - - [26/Feb/2025:06:37:38 +0000] "GET /tienda/bongs-y-pipas/bong-cristal-varios-dibujos-14-cm/ HTTP/1.1" 404 109057 "-" "Mozilla/5.0 AppleWebKit/537.36 (KHTML, like Gecko; compatible; GPTBot/1.2; +https://openai.com/gptbot)"
146.190.157.162 - - [26/Feb/2025:06:38:16 +0000] "POST /wp-cron.php?doing_wp_cron=1740551896.6052229404449462890625 HTTP/1.1" 200 2850 "-" "WordPress/6.3.5; https://plantamadre.es"
20.171.207.32 - - [26/Feb/2025:06:38:14 +0000] "GET /tienda/bongs-y-pipas/bong-cristal-varios-dibujos-14-cm/ HTTP/1.1" 404 109057 "-" "Mozilla/5.0 AppleWebKit/537.36 (KHTML, like Gecko; compatible; GPTBot/1.2; +https://openai.com/gptbot)"
20.171.207.32 - - [26/Feb/2025:06:38:28 +0000] "GET /tienda/bongs-y-pipas/bong-cristal-varios-dibujos-14-cm/ HTTP/1.1" 404 109058 "-" "Mozilla/5.0 AppleWebKit/537.36 (KHTML, like Gecko; compatible; GPTBot/1.2; +https://openai.com/gptbot)"
146.190.157.162 - - [26/Feb/2025:06:38:52 +0000] "POST /wp-cron.php?doing_wp_cron=1740551932.5022449493408203125000 HTTP/1.1" 200 2850 "-" "WordPress/6.3.5; https://plantamadre.es"
82.213.251.63 - - [26/Feb/2025:06:38:51 +0000] "GET / HTTP/1.1" 200 27148 "-" "Mozilla/5.0 (Windows NT 10.0; Win64; x64) AppleWebKit/537.36 (KHTML, like Gecko) Chrome/114.0.0.0 YaBrowser/22.7.0 Yowser/2.5 Safari/537.36"
146.190.157.162 - - [26/Feb/2025:06:39:27 +0000] "POST /wp-cron.php?doing_wp_cron=1740551967.4780769348144531250000 HTTP/1.1" 200 2849 "-" "WordPress/6.3.5; https://plantamadre.es"
20.171.207.32 - - [26/Feb/2025:06:39:25 +0000] "GET /tienda/bongs-y-pipas/bong-cristal-varios-dibujos-14-cm/ HTTP/1.1" 404 109057 "-" "Mozilla/5.0 AppleWebKit/537.36 (KHTML, like Gecko; compatible; GPTBot/1.2; +https://openai.com/gptbot)"
146.190.157.162 - - [26/Feb/2025:06:39:39 +0000] "POST /wp-cron.php?doing_wp_cron=1740551979.5506029129028320312500 HTTP/1.1" 200 2850 "-" "WordPress/6.3.5; https://plantamadre.es"
66.249.68.6 - - [26/Feb/2025:06:39:37 +0000] "GET /wp-content/uploads/2013/12/cachimba-maria.png HTTP/1.1" 404 109072 "-" "Googlebot-Image/1.0"
20.171.207.32 - - [26/Feb/2025:06:39:39 +0000] "GET /tienda/bongs-y-pipas/bong-cristal-varios-dibujos-14-cm/ HTTP/1.1" 404 109058 "-" "Mozilla/5.0 AppleWebKit/537.36 (KHTML, like Gecko; compatible; GPTBot/1.2; +https://openai.com/gptbot)"
142.93.219.175 - - [26/Feb/2025:06:40:16 +0000] "GET /tienda/b-a-c/b-a-c-funky-fungi-200-gr/ HTTP/1.1" 404 108906 "-" "-"
142.93.219.175 - - [26/Feb/2025:06:40:16 +0000] "GET /tienda/blim-burn-seeds/blim-burn-mamba-negra-6-semillas-feminizada/ HTTP/1.1" 404 108934 "-" "-"
142.93.219.175 - - [26/Feb/2025:06:40:20 +0000] "POST /wp-comments-post.php HTTP/1.1" 200 448 "-" "-"
142.93.219.175 - - [26/Feb/2025:06:40:21 +0000] "POST /wp-comments-post.php HTTP/1.1" 200 448 "-" "-"
142.93.219.175 - - [26/Feb/2025:06:40:20 +0000] "GET /tienda/blim-burn-seeds/blim-burn-tijuana-3-semillas-feminizadas/ HTTP/1.1" 404 106479 "-" "-"
142.93.219.175 - - [26/Feb/2025:06:40:20 +0000] "GET /tienda/genetik-seeds/genehtik-kritikal-bilbo-1-semilla-fem/ HTTP/1.1" 404 106474 "-" "-"
142.93.219.175 - - [26/Feb/2025:06:40:26 +0000] "POST /wp-comments-post.php HTTP/1.1" 200 2639 "-" "-"
142.93.219.175 - - [26/Feb/2025:06:40:23 +0000] "GET /tienda/dutch-passion/blueberry-feminizada-10-semillas/ HTTP/1.1" 404 106534 "-" "-"
142.93.219.175 - - [26/Feb/2025:06:40:26 +0000] "POST /wp-comments-post.php HTTP/1.1" 200 2640 "-" "-"
142.93.219.175 - - [26/Feb/2025:06:40:23 +0000] "GET /tienda/insecticidas/atami-bio-defense-1-2-2x50-ml/ HTTP/1.1" 404 106530 "-" "-"
142.93.219.175 - - [26/Feb/2025:06:40:29 +0000] "POST /wp-comments-post.php HTTP/1.1" 200 2638 "-" "-"
142.93.219.175 - - [26/Feb/2025:06:40:29 +0000] "POST /wp-comments-post.php HTTP/1.1" 200 2639 "-" "-"
142.93.219.175 - - [26/Feb/2025:06:40:25 +0000] "GET /tienda/inciensos/incienso-aarti-sandalo-20-varillas/ HTTP/1.1" 404 106532 "-" "-"
142.93.219.175 - - [26/Feb/2025:06:40:25 +0000] "GET /tienda/dinafem/blue-widow-feminizada-1-semilla/ HTTP/1.1" 404 106527 "-" "-"
146.190.157.162 - - [26/Feb/2025:06:40:31 +0000] "POST /wp-cron.php?doing_wp_cron=1740552031.2605190277099609375000 HTTP/1.1" 200 2851 "-" "WordPress/6.3.5; https://plantamadre.es"
142.93.219.175 - - [26/Feb/2025:06:40:33 +0000] "POST /wp-comments-post.php HTTP/1.1" 200 2638 "-" "-"
142.93.219.175 - - [26/Feb/2025:06:40:29 +0000] "GET /tienda/pyramid-seeds-semillas/pyramid-seeds-alpuarrena-5-semillas-fem/ HTTP/1.1" 404 106550 "-" "-"
142.93.219.175 - - [26/Feb/2025:06:40:32 +0000] "GET /tienda/reflectores/reflector-adjust-a-wing-medium-profesional/ HTTP/1.1" 404 106607 "-" "-"
142.93.219.175 - - [26/Feb/2025:06:40:34 +0000] "POST /wp-comments-post.php HTTP/1.1" 200 448 "-" "-"
20.171.207.32 - - [26/Feb/2025:06:40:33 +0000] "GET /tienda/bongs-y-pipas/bong-cristal-varios-dibujos-14-cm/ HTTP/1.1" 404 109056 "-" "Mozilla/5.0 AppleWebKit/537.36 (KHTML, like Gecko; compatible; GPTBot/1.2; +https://openai.com/gptbot)"
142.93.219.175 - - [26/Feb/2025:06:40:28 +0000] "GET /tienda/medical-seeds/medical-seeds-bluehell-5-semillas/ HTTP/1.1" 404 106535 "-" "-"
142.93.219.175 - - [26/Feb/2025:06:40:37 +0000] "POST /wp-comments-post.php HTTP/1.1" 200 2639 "-" "-"
142.93.219.175 - - [26/Feb/2025:06:40:37 +0000] "POST /wp-comments-post.php HTTP/1.1" 200 448 "-" "-"
142.93.219.175 - - [26/Feb/2025:06:40:37 +0000] "POST /wp-comments-post.php HTTP/1.1" 200 2639 "-" "-"
142.93.219.175 - - [26/Feb/2025:06:40:33 +0000] "GET /tienda/kaya-spain-quality/kaya-spain-quality-seeds-big-brother-3-semillas-fem/ HTTP/1.1" 404 106558 "-" "-"
142.93.219.175 - - [26/Feb/2025:06:40:37 +0000] "GET /tienda/semillas-3/sweet-seeds-dark-devil-25-semillas-auto-fem/ HTTP/1.1" 404 106607 "-" "-"
142.93.219.175 - - [26/Feb/2025:06:40:40 +0000] "POST /wp-comments-post.php HTTP/1.1" 200 2639 "-" "-"
142.93.219.175 - - [26/Feb/2025:06:40:41 +0000] "POST /wp-comments-post.php HTTP/1.1" 200 448 "-" "-"
40.77.167.42 - - [26/Feb/2025:06:40:52 +0000] "GET /product/sweet-pure-cbd/ HTTP/1.1" 200 29267 "-" "Mozilla/5.0 AppleWebKit/537.36 (KHTML, like Gecko; compatible; bingbot/2.0; +http://www.bing.com/bingbot.htm) Chrome/116.0.1938.76 Safari/537.36"
154.30.107.92 - - [26/Feb/2025:06:41:04 +0000] "GET /product/aire-acondicionado-electrogrow/ HTTP/1.1" 200 32808 "-" "Mozilla/5.0 (X11; Linux x86_64) AppleWebKit/537.36 (KHTML, like Gecko) Chrome/114.0.0.0 Safari/537.36 OPR/89.0.4447.51"
146.190.157.162 - - [26/Feb/2025:06:41:41 +0000] "POST /wp-cron.php?doing_wp_cron=1740552101.5840370655059814453125 HTTP/1.1" 200 2849 "-" "WordPress/6.3.5; https://plantamadre.es"
20.171.207.32 - - [26/Feb/2025:06:41:39 +0000] "GET /tienda/bongs-y-pipas/bong-cristal-varios-dibujos-14-cm/ HTTP/1.1" 404 109058 "-" "Mozilla/5.0 AppleWebKit/537.36 (KHTML, like Gecko; compatible; GPTBot/1.2; +https://openai.com/gptbot)"
85.214.47.113 - - [26/Feb/2025:06:42:43 +0000] "GET /wp-login.php HTTP/1.1" 301 443 "-" "GRequests/0.10"
85.214.47.113 - - [26/Feb/2025:06:42:43 +0000] "GET /wp-login.php HTTP/1.1" 200 7271 "http://plantamadre.es/wp-login.php" "GRequests/0.10"
85.214.47.113 - - [26/Feb/2025:06:42:45 +0000] "POST /wp-login.php HTTP/1.1" 301 443 "-" "GRequests/0.10"
85.214.47.113 - - [26/Feb/2025:06:42:46 +0000] "GET /wp-login.php HTTP/1.1" 200 7270 "http://plantamadre.es/wp-login.php" "GRequests/0.10"
85.214.47.113 - - [26/Feb/2025:06:42:47 +0000] "GET /wp-admin/ HTTP/1.1" 301 437 "-" "GRequests/0.10"
174.138.60.51 - - [26/Feb/2025:06:42:47 +0000] "GET / HTTP/1.1" 301 252 "-" "Mozilla/5.0 (compatible)"
85.214.47.113 - - [26/Feb/2025:06:42:47 +0000] "GET /wp-admin/ HTTP/1.1" 302 386 "http://plantamadre.es/wp-admin/" "GRequests/0.10"
146.190.157.162 - - [26/Feb/2025:06:42:49 +0000] "POST /wp-cron.php?doing_wp_cron=1740552169.2791020870208740234375 HTTP/1.1" 200 2849 "-" "WordPress/6.3.5; https://plantamadre.es"
85.214.47.113 - - [26/Feb/2025:06:42:50 +0000] "GET /wp-login.php?redirect_to=https%3A%2F%2Fplantamadre.es%2Fwp-admin%2F&reauth=1 HTTP/1.1" 200 4752 "https://plantamadre.es/wp-admin/" "GRequests/0.10"
174.138.60.51 - - [26/Feb/2025:06:42:50 +0000] "GET /ads.txt HTTP/1.1" 301 306 "-" "Mozilla/5.0 (compatible)"
174.138.60.51 - - [26/Feb/2025:06:42:53 +0000] "GET / HTTP/1.1" 301 2847 "-" "Mozilla/5.0 (compatible)"
146.190.157.162 - - [26/Feb/2025:06:42:54 +0000] "POST /wp-cron.php?doing_wp_cron=1740552174.8995819091796875000000 HTTP/1.1" 200 2851 "-" "WordPress/6.3.5; https://plantamadre.es"
216.244.66.239 - - [26/Feb/2025:06:43:37 +0000] "GET /robots.txt HTTP/1.1" 301 439 "-" "Mozilla/5.0 (compatible; DotBot/1.2; +https://opensiteexplorer.org/dotbot; help@moz.com)"
216.244.66.239 - - [26/Feb/2025:06:43:37 +0000] "GET /robots.txt HTTP/1.1" 200 2885 "-" "Mozilla/5.0 (compatible; DotBot/1.2; +https://opensiteexplorer.org/dotbot; help@moz.com)"
146.190.157.162 - - [26/Feb/2025:06:43:39 +0000] "POST /wp-cron.php?doing_wp_cron=1740552219.5157020092010498046875 HTTP/1.1" 200 2849 "-" "WordPress/6.3.5; https://plantamadre.es"
135.181.79.106 - - [26/Feb/2025:06:43:51 +0000] "GET /robots.txt HTTP/1.1" 200 2807 "-" "Mozilla/5.0 (compatible; MJ12bot/v1.4.8; http://mj12bot.com/)"
135.181.79.106 - - [26/Feb/2025:06:43:56 +0000] "GET /tienda/ripper-seeds/ripper-seeds-criminal-3%E2%99%80/?add-to-cart=2116 HTTP/1.1" 404 108902 "-" "Mozilla/5.0 (compatible; MJ12bot/v1.4.8; http://mj12bot.com/)"
20.171.207.32 - - [26/Feb/2025:06:43:59 +0000] "GET /tienda/bongs-y-pipas/bong-cristal-varios-dibujos-14-cm/ HTTP/1.1" 404 109058 "-" "Mozilla/5.0 AppleWebKit/537.36 (KHTML, like Gecko; compatible; GPTBot/1.2; +https://openai.com/gptbot)"
135.181.79.106 - - [26/Feb/2025:06:44:01 +0000] "GET /tienda/ripper-seeds/ripper-seeds-criminal-3%E2%99%80/?add-to-cart=2120 HTTP/1.1" 404 108900 "-" "Mozilla/5.0 (compatible; MJ12bot/v1.4.8; http://mj12bot.com/)"
135.181.79.106 - - [26/Feb/2025:06:44:06 +0000] "GET /tienda/ripper-seeds/ripper-seeds-criminal-3%E2%99%80/?add-to-cart=2122 HTTP/1.1" 404 108901 "-" "Mozilla/5.0 (compatible; MJ12bot/v1.4.8; http://mj12bot.com/)"
135.181.79.106 - - [26/Feb/2025:06:44:12 +0000] "GET /tienda/ripper-seeds/ripper-seeds-criminal-3%E2%99%80/?add-to-cart=2124 HTTP/1.1" 404 108900 "-" "Mozilla/5.0 (compatible; MJ12bot/v1.4.8; http://mj12bot.com/)"
66.249.68.5 - - [26/Feb/2025:06:44:14 +0000] "GET /wp-content/uploads/2013/12/chilum-grande.png HTTP/1.1" 404 109070 "-" "Googlebot-Image/1.0"
135.181.79.106 - - [26/Feb/2025:06:44:17 +0000] "GET /tienda/ripper-seeds/ripper-seeds-criminal-3%E2%99%80/?add-to-cart=2126 HTTP/1.1" 404 108901 "-" "Mozilla/5.0 (compatible; MJ12bot/v1.4.8; http://mj12bot.com/)"
146.190.157.162 - - [26/Feb/2025:06:44:24 +0000] "POST /wp-cron.php?doing_wp_cron=1740552264.1927978992462158203125 HTTP/1.1" 200 2851 "-" "WordPress/6.3.5; https://plantamadre.es"
135.181.79.106 - - [26/Feb/2025:06:44:22 +0000] "GET /tienda/ripper-seeds/ripper-seeds-criminal-3%E2%99%80/?add-to-cart=2130 HTTP/1.1" 404 108901 "-" "Mozilla/5.0 (compatible; MJ12bot/v1.4.8; http://mj12bot.com/)"
135.181.79.106 - - [26/Feb/2025:06:44:29 +0000] "GET /tienda/ripper-seeds/ripper-seeds-criminal-3%E2%99%80/?add-to-cart=2132 HTTP/1.1" 404 108902 "-" "Mozilla/5.0 (compatible; MJ12bot/v1.4.8; http://mj12bot.com/)"
146.190.157.162 - - [26/Feb/2025:06:44:35 +0000] "POST /wp-cron.php?doing_wp_cron=1740552275.8259689807891845703125 HTTP/1.1" 200 2850 "-" "WordPress/6.3.5; https://plantamadre.es"
135.181.79.106 - - [26/Feb/2025:06:44:34 +0000] "GET /tienda/ripper-seeds/ripper-seeds-criminal-3%E2%99%80/?add-to-cart=2140 HTTP/1.1" 404 108902 "-" "Mozilla/5.0 (compatible; MJ12bot/v1.4.8; http://mj12bot.com/)"
135.181.79.106 - - [26/Feb/2025:06:44:40 +0000] "GET /tienda/ripper-seeds/ripper-seeds-criminal-3%E2%99%80/?add-to-cart=2142 HTTP/1.1" 404 108901 "-" "Mozilla/5.0 (compatible; MJ12bot/v1.4.8; http://mj12bot.com/)"
135.181.79.106 - - [26/Feb/2025:06:44:45 +0000] "GET /tienda/ripper-seeds/ripper-seeds-criminal-3%E2%99%80/?add-to-cart=2143 HTTP/1.1" 404 108902 "-" "Mozilla/5.0 (compatible; MJ12bot/v1.4.8; http://mj12bot.com/)"
135.181.79.106 - - [26/Feb/2025:06:44:50 +0000] "GET /tienda/ripper-seeds/ripper-seeds-criminal-3%E2%99%80/?add-to-cart=2144 HTTP/1.1" 404 108902 "-" "Mozilla/5.0 (compatible; MJ12bot/v1.4.8; http://mj12bot.com/)"
52.167.144.22 - - [26/Feb/2025:06:44:59 +0000] "GET /shop/fertilizantes/b-a-c/ HTTP/1.1" 200 23801 "-" "Mozilla/5.0 AppleWebKit/537.36 (KHTML, like Gecko; compatible; bingbot/2.0; +http://www.bing.com/bingbot.htm) Chrome/116.0.1938.76 Safari/537.36"
20.171.207.32 - - [26/Feb/2025:06:44:55 +0000] "GET /tienda/bongs-y-pipas/bong-cristal-varios-dibujos-14-cm/ HTTP/1.1" 404 109006 "-" "Mozilla/5.0 AppleWebKit/537.36 (KHTML, like Gecko; compatible; GPTBot/1.2; +https://openai.com/gptbot)"
135.181.79.106 - - [26/Feb/2025:06:44:59 +0000] "GET /tienda/ripper-seeds/ripper-seeds-criminal-3%E2%99%80/?add-to-cart=2145 HTTP/1.1" 404 108902 "-" "Mozilla/5.0 (compatible; MJ12bot/v1.4.8; http://mj12bot.com/)"
135.181.79.106 - - [26/Feb/2025:06:45:07 +0000] "GET /tienda/ripper-seeds/ripper-seeds-criminal-3%E2%99%80/?add-to-cart=2146 HTTP/1.1" 404 108902 "-" "Mozilla/5.0 (compatible; MJ12bot/v1.4.8; http://mj12bot.com/)"
20.171.207.32 - - [26/Feb/2025:06:45:12 +0000] "GET /tienda/bongs-y-pipas/bong-cristal-varios-dibujos-14-cm/ HTTP/1.1" 404 109057 "-" "Mozilla/5.0 AppleWebKit/537.36 (KHTML, like Gecko; compatible; GPTBot/1.2; +https://openai.com/gptbot)"
135.181.79.106 - - [26/Feb/2025:06:45:12 +0000] "GET /tienda/ripper-seeds/ripper-seeds-criminal-3%E2%99%80/?add-to-cart=222 HTTP/1.1" 404 108900 "-" "Mozilla/5.0 (compatible; MJ12bot/v1.4.8; http://mj12bot.com/)"
135.181.79.106 - - [26/Feb/2025:06:45:17 +0000] "GET /tienda/ripper-seeds/ripper-seeds-criminal-3%E2%99%80/?add-to-cart=2226 HTTP/1.1" 404 108902 "-" "Mozilla/5.0 (compatible; MJ12bot/v1.4.8; http://mj12bot.com/)"
146.190.157.162 - - [26/Feb/2025:06:45:24 +0000] "POST /wp-cron.php?doing_wp_cron=1740552324.8614349365234375000000 HTTP/1.1" 200 2849 "-" "WordPress/6.3.5; https://plantamadre.es"
135.181.79.106 - - [26/Feb/2025:06:45:23 +0000] "GET /tienda/ripper-seeds/ripper-seeds-criminal-3%E2%99%80/?add-to-cart=2228 HTTP/1.1" 404 108901 "-" "Mozilla/5.0 (compatible; MJ12bot/v1.4.8; http://mj12bot.com/)"
135.181.79.106 - - [26/Feb/2025:06:45:29 +0000] "GET /tienda/ripper-seeds/ripper-seeds-criminal-3%E2%99%80/?add-to-cart=2229 HTTP/1.1" 404 108901 "-" "Mozilla/5.0 (compatible; MJ12bot/v1.4.8; http://mj12bot.com/)"
146.190.157.162 - - [26/Feb/2025:06:45:36 +0000] "POST /wp-cron.php?doing_wp_cron=1740552336.5753901004791259765625 HTTP/1.1" 200 2849 "-" "WordPress/6.3.5; https://plantamadre.es"
135.181.79.106 - - [26/Feb/2025:06:45:34 +0000] "GET /tienda/ripper-seeds/ripper-seeds-criminal-3%E2%99%80/?add-to-cart=2230 HTTP/1.1" 404 108901 "-" "Mozilla/5.0 (compatible; MJ12bot/v1.4.8; http://mj12bot.com/)"
135.181.79.106 - - [26/Feb/2025:06:45:41 +0000] "GET /tienda/ripper-seeds/ripper-seeds-criminal-3%E2%99%80/?add-to-cart=2231 HTTP/1.1" 404 108901 "-" "Mozilla/5.0 (compatible; MJ12bot/v1.4.8; http://mj12bot.com/)"
20.171.207.32 - - [26/Feb/2025:06:45:43 +0000] "GET /tienda/bongs-y-pipas/bong-cristal-varios-dibujos-14-cm/ HTTP/1.1" 404 109056 "-" "Mozilla/5.0 AppleWebKit/537.36 (KHTML, like Gecko; compatible; GPTBot/1.2; +https://openai.com/gptbot)"
135.181.79.106 - - [26/Feb/2025:06:45:46 +0000] "GET /tienda/ripper-seeds/ripper-seeds-criminal-3%E2%99%80/?add-to-cart=2234 HTTP/1.1" 404 108900 "-" "Mozilla/5.0 (compatible; MJ12bot/v1.4.8; http://mj12bot.com/)"
135.181.79.106 - - [26/Feb/2025:06:45:51 +0000] "GET /tienda/ripper-seeds/ripper-seeds-criminal-3%E2%99%80/?add-to-cart=2235 HTTP/1.1" 404 108900 "-" "Mozilla/5.0 (compatible; MJ12bot/v1.4.8; http://mj12bot.com/)"
135.181.79.106 - - [26/Feb/2025:06:45:57 +0000] "GET /tienda/ripper-seeds/ripper-seeds-criminal-3%E2%99%80/?add-to-cart=2238 HTTP/1.1" 404 108900 "-" "Mozilla/5.0 (compatible; MJ12bot/v1.4.8; http://mj12bot.com/)"
135.181.79.106 - - [26/Feb/2025:06:46:02 +0000] "GET /tienda/ripper-seeds/ripper-seeds-criminal-3%E2%99%80/?add-to-cart=2239 HTTP/1.1" 404 108902 "-" "Mozilla/5.0 (compatible; MJ12bot/v1.4.8; http://mj12bot.com/)"
135.181.79.106 - - [26/Feb/2025:06:46:08 +0000] "GET /tienda/ripper-seeds/ripper-seeds-criminal-3%E2%99%80/?add-to-cart=2241 HTTP/1.1" 404 108901 "-" "Mozilla/5.0 (compatible; MJ12bot/v1.4.8; http://mj12bot.com/)"
135.181.79.106 - - [26/Feb/2025:06:46:13 +0000] "GET /tienda/ripper-seeds/ripper-seeds-criminal-3%E2%99%80/?add-to-cart=2243 HTTP/1.1" 404 108901 "-" "Mozilla/5.0 (compatible; MJ12bot/v1.4.8; http://mj12bot.com/)"
135.181.79.106 - - [26/Feb/2025:06:46:18 +0000] "GET /tienda/ripper-seeds/ripper-seeds-criminal-3%E2%99%80/?add-to-cart=2246 HTTP/1.1" 404 108902 "-" "Mozilla/5.0 (compatible; MJ12bot/v1.4.8; http://mj12bot.com/)"
20.171.207.32 - - [26/Feb/2025:06:46:21 +0000] "GET /tienda/bongs-y-pipas/bong-cristal-varios-dibujos-14-cm/ HTTP/1.1" 404 109058 "-" "Mozilla/5.0 AppleWebKit/537.36 (KHTML, like Gecko; compatible; GPTBot/1.2; +https://openai.com/gptbot)"
135.181.79.106 - - [26/Feb/2025:06:46:24 +0000] "GET /tienda/ripper-seeds/ripper-seeds-criminal-3%E2%99%80/?add-to-cart=2248 HTTP/1.1" 404 108902 "-" "Mozilla/5.0 (compatible; MJ12bot/v1.4.8; http://mj12bot.com/)"
146.190.157.162 - - [26/Feb/2025:06:46:31 +0000] "POST /wp-cron.php?doing_wp_cron=1740552391.1341750621795654296875 HTTP/1.1" 200 2849 "-" "WordPress/6.3.5; https://plantamadre.es"
135.181.79.106 - - [26/Feb/2025:06:46:29 +0000] "GET /tienda/ripper-seeds/ripper-seeds-criminal-3%E2%99%80/?add-to-cart=2250 HTTP/1.1" 404 108901 "-" "Mozilla/5.0 (compatible; MJ12bot/v1.4.8; http://mj12bot.com/)"
135.181.79.106 - - [26/Feb/2025:06:46:36 +0000] "GET /tienda/ripper-seeds/ripper-seeds-criminal-3%E2%99%80/?add-to-cart=2251 HTTP/1.1" 404 108901 "-" "Mozilla/5.0 (compatible; MJ12bot/v1.4.8; http://mj12bot.com/)"
135.181.79.106 - - [26/Feb/2025:06:46:41 +0000] "GET /tienda/ripper-seeds/ripper-seeds-criminal-3%E2%99%80/?add-to-cart=2253 HTTP/1.1" 404 108901 "-" "Mozilla/5.0 (compatible; MJ12bot/v1.4.8; http://mj12bot.com/)"
135.181.79.106 - - [26/Feb/2025:06:46:46 +0000] "GET /tienda/ripper-seeds/ripper-seeds-criminal-3%E2%99%80/?add-to-cart=2254 HTTP/1.1" 404 108902 "-" "Mozilla/5.0 (compatible; MJ12bot/v1.4.8; http://mj12bot.com/)"
20.171.207.32 - - [26/Feb/2025:06:46:51 +0000] "GET /tienda/bongs-y-pipas/bong-cristal-varios-dibujos-14-cm/ HTTP/1.1" 404 109058 "-" "Mozilla/5.0 AppleWebKit/537.36 (KHTML, like Gecko; compatible; GPTBot/1.2; +https://openai.com/gptbot)"
135.181.79.106 - - [26/Feb/2025:06:46:52 +0000] "GET /tienda/ripper-seeds/ripper-seeds-criminal-3%E2%99%80/?add-to-cart=2255 HTTP/1.1" 404 108901 "-" "Mozilla/5.0 (compatible; MJ12bot/v1.4.8; http://mj12bot.com/)"
135.181.79.106 - - [26/Feb/2025:06:46:57 +0000] "GET /tienda/ripper-seeds/ripper-seeds-criminal-3%E2%99%80/?add-to-cart=2256 HTTP/1.1" 404 108901 "-" "Mozilla/5.0 (compatible; MJ12bot/v1.4.8; http://mj12bot.com/)"
104.129.36.3 - - [26/Feb/2025:06:46:57 +0000] "GET / HTTP/1.1" 200 27146 "-" "Mozilla/5.0 (X11; Linux x86_64) AppleWebKit/537.36 (KHTML, like Gecko) Chrome/114.0.0.0 Safari/537.36 Vivaldi/5.3.2679.68"
135.181.79.106 - - [26/Feb/2025:06:47:02 +0000] "GET /tienda/ripper-seeds/ripper-seeds-criminal-3%E2%99%80/?add-to-cart=2257 HTTP/1.1" 404 108901 "-" "Mozilla/5.0 (compatible; MJ12bot/v1.4.8; http://mj12bot.com/)"
135.181.79.106 - - [26/Feb/2025:06:47:07 +0000] "GET /tienda/ripper-seeds/ripper-seeds-criminal-3%E2%99%80/?add-to-cart=2258 HTTP/1.1" 404 108901 "-" "Mozilla/5.0 (compatible; MJ12bot/v1.4.8; http://mj12bot.com/)"
146.190.157.162 - - [26/Feb/2025:06:47:14 +0000] "POST /wp-cron.php?doing_wp_cron=1740552434.6495940685272216796875 HTTP/1.1" 200 2851 "-" "WordPress/6.3.5; https://plantamadre.es"
135.181.79.106 - - [26/Feb/2025:06:47:13 +0000] "GET /tienda/ripper-seeds/ripper-seeds-criminal-3%E2%99%80/?add-to-cart=2259 HTTP/1.1" 404 108901 "-" "Mozilla/5.0 (compatible; MJ12bot/v1.4.8; http://mj12bot.com/)"
20.171.207.32 - - [26/Feb/2025:06:47:18 +0000] "GET /tienda/bongs-y-pipas/bong-cristal-varios-dibujos-14-cm/ HTTP/1.1" 404 109056 "-" "Mozilla/5.0 AppleWebKit/537.36 (KHTML, like Gecko; compatible; GPTBot/1.2; +https://openai.com/gptbot)"
135.181.79.106 - - [26/Feb/2025:06:47:19 +0000] "GET /tienda/ripper-seeds/ripper-seeds-criminal-3%E2%99%80/?add-to-cart=2262 HTTP/1.1" 404 108902 "-" "Mozilla/5.0 (compatible; MJ12bot/v1.4.8; http://mj12bot.com/)"
135.181.79.106 - - [26/Feb/2025:06:47:24 +0000] "GET /tienda/ripper-seeds/ripper-seeds-criminal-3%E2%99%80/?add-to-cart=2263 HTTP/1.1" 404 108900 "-" "Mozilla/5.0 (compatible; MJ12bot/v1.4.8; http://mj12bot.com/)"
146.190.157.162 - - [26/Feb/2025:06:47:31 +0000] "POST /wp-cron.php?doing_wp_cron=1740552451.6123189926147460937500 HTTP/1.1" 200 2850 "-" "WordPress/6.3.5; https://plantamadre.es"
135.181.79.106 - - [26/Feb/2025:06:47:29 +0000] "GET /tienda/ripper-seeds/ripper-seeds-criminal-3%E2%99%80/?add-to-cart=228 HTTP/1.1" 404 108899 "-" "Mozilla/5.0 (compatible; MJ12bot/v1.4.8; http://mj12bot.com/)"
135.181.79.106 - - [26/Feb/2025:06:47:36 +0000] "GET /tienda/ripper-seeds/ripper-seeds-criminal-3%E2%99%80/?add-to-cart=2292 HTTP/1.1" 404 108901 "-" "Mozilla/5.0 (compatible; MJ12bot/v1.4.8; http://mj12bot.com/)"
135.181.79.106 - - [26/Feb/2025:06:47:41 +0000] "GET /tienda/ripper-seeds/ripper-seeds-criminal-3%E2%99%80/?add-to-cart=2296 HTTP/1.1" 404 108901 "-" "Mozilla/5.0 (compatible; MJ12bot/v1.4.8; http://mj12bot.com/)"
135.181.79.106 - - [26/Feb/2025:06:47:46 +0000] "GET /tienda/ripper-seeds/ripper-seeds-criminal-3%E2%99%80/?add-to-cart=2299 HTTP/1.1" 404 108900 "-" "Mozilla/5.0 (compatible; MJ12bot/v1.4.8; http://mj12bot.com/)"
20.171.207.32 - - [26/Feb/2025:06:47:47 +0000] "GET /tienda/bongs-y-pipas/bong-cristal-varios-dibujos-14-cm/ HTTP/1.1" 404 109056 "-" "Mozilla/5.0 AppleWebKit/537.36 (KHTML, like Gecko; compatible; GPTBot/1.2; +https://openai.com/gptbot)"
114.119.144.72 - - [26/Feb/2025:06:47:54 +0000] "GET /wp-content/uploads/2024/12/malla-secadora-apilable-150x150.png HTTP/1.1" 200 10583 "https://plantamadre.es/shop/poda-y-cosecha/secado-y-curado/" "Mozilla/5.0 (Linux; Android 7.0;) AppleWebKit/537.36 (KHTML, like Gecko) Mobile Safari/537.36 (compatible; PetalBot;+https://webmaster.petalsearch.com/site/petalbot)"
135.181.79.106 - - [26/Feb/2025:06:47:51 +0000] "GET /tienda/ripper-seeds/ripper-seeds-criminal-3%E2%99%80/?add-to-cart=230 HTTP/1.1" 404 108899 "-" "Mozilla/5.0 (compatible; MJ12bot/v1.4.8; http://mj12bot.com/)"
146.190.157.162 - - [26/Feb/2025:06:47:58 +0000] "POST /wp-cron.php?doing_wp_cron=1740552478.3816480636596679687500 HTTP/1.1" 200 2851 "-" "WordPress/6.3.5; https://plantamadre.es"
135.181.79.106 - - [26/Feb/2025:06:47:56 +0000] "GET /tienda/ripper-seeds/ripper-seeds-criminal-3%E2%99%80/?add-to-cart=2307 HTTP/1.1" 404 108901 "-" "Mozilla/5.0 (compatible; MJ12bot/v1.4.8; http://mj12bot.com/)"
135.181.79.106 - - [26/Feb/2025:06:48:03 +0000] "GET /tienda/ripper-seeds/ripper-seeds-criminal-3%E2%99%80/?add-to-cart=2321 HTTP/1.1" 404 108901 "-" "Mozilla/5.0 (compatible; MJ12bot/v1.4.8; http://mj12bot.com/)"
135.181.79.106 - - [26/Feb/2025:06:48:08 +0000] "GET /tienda/ripper-seeds/ripper-seeds-criminal-3%E2%99%80/?add-to-cart=2322 HTTP/1.1" 404 108900 "-" "Mozilla/5.0 (compatible; MJ12bot/v1.4.8; http://mj12bot.com/)"
135.181.79.106 - - [26/Feb/2025:06:48:14 +0000] "GET /tienda/ripper-seeds/ripper-seeds-criminal-3%E2%99%80/?add-to-cart=2323 HTTP/1.1" 404 108901 "-" "Mozilla/5.0 (compatible; MJ12bot/v1.4.8; http://mj12bot.com/)"
135.181.79.106 - - [26/Feb/2025:06:48:19 +0000] "GET /tienda/ripper-seeds/ripper-seeds-criminal-3%E2%99%80/?add-to-cart=2324 HTTP/1.1" 404 108901 "-" "Mozilla/5.0 (compatible; MJ12bot/v1.4.8; http://mj12bot.com/)"
135.181.79.106 - - [26/Feb/2025:06:48:24 +0000] "GET /tienda/ripper-seeds/ripper-seeds-criminal-3%E2%99%80/?add-to-cart=2326 HTTP/1.1" 404 108902 "-" "Mozilla/5.0 (compatible; MJ12bot/v1.4.8; http://mj12bot.com/)"
146.190.157.162 - - [26/Feb/2025:06:48:31 +0000] "POST /wp-cron.php?doing_wp_cron=1740552511.1631510257720947265625 HTTP/1.1" 200 2850 "-" "WordPress/6.3.5; https://plantamadre.es"
135.181.79.106 - - [26/Feb/2025:06:48:29 +0000] "GET /tienda/ripper-seeds/ripper-seeds-criminal-3%E2%99%80/?add-to-cart=2328 HTTP/1.1" 404 108901 "-" "Mozilla/5.0 (compatible; MJ12bot/v1.4.8; http://mj12bot.com/)"
135.181.79.106 - - [26/Feb/2025:06:48:35 +0000] "GET /tienda/ripper-seeds/ripper-seeds-criminal-3%E2%99%80/?add-to-cart=233 HTTP/1.1" 404 108900 "-" "Mozilla/5.0 (compatible; MJ12bot/v1.4.8; http://mj12bot.com/)"
135.181.79.106 - - [26/Feb/2025:06:48:41 +0000] "GET /tienda/ripper-seeds/ripper-seeds-criminal-3%E2%99%80/?add-to-cart=2332 HTTP/1.1" 404 108901 "-" "Mozilla/5.0 (compatible; MJ12bot/v1.4.8; http://mj12bot.com/)"
135.181.79.106 - - [26/Feb/2025:06:48:46 +0000] "GET /tienda/ripper-seeds/ripper-seeds-criminal-3%E2%99%80/?add-to-cart=2333 HTTP/1.1" 404 108900 "-" "Mozilla/5.0 (compatible; MJ12bot/v1.4.8; http://mj12bot.com/)"
135.181.79.106 - - [26/Feb/2025:06:48:51 +0000] "GET /tienda/ripper-seeds/ripper-seeds-criminal-3%E2%99%80/?add-to-cart=2334 HTTP/1.1" 404 108901 "-" "Mozilla/5.0 (compatible; MJ12bot/v1.4.8; http://mj12bot.com/)"
135.181.79.106 - - [26/Feb/2025:06:48:56 +0000] "GET /tienda/ripper-seeds/ripper-seeds-criminal-3%E2%99%80/?add-to-cart=2335 HTTP/1.1" 404 108901 "-" "Mozilla/5.0 (compatible; MJ12bot/v1.4.8; http://mj12bot.com/)"
135.181.79.106 - - [26/Feb/2025:06:49:01 +0000] "GET /tienda/ripper-seeds/ripper-seeds-criminal-3%E2%99%80/?add-to-cart=234 HTTP/1.1" 404 108900 "-" "Mozilla/5.0 (compatible; MJ12bot/v1.4.8; http://mj12bot.com/)"
135.181.79.106 - - [26/Feb/2025:06:49:07 +0000] "GET /tienda/ripper-seeds/ripper-seeds-criminal-3%E2%99%80/?add-to-cart=236 HTTP/1.1" 404 108901 "-" "Mozilla/5.0 (compatible; MJ12bot/v1.4.8; http://mj12bot.com/)"
135.181.79.106 - - [26/Feb/2025:06:49:12 +0000] "GET /tienda/ripper-seeds/ripper-seeds-criminal-3%E2%99%80/?add-to-cart=241 HTTP/1.1" 404 108900 "-" "Mozilla/5.0 (compatible; MJ12bot/v1.4.8; http://mj12bot.com/)"
135.181.79.106 - - [26/Feb/2025:06:49:17 +0000] "GET /tienda/ripper-seeds/ripper-seeds-criminal-3%E2%99%80/?add-to-cart=243 HTTP/1.1" 404 108899 "-" "Mozilla/5.0 (compatible; MJ12bot/v1.4.8; http://mj12bot.com/)"
146.190.157.162 - - [26/Feb/2025:06:49:24 +0000] "POST /wp-cron.php?doing_wp_cron=1740552564.1991651058197021484375 HTTP/1.1" 200 2850 "-" "WordPress/6.3.5; https://plantamadre.es"
135.181.79.106 - - [26/Feb/2025:06:49:22 +0000] "GET /tienda/ripper-seeds/ripper-seeds-criminal-3%E2%99%80/?add-to-cart=246 HTTP/1.1" 404 108900 "-" "Mozilla/5.0 (compatible; MJ12bot/v1.4.8; http://mj12bot.com/)"
135.181.79.106 - - [26/Feb/2025:06:49:28 +0000] "GET /tienda/ripper-seeds/ripper-seeds-criminal-3%E2%99%80/?add-to-cart=248 HTTP/1.1" 404 108901 "-" "Mozilla/5.0 (compatible; MJ12bot/v1.4.8; http://mj12bot.com/)"
146.190.157.162 - - [26/Feb/2025:06:49:35 +0000] "POST /wp-cron.php?doing_wp_cron=1740552575.3209159374237060546875 HTTP/1.1" 200 2851 "-" "WordPress/6.3.5; https://plantamadre.es"
135.181.79.106 - - [26/Feb/2025:06:49:34 +0000] "GET /tienda/ripper-seeds/ripper-seeds-criminal-3%E2%99%80/?add-to-cart=253 HTTP/1.1" 404 108900 "-" "Mozilla/5.0 (compatible; MJ12bot/v1.4.8; http://mj12bot.com/)"
135.181.79.106 - - [26/Feb/2025:06:49:40 +0000] "GET /tienda/ripper-seeds/ripper-seeds-criminal-3%E2%99%80/?add-to-cart=257 HTTP/1.1" 404 108899 "-" "Mozilla/5.0 (compatible; MJ12bot/v1.4.8; http://mj12bot.com/)"
135.181.79.106 - - [26/Feb/2025:06:49:45 +0000] "GET /tienda/ripper-seeds/ripper-seeds-criminal-3%E2%99%80/?add-to-cart=259 HTTP/1.1" 404 108900 "-" "Mozilla/5.0 (compatible; MJ12bot/v1.4.8; http://mj12bot.com/)"
135.181.79.106 - - [26/Feb/2025:06:49:50 +0000] "GET /tienda/ripper-seeds/ripper-seeds-criminal-3%E2%99%80/?add-to-cart=263 HTTP/1.1" 404 108900 "-" "Mozilla/5.0 (compatible; MJ12bot/v1.4.8; http://mj12bot.com/)"
135.181.79.106 - - [26/Feb/2025:06:49:56 +0000] "GET /tienda/ripper-seeds/ripper-seeds-criminal-3%E2%99%80/?add-to-cart=265 HTTP/1.1" 404 108900 "-" "Mozilla/5.0 (compatible; MJ12bot/v1.4.8; http://mj12bot.com/)"
20.171.207.32 - - [26/Feb/2025:06:49:56 +0000] "GET /tienda/bongs-y-pipas/bong-cristal-varios-dibujos-14-cm/ HTTP/1.1" 404 109057 "-" "Mozilla/5.0 AppleWebKit/537.36 (KHTML, like Gecko; compatible; GPTBot/1.2; +https://openai.com/gptbot)"
135.181.79.106 - - [26/Feb/2025:06:50:01 +0000] "GET /tienda/ripper-seeds/ripper-seeds-criminal-3%E2%99%80/?add-to-cart=270 HTTP/1.1" 404 108899 "-" "Mozilla/5.0 (compatible; MJ12bot/v1.4.8; http://mj12bot.com/)"
135.181.79.106 - - [26/Feb/2025:06:50:09 +0000] "GET /tienda/ripper-seeds/ripper-seeds-criminal-3%E2%99%80/?add-to-cart=271 HTTP/1.1" 404 108900 "-" "Mozilla/5.0 (compatible; MJ12bot/v1.4.8; http://mj12bot.com/)"
135.181.79.106 - - [26/Feb/2025:06:50:14 +0000] "GET /tienda/ripper-seeds/ripper-seeds-criminal-3%E2%99%80/?add-to-cart=272 HTTP/1.1" 404 108900 "-" "Mozilla/5.0 (compatible; MJ12bot/v1.4.8; http://mj12bot.com/)"
135.181.79.106 - - [26/Feb/2025:06:50:19 +0000] "GET /tienda/ripper-seeds/ripper-seeds-criminal-3%E2%99%80/?add-to-cart=273 HTTP/1.1" 404 108899 "-" "Mozilla/5.0 (compatible; MJ12bot/v1.4.8; http://mj12bot.com/)"
135.181.79.106 - - [26/Feb/2025:06:50:25 +0000] "GET /tienda/ripper-seeds/ripper-seeds-criminal-3%E2%99%80/?add-to-cart=274 HTTP/1.1" 404 108900 "-" "Mozilla/5.0 (compatible; MJ12bot/v1.4.8; http://mj12bot.com/)"
146.190.157.162 - - [26/Feb/2025:06:50:31 +0000] "POST /wp-cron.php?doing_wp_cron=1740552631.6112670898437500000000 HTTP/1.1" 200 2849 "-" "WordPress/6.3.5; https://plantamadre.es"
135.181.79.106 - - [26/Feb/2025:06:50:30 +0000] "GET /tienda/ripper-seeds/ripper-seeds-criminal-3%E2%99%80/?add-to-cart=275 HTTP/1.1" 404 108900 "-" "Mozilla/5.0 (compatible; MJ12bot/v1.4.8; http://mj12bot.com/)"
20.171.207.32 - - [26/Feb/2025:06:50:31 +0000] "GET /tienda/bongs-y-pipas/bong-cristal-varios-dibujos-14-cm/ HTTP/1.1" 404 109057 "-" "Mozilla/5.0 AppleWebKit/537.36 (KHTML, like Gecko; compatible; GPTBot/1.2; +https://openai.com/gptbot)"
135.181.79.106 - - [26/Feb/2025:06:50:36 +0000] "GET /tienda/ripper-seeds/ripper-seeds-criminal-3%E2%99%80/?add-to-cart=276 HTTP/1.1" 404 108900 "-" "Mozilla/5.0 (compatible; MJ12bot/v1.4.8; http://mj12bot.com/)"
135.181.79.106 - - [26/Feb/2025:06:50:41 +0000] "GET /tienda/ripper-seeds/ripper-seeds-criminal-3%E2%99%80/?add-to-cart=277 HTTP/1.1" 404 108900 "-" "Mozilla/5.0 (compatible; MJ12bot/v1.4.8; http://mj12bot.com/)"
135.181.79.106 - - [26/Feb/2025:06:50:46 +0000] "GET /tienda/ripper-seeds/ripper-seeds-criminal-3%E2%99%80/?add-to-cart=279 HTTP/1.1" 404 108900 "-" "Mozilla/5.0 (compatible; MJ12bot/v1.4.8; http://mj12bot.com/)"
135.181.79.106 - - [26/Feb/2025:06:50:51 +0000] "GET /tienda/ripper-seeds/ripper-seeds-criminal-3%E2%99%80/?add-to-cart=280 HTTP/1.1" 404 108899 "-" "Mozilla/5.0 (compatible; MJ12bot/v1.4.8; http://mj12bot.com/)"
20.171.207.32 - - [26/Feb/2025:06:50:54 +0000] "GET /tienda/bongs-y-pipas/bong-cristal-varios-dibujos-14-cm/ HTTP/1.1" 404 109056 "-" "Mozilla/5.0 AppleWebKit/537.36 (KHTML, like Gecko; compatible; GPTBot/1.2; +https://openai.com/gptbot)"
135.181.79.106 - - [26/Feb/2025:06:50:56 +0000] "GET /tienda/ripper-seeds/ripper-seeds-criminal-3%E2%99%80/?add-to-cart=281 HTTP/1.1" 404 108900 "-" "Mozilla/5.0 (compatible; MJ12bot/v1.4.8; http://mj12bot.com/)"
212.30.33.219 - - [26/Feb/2025:06:50:58 +0000] "GET /tienda/semillas/l-s-d-feminizada-10-semillas/ HTTP/1.0" 404 108813 "https://plantamadre.es/tienda/semillas/l-s-d-feminizada-10-semillas/" "Mozilla/5.0 (Windows NT 10.0; Win64; x64) AppleWebKit/537.36 (KHTML, like Gecko) Chrome/131.0.0.0 Safari/537.36 Avast/131.0.0.0"
135.181.79.106 - - [26/Feb/2025:06:51:01 +0000] "GET /tienda/ripper-seeds/ripper-seeds-criminal-3%E2%99%80/?add-to-cart=282 HTTP/1.1" 404 108900 "-" "Mozilla/5.0 (compatible; MJ12bot/v1.4.8; http://mj12bot.com/)"
212.30.33.204 - - [26/Feb/2025:06:51:02 +0000] "GET /contacto/ HTTP/1.0" 200 196542 "https://plantamadre.es/contacto/" "Mozilla/5.0 (Windows NT 10.0; Win64; x64) AppleWebKit/537.36 (KHTML, like Gecko) Chrome/131.0.0.0 Safari/537.36 Avast/131.0.0.0"
212.30.33.211 - - [26/Feb/2025:06:51:06 +0000] "POST /contacto/ HTTP/1.0" 200 194637 "https://plantamadre.es/contacto/" "Mozilla/5.0 (Windows NT 10.0; Win64; x64) AppleWebKit/537.36 (KHTML, like Gecko) Chrome/131.0.0.0 Safari/537.36 Avast/131.0.0.0"
135.181.79.106 - - [26/Feb/2025:06:51:07 +0000] "GET /tienda/ripper-seeds/ripper-seeds-criminal-3%E2%99%80/?add-to-cart=283 HTTP/1.1" 404 108900 "-" "Mozilla/5.0 (compatible; MJ12bot/v1.4.8; http://mj12bot.com/)"
135.181.79.106 - - [26/Feb/2025:06:51:12 +0000] "GET /tienda/ripper-seeds/ripper-seeds-criminal-3%E2%99%80/?add-to-cart=285 HTTP/1.1" 404 108901 "-" "Mozilla/5.0 (compatible; MJ12bot/v1.4.8; http://mj12bot.com/)"
135.181.79.106 - - [26/Feb/2025:06:51:17 +0000] "GET /tienda/ripper-seeds/ripper-seeds-criminal-3%E2%99%80/?add-to-cart=286 HTTP/1.1" 404 108899 "-" "Mozilla/5.0 (compatible; MJ12bot/v1.4.8; http://mj12bot.com/)"
135.181.79.106 - - [26/Feb/2025:06:51:22 +0000] "GET /tienda/ripper-seeds/ripper-seeds-criminal-3%E2%99%80/?add-to-cart=287 HTTP/1.1" 404 108900 "-" "Mozilla/5.0 (compatible; MJ12bot/v1.4.8; http://mj12bot.com/)"
135.181.79.106 - - [26/Feb/2025:06:51:27 +0000] "GET /tienda/ripper-seeds/ripper-seeds-criminal-3%E2%99%80/?add-to-cart=289 HTTP/1.1" 404 108900 "-" "Mozilla/5.0 (compatible; MJ12bot/v1.4.8; http://mj12bot.com/)"
146.190.157.162 - - [26/Feb/2025:06:51:34 +0000] "POST /wp-cron.php?doing_wp_cron=1740552694.6583800315856933593750 HTTP/1.1" 200 2849 "-" "WordPress/6.3.5; https://plantamadre.es"
135.181.79.106 - - [26/Feb/2025:06:51:33 +0000] "GET /tienda/ripper-seeds/ripper-seeds-criminal-3%E2%99%80/?add-to-cart=296 HTTP/1.1" 404 108900 "-" "Mozilla/5.0 (compatible; MJ12bot/v1.4.8; http://mj12bot.com/)"
135.181.79.106 - - [26/Feb/2025:06:51:39 +0000] "GET /tienda/ripper-seeds/ripper-seeds-criminal-3%E2%99%80/?add-to-cart=3005 HTTP/1.1" 404 108901 "-" "Mozilla/5.0 (compatible; MJ12bot/v1.4.8; http://mj12bot.com/)"
135.181.79.106 - - [26/Feb/2025:06:51:44 +0000] "GET /tienda/ripper-seeds/ripper-seeds-criminal-3%E2%99%80/?add-to-cart=3008 HTTP/1.1" 404 108900 "-" "Mozilla/5.0 (compatible; MJ12bot/v1.4.8; http://mj12bot.com/)"
135.181.79.106 - - [26/Feb/2025:06:51:49 +0000] "GET /tienda/ripper-seeds/ripper-seeds-criminal-3%E2%99%80/?add-to-cart=301 HTTP/1.1" 404 108900 "-" "Mozilla/5.0 (compatible; MJ12bot/v1.4.8; http://mj12bot.com/)"
135.181.79.106 - - [26/Feb/2025:06:51:54 +0000] "GET /tienda/ripper-seeds/ripper-seeds-criminal-3%E2%99%80/?add-to-cart=3010 HTTP/1.1" 404 108900 "-" "Mozilla/5.0 (compatible; MJ12bot/v1.4.8; http://mj12bot.com/)"
135.181.79.106 - - [26/Feb/2025:06:51:59 +0000] "GET /tienda/ripper-seeds/ripper-seeds-criminal-3%E2%99%80/?add-to-cart=3012 HTTP/1.1" 404 108901 "-" "Mozilla/5.0 (compatible; MJ12bot/v1.4.8; http://mj12bot.com/)"
146.190.157.162 - - [26/Feb/2025:06:52:55 +0000] "POST /wp-cron.php?doing_wp_cron=1740552775.5752489566802978515625 HTTP/1.1" 200 2850 "-" "WordPress/6.3.5; https://plantamadre.es"
114.119.132.11 - - [26/Feb/2025:06:52:54 +0000] "GET /product/qnubu-piedra-hydrostone/ HTTP/1.1" 200 30576 "https://plantamadre.es/product/tijera-podadora-curva-garden-highpro/" "Mozilla/5.0 (Linux; Android 7.0;) AppleWebKit/537.36 (KHTML, like Gecko) Mobile Safari/537.36 (compatible; PetalBot;+https://webmaster.petalsearch.com/site/petalbot)"
135.181.79.106 - - [26/Feb/2025:06:53:07 +0000] "GET /tienda/ripper-seeds/ripper-seeds-criminal-3%E2%99%80/?add-to-cart=3014 HTTP/1.1" 404 108902 "-" "Mozilla/5.0 (compatible; MJ12bot/v1.4.8; http://mj12bot.com/)"
135.181.79.106 - - [26/Feb/2025:06:53:13 +0000] "GET /tienda/ripper-seeds/ripper-seeds-criminal-3%E2%99%80/?add-to-cart=3015 HTTP/1.1" 404 108901 "-" "Mozilla/5.0 (compatible; MJ12bot/v1.4.8; http://mj12bot.com/)"
135.181.79.106 - - [26/Feb/2025:06:53:17 +0000] "GET /tienda/ripper-seeds/ripper-seeds-criminal-3%E2%99%80/?add-to-cart=3017 HTTP/1.1" 404 108901 "-" "Mozilla/5.0 (compatible; MJ12bot/v1.4.8; http://mj12bot.com/)"
135.181.79.106 - - [26/Feb/2025:06:53:23 +0000] "GET /tienda/ripper-seeds/ripper-seeds-criminal-3%E2%99%80/?add-to-cart=3020 HTTP/1.1" 404 108901 "-" "Mozilla/5.0 (compatible; MJ12bot/v1.4.8; http://mj12bot.com/)"
66.249.68.7 - - [26/Feb/2025:06:53:28 +0000] "GET /wp-content/uploads/2024/12/raziel.png HTTP/1.1" 301 549 "-" "Googlebot-Image/1.0"
66.249.68.7 - - [26/Feb/2025:06:53:29 +0000] "GET /wp-content/uploads/2024/12/raziel.png HTTP/1.1" 200 1085835 "-" "Googlebot-Image/1.0"
135.181.79.106 - - [26/Feb/2025:06:53:28 +0000] "GET /tienda/ripper-seeds/ripper-seeds-criminal-3%E2%99%80/?add-to-cart=3022 HTTP/1.1" 404 108902 "-" "Mozilla/5.0 (compatible; MJ12bot/v1.4.8; http://mj12bot.com/)"
135.181.79.106 - - [26/Feb/2025:06:53:33 +0000] "GET /tienda/ripper-seeds/ripper-seeds-criminal-3%E2%99%80/?add-to-cart=3024 HTTP/1.1" 404 108900 "-" "Mozilla/5.0 (compatible; MJ12bot/v1.4.8; http://mj12bot.com/)"
