109.236.93.77 - - [26/Feb/2025:07:06:26 +0000] "GET /tienda/co2/generador-de-co2-4-quemadores HTTP/1.0" 403 2814 "-" "Mozilla/5.0 (Windows NT 10.0; Win64; x64) AppleWebKit/537.36 (KHTML, like Gecko) Chrome/118.0.0.0 Safari/537.36"
135.181.79.106 - - [26/Feb/2025:07:06:28 +0000] "GET /tienda/ripper-seeds/ripper-seeds-criminal-3%E2%99%80/?add-to-cart=3740 HTTP/1.1" 404 108901 "-" "Mozilla/5.0 (compatible; MJ12bot/v1.4.8; http://mj12bot.com/)"
146.190.157.162 - - [26/Feb/2025:07:06:34 +0000] "POST /wp-cron.php?doing_wp_cron=1740553594.9155619144439697265625 HTTP/1.1" 200 2850 "-" "WordPress/6.3.5; https://plantamadre.es"
135.181.79.106 - - [26/Feb/2025:07:06:33 +0000] "GET /tienda/ripper-seeds/ripper-seeds-criminal-3%E2%99%80/?add-to-cart=3741 HTTP/1.1" 404 108901 "-" "Mozilla/5.0 (compatible; MJ12bot/v1.4.8; http://mj12bot.com/)"
135.181.79.106 - - [26/Feb/2025:07:06:39 +0000] "GET /tienda/ripper-seeds/ripper-seeds-criminal-3%E2%99%80/?add-to-cart=3743 HTTP/1.1" 404 108901 "-" "Mozilla/5.0 (compatible; MJ12bot/v1.4.8; http://mj12bot.com/)"
135.181.79.106 - - [26/Feb/2025:07:06:45 +0000] "GET /tienda/ripper-seeds/ripper-seeds-criminal-3%E2%99%80/?add-to-cart=3745 HTTP/1.1" 404 108900 "-" "Mozilla/5.0 (compatible; MJ12bot/v1.4.8; http://mj12bot.com/)"
135.181.79.106 - - [26/Feb/2025:07:06:50 +0000] "GET /tienda/ripper-seeds/ripper-seeds-criminal-3%E2%99%80/?add-to-cart=380 HTTP/1.1" 404 108899 "-" "Mozilla/5.0 (compatible; MJ12bot/v1.4.8; http://mj12bot.com/)"
135.181.79.106 - - [26/Feb/2025:07:06:55 +0000] "GET /tienda/ripper-seeds/ripper-seeds-criminal-3%E2%99%80/?add-to-cart=3802 HTTP/1.1" 404 108902 "-" "Mozilla/5.0 (compatible; MJ12bot/v1.4.8; http://mj12bot.com/)"
20.171.207.32 - - [26/Feb/2025:07:07:00 +0000] "GET /tienda/bongs-y-pipas/bong-cristal-varios-dibujos-14-cm/ HTTP/1.1" 404 109056 "-" "Mozilla/5.0 AppleWebKit/537.36 (KHTML, like Gecko; compatible; GPTBot/1.2; +https://openai.com/gptbot)"
135.181.79.106 - - [26/Feb/2025:07:07:00 +0000] "GET /tienda/ripper-seeds/ripper-seeds-criminal-3%E2%99%80/?add-to-cart=3805 HTTP/1.1" 404 108901 "-" "Mozilla/5.0 (compatible; MJ12bot/v1.4.8; http://mj12bot.com/)"
135.181.79.106 - - [26/Feb/2025:07:07:05 +0000] "GET /tienda/ripper-seeds/ripper-seeds-criminal-3%E2%99%80/?add-to-cart=3807 HTTP/1.1" 404 108901 "-" "Mozilla/5.0 (compatible; MJ12bot/v1.4.8; http://mj12bot.com/)"
135.181.79.106 - - [26/Feb/2025:07:07:10 +0000] "GET /tienda/ripper-seeds/ripper-seeds-criminal-3%E2%99%80/?add-to-cart=3809 HTTP/1.1" 404 108902 "-" "Mozilla/5.0 (compatible; MJ12bot/v1.4.8; http://mj12bot.com/)"
146.190.157.162 - - [26/Feb/2025:07:07:16 +0000] "POST /wp-cron.php?doing_wp_cron=1740553636.8396890163421630859375 HTTP/1.1" 200 2851 "-" "WordPress/6.3.5; https://plantamadre.es"
135.181.79.106 - - [26/Feb/2025:07:07:15 +0000] "GET /tienda/ripper-seeds/ripper-seeds-criminal-3%E2%99%80/?add-to-cart=3812 HTTP/1.1" 404 108902 "-" "Mozilla/5.0 (compatible; MJ12bot/v1.4.8; http://mj12bot.com/)"
135.181.79.106 - - [26/Feb/2025:07:07:21 +0000] "GET /tienda/ripper-seeds/ripper-seeds-criminal-3%E2%99%80/?add-to-cart=3814 HTTP/1.1" 404 108901 "-" "Mozilla/5.0 (compatible; MJ12bot/v1.4.8; http://mj12bot.com/)"
135.181.79.106 - - [26/Feb/2025:07:07:26 +0000] "GET /tienda/ripper-seeds/ripper-seeds-criminal-3%E2%99%80/?add-to-cart=382 HTTP/1.1" 404 108900 "-" "Mozilla/5.0 (compatible; MJ12bot/v1.4.8; http://mj12bot.com/)"
146.190.157.162 - - [26/Feb/2025:07:07:32 +0000] "POST /wp-cron.php?doing_wp_cron=1740553652.8827350139617919921875 HTTP/1.1" 200 2850 "-" "WordPress/6.3.5; https://plantamadre.es"
135.181.79.106 - - [26/Feb/2025:07:07:31 +0000] "GET /tienda/ripper-seeds/ripper-seeds-criminal-3%E2%99%80/?add-to-cart=384 HTTP/1.1" 404 108900 "-" "Mozilla/5.0 (compatible; MJ12bot/v1.4.8; http://mj12bot.com/)"
135.181.79.106 - - [26/Feb/2025:07:07:37 +0000] "GET /tienda/ripper-seeds/ripper-seeds-criminal-3%E2%99%80/?add-to-cart=387 HTTP/1.1" 404 108900 "-" "Mozilla/5.0 (compatible; MJ12bot/v1.4.8; http://mj12bot.com/)"
135.181.79.106 - - [26/Feb/2025:07:07:42 +0000] "GET /tienda/ripper-seeds/ripper-seeds-criminal-3%E2%99%80/?add-to-cart=390 HTTP/1.1" 404 108900 "-" "Mozilla/5.0 (compatible; MJ12bot/v1.4.8; http://mj12bot.com/)"
135.181.79.106 - - [26/Feb/2025:07:07:47 +0000] "GET /tienda/ripper-seeds/ripper-seeds-criminal-3%E2%99%80/?add-to-cart=3931 HTTP/1.1" 404 108902 "-" "Mozilla/5.0 (compatible; MJ12bot/v1.4.8; http://mj12bot.com/)"
20.171.207.32 - - [26/Feb/2025:07:07:53 +0000] "GET /tienda/bongs-y-pipas/bong-cristal-varios-dibujos-14-cm/ HTTP/1.1" 404 109056 "-" "Mozilla/5.0 AppleWebKit/537.36 (KHTML, like Gecko; compatible; GPTBot/1.2; +https://openai.com/gptbot)"
146.190.157.162 - - [26/Feb/2025:07:07:54 +0000] "POST /wp-cron.php?doing_wp_cron=1740553674.5508410930633544921875 HTTP/1.1" 200 2850 "-" "WordPress/6.3.5; https://plantamadre.es"
135.181.79.106 - - [26/Feb/2025:07:07:53 +0000] "GET /tienda/ripper-seeds/ripper-seeds-criminal-3%E2%99%80/?add-to-cart=3933 HTTP/1.1" 404 108901 "-" "Mozilla/5.0 (compatible; MJ12bot/v1.4.8; http://mj12bot.com/)"
114.119.149.171 - - [26/Feb/2025:07:07:58 +0000] "GET /shop/extarccion-de-resina/?product-page=3 HTTP/1.1" 200 26567 "https://plantamadre.es/shop/extarccion-de-resina/?product-page=1" "Mozilla/5.0 (Linux; Android 7.0;) AppleWebKit/537.36 (KHTML, like Gecko) Mobile Safari/537.36 (compatible; PetalBot;+https://webmaster.petalsearch.com/site/petalbot)"
135.181.79.106 - - [26/Feb/2025:07:07:59 +0000] "GET /tienda/ripper-seeds/ripper-seeds-criminal-3%E2%99%80/?add-to-cart=3938 HTTP/1.1" 404 108902 "-" "Mozilla/5.0 (compatible; MJ12bot/v1.4.8; http://mj12bot.com/)"
146.190.157.162 - - [26/Feb/2025:07:08:05 +0000] "POST /wp-cron.php?doing_wp_cron=1740553685.9108529090881347656250 HTTP/1.1" 200 2850 "-" "WordPress/6.3.5; https://plantamadre.es"
135.181.79.106 - - [26/Feb/2025:07:08:04 +0000] "GET /tienda/ripper-seeds/ripper-seeds-criminal-3%E2%99%80/?add-to-cart=394 HTTP/1.1" 404 108900 "-" "Mozilla/5.0 (compatible; MJ12bot/v1.4.8; http://mj12bot.com/)"
135.181.79.106 - - [26/Feb/2025:07:08:10 +0000] "GET /tienda/ripper-seeds/ripper-seeds-criminal-3%E2%99%80/?add-to-cart=3940 HTTP/1.1" 404 108900 "-" "Mozilla/5.0 (compatible; MJ12bot/v1.4.8; http://mj12bot.com/)"
135.181.79.106 - - [26/Feb/2025:07:08:15 +0000] "GET /tienda/ripper-seeds/ripper-seeds-criminal-3%E2%99%80/?add-to-cart=395 HTTP/1.1" 404 108900 "-" "Mozilla/5.0 (compatible; MJ12bot/v1.4.8; http://mj12bot.com/)"
20.171.207.32 - - [26/Feb/2025:07:08:15 +0000] "GET /tienda/bongs-y-pipas/bong-cristal-varios-dibujos-14-cm/ HTTP/1.1" 404 109057 "-" "Mozilla/5.0 AppleWebKit/537.36 (KHTML, like Gecko; compatible; GPTBot/1.2; +https://openai.com/gptbot)"
135.181.79.106 - - [26/Feb/2025:07:08:20 +0000] "GET /tienda/ripper-seeds/ripper-seeds-criminal-3%E2%99%80/?add-to-cart=3957 HTTP/1.1" 404 108901 "-" "Mozilla/5.0 (compatible; MJ12bot/v1.4.8; http://mj12bot.com/)"
77.232.37.35 - - [26/Feb/2025:07:08:25 +0000] "GET /tienda/semillas-3/sweet-seeds-cream-mandarine-xl-52-semillas-auto-fem/ HTTP/1.0" 403 2776 "-" "Mozilla/5.0 (Windows NT 6.3; Win64; x64) AppleWebKit/537.36 (KHTML, like Gecko) Chrome/75.0.3770.100 Safari/537.36"
77.232.37.35 - - [26/Feb/2025:07:08:25 +0000] "GET /tienda/semillas/l-s-d-feminizada-10-semillas/ HTTP/1.0" 403 2777 "-" "Mozilla/5.0 (Windows NT 6.3; Win64; x64) AppleWebKit/537.36 (KHTML, like Gecko) Chrome/75.0.3770.100 Safari/537.36"
135.181.79.106 - - [26/Feb/2025:07:08:25 +0000] "GET /tienda/ripper-seeds/ripper-seeds-criminal-3%E2%99%80/?add-to-cart=3963 HTTP/1.1" 404 108901 "-" "Mozilla/5.0 (compatible; MJ12bot/v1.4.8; http://mj12bot.com/)"
146.190.157.162 - - [26/Feb/2025:07:08:31 +0000] "POST /wp-cron.php?doing_wp_cron=1740553711.3962359428405761718750 HTTP/1.1" 200 2850 "-" "WordPress/6.3.5; https://plantamadre.es"
135.181.79.106 - - [26/Feb/2025:07:08:30 +0000] "GET /tienda/ripper-seeds/ripper-seeds-criminal-3%E2%99%80/?add-to-cart=3979 HTTP/1.1" 404 108901 "-" "Mozilla/5.0 (compatible; MJ12bot/v1.4.8; http://mj12bot.com/)"
135.181.79.106 - - [26/Feb/2025:07:08:36 +0000] "GET /tienda/ripper-seeds/ripper-seeds-criminal-3%E2%99%80/?add-to-cart=3982 HTTP/1.1" 404 108901 "-" "Mozilla/5.0 (compatible; MJ12bot/v1.4.8; http://mj12bot.com/)"
135.181.79.106 - - [26/Feb/2025:07:08:41 +0000] "GET /tienda/ripper-seeds/ripper-seeds-criminal-3%E2%99%80/?add-to-cart=3987 HTTP/1.1" 404 108901 "-" "Mozilla/5.0 (compatible; MJ12bot/v1.4.8; http://mj12bot.com/)"
135.181.79.106 - - [26/Feb/2025:07:08:45 +0000] "GET /tienda/ripper-seeds/ripper-seeds-criminal-3%E2%99%80/?add-to-cart=3989 HTTP/1.1" 404 108901 "-" "Mozilla/5.0 (compatible; MJ12bot/v1.4.8; http://mj12bot.com/)"
135.181.79.106 - - [26/Feb/2025:07:08:50 +0000] "GET /tienda/ripper-seeds/ripper-seeds-criminal-3%E2%99%80/?add-to-cart=3990 HTTP/1.1" 404 108902 "-" "Mozilla/5.0 (compatible; MJ12bot/v1.4.8; http://mj12bot.com/)"
135.181.79.106 - - [26/Feb/2025:07:08:56 +0000] "GET /tienda/ripper-seeds/ripper-seeds-criminal-3%E2%99%80/?add-to-cart=3991 HTTP/1.1" 404 108902 "-" "Mozilla/5.0 (compatible; MJ12bot/v1.4.8; http://mj12bot.com/)"
135.181.79.106 - - [26/Feb/2025:07:09:01 +0000] "GET /tienda/ripper-seeds/ripper-seeds-criminal-3%E2%99%80/?add-to-cart=3992 HTTP/1.1" 404 108901 "-" "Mozilla/5.0 (compatible; MJ12bot/v1.4.8; http://mj12bot.com/)"
135.181.79.106 - - [26/Feb/2025:07:09:07 +0000] "GET /tienda/ripper-seeds/ripper-seeds-criminal-3%E2%99%80/?add-to-cart=419 HTTP/1.1" 404 108900 "-" "Mozilla/5.0 (compatible; MJ12bot/v1.4.8; http://mj12bot.com/)"
135.181.79.106 - - [26/Feb/2025:07:09:13 +0000] "GET /tienda/ripper-seeds/ripper-seeds-criminal-3%E2%99%80/?add-to-cart=4420 HTTP/1.1" 404 108901 "-" "Mozilla/5.0 (compatible; MJ12bot/v1.4.8; http://mj12bot.com/)"
135.181.79.106 - - [26/Feb/2025:07:09:18 +0000] "GET /tienda/ripper-seeds/ripper-seeds-criminal-3%E2%99%80/?add-to-cart=4423 HTTP/1.1" 404 108901 "-" "Mozilla/5.0 (compatible; MJ12bot/v1.4.8; http://mj12bot.com/)"
146.190.157.162 - - [26/Feb/2025:07:09:24 +0000] "POST /wp-cron.php?doing_wp_cron=1740553764.6050510406494140625000 HTTP/1.1" 200 2850 "-" "WordPress/6.3.5; https://plantamadre.es"
135.181.79.106 - - [26/Feb/2025:07:09:23 +0000] "GET /tienda/ripper-seeds/ripper-seeds-criminal-3%E2%99%80/?add-to-cart=4431 HTTP/1.1" 404 108900 "-" "Mozilla/5.0 (compatible; MJ12bot/v1.4.8; http://mj12bot.com/)"
135.181.79.106 - - [26/Feb/2025:07:09:29 +0000] "GET /tienda/ripper-seeds/ripper-seeds-criminal-3%E2%99%80/?add-to-cart=4432 HTTP/1.1" 404 108902 "-" "Mozilla/5.0 (compatible; MJ12bot/v1.4.8; http://mj12bot.com/)"
146.190.157.162 - - [26/Feb/2025:07:09:35 +0000] "POST /wp-cron.php?doing_wp_cron=1740553775.5985729694366455078125 HTTP/1.1" 200 2849 "-" "WordPress/6.3.5; https://plantamadre.es"
135.181.79.106 - - [26/Feb/2025:07:09:34 +0000] "GET /tienda/ripper-seeds/ripper-seeds-criminal-3%E2%99%80/?add-to-cart=4434 HTTP/1.1" 404 108902 "-" "Mozilla/5.0 (compatible; MJ12bot/v1.4.8; http://mj12bot.com/)"
135.181.79.106 - - [26/Feb/2025:07:09:40 +0000] "GET /tienda/ripper-seeds/ripper-seeds-criminal-3%E2%99%80/?add-to-cart=4448 HTTP/1.1" 404 108901 "-" "Mozilla/5.0 (compatible; MJ12bot/v1.4.8; http://mj12bot.com/)"
135.181.79.106 - - [26/Feb/2025:07:09:44 +0000] "GET /tienda/ripper-seeds/ripper-seeds-criminal-3%E2%99%80/?add-to-cart=445 HTTP/1.1" 404 108900 "-" "Mozilla/5.0 (compatible; MJ12bot/v1.4.8; http://mj12bot.com/)"
146.190.157.162 - - [26/Feb/2025:07:09:51 +0000] "POST /wp-cron.php?doing_wp_cron=1740553791.3034329414367675781250 HTTP/1.1" 200 2850 "-" "WordPress/6.3.5; https://plantamadre.es"
135.181.79.106 - - [26/Feb/2025:07:09:49 +0000] "GET /tienda/ripper-seeds/ripper-seeds-criminal-3%E2%99%80/?add-to-cart=4455 HTTP/1.1" 404 108900 "-" "Mozilla/5.0 (compatible; MJ12bot/v1.4.8; http://mj12bot.com/)"
135.181.79.106 - - [26/Feb/2025:07:09:56 +0000] "GET /tienda/ripper-seeds/ripper-seeds-criminal-3%E2%99%80/?add-to-cart=4467 HTTP/1.1" 404 108901 "-" "Mozilla/5.0 (compatible; MJ12bot/v1.4.8; http://mj12bot.com/)"
135.181.79.106 - - [26/Feb/2025:07:10:00 +0000] "GET /tienda/ripper-seeds/ripper-seeds-criminal-3%E2%99%80/?add-to-cart=4471 HTTP/1.1" 404 108901 "-" "Mozilla/5.0 (compatible; MJ12bot/v1.4.8; http://mj12bot.com/)"
146.190.157.162 - - [26/Feb/2025:07:10:10 +0000] "POST /wp-cron.php?doing_wp_cron=1740553810.9293100833892822265625 HTTP/1.1" 200 2850 "-" "WordPress/6.3.5; https://plantamadre.es"
135.181.79.106 - - [26/Feb/2025:07:10:09 +0000] "GET /tienda/ripper-seeds/ripper-seeds-criminal-3%E2%99%80/?add-to-cart=4479 HTTP/1.1" 404 108900 "-" "Mozilla/5.0 (compatible; MJ12bot/v1.4.8; http://mj12bot.com/)"
135.181.79.106 - - [26/Feb/2025:07:10:15 +0000] "GET /tienda/ripper-seeds/ripper-seeds-criminal-3%E2%99%80/?add-to-cart=4480 HTTP/1.1" 404 108901 "-" "Mozilla/5.0 (compatible; MJ12bot/v1.4.8; http://mj12bot.com/)"
135.181.79.106 - - [26/Feb/2025:07:10:21 +0000] "GET /tienda/ripper-seeds/ripper-seeds-criminal-3%E2%99%80/?add-to-cart=452 HTTP/1.1" 404 108901 "-" "Mozilla/5.0 (compatible; MJ12bot/v1.4.8; http://mj12bot.com/)"
146.190.157.162 - - [26/Feb/2025:07:10:31 +0000] "POST /wp-cron.php?doing_wp_cron=1740553831.6996231079101562500000 HTTP/1.1" 200 2849 "-" "WordPress/6.3.5; https://plantamadre.es"
135.181.79.106 - - [26/Feb/2025:07:10:26 +0000] "GET /tienda/ripper-seeds/ripper-seeds-criminal-3%E2%99%80/?add-to-cart=4522 HTTP/1.1" 404 108901 "-" "Mozilla/5.0 (compatible; MJ12bot/v1.4.8; http://mj12bot.com/)"
135.181.79.106 - - [26/Feb/2025:07:10:36 +0000] "GET /tienda/ripper-seeds/ripper-seeds-criminal-3%E2%99%80/?add-to-cart=4523 HTTP/1.1" 404 108900 "-" "Mozilla/5.0 (compatible; MJ12bot/v1.4.8; http://mj12bot.com/)"
135.181.79.106 - - [26/Feb/2025:07:10:41 +0000] "GET /tienda/ripper-seeds/ripper-seeds-criminal-3%E2%99%80/?add-to-cart=4525 HTTP/1.1" 404 108901 "-" "Mozilla/5.0 (compatible; MJ12bot/v1.4.8; http://mj12bot.com/)"
20.171.207.32 - - [26/Feb/2025:07:10:45 +0000] "GET /tienda/bongs-y-pipas/bong-cristal-varios-dibujos-14-cm/ HTTP/1.1" 404 109058 "-" "Mozilla/5.0 AppleWebKit/537.36 (KHTML, like Gecko; compatible; GPTBot/1.2; +https://openai.com/gptbot)"
135.181.79.106 - - [26/Feb/2025:07:10:47 +0000] "GET /tienda/ripper-seeds/ripper-seeds-criminal-3%E2%99%80/?add-to-cart=4526 HTTP/1.1" 404 108900 "-" "Mozilla/5.0 (compatible; MJ12bot/v1.4.8; http://mj12bot.com/)"
135.181.79.106 - - [26/Feb/2025:07:10:52 +0000] "GET /tienda/ripper-seeds/ripper-seeds-criminal-3%E2%99%80/?add-to-cart=4532 HTTP/1.1" 404 108902 "-" "Mozilla/5.0 (compatible; MJ12bot/v1.4.8; http://mj12bot.com/)"
135.181.79.106 - - [26/Feb/2025:07:10:58 +0000] "GET /tienda/ripper-seeds/ripper-seeds-criminal-3%E2%99%80/?add-to-cart=4534 HTTP/1.1" 404 108901 "-" "Mozilla/5.0 (compatible; MJ12bot/v1.4.8; http://mj12bot.com/)"
135.181.79.106 - - [26/Feb/2025:07:11:04 +0000] "GET /tienda/ripper-seeds/ripper-seeds-criminal-3%E2%99%80/?add-to-cart=4535 HTTP/1.1" 404 108901 "-" "Mozilla/5.0 (compatible; MJ12bot/v1.4.8; http://mj12bot.com/)"
135.181.79.106 - - [26/Feb/2025:07:11:09 +0000] "GET /tienda/ripper-seeds/ripper-seeds-criminal-3%E2%99%80/?add-to-cart=4540 HTTP/1.1" 404 108902 "-" "Mozilla/5.0 (compatible; MJ12bot/v1.4.8; http://mj12bot.com/)"
135.181.79.106 - - [26/Feb/2025:07:11:15 +0000] "GET /tienda/ripper-seeds/ripper-seeds-criminal-3%E2%99%80/?add-to-cart=4552 HTTP/1.1" 404 108900 "-" "Mozilla/5.0 (compatible; MJ12bot/v1.4.8; http://mj12bot.com/)"
135.181.79.106 - - [26/Feb/2025:07:11:20 +0000] "GET /tienda/ripper-seeds/ripper-seeds-criminal-3%E2%99%80/?add-to-cart=4553 HTTP/1.1" 404 108902 "-" "Mozilla/5.0 (compatible; MJ12bot/v1.4.8; http://mj12bot.com/)"
135.181.79.106 - - [26/Feb/2025:07:11:25 +0000] "GET /tienda/ripper-seeds/ripper-seeds-criminal-3%E2%99%80/?add-to-cart=4556 HTTP/1.1" 404 108901 "-" "Mozilla/5.0 (compatible; MJ12bot/v1.4.8; http://mj12bot.com/)"
146.190.157.162 - - [26/Feb/2025:07:11:33 +0000] "POST /wp-cron.php?doing_wp_cron=1740553893.0931820869445800781250 HTTP/1.1" 200 2850 "-" "WordPress/6.3.5; https://plantamadre.es"
135.181.79.106 - - [26/Feb/2025:07:11:31 +0000] "GET /tienda/ripper-seeds/ripper-seeds-criminal-3%E2%99%80/?add-to-cart=4558 HTTP/1.1" 404 108901 "-" "Mozilla/5.0 (compatible; MJ12bot/v1.4.8; http://mj12bot.com/)"
135.181.79.106 - - [26/Feb/2025:07:11:37 +0000] "GET /tienda/ripper-seeds/ripper-seeds-criminal-3%E2%99%80/?add-to-cart=456 HTTP/1.1" 404 108901 "-" "Mozilla/5.0 (compatible; MJ12bot/v1.4.8; http://mj12bot.com/)"
135.181.79.106 - - [26/Feb/2025:07:11:43 +0000] "GET /tienda/ripper-seeds/ripper-seeds-criminal-3%E2%99%80/?add-to-cart=4562 HTTP/1.1" 404 108900 "-" "Mozilla/5.0 (compatible; MJ12bot/v1.4.8; http://mj12bot.com/)"
135.181.79.106 - - [26/Feb/2025:07:11:48 +0000] "GET /tienda/ripper-seeds/ripper-seeds-criminal-3%E2%99%80/?add-to-cart=4568 HTTP/1.1" 404 108902 "-" "Mozilla/5.0 (compatible; MJ12bot/v1.4.8; http://mj12bot.com/)"
20.171.207.32 - - [26/Feb/2025:07:11:51 +0000] "GET /tienda/bongs-y-pipas/bong-cristal-varios-dibujos-14-cm/ HTTP/1.1" 404 109058 "-" "Mozilla/5.0 AppleWebKit/537.36 (KHTML, like Gecko; compatible; GPTBot/1.2; +https://openai.com/gptbot)"
66.249.68.7 - - [26/Feb/2025:07:11:56 +0000] "GET /wp-content/uploads/2024/12/MACETA-PROPOT.png HTTP/1.1" 301 563 "-" "Googlebot-Image/1.0"
135.181.79.106 - - [26/Feb/2025:07:11:54 +0000] "GET /tienda/ripper-seeds/ripper-seeds-criminal-3%E2%99%80/?add-to-cart=457 HTTP/1.1" 404 108899 "-" "Mozilla/5.0 (compatible; MJ12bot/v1.4.8; http://mj12bot.com/)"
66.249.68.7 - - [26/Feb/2025:07:11:57 +0000] "GET /wp-content/uploads/2024/12/MACETA-PROPOT.png HTTP/1.1" 200 80546 "-" "Googlebot-Image/1.0"
135.181.79.106 - - [26/Feb/2025:07:11:59 +0000] "GET /tienda/ripper-seeds/ripper-seeds-criminal-3%E2%99%80/?add-to-cart=4570 HTTP/1.1" 404 108901 "-" "Mozilla/5.0 (compatible; MJ12bot/v1.4.8; http://mj12bot.com/)"
135.181.79.106 - - [26/Feb/2025:07:12:05 +0000] "GET /tienda/ripper-seeds/ripper-seeds-criminal-3%E2%99%80/?add-to-cart=4574 HTTP/1.1" 404 108901 "-" "Mozilla/5.0 (compatible; MJ12bot/v1.4.8; http://mj12bot.com/)"
135.181.79.106 - - [26/Feb/2025:07:12:10 +0000] "GET /tienda/ripper-seeds/ripper-seeds-criminal-3%E2%99%80/?add-to-cart=4583 HTTP/1.1" 404 108902 "-" "Mozilla/5.0 (compatible; MJ12bot/v1.4.8; http://mj12bot.com/)"
146.190.157.162 - - [26/Feb/2025:07:12:18 +0000] "POST /wp-cron.php?doing_wp_cron=1740553938.0608160495758056640625 HTTP/1.1" 200 2849 "-" "WordPress/6.3.5; https://plantamadre.es"
135.181.79.106 - - [26/Feb/2025:07:12:16 +0000] "GET /tienda/ripper-seeds/ripper-seeds-criminal-3%E2%99%80/?add-to-cart=4596 HTTP/1.1" 404 108902 "-" "Mozilla/5.0 (compatible; MJ12bot/v1.4.8; http://mj12bot.com/)"
135.181.79.106 - - [26/Feb/2025:07:12:22 +0000] "GET /tienda/ripper-seeds/ripper-seeds-criminal-3%E2%99%80/?add-to-cart=4597 HTTP/1.1" 404 108902 "-" "Mozilla/5.0 (compatible; MJ12bot/v1.4.8; http://mj12bot.com/)"
46.3.128.151 - - [26/Feb/2025:07:12:28 +0000] "GET /tienda/600-w/kit-basico-600w-vanguads-hidroponicsbombilla-vanguads-hidroponics-creflo-reflector-pearl-pro-copiar/ HTTP/1.1" 403 3016 "-" "Mozilla/5.0 (X11; Linux i686) AppleWebKit/537.36 (KHTML, like Gecko) Chrome/114.0.0.0 Safari/537.36 Vivaldi/5.3.2679.68"
135.181.79.106 - - [26/Feb/2025:07:12:27 +0000] "GET /tienda/ripper-seeds/ripper-seeds-criminal-3%E2%99%80/?add-to-cart=4601 HTTP/1.1" 404 108901 "-" "Mozilla/5.0 (compatible; MJ12bot/v1.4.8; http://mj12bot.com/)"
46.3.129.73 - - [26/Feb/2025:07:12:31 +0000] "GET /tienda/600-w/kit-basico-600w-vanguads-hidroponicsbombilla-vanguads-hidroponics-creflo-reflector-pearl-pro-copiar/ HTTP/1.1" 403 3016 "-" "Mozilla/5.0 (X11; Linux i686) AppleWebKit/537.36 (KHTML, like Gecko) Chrome/114.0.0.0 Safari/537.36 Vivaldi/5.3.2679.68"
146.190.157.162 - - [26/Feb/2025:07:12:33 +0000] "POST /wp-cron.php?doing_wp_cron=1740553953.3428459167480468750000 HTTP/1.1" 200 2849 "-" "WordPress/6.3.5; https://plantamadre.es"
135.181.79.106 - - [26/Feb/2025:07:12:33 +0000] "GET /tienda/ripper-seeds/ripper-seeds-criminal-3%E2%99%80/?add-to-cart=4608 HTTP/1.1" 404 108901 "-" "Mozilla/5.0 (compatible; MJ12bot/v1.4.8; http://mj12bot.com/)"
46.3.48.207 - - [26/Feb/2025:07:12:35 +0000] "GET /tienda/600-w/kit-basico-600w-vanguads-hidroponicsbombilla-vanguads-hidroponics-creflo-reflector-pearl-pro-copiar/ HTTP/1.1" 403 3016 "-" "Mozilla/5.0 (X11; Linux i686) AppleWebKit/537.36 (KHTML, like Gecko) Chrome/114.0.0.0 Safari/537.36 Vivaldi/5.3.2679.68"
80.71.154.26 - - [26/Feb/2025:07:12:38 +0000] "GET /tienda/600-w/kit-basico-600w-vanguads-hidroponicsbombilla-vanguads-hidroponics-creflo-reflector-pearl-pro-copiar/ HTTP/1.1" 404 109161 "-" "Mozilla/5.0 (X11; Linux i686) AppleWebKit/537.36 (KHTML, like Gecko) Chrome/114.0.0.0 Safari/537.36 Vivaldi/5.3.2679.68"
135.181.79.106 - - [26/Feb/2025:07:12:39 +0000] "GET /tienda/ripper-seeds/ripper-seeds-criminal-3%E2%99%80/?add-to-cart=4615 HTTP/1.1" 404 108900 "-" "Mozilla/5.0 (compatible; MJ12bot/v1.4.8; http://mj12bot.com/)"
80.71.154.26 - - [26/Feb/2025:07:12:42 +0000] "GET / HTTP/1.1" 200 27148 "-" "Mozilla/5.0 (X11; Linux i686) AppleWebKit/537.36 (KHTML, like Gecko) Chrome/114.0.0.0 Safari/537.36 Vivaldi/5.3.2679.68"
20.171.207.32 - - [26/Feb/2025:07:12:43 +0000] "GET /tienda/bongs-y-pipas/bong-cristal-varios-dibujos-14-cm/ HTTP/1.1" 404 109057 "-" "Mozilla/5.0 AppleWebKit/537.36 (KHTML, like Gecko; compatible; GPTBot/1.2; +https://openai.com/gptbot)"
135.181.79.106 - - [26/Feb/2025:07:12:44 +0000] "GET /tienda/ripper-seeds/ripper-seeds-criminal-3%E2%99%80/?add-to-cart=4619 HTTP/1.1" 404 108900 "-" "Mozilla/5.0 (compatible; MJ12bot/v1.4.8; http://mj12bot.com/)"
80.71.154.26 - - [26/Feb/2025:07:12:45 +0000] "GET /product/aire-acondicionado-electrogrow/ HTTP/1.1" 200 32896 "https://plantamadre.es" "Mozilla/5.0 (X11; Linux i686) AppleWebKit/537.36 (KHTML, like Gecko) Chrome/114.0.0.0 Safari/537.36 Vivaldi/5.3.2679.68"
135.181.79.106 - - [26/Feb/2025:07:12:49 +0000] "GET /tienda/ripper-seeds/ripper-seeds-criminal-3%E2%99%80/?add-to-cart=465 HTTP/1.1" 404 108899 "-" "Mozilla/5.0 (compatible; MJ12bot/v1.4.8; http://mj12bot.com/)"
146.190.157.162 - - [26/Feb/2025:07:13:34 +0000] "POST /wp-cron.php?doing_wp_cron=1740554014.4129459857940673828125 HTTP/1.1" 200 2849 "-" "WordPress/6.3.5; https://plantamadre.es"
20.171.207.32 - - [26/Feb/2025:07:13:33 +0000] "GET /tienda/bongs-y-pipas/bong-cristal-varios-dibujos-14-cm/ HTTP/1.1" 404 109057 "-" "Mozilla/5.0 AppleWebKit/537.36 (KHTML, like Gecko; compatible; GPTBot/1.2; +https://openai.com/gptbot)"
146.190.157.162 - - [26/Feb/2025:07:14:35 +0000] "POST /wp-cron.php?doing_wp_cron=1740554075.0323901176452636718750 HTTP/1.1" 200 2850 "-" "WordPress/6.3.5; https://plantamadre.es"
20.171.207.32 - - [26/Feb/2025:07:14:33 +0000] "GET /tienda/bongs-y-pipas/bong-cristal-varios-dibujos-14-cm/ HTTP/1.1" 404 109058 "-" "Mozilla/5.0 AppleWebKit/537.36 (KHTML, like Gecko; compatible; GPTBot/1.2; +https://openai.com/gptbot)"
191.96.168.219 - - [26/Feb/2025:07:14:41 +0000] "GET /tienda/vapeadores/smok-vape-pen-22-1650mah/ HTTP/1.1" 404 109092 "-" "Mozilla/5.0 (X11; Linux x86_64) AppleWebKit/537.36 (KHTML, like Gecko) Chrome/114.0.0.0 Safari/537.36 OPR/89.0.4447.51"
191.96.168.219 - - [26/Feb/2025:07:14:41 +0000] "GET /tienda/ez-test/ez-test-ketamina/ HTTP/1.1" 404 109082 "-" "Mozilla/5.0 (X11; Linux x86_64) AppleWebKit/537.36 (KHTML, like Gecko) Chrome/114.0.0.0 Safari/537.36 OPR/89.0.4447.51"
178.159.37.28 - - [26/Feb/2025:07:14:55 +0000] "GET /tienda/papel/papel-raw-king-size-slim/ HTTP/1.0" 404 108806 "https://plantamadre.es/tienda/papel/papel-raw-king-size-slim/" "Mozilla/5.0 (Windows NT 6.1) AppleWebKit/537.36 (KHTML, like Gecko) Chrome/63.0.3239.84 Safari/537.36"
20.171.207.32 - - [26/Feb/2025:07:15:15 +0000] "GET /tienda/bongs-y-pipas/bong-cristal-varios-dibujos-14-cm/ HTTP/1.1" 404 109057 "-" "Mozilla/5.0 AppleWebKit/537.36 (KHTML, like Gecko; compatible; GPTBot/1.2; +https://openai.com/gptbot)"
146.190.157.162 - - [26/Feb/2025:07:15:54 +0000] "POST /wp-cron.php?doing_wp_cron=1740554154.2715580463409423828125 HTTP/1.1" 200 2850 "-" "WordPress/6.3.5; https://plantamadre.es"
82.213.251.63 - - [26/Feb/2025:07:15:52 +0000] "GET / HTTP/1.1" 200 27149 "-" "Mozilla/5.0 (Windows NT 10.0; Win64; x64; rv:114.0) Gecko/20100101 Firefox/114.0"
20.171.207.32 - - [26/Feb/2025:07:15:55 +0000] "GET /tienda/bongs-y-pipas/bong-cristal-varios-dibujos-14-cm/ HTTP/1.1" 404 109058 "-" "Mozilla/5.0 AppleWebKit/537.36 (KHTML, like Gecko; compatible; GPTBot/1.2; +https://openai.com/gptbot)"
146.190.157.162 - - [26/Feb/2025:07:18:25 +0000] "POST /wp-cron.php?doing_wp_cron=1740554304.9980080127716064453125 HTTP/1.1" 200 2850 "-" "WordPress/6.3.5; https://plantamadre.es"
20.171.207.32 - - [26/Feb/2025:07:18:23 +0000] "GET /tienda/bongs-y-pipas/bong-cristal-varios-dibujos-14-cm/ HTTP/1.1" 404 109058 "-" "Mozilla/5.0 AppleWebKit/537.36 (KHTML, like Gecko; compatible; GPTBot/1.2; +https://openai.com/gptbot)"
146.190.157.162 - - [26/Feb/2025:07:18:59 +0000] "POST /wp-cron.php?doing_wp_cron=1740554339.1382279396057128906250 HTTP/1.1" 200 2851 "-" "WordPress/6.3.5; https://plantamadre.es"
20.171.207.32 - - [26/Feb/2025:07:18:57 +0000] "GET /tienda/bongs-y-pipas/bong-cristal-varios-dibujos-14-cm/ HTTP/1.1" 404 109057 "-" "Mozilla/5.0 AppleWebKit/537.36 (KHTML, like Gecko; compatible; GPTBot/1.2; +https://openai.com/gptbot)"
35.205.69.222 - - [26/Feb/2025:07:19:15 +0000] "GET /wp-login.php HTTP/1.1" 200 12691 "-" "Mozilla/5.0 (Windows NT 6.1) AppleWebKit/537.36 (KHTML, like Gecko) Chrome/56.0.2924.76 Safari/537.36"
20.171.207.32 - - [26/Feb/2025:07:19:16 +0000] "GET /tienda/bongs-y-pipas/bong-cristal-varios-dibujos-14-cm/ HTTP/1.1" 404 109058 "-" "Mozilla/5.0 AppleWebKit/537.36 (KHTML, like Gecko; compatible; GPTBot/1.2; +https://openai.com/gptbot)"
35.205.69.222 - - [26/Feb/2025:07:19:18 +0000] "POST /wp-login.php HTTP/1.1" 401 6522 "https://plantamadre.es/wp-login.php" "Mozilla/5.0 (Windows NT 6.1) AppleWebKit/537.36 (KHTML, like Gecko) Chrome/56.0.2924.76 Safari/537.36"
158.180.238.53 - - [26/Feb/2025:07:19:23 +0000] "GET /wp-login.php HTTP/1.1" 200 14820 "-" "Mozilla/5.0 (Windows NT 10.0; Win64; x64) AppleWebKit/537.36 (KHTML, like Gecko) Chrome/64.0.3282.186 Safari/537.36"
35.205.69.222 - - [26/Feb/2025:07:19:23 +0000] "GET /wp-login.php HTTP/1.1" 200 12690 "-" "Mozilla/5.0 (Windows NT 10.0; Win64; x64; rv:85.0) Gecko/20100101 Firefox/85.0"
146.190.157.162 - - [26/Feb/2025:07:19:24 +0000] "POST /wp-cron.php?doing_wp_cron=1740554364.8136808872222900390625 HTTP/1.1" 200 2851 "-" "WordPress/6.3.5; https://plantamadre.es"
35.205.69.222 - - [26/Feb/2025:07:19:26 +0000] "POST /wp-login.php HTTP/1.1" 401 6521 "https://plantamadre.es/wp-login.php" "Mozilla/5.0 (Windows NT 10.0; Win64; x64; rv:85.0) Gecko/20100101 Firefox/85.0"
51.68.11.199 - - [26/Feb/2025:07:19:43 +0000] "GET /wp-login.php HTTP/1.1" 200 14706 "-" "Mozilla/5.0 (Windows NT 6.1; Win64; x64) AppleWebKit/537.36 (KHTML, like Gecko) Chrome/69.0.3497.100 Safari/537.36"
34.46.107.224 - - [26/Feb/2025:07:19:54 +0000] "POST /wp-login.php HTTP/1.1" 301 443 "http://plantamadre.es" "Mozilla/5.0 (Windows NT 11.0; Win64; x64) AppleWebKit/537.36 (KHTML, like Gecko) Chrome/126.0.0.0 Safari/537.36 Edg/126.0.0.0"
34.46.107.224 - - [26/Feb/2025:07:19:54 +0000] "GET /wp-login.php HTTP/1.1" 200 7285 "http://plantamadre.es" "Mozilla/5.0 (Windows NT 11.0; Win64; x64) AppleWebKit/537.36 (KHTML, like Gecko) Chrome/126.0.0.0 Safari/537.36 Edg/126.0.0.0"
66.249.68.6 - - [26/Feb/2025:07:19:59 +0000] "GET /tienda/balastros/balastro-electronico-newlite-600w-regulable-con-potenciometro/ HTTP/1.1" 404 109111 "-" "Mozilla/5.0 (Linux; Android 6.0.1; Nexus 5X Build/MMB29P) AppleWebKit/537.36 (KHTML, like Gecko) Chrome/133.0.6943.53 Mobile Safari/537.36 (compatible; Googlebot/2.1; +http://www.google.com/bot.html)"
146.190.157.162 - - [26/Feb/2025:07:20:01 +0000] "POST /wp-cron.php?doing_wp_cron=1740554401.7987871170043945312500 HTTP/1.1" 200 2851 "-" "WordPress/6.3.5; https://plantamadre.es"
77.222.61.238 - - [26/Feb/2025:07:20:07 +0000] "GET /wp-login.php HTTP/1.1" 200 14819 "-" "Mozilla/5.0 (Windows NT 10.0; Win64; x64) AppleWebKit/537.36 (KHTML, like Gecko) Chrome/85.0.4183.102 Safari/537.36"
20.171.207.32 - - [26/Feb/2025:07:20:08 +0000] "GET /tienda/bongs-y-pipas/bong-cristal-varios-dibujos-14-cm/ HTTP/1.1" 404 109057 "-" "Mozilla/5.0 AppleWebKit/537.36 (KHTML, like Gecko; compatible; GPTBot/1.2; +https://openai.com/gptbot)"
46.101.216.118 - - [26/Feb/2025:07:20:11 +0000] "GET /wp-login.php HTTP/1.1" 200 14820 "-" "Mozilla/5.0 (Windows NT 6.1; rv:17.0) Gecko/20100101 Firefox/20.6.14"
20.171.207.32 - - [26/Feb/2025:07:20:26 +0000] "GET /tienda/bongs-y-pipas/bong-cristal-varios-dibujos-14-cm/ HTTP/1.1" 404 109057 "-" "Mozilla/5.0 AppleWebKit/537.36 (KHTML, like Gecko; compatible; GPTBot/1.2; +https://openai.com/gptbot)"
146.190.157.162 - - [26/Feb/2025:07:21:06 +0000] "POST /wp-cron.php?doing_wp_cron=1740554466.8066549301147460937500 HTTP/1.1" 200 2851 "-" "WordPress/6.3.5; https://plantamadre.es"
66.249.68.5 - - [26/Feb/2025:07:21:05 +0000] "GET /tienda/page/4/?orderby=popularity HTTP/1.1" 404 109066 "-" "Mozilla/5.0 (Linux; Android 6.0.1; Nexus 5X Build/MMB29P) AppleWebKit/537.36 (KHTML, like Gecko) Chrome/133.0.6943.53 Mobile Safari/537.36 (compatible; Googlebot/2.1; +http://www.google.com/bot.html)"
66.249.68.6 - - [26/Feb/2025:07:21:10 +0000] "GET /wp-content/uploads/2016/10/FOLIAR-SPRY.png HTTP/1.1" 404 109070 "-" "Googlebot-Image/1.0"
142.93.219.175 - - [26/Feb/2025:07:21:22 +0000] "GET /tienda/00-seeds-bank/00-seeds-auto-bubble-gum-5und/ HTTP/1.1" 404 108920 "-" "-"
142.93.219.175 - - [26/Feb/2025:07:21:26 +0000] "POST /wp-comments-post.php HTTP/1.1" 200 448 "-" "-"
20.171.207.32 - - [26/Feb/2025:07:21:28 +0000] "GET /tienda/bongs-y-pipas/bong-cristal-varios-dibujos-14-cm/ HTTP/1.1" 404 109056 "-" "Mozilla/5.0 AppleWebKit/537.36 (KHTML, like Gecko; compatible; GPTBot/1.2; +https://openai.com/gptbot)"
146.190.157.162 - - [26/Feb/2025:07:21:54 +0000] "POST /wp-cron.php?doing_wp_cron=1740554514.2218339443206787109375 HTTP/1.1" 200 2850 "-" "WordPress/6.3.5; https://plantamadre.es"
20.171.207.32 - - [26/Feb/2025:07:21:52 +0000] "GET /tienda/bongs-y-pipas/bong-cristal-varios-dibujos-14-cm/ HTTP/1.1" 404 109058 "-" "Mozilla/5.0 AppleWebKit/537.36 (KHTML, like Gecko; compatible; GPTBot/1.2; +https://openai.com/gptbot)"
146.190.157.162 - - [26/Feb/2025:07:22:29 +0000] "POST /wp-cron.php?doing_wp_cron=1740554549.7658150196075439453125 HTTP/1.1" 200 2850 "-" "WordPress/6.3.5; https://plantamadre.es"
20.171.207.32 - - [26/Feb/2025:07:22:27 +0000] "GET /tienda/bongs-y-pipas/bong-cristal-varios-dibujos-14-cm/ HTTP/1.1" 404 109057 "-" "Mozilla/5.0 AppleWebKit/537.36 (KHTML, like Gecko; compatible; GPTBot/1.2; +https://openai.com/gptbot)"
77.232.37.35 - - [26/Feb/2025:07:22:38 +0000] "GET /tienda/bandejas/bandeja-flexible-120x120x10/ HTTP/1.0" 403 2778 "-" "Mozilla/5.0 (Windows NT 6.3; Win64; x64) AppleWebKit/537.36 (KHTML, like Gecko) Chrome/75.0.3770.100 Safari/537.36"
146.190.157.162 - - [26/Feb/2025:07:23:35 +0000] "POST /wp-cron.php?doing_wp_cron=1740554615.5715589523315429687500 HTTP/1.1" 200 2851 "-" "WordPress/6.3.5; https://plantamadre.es"
95.216.238.232 - - [26/Feb/2025:07:23:33 +0000] "GET /tienda/pyramid-seeds-semillas/pyramid-seeds-american-pie-5-semillas-fem/ HTTP/1.0" 404 108840 "https://plantamadre.es/tienda/pyramid-seeds-semillas/pyramid-seeds-american-pie-5-semillas-fem/" "Mozilla/5.0 (Windows NT 10.0; Win64; x64) AppleWebKit/537.36 (KHTML, like Gecko) Chrome/131.0.0.0 Safari/537.36"
146.190.157.162 - - [26/Feb/2025:07:24:25 +0000] "POST /wp-cron.php?doing_wp_cron=1740554665.2349920272827148437500 HTTP/1.1" 200 2850 "-" "WordPress/6.3.5; https://plantamadre.es"
20.171.207.32 - - [26/Feb/2025:07:24:23 +0000] "GET /tienda/bongs-y-pipas/bong-cristal-varios-dibujos-14-cm/ HTTP/1.1" 404 109058 "-" "Mozilla/5.0 AppleWebKit/537.36 (KHTML, like Gecko; compatible; GPTBot/1.2; +https://openai.com/gptbot)"
37.139.53.198 - - [26/Feb/2025:07:24:49 +0000] "GET /tienda/semillas/l-s-d-feminizada-10-semillas/ HTTP/1.1" 301 565 "-" "Mozilla/5.0 (Macintosh; Intel Mac OS X 12_5) AppleWebKit/537.36 (KHTML, like Gecko) Chrome/114.0.0.0 Safari/537.36"
37.139.53.198 - - [26/Feb/2025:07:24:51 +0000] "GET /tienda/semillas/l-s-d-feminizada-10-semillas/ HTTP/1.1" 403 3016 "http://plantamadre.es/tienda/semillas/l-s-d-feminizada-10-semillas/" "Mozilla/5.0 (Macintosh; Intel Mac OS X 12_5) AppleWebKit/537.36 (KHTML, like Gecko) Chrome/114.0.0.0 Safari/537.36"
146.190.157.162 - - [26/Feb/2025:07:24:53 +0000] "POST /wp-cron.php?doing_wp_cron=1740554693.2205750942230224609375 HTTP/1.1" 200 2851 "-" "WordPress/6.3.5; https://plantamadre.es"
37.139.53.198 - - [26/Feb/2025:07:24:55 +0000] "GET /tienda/semillas/l-s-d-feminizada-10-semillas/ HTTP/1.1" 403 3016 "-" "Mozilla/5.0 (Macintosh; Intel Mac OS X 12_5) AppleWebKit/537.36 (KHTML, like Gecko) Chrome/114.0.0.0 Safari/537.36"
37.139.53.198 - - [26/Feb/2025:07:24:57 +0000] "GET /tienda/semillas/l-s-d-feminizada-10-semillas/ HTTP/1.1" 403 3017 "-" "Mozilla/5.0 (Macintosh; Intel Mac OS X 12_5) AppleWebKit/537.36 (KHTML, like Gecko) Chrome/114.0.0.0 Safari/537.36"
37.139.53.198 - - [26/Feb/2025:07:25:00 +0000] "GET /tienda/semillas/l-s-d-feminizada-10-semillas/ HTTP/1.1" 403 3016 "-" "Mozilla/5.0 (Macintosh; Intel Mac OS X 12_5) AppleWebKit/537.36 (KHTML, like Gecko) Chrome/114.0.0.0 Safari/537.36"
37.139.53.198 - - [26/Feb/2025:07:25:03 +0000] "GET / HTTP/1.1" 403 3062 "-" "Mozilla/5.0 (Macintosh; Intel Mac OS X 12_5) AppleWebKit/537.36 (KHTML, like Gecko) Chrome/114.0.0.0 Safari/537.36"
37.139.53.198 - - [26/Feb/2025:07:25:05 +0000] "GET / HTTP/1.1" 403 3063 "-" "Mozilla/5.0 (Macintosh; Intel Mac OS X 12_5) AppleWebKit/537.36 (KHTML, like Gecko) Chrome/114.0.0.0 Safari/537.36"
37.139.53.198 - - [26/Feb/2025:07:25:08 +0000] "GET / HTTP/1.1" 403 3064 "-" "Mozilla/5.0 (Macintosh; Intel Mac OS X 12_5) AppleWebKit/537.36 (KHTML, like Gecko) Chrome/114.0.0.0 Safari/537.36"
37.139.53.198 - - [26/Feb/2025:07:25:11 +0000] "GET / HTTP/1.1" 403 3063 "-" "Mozilla/5.0 (Macintosh; Intel Mac OS X 12_5) AppleWebKit/537.36 (KHTML, like Gecko) Chrome/114.0.0.0 Safari/537.36"
77.232.37.35 - - [26/Feb/2025:07:25:14 +0000] "GET /tienda/00-seeds-bank/00-seeds-auto-afghan-mass-xxl-5und/ HTTP/1.0" 403 2777 "-" "Mozilla/5.0 (Windows NT 6.3; Win64; x64) AppleWebKit/537.36 (KHTML, like Gecko) Chrome/75.0.3770.100 Safari/537.36"
77.232.37.35 - - [26/Feb/2025:07:25:14 +0000] "GET /tienda/dinafem/blue-hash-feminizada-3-semillas/ HTTP/1.0" 403 2777 "-" "Mozilla/5.0 (Windows NT 6.3; Win64; x64) AppleWebKit/537.36 (KHTML, like Gecko) Chrome/75.0.3770.100 Safari/537.36"
77.232.37.35 - - [26/Feb/2025:07:25:14 +0000] "GET /tienda/extraccion/extractor-rvk-l1-250mm-1000m3h/ HTTP/1.0" 403 2777 "-" "Mozilla/5.0 (Windows NT 6.3; Win64; x64) AppleWebKit/537.36 (KHTML, like Gecko) Chrome/75.0.3770.100 Safari/537.36"
77.232.37.35 - - [26/Feb/2025:07:25:15 +0000] "GET /tienda/bandejas/bandeja-flexible-80x80x10/ HTTP/1.0" 403 2776 "-" "Mozilla/5.0 (Windows NT 6.3; Win64; x64) AppleWebKit/537.36 (KHTML, like Gecko) Chrome/75.0.3770.100 Safari/537.36"
77.232.37.35 - - [26/Feb/2025:07:25:15 +0000] "GET /tienda/kaya-spain-quality/kaya-spain-quality-seeds-super-thc-5-semillas-fem/ HTTP/1.0" 403 2776 "-" "Mozilla/5.0 (Windows NT 6.3; Win64; x64) AppleWebKit/537.36 (KHTML, like Gecko) Chrome/75.0.3770.100 Safari/537.36"
77.232.37.35 - - [26/Feb/2025:07:25:15 +0000] "GET /tienda/dna-genetics/exodus-kush-feminizada-6-semillas/ HTTP/1.0" 403 2778 "-" "Mozilla/5.0 (Windows NT 6.3; Win64; x64) AppleWebKit/537.36 (KHTML, like Gecko) Chrome/75.0.3770.100 Safari/537.36"
77.232.37.35 - - [26/Feb/2025:07:25:15 +0000] "GET /tienda/extraccion/extractor-tt-garden-highpro-125mm/ HTTP/1.0" 403 2778 "-" "Mozilla/5.0 (Windows NT 6.3; Win64; x64) AppleWebKit/537.36 (KHTML, like Gecko) Chrome/75.0.3770.100 Safari/537.36"
77.232.37.35 - - [26/Feb/2025:07:25:15 +0000] "GET /tienda/insecticidas/atami-bio-defense-1-2-2x50-ml/ HTTP/1.0" 403 2777 "-" "Mozilla/5.0 (Windows NT 6.3; Win64; x64) AppleWebKit/537.36 (KHTML, like Gecko) Chrome/75.0.3770.100 Safari/537.36"
77.232.37.35 - - [26/Feb/2025:07:25:15 +0000] "GET /tienda/insecticidas/bolsa-trampa-gama-nocturna-5-unidades/ HTTP/1.0" 403 2777 "-" "Mozilla/5.0 (Windows NT 6.3; Win64; x64) AppleWebKit/537.36 (KHTML, like Gecko) Chrome/75.0.3770.100 Safari/537.36"
77.232.37.35 - - [26/Feb/2025:07:25:16 +0000] "GET /tienda/pyramid-seeds-semillas/pyramid-seeds-amnesia-gold-5-semillas-fem/ HTTP/1.0" 403 2778 "-" "Mozilla/5.0 (Windows NT 6.3; Win64; x64) AppleWebKit/537.36 (KHTML, like Gecko) Chrome/75.0.3770.100 Safari/537.36"
77.232.37.35 - - [26/Feb/2025:07:25:16 +0000] "GET /tienda/semillas-3/sweet-seeds-botafumeiros-3-sem-fem/ HTTP/1.0" 403 2778 "-" "Mozilla/5.0 (Windows NT 6.3; Win64; x64) AppleWebKit/537.36 (KHTML, like Gecko) Chrome/75.0.3770.100 Safari/537.36"
77.232.37.35 - - [26/Feb/2025:07:25:17 +0000] "GET /tienda/semillas-3/venus-red-skunk-1-semilla-auto/ HTTP/1.0" 403 2777 "-" "Mozilla/5.0 (Windows NT 6.3; Win64; x64) AppleWebKit/537.36 (KHTML, like Gecko) Chrome/75.0.3770.100 Safari/537.36"
77.232.37.35 - - [26/Feb/2025:07:25:17 +0000] "GET /tienda/humedad/humidificador-mini-vdl/ HTTP/1.0" 403 2777 "-" "Mozilla/5.0 (Windows NT 6.3; Win64; x64) AppleWebKit/537.36 (KHTML, like Gecko) Chrome/75.0.3770.100 Safari/537.36"
77.232.37.35 - - [26/Feb/2025:07:25:17 +0000] "GET /tienda/semillas-3/thc-seeds-cheese-matic-5-semillas-fem/ HTTP/1.0" 403 2777 "-" "Mozilla/5.0 (Windows NT 6.3; Win64; x64) AppleWebKit/537.36 (KHTML, like Gecko) Chrome/75.0.3770.100 Safari/537.36"
77.232.37.35 - - [26/Feb/2025:07:25:18 +0000] "GET /tienda/utensil-de-cosecha/peladora-leaf-cutter-pro-40cm-manual-transparente-verde/ HTTP/1.0" 403 2778 "-" "Mozilla/5.0 (Windows NT 6.3; Win64; x64) AppleWebKit/537.36 (KHTML, like Gecko) Chrome/75.0.3770.100 Safari/537.36"
77.232.37.35 - - [26/Feb/2025:07:25:18 +0000] "GET /tienda/sin-categorizar/cachimba-al-mani-z-80/ HTTP/1.0" 403 2778 "-" "Mozilla/5.0 (Windows NT 6.3; Win64; x64) AppleWebKit/537.36 (KHTML, like Gecko) Chrome/75.0.3770.100 Safari/537.36"
77.232.37.35 - - [26/Feb/2025:07:25:18 +0000] "GET /tienda/vapeadores/vaporesso-veco-solo-1500-mah/ HTTP/1.0" 403 2777 "-" "Mozilla/5.0 (Windows NT 6.3; Win64; x64) AppleWebKit/537.36 (KHTML, like Gecko) Chrome/75.0.3770.100 Safari/537.36"
77.232.37.35 - - [26/Feb/2025:07:25:18 +0000] "GET /tienda/semillas-3/sweet-seeds-sweet-mix-auto/ HTTP/1.0" 403 2777 "-" "Mozilla/5.0 (Windows NT 6.3; Win64; x64) AppleWebKit/537.36 (KHTML, like Gecko) Chrome/75.0.3770.100 Safari/537.36"
82.213.251.63 - - [26/Feb/2025:07:25:18 +0000] "GET / HTTP/1.1" 200 27149 "-" "Mozilla/5.0 (Windows NT 10.0; WOW64; x64) AppleWebKit/537.36 (KHTML, like Gecko) Chrome/114.0.0.0 Safari/537.36 OPR/89.0.4447.51"
20.171.207.32 - - [26/Feb/2025:07:25:26 +0000] "GET /tienda/bongs-y-pipas/bong-cristal-varios-dibujos-14-cm/ HTTP/1.1" 404 109057 "-" "Mozilla/5.0 AppleWebKit/537.36 (KHTML, like Gecko; compatible; GPTBot/1.2; +https://openai.com/gptbot)"
5.255.231.3 - - [26/Feb/2025:07:25:32 +0000] "GET /robots.txt HTTP/1.1" 403 3031 "-" "Mozilla/5.0 (compatible; YandexBot/3.0; +http://yandex.com/bots)"
146.190.157.162 - - [26/Feb/2025:07:25:33 +0000] "POST /wp-cron.php?doing_wp_cron=1740554733.5491950511932373046875 HTTP/1.1" 200 2849 "-" "WordPress/6.3.5; https://plantamadre.es"
95.108.213.117 - - [26/Feb/2025:07:25:35 +0000] "GET /shop/semillas/ HTTP/1.1" 403 3031 "-" "Mozilla/5.0 (compatible; YandexBot/3.0; +http://yandex.com/bots)"
20.171.207.32 - - [26/Feb/2025:07:25:55 +0000] "GET /tienda/bongs-y-pipas/bong-cristal-varios-dibujos-14-cm/ HTTP/1.1" 404 109057 "-" "Mozilla/5.0 AppleWebKit/537.36 (KHTML, like Gecko; compatible; GPTBot/1.2; +https://openai.com/gptbot)"
20.171.207.32 - - [26/Feb/2025:07:26:20 +0000] "GET /tienda/bongs-y-pipas/bong-cristal-varios-dibujos-14-cm/ HTTP/1.1" 404 109058 "-" "Mozilla/5.0 AppleWebKit/537.36 (KHTML, like Gecko; compatible; GPTBot/1.2; +https://openai.com/gptbot)"
146.190.157.162 - - [26/Feb/2025:07:26:48 +0000] "POST /wp-cron.php?doing_wp_cron=1740554808.4747219085693359375000 HTTP/1.1" 200 2850 "-" "WordPress/6.3.5; https://plantamadre.es"
66.249.68.7 - - [26/Feb/2025:07:26:47 +0000] "GET /wp-content/uploads/2017/08/Cachimba-Al-Mani-Z-11.png HTTP/1.1" 404 109079 "-" "Googlebot-Image/1.0"
146.190.157.162 - - [26/Feb/2025:07:27:27 +0000] "POST /wp-cron.php?doing_wp_cron=1740554847.8073599338531494140625 HTTP/1.1" 200 2850 "-" "WordPress/6.3.5; https://plantamadre.es"
20.171.207.32 - - [26/Feb/2025:07:27:26 +0000] "GET /tienda/bongs-y-pipas/bong-cristal-varios-dibujos-14-cm/ HTTP/1.1" 404 109056 "-" "Mozilla/5.0 AppleWebKit/537.36 (KHTML, like Gecko; compatible; GPTBot/1.2; +https://openai.com/gptbot)"
146.190.157.162 - - [26/Feb/2025:07:27:37 +0000] "POST /wp-cron.php?doing_wp_cron=1740554857.0503439903259277343750 HTTP/1.1" 200 2851 "-" "WordPress/6.3.5; https://plantamadre.es"
20.171.207.32 - - [26/Feb/2025:07:27:35 +0000] "GET /tienda/bongs-y-pipas/bong-cristal-varios-dibujos-14-cm/ HTTP/1.1" 404 109057 "-" "Mozilla/5.0 AppleWebKit/537.36 (KHTML, like Gecko; compatible; GPTBot/1.2; +https://openai.com/gptbot)"
135.181.213.219 - - [26/Feb/2025:07:27:48 +0000] "GET /robots.txt HTTP/1.1" 200 2806 "-" "Mozilla/5.0 (compatible; MJ12bot/v1.4.8; http://mj12bot.com/)"
135.181.213.219 - - [26/Feb/2025:07:27:52 +0000] "GET /tienda/ripper-seeds/ripper-seeds-black-valley-5%E2%99%80/?add-to-cart=468 HTTP/1.1" 404 108904 "-" "Mozilla/5.0 (compatible; MJ12bot/v1.4.8; http://mj12bot.com/)"
146.190.157.162 - - [26/Feb/2025:07:27:58 +0000] "POST /wp-cron.php?doing_wp_cron=1740554878.7807419300079345703125 HTTP/1.1" 200 2851 "-" "WordPress/6.3.5; https://plantamadre.es"
135.181.213.219 - - [26/Feb/2025:07:27:57 +0000] "GET /tienda/ripper-seeds/ripper-seeds-black-valley-5%E2%99%80/?add-to-cart=472 HTTP/1.1" 404 108904 "-" "Mozilla/5.0 (compatible; MJ12bot/v1.4.8; http://mj12bot.com/)"
135.181.213.219 - - [26/Feb/2025:07:28:04 +0000] "GET /tienda/ripper-seeds/ripper-seeds-black-valley-5%E2%99%80/?add-to-cart=473 HTTP/1.1" 404 108904 "-" "Mozilla/5.0 (compatible; MJ12bot/v1.4.8; http://mj12bot.com/)"
146.190.157.162 - - [26/Feb/2025:07:28:06 +0000] "POST /wp-cron.php?doing_wp_cron=1740554886.5661730766296386718750 HTTP/1.1" 200 2851 "-" "WordPress/6.3.5; https://plantamadre.es"
135.181.213.219 - - [26/Feb/2025:07:28:13 +0000] "GET /tienda/ripper-seeds/ripper-seeds-black-valley-5%E2%99%80/?add-to-cart=4756 HTTP/1.1" 404 108905 "-" "Mozilla/5.0 (compatible; MJ12bot/v1.4.8; http://mj12bot.com/)"
146.190.157.162 - - [26/Feb/2025:07:28:13 +0000] "GET /wp-json/jetpack/v4/sync/spawn-sync?time=1740554893&request_lock_id=1740554893.1241 HTTP/1.1" 200 2868 "-" "WordPress/6.3.5; https://plantamadre.es"
135.181.213.219 - - [26/Feb/2025:07:28:17 +0000] "GET /tienda/ripper-seeds/ripper-seeds-black-valley-5%E2%99%80/?add-to-cart=4765 HTTP/1.1" 404 108906 "-" "Mozilla/5.0 (compatible; MJ12bot/v1.4.8; http://mj12bot.com/)"
135.181.213.219 - - [26/Feb/2025:07:28:23 +0000] "GET /tienda/ripper-seeds/ripper-seeds-black-valley-5%E2%99%80/?add-to-cart=4782 HTTP/1.1" 404 108905 "-" "Mozilla/5.0 (compatible; MJ12bot/v1.4.8; http://mj12bot.com/)"
135.181.213.219 - - [26/Feb/2025:07:28:28 +0000] "GET /tienda/ripper-seeds/ripper-seeds-black-valley-5%E2%99%80/?add-to-cart=4793 HTTP/1.1" 404 108904 "-" "Mozilla/5.0 (compatible; MJ12bot/v1.4.8; http://mj12bot.com/)"
146.190.157.162 - - [26/Feb/2025:07:28:35 +0000] "POST /wp-cron.php?doing_wp_cron=1740554915.2760019302368164062500 HTTP/1.1" 200 2850 "-" "WordPress/6.3.5; https://plantamadre.es"
135.181.213.219 - - [26/Feb/2025:07:28:34 +0000] "GET /tienda/ripper-seeds/ripper-seeds-black-valley-5%E2%99%80/?add-to-cart=4804 HTTP/1.1" 404 108905 "-" "Mozilla/5.0 (compatible; MJ12bot/v1.4.8; http://mj12bot.com/)"
20.171.207.32 - - [26/Feb/2025:07:28:33 +0000] "GET /tienda/bongs-y-pipas/bong-cristal-varios-dibujos-14-cm/ HTTP/1.1" 404 109058 "-" "Mozilla/5.0 AppleWebKit/537.36 (KHTML, like Gecko; compatible; GPTBot/1.2; +https://openai.com/gptbot)"
135.181.213.219 - - [26/Feb/2025:07:28:39 +0000] "GET /tienda/ripper-seeds/ripper-seeds-black-valley-5%E2%99%80/?add-to-cart=4813 HTTP/1.1" 404 108904 "-" "Mozilla/5.0 (compatible; MJ12bot/v1.4.8; http://mj12bot.com/)"
135.181.213.219 - - [26/Feb/2025:07:28:44 +0000] "GET /tienda/ripper-seeds/ripper-seeds-black-valley-5%E2%99%80/?add-to-cart=4822 HTTP/1.1" 404 108905 "-" "Mozilla/5.0 (compatible; MJ12bot/v1.4.8; http://mj12bot.com/)"
195.154.60.83 - - [26/Feb/2025:07:28:45 +0000] "GET /tienda/00-seeds-bank-semillas/00-seeds-00-kush-5und-fem/ HTTP/1.1" 404 109107 "-" "Mozilla/5.0 (Windows NT 10.0; Win64; x64) AppleWebKit/537.36 (KHTML, like Gecko) Chrome/114.0.0.0 Safari/537.36 Edg/114.0.1264.71"
135.181.213.219 - - [26/Feb/2025:07:28:49 +0000] "GET /tienda/ripper-seeds/ripper-seeds-black-valley-5%E2%99%80/?add-to-cart=486 HTTP/1.1" 404 108903 "-" "Mozilla/5.0 (compatible; MJ12bot/v1.4.8; http://mj12bot.com/)"
195.154.60.83 - - [26/Feb/2025:07:28:49 +0000] "GET / HTTP/1.1" 200 27147 "-" "Mozilla/5.0 (Windows NT 10.0; Win64; x64) AppleWebKit/537.36 (KHTML, like Gecko) Chrome/114.0.0.0 Safari/537.36 Edg/114.0.1264.71"
135.181.213.219 - - [26/Feb/2025:07:28:55 +0000] "GET /tienda/ripper-seeds/ripper-seeds-black-valley-5%E2%99%80/?add-to-cart=494 HTTP/1.1" 404 108904 "-" "Mozilla/5.0 (compatible; MJ12bot/v1.4.8; http://mj12bot.com/)"
135.181.213.219 - - [26/Feb/2025:07:29:00 +0000] "GET /tienda/ripper-seeds/ripper-seeds-black-valley-5%E2%99%80/?add-to-cart=4941 HTTP/1.1" 404 108905 "-" "Mozilla/5.0 (compatible; MJ12bot/v1.4.8; http://mj12bot.com/)"
195.154.60.83 - - [26/Feb/2025:07:29:03 +0000] "GET /wp-login.php?action=register HTTP/1.1" 302 3121 "https://plantamadre.es" "Mozilla/5.0 (Windows NT 6.3; Win64; x64) AppleWebKit/537.36 (KHTML, like Gecko) Chrome/103.0.0.0 Safari/537.36"
195.154.60.83 - - [26/Feb/2025:07:29:05 +0000] "GET /wp-login.php?registration=disabled HTTP/1.1" 200 5953 "https://plantamadre.es/wp-login.php?action=register" "Mozilla/5.0 (Windows NT 6.3; Win64; x64) AppleWebKit/537.36 (KHTML, like Gecko) Chrome/103.0.0.0 Safari/537.36"
135.181.213.219 - - [26/Feb/2025:07:29:05 +0000] "GET /tienda/ripper-seeds/ripper-seeds-black-valley-5%E2%99%80/?add-to-cart=4946 HTTP/1.1" 404 108904 "-" "Mozilla/5.0 (compatible; MJ12bot/v1.4.8; http://mj12bot.com/)"
135.181.213.219 - - [26/Feb/2025:07:29:10 +0000] "GET /tienda/ripper-seeds/ripper-seeds-black-valley-5%E2%99%80/?add-to-cart=4955 HTTP/1.1" 404 108906 "-" "Mozilla/5.0 (compatible; MJ12bot/v1.4.8; http://mj12bot.com/)"
135.181.213.219 - - [26/Feb/2025:07:29:16 +0000] "GET /tienda/ripper-seeds/ripper-seeds-black-valley-5%E2%99%80/?add-to-cart=4956 HTTP/1.1" 404 108904 "-" "Mozilla/5.0 (compatible; MJ12bot/v1.4.8; http://mj12bot.com/)"
135.181.213.219 - - [26/Feb/2025:07:29:22 +0000] "GET /tienda/ripper-seeds/ripper-seeds-black-valley-5%E2%99%80/?add-to-cart=4980 HTTP/1.1" 404 108906 "-" "Mozilla/5.0 (compatible; MJ12bot/v1.4.8; http://mj12bot.com/)"
146.190.157.162 - - [26/Feb/2025:07:29:32 +0000] "POST /wp-cron.php?doing_wp_cron=1740554972.9127640724182128906250 HTTP/1.1" 200 2850 "-" "WordPress/6.3.5; https://plantamadre.es"
135.181.213.219 - - [26/Feb/2025:07:29:30 +0000] "GET /tienda/ripper-seeds/ripper-seeds-black-valley-5%E2%99%80/?add-to-cart=4989 HTTP/1.1" 404 108905 "-" "Mozilla/5.0 (compatible; MJ12bot/v1.4.8; http://mj12bot.com/)"
114.119.130.168 - - [26/Feb/2025:07:29:34 +0000] "GET /shop/cultivo/riego/?product-page=2 HTTP/1.1" 200 24439 "https://plantamadre.es/shop/cultivo/riego/?product-page=1" "Mozilla/5.0 (Linux; Android 7.0;) AppleWebKit/537.36 (KHTML, like Gecko) Mobile Safari/537.36 (compatible; PetalBot;+https://webmaster.petalsearch.com/site/petalbot)"
135.181.213.219 - - [26/Feb/2025:07:29:37 +0000] "GET /tienda/ripper-seeds/ripper-seeds-black-valley-5%E2%99%80/?add-to-cart=5084 HTTP/1.1" 404 108904 "-" "Mozilla/5.0 (compatible; MJ12bot/v1.4.8; http://mj12bot.com/)"
135.181.213.219 - - [26/Feb/2025:07:29:42 +0000] "GET /tienda/ripper-seeds/ripper-seeds-black-valley-5%E2%99%80/?add-to-cart=511 HTTP/1.1" 404 108904 "-" "Mozilla/5.0 (compatible; MJ12bot/v1.4.8; http://mj12bot.com/)"
135.181.213.219 - - [26/Feb/2025:07:29:49 +0000] "GET /tienda/ripper-seeds/ripper-seeds-black-valley-5%E2%99%80/?add-to-cart=513 HTTP/1.1" 404 108905 "-" "Mozilla/5.0 (compatible; MJ12bot/v1.4.8; http://mj12bot.com/)"
135.181.213.219 - - [26/Feb/2025:07:29:54 +0000] "GET /tienda/ripper-seeds/ripper-seeds-black-valley-5%E2%99%80/?add-to-cart=5488 HTTP/1.1" 404 108905 "-" "Mozilla/5.0 (compatible; MJ12bot/v1.4.8; http://mj12bot.com/)"
135.181.213.219 - - [26/Feb/2025:07:29:59 +0000] "GET /tienda/ripper-seeds/ripper-seeds-black-valley-5%E2%99%80/?add-to-cart=5604 HTTP/1.1" 404 108905 "-" "Mozilla/5.0 (compatible; MJ12bot/v1.4.8; http://mj12bot.com/)"
135.181.213.219 - - [26/Feb/2025:07:30:08 +0000] "GET /tienda/ripper-seeds/ripper-seeds-black-valley-5%E2%99%80/?add-to-cart=5613 HTTP/1.1" 404 108905 "-" "Mozilla/5.0 (compatible; MJ12bot/v1.4.8; http://mj12bot.com/)"
135.181.213.219 - - [26/Feb/2025:07:30:16 +0000] "GET /tienda/ripper-seeds/ripper-seeds-black-valley-5%E2%99%80/?add-to-cart=5649 HTTP/1.1" 404 108905 "-" "Mozilla/5.0 (compatible; MJ12bot/v1.4.8; http://mj12bot.com/)"
135.181.213.219 - - [26/Feb/2025:07:30:22 +0000] "GET /tienda/ripper-seeds/ripper-seeds-black-valley-5%E2%99%80/?add-to-cart=5705 HTTP/1.1" 404 108905 "-" "Mozilla/5.0 (compatible; MJ12bot/v1.4.8; http://mj12bot.com/)"
20.171.207.32 - - [26/Feb/2025:07:30:25 +0000] "GET /tienda/bongs-y-pipas/bong-cristal-varios-dibujos-14-cm/ HTTP/1.1" 404 109058 "-" "Mozilla/5.0 AppleWebKit/537.36 (KHTML, like Gecko; compatible; GPTBot/1.2; +https://openai.com/gptbot)"
135.181.213.219 - - [26/Feb/2025:07:30:27 +0000] "GET /tienda/ripper-seeds/ripper-seeds-black-valley-5%E2%99%80/?add-to-cart=5779 HTTP/1.1" 404 108904 "-" "Mozilla/5.0 (compatible; MJ12bot/v1.4.8; http://mj12bot.com/)"
