185.207.250.205 - - [26/Feb/2025:04:59:07 +0000] "GET /tienda/delicious-semillas-autoflorecientes/delicious-seeds-la-diva-3%E2%99%80/?add-to-cart=582 HTTP/1.1" 404 106574 "-" "Mozilla/5.0 (compatible; MJ12bot/v1.4.8; http://mj12bot.com/)"
185.207.250.205 - - [26/Feb/2025:04:59:14 +0000] "GET /tienda/delicious-semillas-autoflorecientes/delicious-seeds-la-diva-3%E2%99%80/?add-to-cart=583 HTTP/1.1" 404 106574 "-" "Mozilla/5.0 (compatible; MJ12bot/v1.4.8; http://mj12bot.com/)"
146.190.157.162 - - [26/Feb/2025:04:59:27 +0000] "POST /wp-cron.php?doing_wp_cron=1740545967.9203429222106933593750 HTTP/1.1" 200 2851 "-" "WordPress/6.3.5; https://plantamadre.es"
185.207.250.205 - - [26/Feb/2025:04:59:26 +0000] "GET /tienda/delicious-semillas-autoflorecientes/delicious-seeds-la-diva-3%E2%99%80/?add-to-cart=594 HTTP/1.1" 404 108905 "-" "Mozilla/5.0 (compatible; MJ12bot/v1.4.8; http://mj12bot.com/)"
146.190.157.162 - - [26/Feb/2025:04:59:34 +0000] "POST /wp-cron.php?doing_wp_cron=1740545974.4265160560607910156250 HTTP/1.1" 200 2850 "-" "WordPress/6.3.5; https://plantamadre.es"
185.207.250.205 - - [26/Feb/2025:04:59:33 +0000] "GET /tienda/delicious-semillas-autoflorecientes/delicious-seeds-la-diva-3%E2%99%80/?add-to-cart=596 HTTP/1.1" 404 106574 "-" "Mozilla/5.0 (compatible; MJ12bot/v1.4.8; http://mj12bot.com/)"
185.207.250.205 - - [26/Feb/2025:04:59:39 +0000] "GET /tienda/delicious-semillas-autoflorecientes/delicious-seeds-la-diva-3%E2%99%80/?add-to-cart=604 HTTP/1.1" 404 106574 "-" "Mozilla/5.0 (compatible; MJ12bot/v1.4.8; http://mj12bot.com/)"
185.207.250.205 - - [26/Feb/2025:04:59:45 +0000] "GET /tienda/delicious-semillas-autoflorecientes/delicious-seeds-la-diva-3%E2%99%80/?add-to-cart=611 HTTP/1.1" 404 106574 "-" "Mozilla/5.0 (compatible; MJ12bot/v1.4.8; http://mj12bot.com/)"
185.207.250.205 - - [26/Feb/2025:04:59:55 +0000] "GET /tienda/delicious-semillas-autoflorecientes/delicious-seeds-la-diva-3%E2%99%80/?add-to-cart=6318 HTTP/1.1" 404 108908 "-" "Mozilla/5.0 (compatible; MJ12bot/v1.4.8; http://mj12bot.com/)"
185.207.250.205 - - [26/Feb/2025:05:00:06 +0000] "GET /tienda/delicious-semillas-autoflorecientes/delicious-seeds-la-diva-3%E2%99%80/?add-to-cart=6322 HTTP/1.1" 404 108908 "-" "Mozilla/5.0 (compatible; MJ12bot/v1.4.8; http://mj12bot.com/)"
146.190.157.162 - - [26/Feb/2025:05:00:14 +0000] "POST /wp-cron.php?doing_wp_cron=1740546014.7734229564666748046875 HTTP/1.1" 200 2850 "-" "WordPress/6.3.5; https://plantamadre.es"
185.207.250.205 - - [26/Feb/2025:05:00:12 +0000] "GET /tienda/delicious-semillas-autoflorecientes/delicious-seeds-la-diva-3%E2%99%80/?add-to-cart=6326 HTTP/1.1" 404 106575 "-" "Mozilla/5.0 (compatible; MJ12bot/v1.4.8; http://mj12bot.com/)"
185.207.250.205 - - [26/Feb/2025:05:00:23 +0000] "GET /tienda/delicious-semillas-autoflorecientes/delicious-seeds-la-diva-3%E2%99%80/?add-to-cart=6333 HTTP/1.1" 404 108908 "-" "Mozilla/5.0 (compatible; MJ12bot/v1.4.8; http://mj12bot.com/)"
146.190.157.162 - - [26/Feb/2025:05:00:36 +0000] "POST /wp-cron.php?doing_wp_cron=1740546036.3353500366210937500000 HTTP/1.1" 200 2850 "-" "WordPress/6.3.5; https://plantamadre.es"
185.207.250.205 - - [26/Feb/2025:05:00:34 +0000] "GET /tienda/delicious-semillas-autoflorecientes/delicious-seeds-la-diva-3%E2%99%80/?add-to-cart=6346 HTTP/1.1" 404 108908 "-" "Mozilla/5.0 (compatible; MJ12bot/v1.4.8; http://mj12bot.com/)"
185.207.250.205 - - [26/Feb/2025:05:00:46 +0000] "GET /tienda/delicious-semillas-autoflorecientes/delicious-seeds-la-diva-5%E2%99%80/?add-to-cart=3019 HTTP/1.1" 404 108907 "-" "Mozilla/5.0 (compatible; MJ12bot/v1.4.8; http://mj12bot.com/)"
185.207.250.205 - - [26/Feb/2025:05:00:55 +0000] "GET /tienda/delicious-semillas-autoflorecientes/delicious-seeds-la-diva-5%E2%99%80/?add-to-cart=3132 HTTP/1.1" 404 108908 "-" "Mozilla/5.0 (compatible; MJ12bot/v1.4.8; http://mj12bot.com/)"
185.207.250.205 - - [26/Feb/2025:05:01:02 +0000] "GET /tienda/delicious-semillas-autoflorecientes/delicious-seeds-la-diva-5%E2%99%80/?add-to-cart=327 HTTP/1.1" 404 106574 "-" "Mozilla/5.0 (compatible; MJ12bot/v1.4.8; http://mj12bot.com/)"
185.207.250.205 - - [26/Feb/2025:05:01:10 +0000] "GET /tienda/delicious-semillas-autoflorecientes/delicious-seeds-la-diva-5%E2%99%80/?add-to-cart=335 HTTP/1.1" 404 106574 "-" "Mozilla/5.0 (compatible; MJ12bot/v1.4.8; http://mj12bot.com/)"
185.207.250.205 - - [26/Feb/2025:05:01:25 +0000] "GET /tienda/delicious-semillas-autoflorecientes/delicious-seeds-la-diva-5%E2%99%80/?add-to-cart=3441 HTTP/1.1" 404 108908 "-" "Mozilla/5.0 (compatible; MJ12bot/v1.4.8; http://mj12bot.com/)"
146.190.157.162 - - [26/Feb/2025:05:01:34 +0000] "POST /wp-cron.php?doing_wp_cron=1740546094.4452419281005859375000 HTTP/1.1" 200 2850 "-" "WordPress/6.3.5; https://plantamadre.es"
185.207.250.205 - - [26/Feb/2025:05:01:32 +0000] "GET /tienda/delicious-semillas-autoflorecientes/delicious-seeds-la-diva-5%E2%99%80/?add-to-cart=3453 HTTP/1.1" 404 106575 "-" "Mozilla/5.0 (compatible; MJ12bot/v1.4.8; http://mj12bot.com/)"
185.207.250.205 - - [26/Feb/2025:05:01:40 +0000] "GET /tienda/ripper-seeds/ripper-seeds-black-valley-1%E2%99%80/?add-to-cart=236 HTTP/1.1" 404 106553 "-" "Mozilla/5.0 (compatible; MJ12bot/v1.4.8; http://mj12bot.com/)"
185.207.250.205 - - [26/Feb/2025:05:01:47 +0000] "GET /tienda/ripper-seeds/ripper-seeds-black-valley-1%E2%99%80/?add-to-cart=276 HTTP/1.1" 404 106553 "-" "Mozilla/5.0 (compatible; MJ12bot/v1.4.8; http://mj12bot.com/)"
185.207.250.205 - - [26/Feb/2025:05:01:54 +0000] "GET /tienda/ripper-seeds/ripper-seeds-black-valley-1%E2%99%80/?add-to-cart=3028 HTTP/1.1" 404 106554 "-" "Mozilla/5.0 (compatible; MJ12bot/v1.4.8; http://mj12bot.com/)"
212.56.33.128 - - [26/Feb/2025:05:01:57 +0000] "GET /robots.txt HTTP/1.1" 200 2843 "-" "Mozilla/5.0 (compatible; MJ12bot/v1.4.8; http://mj12bot.com/)"
185.207.250.205 - - [26/Feb/2025:05:02:01 +0000] "GET /tienda/ripper-seeds/ripper-seeds-black-valley-1%E2%99%80/?add-to-cart=383 HTTP/1.1" 404 106553 "-" "Mozilla/5.0 (compatible; MJ12bot/v1.4.8; http://mj12bot.com/)"
212.56.33.128 - - [26/Feb/2025:05:02:06 +0000] "GET /tienda/ripper-seeds/ripper-seeds-criminal-3%E2%99%80/?add-to-cart=4725 HTTP/1.1" 404 108882 "-" "Mozilla/5.0 (compatible; MJ12bot/v1.4.8; http://mj12bot.com/)"
185.207.250.205 - - [26/Feb/2025:05:02:07 +0000] "GET /tienda/ripper-seeds/ripper-seeds-black-valley-1%E2%99%80/?add-to-cart=3953 HTTP/1.1" 404 106554 "-" "Mozilla/5.0 (compatible; MJ12bot/v1.4.8; http://mj12bot.com/)"
146.190.157.162 - - [26/Feb/2025:05:02:16 +0000] "POST /wp-cron.php?doing_wp_cron=1740546136.4492039680480957031250 HTTP/1.1" 200 2851 "-" "WordPress/6.3.5; https://plantamadre.es"
185.207.250.205 - - [26/Feb/2025:05:02:14 +0000] "GET /tienda/ripper-seeds/ripper-seeds-black-valley-1%E2%99%80/?add-to-cart=3957 HTTP/1.1" 404 106554 "-" "Mozilla/5.0 (compatible; MJ12bot/v1.4.8; http://mj12bot.com/)"
212.56.33.128 - - [26/Feb/2025:05:02:17 +0000] "GET /tienda/ripper-seeds/ripper-seeds-criminal-3%E2%99%80/?add-to-cart=473 HTTP/1.1" 404 108880 "-" "Mozilla/5.0 (compatible; MJ12bot/v1.4.8; http://mj12bot.com/)"
185.207.250.205 - - [26/Feb/2025:05:02:22 +0000] "GET /tienda/ripper-seeds/ripper-seeds-black-valley-1%E2%99%80/?add-to-cart=3970 HTTP/1.1" 404 106554 "-" "Mozilla/5.0 (compatible; MJ12bot/v1.4.8; http://mj12bot.com/)"
185.207.250.205 - - [26/Feb/2025:05:02:28 +0000] "GET /tienda/ripper-seeds/ripper-seeds-black-valley-1%E2%99%80/?add-to-cart=3978 HTTP/1.1" 404 106554 "-" "Mozilla/5.0 (compatible; MJ12bot/v1.4.8; http://mj12bot.com/)"
146.190.157.162 - - [26/Feb/2025:05:02:31 +0000] "POST /wp-cron.php?doing_wp_cron=1740546151.1766149997711181640625 HTTP/1.1" 200 2850 "-" "WordPress/6.3.5; https://plantamadre.es"
212.56.33.128 - - [26/Feb/2025:05:02:29 +0000] "GET /tienda/ripper-seeds/ripper-seeds-criminal-3%E2%99%80/?add-to-cart=4730 HTTP/1.1" 404 108883 "-" "Mozilla/5.0 (compatible; MJ12bot/v1.4.8; http://mj12bot.com/)"
185.207.250.205 - - [26/Feb/2025:05:02:35 +0000] "GET /tienda/ripper-seeds/ripper-seeds-black-valley-1%E2%99%80/?add-to-cart=3994 HTTP/1.1" 404 106554 "-" "Mozilla/5.0 (compatible; MJ12bot/v1.4.8; http://mj12bot.com/)"
185.207.250.205 - - [26/Feb/2025:05:02:42 +0000] "GET /tienda/ripper-seeds/ripper-seeds-black-valley-1%E2%99%80/?add-to-cart=4006 HTTP/1.1" 404 106554 "-" "Mozilla/5.0 (compatible; MJ12bot/v1.4.8; http://mj12bot.com/)"
66.249.68.7 - - [26/Feb/2025:05:02:42 +0000] "GET /wp-content/uploads/2014/01/northern-haze.png HTTP/1.1" 404 109071 "-" "Googlebot-Image/1.0"
212.56.33.128 - - [26/Feb/2025:05:02:42 +0000] "GET /tienda/ripper-seeds/ripper-seeds-criminal-3%E2%99%80/?add-to-cart=4732 HTTP/1.1" 404 108883 "-" "Mozilla/5.0 (compatible; MJ12bot/v1.4.8; http://mj12bot.com/)"
185.207.250.205 - - [26/Feb/2025:05:02:48 +0000] "GET /tienda/ripper-seeds/ripper-seeds-black-valley-1%E2%99%80/?add-to-cart=4008 HTTP/1.1" 404 106554 "-" "Mozilla/5.0 (compatible; MJ12bot/v1.4.8; http://mj12bot.com/)"
146.190.157.162 - - [26/Feb/2025:05:02:55 +0000] "POST /wp-cron.php?doing_wp_cron=1740546175.6766419410705566406250 HTTP/1.1" 200 2850 "-" "WordPress/6.3.5; https://plantamadre.es"
212.56.33.128 - - [26/Feb/2025:05:02:53 +0000] "GET /tienda/ripper-seeds/ripper-seeds-criminal-3%E2%99%80/?add-to-cart=4735 HTTP/1.1" 404 108883 "-" "Mozilla/5.0 (compatible; MJ12bot/v1.4.8; http://mj12bot.com/)"
185.207.250.205 - - [26/Feb/2025:05:03:00 +0000] "GET /tienda/ripper-seeds/ripper-seeds-black-valley-1%E2%99%80/?add-to-cart=420 HTTP/1.1" 404 108885 "-" "Mozilla/5.0 (compatible; MJ12bot/v1.4.8; http://mj12bot.com/)"
212.56.33.128 - - [26/Feb/2025:05:03:04 +0000] "GET /tienda/ripper-seeds/ripper-seeds-criminal-3%E2%99%80/?add-to-cart=4742 HTTP/1.1" 404 108883 "-" "Mozilla/5.0 (compatible; MJ12bot/v1.4.8; http://mj12bot.com/)"
185.207.250.205 - - [26/Feb/2025:05:03:06 +0000] "GET /tienda/ripper-seeds/ripper-seeds-black-valley-1%E2%99%80/?add-to-cart=4201 HTTP/1.1" 404 106554 "-" "Mozilla/5.0 (compatible; MJ12bot/v1.4.8; http://mj12bot.com/)"
212.56.33.128 - - [26/Feb/2025:05:03:16 +0000] "GET /tienda/ripper-seeds/ripper-seeds-criminal-3%E2%99%80/?add-to-cart=4744 HTTP/1.1" 404 108882 "-" "Mozilla/5.0 (compatible; MJ12bot/v1.4.8; http://mj12bot.com/)"
185.207.250.205 - - [26/Feb/2025:05:03:19 +0000] "GET /tienda/ripper-seeds/ripper-seeds-black-valley-1%E2%99%80/?add-to-cart=4227 HTTP/1.1" 404 108887 "-" "Mozilla/5.0 (compatible; MJ12bot/v1.4.8; http://mj12bot.com/)"
185.207.250.205 - - [26/Feb/2025:05:03:26 +0000] "GET /tienda/ripper-seeds/ripper-seeds-black-valley-1%E2%99%80/?add-to-cart=4232 HTTP/1.1" 404 106554 "-" "Mozilla/5.0 (compatible; MJ12bot/v1.4.8; http://mj12bot.com/)"
212.56.33.128 - - [26/Feb/2025:05:03:26 +0000] "GET /tienda/ripper-seeds/ripper-seeds-criminal-3%E2%99%80/?add-to-cart=4749 HTTP/1.1" 404 108883 "-" "Mozilla/5.0 (compatible; MJ12bot/v1.4.8; http://mj12bot.com/)"
146.190.157.162 - - [26/Feb/2025:05:03:34 +0000] "POST /wp-cron.php?doing_wp_cron=1740546214.1206829547882080078125 HTTP/1.1" 200 2850 "-" "WordPress/6.3.5; https://plantamadre.es"
185.207.250.205 - - [26/Feb/2025:05:03:32 +0000] "GET /tienda/ripper-seeds/ripper-seeds-black-valley-1%E2%99%80/?add-to-cart=427 HTTP/1.1" 404 106553 "-" "Mozilla/5.0 (compatible; MJ12bot/v1.4.8; http://mj12bot.com/)"
212.56.33.128 - - [26/Feb/2025:05:03:36 +0000] "GET /tienda/ripper-seeds/ripper-seeds-criminal-3%E2%99%80/?add-to-cart=4754 HTTP/1.1" 404 108882 "-" "Mozilla/5.0 (compatible; MJ12bot/v1.4.8; http://mj12bot.com/)"
185.207.250.205 - - [26/Feb/2025:05:03:38 +0000] "GET /tienda/ripper-seeds/ripper-seeds-black-valley-1%E2%99%80/?add-to-cart=4294 HTTP/1.1" 404 106554 "-" "Mozilla/5.0 (compatible; MJ12bot/v1.4.8; http://mj12bot.com/)"
185.207.250.205 - - [26/Feb/2025:05:03:45 +0000] "GET /tienda/ripper-seeds/ripper-seeds-black-valley-1%E2%99%80/?add-to-cart=4310 HTTP/1.1" 404 106554 "-" "Mozilla/5.0 (compatible; MJ12bot/v1.4.8; http://mj12bot.com/)"
212.56.33.128 - - [26/Feb/2025:05:03:49 +0000] "GET /tienda/ripper-seeds/ripper-seeds-criminal-3%E2%99%80/?add-to-cart=4785 HTTP/1.1" 404 108882 "-" "Mozilla/5.0 (compatible; MJ12bot/v1.4.8; http://mj12bot.com/)"
185.207.250.205 - - [26/Feb/2025:05:03:54 +0000] "GET /tienda/ripper-seeds/ripper-seeds-black-valley-1%E2%99%80/?add-to-cart=432 HTTP/1.1" 404 108885 "-" "Mozilla/5.0 (compatible; MJ12bot/v1.4.8; http://mj12bot.com/)"
212.56.33.128 - - [26/Feb/2025:05:03:58 +0000] "GET /tienda/ripper-seeds/ripper-seeds-criminal-3%E2%99%80/?add-to-cart=479 HTTP/1.1" 404 108882 "-" "Mozilla/5.0 (compatible; MJ12bot/v1.4.8; http://mj12bot.com/)"
185.207.250.205 - - [26/Feb/2025:05:04:00 +0000] "GET /tienda/ripper-seeds/ripper-seeds-black-valley-1%E2%99%80/?add-to-cart=4329 HTTP/1.1" 404 106554 "-" "Mozilla/5.0 (compatible; MJ12bot/v1.4.8; http://mj12bot.com/)"
185.207.250.205 - - [26/Feb/2025:05:04:06 +0000] "GET /tienda/ripper-seeds/ripper-seeds-black-valley-1%E2%99%80/?add-to-cart=436 HTTP/1.1" 404 106553 "-" "Mozilla/5.0 (compatible; MJ12bot/v1.4.8; http://mj12bot.com/)"
212.56.33.128 - - [26/Feb/2025:05:04:10 +0000] "GET /tienda/ripper-seeds/ripper-seeds-criminal-3%E2%99%80/?add-to-cart=486 HTTP/1.1" 404 108881 "-" "Mozilla/5.0 (compatible; MJ12bot/v1.4.8; http://mj12bot.com/)"
185.207.250.205 - - [26/Feb/2025:05:04:12 +0000] "GET /tienda/ripper-seeds/ripper-seeds-black-valley-1%E2%99%80/?add-to-cart=437 HTTP/1.1" 404 106553 "-" "Mozilla/5.0 (compatible; MJ12bot/v1.4.8; http://mj12bot.com/)"
146.190.157.162 - - [26/Feb/2025:05:04:25 +0000] "POST /wp-cron.php?doing_wp_cron=1740546265.2748548984527587890625 HTTP/1.1" 200 2851 "-" "WordPress/6.3.5; https://plantamadre.es"
212.56.33.128 - - [26/Feb/2025:05:04:23 +0000] "GET /tienda/ripper-seeds/ripper-seeds-criminal-3%E2%99%80/?add-to-cart=4936 HTTP/1.1" 404 108883 "-" "Mozilla/5.0 (compatible; MJ12bot/v1.4.8; http://mj12bot.com/)"
185.207.250.205 - - [26/Feb/2025:05:04:28 +0000] "GET /tienda/ripper-seeds/ripper-seeds-black-valley-1%E2%99%80/?add-to-cart=4409 HTTP/1.1" 404 108886 "-" "Mozilla/5.0 (compatible; MJ12bot/v1.4.8; http://mj12bot.com/)"
212.56.33.128 - - [26/Feb/2025:05:04:33 +0000] "GET /tienda/ripper-seeds/ripper-seeds-criminal-3%E2%99%80/?add-to-cart=4956 HTTP/1.1" 404 108882 "-" "Mozilla/5.0 (compatible; MJ12bot/v1.4.8; http://mj12bot.com/)"
146.190.157.162 - - [26/Feb/2025:05:04:35 +0000] "POST /wp-cron.php?doing_wp_cron=1740546275.5669999122619628906250 HTTP/1.1" 200 2850 "-" "WordPress/6.3.5; https://plantamadre.es"
185.207.250.205 - - [26/Feb/2025:05:04:33 +0000] "GET /tienda/ripper-seeds/ripper-seeds-black-valley-1%E2%99%80/?add-to-cart=441 HTTP/1.1" 404 106553 "-" "Mozilla/5.0 (compatible; MJ12bot/v1.4.8; http://mj12bot.com/)"
185.207.250.205 - - [26/Feb/2025:05:04:43 +0000] "GET /tienda/ripper-seeds/ripper-seeds-black-valley-1%E2%99%80/?add-to-cart=4416 HTTP/1.1" 404 108886 "-" "Mozilla/5.0 (compatible; MJ12bot/v1.4.8; http://mj12bot.com/)"
212.56.33.128 - - [26/Feb/2025:05:04:44 +0000] "GET /tienda/ripper-seeds/ripper-seeds-criminal-3%E2%99%80/?add-to-cart=4995 HTTP/1.1" 404 108882 "-" "Mozilla/5.0 (compatible; MJ12bot/v1.4.8; http://mj12bot.com/)"
185.207.250.205 - - [26/Feb/2025:05:04:53 +0000] "GET /tienda/ripper-seeds/ripper-seeds-black-valley-1%E2%99%80/?add-to-cart=4418 HTTP/1.1" 404 108887 "-" "Mozilla/5.0 (compatible; MJ12bot/v1.4.8; http://mj12bot.com/)"
192.186.190.226 - - [26/Feb/2025:05:04:53 +0000] "GET / HTTP/1.1" 200 27147 "-" "Mozilla/5.0 (X11; Linux x86_64) AppleWebKit/537.36 (KHTML, like Gecko) Chrome/114.0.0.0 Safari/537.36 Vivaldi/5.3.2679.68"
192.186.190.226 - - [26/Feb/2025:05:04:54 +0000] "GET / HTTP/1.1" 200 27148 "-" "Mozilla/5.0 (X11; Linux x86_64) AppleWebKit/537.36 (KHTML, like Gecko) Chrome/114.0.0.0 Safari/537.36 Vivaldi/5.3.2679.68"
212.56.33.128 - - [26/Feb/2025:05:04:59 +0000] "GET /tienda/ripper-seeds/ripper-seeds-criminal-3%E2%99%80/?add-to-cart=5029 HTTP/1.1" 404 108881 "-" "Mozilla/5.0 (compatible; MJ12bot/v1.4.8; http://mj12bot.com/)"
185.207.250.205 - - [26/Feb/2025:05:05:06 +0000] "GET /tienda/ripper-seeds/ripper-seeds-black-valley-1%E2%99%80/?add-to-cart=4426 HTTP/1.1" 404 108885 "-" "Mozilla/5.0 (compatible; MJ12bot/v1.4.8; http://mj12bot.com/)"
212.56.33.128 - - [26/Feb/2025:05:05:10 +0000] "GET /tienda/ripper-seeds/ripper-seeds-criminal-3%E2%99%80/?add-to-cart=556 HTTP/1.1" 404 108880 "-" "Mozilla/5.0 (compatible; MJ12bot/v1.4.8; http://mj12bot.com/)"
185.207.250.205 - - [26/Feb/2025:05:05:18 +0000] "GET /tienda/ripper-seeds/ripper-seeds-black-valley-1%E2%99%80/?add-to-cart=4438 HTTP/1.1" 404 108886 "-" "Mozilla/5.0 (compatible; MJ12bot/v1.4.8; http://mj12bot.com/)"
212.56.33.128 - - [26/Feb/2025:05:05:19 +0000] "GET /tienda/ripper-seeds/ripper-seeds-criminal-3%E2%99%80/?add-to-cart=5632 HTTP/1.1" 404 108881 "-" "Mozilla/5.0 (compatible; MJ12bot/v1.4.8; http://mj12bot.com/)"
77.83.1.223 - - [26/Feb/2025:05:05:23 +0000] "GET /tienda/mecheros/mechero-rasta-soplete/ HTTP/1.1" 404 109090 "-" "Mozilla/5.0 (Windows NT 10.0; Win64; x64) AppleWebKit/537.36 (KHTML, like Gecko) Chrome/114.0.0.0 Safari/537.36 OPR/89.0.4447.51"
77.83.1.223 - - [26/Feb/2025:05:05:29 +0000] "GET / HTTP/1.1" 200 27147 "-" "Mozilla/5.0 (Windows NT 10.0; Win64; x64) AppleWebKit/537.36 (KHTML, like Gecko) Chrome/114.0.0.0 Safari/537.36 OPR/89.0.4447.51"
146.190.157.162 - - [26/Feb/2025:05:05:32 +0000] "POST /wp-cron.php?doing_wp_cron=1740546332.4350280761718750000000 HTTP/1.1" 200 2850 "-" "WordPress/6.3.5; https://plantamadre.es"
212.56.33.128 - - [26/Feb/2025:05:05:31 +0000] "GET /tienda/ripper-seeds/ripper-seeds-criminal-3%E2%99%80/?add-to-cart=5663 HTTP/1.1" 404 108882 "-" "Mozilla/5.0 (compatible; MJ12bot/v1.4.8; http://mj12bot.com/)"
185.207.250.205 - - [26/Feb/2025:05:05:30 +0000] "GET /tienda/ripper-seeds/ripper-seeds-black-valley-1%E2%99%80/?add-to-cart=4447 HTTP/1.1" 404 108887 "-" "Mozilla/5.0 (compatible; MJ12bot/v1.4.8; http://mj12bot.com/)"
77.83.1.223 - - [26/Feb/2025:05:05:38 +0000] "GET /wp-login.php?action=register HTTP/1.1" 302 3119 "https://plantamadre.es" "Mozilla/5.0 (Windows NT 6.3; Win64; x64) AppleWebKit/537.36 (KHTML, like Gecko) Chrome/103.0.0.0 Safari/537.36"
185.207.250.205 - - [26/Feb/2025:05:05:39 +0000] "GET /tienda/ripper-seeds/ripper-seeds-black-valley-1%E2%99%80/?add-to-cart=4473 HTTP/1.1" 404 106554 "-" "Mozilla/5.0 (compatible; MJ12bot/v1.4.8; http://mj12bot.com/)"
77.83.1.223 - - [26/Feb/2025:05:05:41 +0000] "GET /wp-login.php?registration=disabled HTTP/1.1" 200 6168 "https://plantamadre.es/wp-login.php?action=register" "Mozilla/5.0 (Windows NT 6.3; Win64; x64) AppleWebKit/537.36 (KHTML, like Gecko) Chrome/103.0.0.0 Safari/537.36"
212.56.33.128 - - [26/Feb/2025:05:05:41 +0000] "GET /tienda/ripper-seeds/ripper-seeds-criminal-3%E2%99%80/?add-to-cart=5670 HTTP/1.1" 404 108882 "-" "Mozilla/5.0 (compatible; MJ12bot/v1.4.8; http://mj12bot.com/)"
212.56.33.128 - - [26/Feb/2025:05:05:48 +0000] "GET /tienda/ripper-seeds/ripper-seeds-criminal-3%E2%99%80/?add-to-cart=5767 HTTP/1.1" 404 106550 "-" "Mozilla/5.0 (compatible; MJ12bot/v1.4.8; http://mj12bot.com/)"
185.207.250.205 - - [26/Feb/2025:05:05:49 +0000] "GET /tienda/ripper-seeds/ripper-seeds-black-valley-1%E2%99%80/?add-to-cart=4476 HTTP/1.1" 404 108886 "-" "Mozilla/5.0 (compatible; MJ12bot/v1.4.8; http://mj12bot.com/)"
185.207.250.205 - - [26/Feb/2025:05:05:56 +0000] "GET /tienda/ripper-seeds/ripper-seeds-black-valley-1%E2%99%80/?add-to-cart=4523 HTTP/1.1" 404 106554 "-" "Mozilla/5.0 (compatible; MJ12bot/v1.4.8; http://mj12bot.com/)"
212.56.33.128 - - [26/Feb/2025:05:05:59 +0000] "GET /tienda/ripper-seeds/ripper-seeds-criminal-3%E2%99%80/?add-to-cart=578 HTTP/1.1" 404 108882 "-" "Mozilla/5.0 (compatible; MJ12bot/v1.4.8; http://mj12bot.com/)"
185.207.250.205 - - [26/Feb/2025:05:06:02 +0000] "GET /tienda/ripper-seeds/ripper-seeds-black-valley-1%E2%99%80/?add-to-cart=4529 HTTP/1.1" 404 106554 "-" "Mozilla/5.0 (compatible; MJ12bot/v1.4.8; http://mj12bot.com/)"
212.56.33.128 - - [26/Feb/2025:05:06:04 +0000] "GET /tienda/ripper-seeds/ripper-seeds-criminal-3%E2%99%80/?add-to-cart=5823 HTTP/1.1" 404 106550 "-" "Mozilla/5.0 (compatible; MJ12bot/v1.4.8; http://mj12bot.com/)"
185.207.250.205 - - [26/Feb/2025:05:06:09 +0000] "GET /tienda/ripper-seeds/ripper-seeds-black-valley-1%E2%99%80/?add-to-cart=4752 HTTP/1.1" 404 106554 "-" "Mozilla/5.0 (compatible; MJ12bot/v1.4.8; http://mj12bot.com/)"
185.207.250.205 - - [26/Feb/2025:05:06:14 +0000] "GET /tienda/ripper-seeds/ripper-seeds-black-valley-1%E2%99%80/?add-to-cart=4955 HTTP/1.1" 404 106554 "-" "Mozilla/5.0 (compatible; MJ12bot/v1.4.8; http://mj12bot.com/)"
212.56.33.128 - - [26/Feb/2025:05:06:16 +0000] "GET /tienda/ripper-seeds/ripper-seeds-criminal-3%E2%99%80/?add-to-cart=619 HTTP/1.1" 404 108881 "-" "Mozilla/5.0 (compatible; MJ12bot/v1.4.8; http://mj12bot.com/)"
185.207.250.205 - - [26/Feb/2025:05:06:19 +0000] "GET /tienda/ripper-seeds/ripper-seeds-black-valley-3%E2%99%80/?add-to-cart=2244 HTTP/1.1" 404 106554 "-" "Mozilla/5.0 (compatible; MJ12bot/v1.4.8; http://mj12bot.com/)"
212.56.33.128 - - [26/Feb/2025:05:06:25 +0000] "GET /tienda/ripper-seeds/ripper-seeds-criminal-3%E2%99%80/?add-to-cart=6253 HTTP/1.1" 404 108883 "-" "Mozilla/5.0 (compatible; MJ12bot/v1.4.8; http://mj12bot.com/)"
185.207.250.205 - - [26/Feb/2025:05:06:25 +0000] "GET /tienda/ripper-seeds/ripper-seeds-black-valley-3%E2%99%80/?add-to-cart=2255 HTTP/1.1" 404 106554 "-" "Mozilla/5.0 (compatible; MJ12bot/v1.4.8; http://mj12bot.com/)"
146.190.157.162 - - [26/Feb/2025:05:06:36 +0000] "POST /wp-cron.php?doing_wp_cron=1740546396.1252460479736328125000 HTTP/1.1" 200 2850 "-" "WordPress/6.3.5; https://plantamadre.es"
212.56.33.128 - - [26/Feb/2025:05:06:34 +0000] "GET /tienda/ripper-seeds/ripper-seeds-criminal-3%E2%99%80/?add-to-cart=630 HTTP/1.1" 404 108881 "-" "Mozilla/5.0 (compatible; MJ12bot/v1.4.8; http://mj12bot.com/)"
185.207.250.205 - - [26/Feb/2025:05:06:37 +0000] "GET /tienda/ripper-seeds/ripper-seeds-black-valley-3%E2%99%80/?add-to-cart=3019 HTTP/1.1" 404 108885 "-" "Mozilla/5.0 (compatible; MJ12bot/v1.4.8; http://mj12bot.com/)"
212.56.33.128 - - [26/Feb/2025:05:06:42 +0000] "GET /tienda/ripper-seeds/ripper-seeds-double-glock-5%E2%99%80/?add-to-cart=2140 HTTP/1.1" 404 106554 "-" "Mozilla/5.0 (compatible; MJ12bot/v1.4.8; http://mj12bot.com/)"
185.207.250.205 - - [26/Feb/2025:05:06:43 +0000] "GET /tienda/ripper-seeds/ripper-seeds-black-valley-3%E2%99%80/?add-to-cart=306 HTTP/1.1" 404 106553 "-" "Mozilla/5.0 (compatible; MJ12bot/v1.4.8; http://mj12bot.com/)"
212.56.33.128 - - [26/Feb/2025:05:06:49 +0000] "GET /tienda/ripper-seeds/ripper-seeds-hawaiian-wave-5%E2%99%80/?add-to-cart=2327 HTTP/1.1" 404 106555 "-" "Mozilla/5.0 (compatible; MJ12bot/v1.4.8; http://mj12bot.com/)"
185.207.250.205 - - [26/Feb/2025:05:06:49 +0000] "GET /tienda/ripper-seeds/ripper-seeds-black-valley-3%E2%99%80/?add-to-cart=308 HTTP/1.1" 404 106553 "-" "Mozilla/5.0 (compatible; MJ12bot/v1.4.8; http://mj12bot.com/)"
212.56.33.128 - - [26/Feb/2025:05:06:58 +0000] "GET /tienda/ripper-seeds/ripper-seeds-hawaiian-wave-5%E2%99%80/?add-to-cart=456 HTTP/1.1" 404 108887 "-" "Mozilla/5.0 (compatible; MJ12bot/v1.4.8; http://mj12bot.com/)"
185.207.250.205 - - [26/Feb/2025:05:06:59 +0000] "GET /tienda/ripper-seeds/ripper-seeds-black-valley-3%E2%99%80/?add-to-cart=3110 HTTP/1.1" 404 108887 "-" "Mozilla/5.0 (compatible; MJ12bot/v1.4.8; http://mj12bot.com/)"
185.207.250.205 - - [26/Feb/2025:05:07:07 +0000] "GET /tienda/ripper-seeds/ripper-seeds-black-valley-3%E2%99%80/?add-to-cart=3122 HTTP/1.1" 404 106554 "-" "Mozilla/5.0 (compatible; MJ12bot/v1.4.8; http://mj12bot.com/)"
212.56.33.128 - - [26/Feb/2025:05:07:08 +0000] "GET /tienda/ripper-seeds/ripper-seeds-hawaiian-wave-5%E2%99%80/?add-to-cart=5663 HTTP/1.1" 404 108887 "-" "Mozilla/5.0 (compatible; MJ12bot/v1.4.8; http://mj12bot.com/)"
185.207.250.205 - - [26/Feb/2025:05:07:12 +0000] "GET /tienda/ripper-seeds/ripper-seeds-black-valley-3%E2%99%80/?add-to-cart=3126 HTTP/1.1" 404 106554 "-" "Mozilla/5.0 (compatible; MJ12bot/v1.4.8; http://mj12bot.com/)"
146.190.157.162 - - [26/Feb/2025:05:07:16 +0000] "POST /wp-cron.php?doing_wp_cron=1740546436.5059471130371093750000 HTTP/1.1" 200 2850 "-" "WordPress/6.3.5; https://plantamadre.es"
212.56.33.128 - - [26/Feb/2025:05:07:14 +0000] "GET /tienda/ripper-seeds/ripper-seeds-hawaiian-wave-5%E2%99%80/?add-to-cart=611 HTTP/1.1" 404 106554 "-" "Mozilla/5.0 (compatible; MJ12bot/v1.4.8; http://mj12bot.com/)"
185.207.250.205 - - [26/Feb/2025:05:07:17 +0000] "GET /tienda/ripper-seeds/ripper-seeds-black-valley-3%E2%99%80/?add-to-cart=3128 HTTP/1.1" 404 106554 "-" "Mozilla/5.0 (compatible; MJ12bot/v1.4.8; http://mj12bot.com/)"
66.249.68.5 - - [26/Feb/2025:05:07:19 +0000] "GET /wp-content/uploads/2014/01/big-devilxl1.png HTTP/1.1" 404 109070 "-" "Googlebot-Image/1.0"
212.56.33.128 - - [26/Feb/2025:05:07:26 +0000] "GET /tienda/ripper-seeds/ripper-seeds-old-school-1%E2%99%80/?add-to-cart=2233 HTTP/1.1" 404 108885 "-" "Mozilla/5.0 (compatible; MJ12bot/v1.4.8; http://mj12bot.com/)"
20.171.207.32 - - [26/Feb/2025:05:07:29 +0000] "GET /wp-json/wp/v2/users/1 HTTP/1.1" 200 4035 "-" "Mozilla/5.0 AppleWebKit/537.36 (KHTML, like Gecko; compatible; GPTBot/1.2; +https://openai.com/gptbot)"
212.56.33.128 - - [26/Feb/2025:05:07:31 +0000] "GET /tienda/ripper-seeds/ripper-seeds-old-school-1%E2%99%80/?add-to-cart=2250 HTTP/1.1" 404 106552 "-" "Mozilla/5.0 (compatible; MJ12bot/v1.4.8; http://mj12bot.com/)"
146.190.157.162 - - [26/Feb/2025:05:07:32 +0000] "POST /wp-cron.php?doing_wp_cron=1740546452.3452100753784179687500 HTTP/1.1" 200 2851 "-" "WordPress/6.3.5; https://plantamadre.es"
185.207.250.205 - - [26/Feb/2025:05:07:30 +0000] "GET /tienda/ripper-seeds/ripper-seeds-black-valley-3%E2%99%80/?add-to-cart=325 HTTP/1.1" 404 108884 "-" "Mozilla/5.0 (compatible; MJ12bot/v1.4.8; http://mj12bot.com/)"
185.207.250.205 - - [26/Feb/2025:05:07:36 +0000] "GET /tienda/ripper-seeds/ripper-seeds-black-valley-3%E2%99%80/?add-to-cart=329 HTTP/1.1" 404 106553 "-" "Mozilla/5.0 (compatible; MJ12bot/v1.4.8; http://mj12bot.com/)"
20.171.207.32 - - [26/Feb/2025:05:07:42 +0000] "GET /author/admin/feed/ HTTP/1.1" 200 3650 "-" "Mozilla/5.0 AppleWebKit/537.36 (KHTML, like Gecko; compatible; GPTBot/1.2; +https://openai.com/gptbot)"
212.56.33.128 - - [26/Feb/2025:05:07:44 +0000] "GET /tienda/ripper-seeds/ripper-seeds-old-school-1%E2%99%80/?add-to-cart=333 HTTP/1.1" 404 108882 "-" "Mozilla/5.0 (compatible; MJ12bot/v1.4.8; http://mj12bot.com/)"
185.207.250.205 - - [26/Feb/2025:05:07:47 +0000] "GET /tienda/ripper-seeds/ripper-seeds-black-valley-3%E2%99%80/?add-to-cart=3397 HTTP/1.1" 404 108887 "-" "Mozilla/5.0 (compatible; MJ12bot/v1.4.8; http://mj12bot.com/)"
212.56.33.128 - - [26/Feb/2025:05:07:51 +0000] "GET /tienda/ripper-seeds/ripper-seeds-old-school-3%E2%99%80/?add-to-cart=3964 HTTP/1.1" 404 106552 "-" "Mozilla/5.0 (compatible; MJ12bot/v1.4.8; http://mj12bot.com/)"
146.190.157.162 - - [26/Feb/2025:05:07:55 +0000] "POST /wp-cron.php?doing_wp_cron=1740546475.2910039424896240234375 HTTP/1.1" 200 2851 "-" "WordPress/6.3.5; https://plantamadre.es"
185.207.250.205 - - [26/Feb/2025:05:07:54 +0000] "GET /tienda/ripper-seeds/ripper-seeds-black-valley-3%E2%99%80/?add-to-cart=3410 HTTP/1.1" 404 106554 "-" "Mozilla/5.0 (compatible; MJ12bot/v1.4.8; http://mj12bot.com/)"
212.56.33.128 - - [26/Feb/2025:05:07:59 +0000] "GET /tienda/ripper-seeds/ripper-seeds-old-school-3%E2%99%80/?add-to-cart=541 HTTP/1.1" 404 108882 "-" "Mozilla/5.0 (compatible; MJ12bot/v1.4.8; http://mj12bot.com/)"
45.166.207.185 - - [26/Feb/2025:05:08:00 +0000] "GET /tienda/insecticidas/atami-bio-defense-1-2-2x50-ml/ HTTP/1.1" 404 108954 "https://plantamadre.es" "Mozilla/5.0 (Windows NT 10.0; Win64; x64) AppleWebKit/537.36 (KHTML, like Gecko) Chrome/62.0.3202.94 Safari/537.36"
185.207.250.205 - - [26/Feb/2025:05:08:02 +0000] "GET /tienda/ripper-seeds/ripper-seeds-black-valley-3%E2%99%80/?add-to-cart=3412 HTTP/1.1" 404 106554 "-" "Mozilla/5.0 (compatible; MJ12bot/v1.4.8; http://mj12bot.com/)"
45.166.207.185 - - [26/Feb/2025:05:08:06 +0000] "GET /tienda/insecticidas/atami-bio-defense-1-2-2x50-ml/ HTTP/1.1" 404 108955 "https://plantamadre.es" "Mozilla/5.0 (Windows NT 10.0; Win64; x64) AppleWebKit/537.36 (KHTML, like Gecko) Chrome/62.0.3202.94 Safari/537.36"
212.56.33.128 - - [26/Feb/2025:05:08:09 +0000] "GET /tienda/ripper-seeds/ripper-seeds-old-school-5%E2%99%80/?add-to-cart=3792 HTTP/1.1" 404 108883 "-" "Mozilla/5.0 (compatible; MJ12bot/v1.4.8; http://mj12bot.com/)"
185.207.250.205 - - [26/Feb/2025:05:08:12 +0000] "GET /tienda/ripper-seeds/ripper-seeds-black-valley-3%E2%99%80/?add-to-cart=3425 HTTP/1.1" 404 108886 "-" "Mozilla/5.0 (compatible; MJ12bot/v1.4.8; http://mj12bot.com/)"
45.166.207.185 - - [26/Feb/2025:05:08:13 +0000] "GET /tienda/insecticidas/atami-bio-defense-1-2-2x50-ml/ HTTP/1.1" 404 108955 "https://plantamadre.es" "Mozilla/5.0 (Windows NT 10.0; Win64; x64) AppleWebKit/537.36 (KHTML, like Gecko) Chrome/62.0.3202.94 Safari/537.36"
185.207.250.205 - - [26/Feb/2025:05:08:21 +0000] "GET /tienda/ripper-seeds/ripper-seeds-black-valley-3%E2%99%80/?add-to-cart=3435 HTTP/1.1" 404 108886 "-" "Mozilla/5.0 (compatible; MJ12bot/v1.4.8; http://mj12bot.com/)"
212.56.33.128 - - [26/Feb/2025:05:08:23 +0000] "GET /tienda/ripper-seeds/ripper-seeds-old-school-5%E2%99%80/?add-to-cart=4013 HTTP/1.1" 404 108884 "-" "Mozilla/5.0 (compatible; MJ12bot/v1.4.8; http://mj12bot.com/)"
45.166.207.185 - - [26/Feb/2025:05:08:24 +0000] "GET /tienda/insecticidas/atami-bio-defense-1-2-2x50-ml/ HTTP/1.1" 404 108955 "https://plantamadre.es" "Mozilla/5.0 (Windows NT 10.0; Win64; x64) AppleWebKit/537.36 (KHTML, like Gecko) Chrome/62.0.3202.94 Safari/537.36"
185.207.250.205 - - [26/Feb/2025:05:08:27 +0000] "GET /tienda/ripper-seeds/ripper-seeds-black-valley-3%E2%99%80/?add-to-cart=3561 HTTP/1.1" 404 106554 "-" "Mozilla/5.0 (compatible; MJ12bot/v1.4.8; http://mj12bot.com/)"
146.190.157.162 - - [26/Feb/2025:05:08:34 +0000] "POST /wp-cron.php?doing_wp_cron=1740546514.0293951034545898437500 HTTP/1.1" 200 2850 "-" "WordPress/6.3.5; https://plantamadre.es"
212.56.33.128 - - [26/Feb/2025:05:08:32 +0000] "GET /tienda/ripper-seeds/ripper-seeds-old-school-5%E2%99%80/?add-to-cart=561 HTTP/1.1" 404 108883 "-" "Mozilla/5.0 (compatible; MJ12bot/v1.4.8; http://mj12bot.com/)"
185.207.250.205 - - [26/Feb/2025:05:08:34 +0000] "GET /tienda/ripper-seeds/ripper-seeds-black-valley-5%E2%99%80/?add-to-cart=2256 HTTP/1.1" 404 106554 "-" "Mozilla/5.0 (compatible; MJ12bot/v1.4.8; http://mj12bot.com/)"
185.207.250.205 - - [26/Feb/2025:05:08:41 +0000] "GET /tienda/ripper-seeds/ripper-seeds-criminal-3%E2%99%80/?add-to-cart=3748 HTTP/1.1" 404 106550 "-" "Mozilla/5.0 (compatible; MJ12bot/v1.4.8; http://mj12bot.com/)"
212.56.33.128 - - [26/Feb/2025:05:08:42 +0000] "GET /tienda/ripper-seeds/ripper-seeds-old-school-5%E2%99%80/?add-to-cart=6376 HTTP/1.1" 404 108885 "-" "Mozilla/5.0 (compatible; MJ12bot/v1.4.8; http://mj12bot.com/)"
185.207.250.205 - - [26/Feb/2025:05:08:46 +0000] "GET /tienda/ripper-seeds/ripper-seeds-criminal-3%E2%99%80/?add-to-cart=376 HTTP/1.1" 404 106549 "-" "Mozilla/5.0 (compatible; MJ12bot/v1.4.8; http://mj12bot.com/)"
212.56.33.128 - - [26/Feb/2025:05:08:48 +0000] "GET /tienda/ripper-seeds/ripper-seeds-ripper-haze-1%E2%99%80/?add-to-cart=222 HTTP/1.1" 404 106552 "-" "Mozilla/5.0 (compatible; MJ12bot/v1.4.8; http://mj12bot.com/)"
185.207.250.205 - - [26/Feb/2025:05:08:55 +0000] "GET /tienda/ripper-seeds/ripper-seeds-criminal-3%E2%99%80/?add-to-cart=377 HTTP/1.1" 404 108881 "-" "Mozilla/5.0 (compatible; MJ12bot/v1.4.8; http://mj12bot.com/)"
212.56.33.128 - - [26/Feb/2025:05:08:58 +0000] "GET /tienda/ripper-seeds/ripper-seeds-ripper-haze-1%E2%99%80/?add-to-cart=428 HTTP/1.1" 404 108884 "-" "Mozilla/5.0 (compatible; MJ12bot/v1.4.8; http://mj12bot.com/)"
185.207.250.205 - - [26/Feb/2025:05:09:02 +0000] "GET /tienda/ripper-seeds/ripper-seeds-criminal-3%E2%99%80/?add-to-cart=3792 HTTP/1.1" 404 106550 "-" "Mozilla/5.0 (compatible; MJ12bot/v1.4.8; http://mj12bot.com/)"
212.56.33.128 - - [26/Feb/2025:05:09:04 +0000] "GET /tienda/ripper-seeds/ripper-seeds-ripper-haze-1%E2%99%80/?add-to-cart=4434 HTTP/1.1" 404 106553 "-" "Mozilla/5.0 (compatible; MJ12bot/v1.4.8; http://mj12bot.com/)"
185.207.250.205 - - [26/Feb/2025:05:09:09 +0000] "GET /tienda/ripper-seeds/ripper-seeds-criminal-3%E2%99%80/?add-to-cart=3795 HTTP/1.1" 404 106550 "-" "Mozilla/5.0 (compatible; MJ12bot/v1.4.8; http://mj12bot.com/)"
212.56.33.128 - - [26/Feb/2025:05:09:10 +0000] "GET /tienda/ripper-seeds/ripper-seeds-toxic-1%E2%99%80/?add-to-cart=3122 HTTP/1.1" 404 106547 "-" "Mozilla/5.0 (compatible; MJ12bot/v1.4.8; http://mj12bot.com/)"
185.207.250.205 - - [26/Feb/2025:05:09:14 +0000] "GET /tienda/ripper-seeds/ripper-seeds-criminal-3%E2%99%80/?add-to-cart=3797 HTTP/1.1" 404 106550 "-" "Mozilla/5.0 (compatible; MJ12bot/v1.4.8; http://mj12bot.com/)"
212.56.33.128 - - [26/Feb/2025:05:09:15 +0000] "GET /tienda/ripper-seeds/ripper-seeds-toxic-1%E2%99%80/?add-to-cart=5603 HTTP/1.1" 404 106547 "-" "Mozilla/5.0 (compatible; MJ12bot/v1.4.8; http://mj12bot.com/)"
212.56.33.128 - - [26/Feb/2025:05:09:22 +0000] "GET /tienda/ripper-seeds/ripper-seeds-toxic-1%E2%99%80/?add-to-cart=5717 HTTP/1.1" 404 106547 "-" "Mozilla/5.0 (compatible; MJ12bot/v1.4.8; http://mj12bot.com/)"
185.207.250.205 - - [26/Feb/2025:05:09:22 +0000] "GET /tienda/ripper-seeds/ripper-seeds-criminal-3%E2%99%80/?add-to-cart=3798 HTTP/1.1" 404 106550 "-" "Mozilla/5.0 (compatible; MJ12bot/v1.4.8; http://mj12bot.com/)"
185.207.250.205 - - [26/Feb/2025:05:09:28 +0000] "GET /tienda/ripper-seeds/ripper-seeds-criminal-3%E2%99%80/?add-to-cart=388 HTTP/1.1" 404 106549 "-" "Mozilla/5.0 (compatible; MJ12bot/v1.4.8; http://mj12bot.com/)"
146.190.157.162 - - [26/Feb/2025:05:09:29 +0000] "POST /wp-cron.php?doing_wp_cron=1740546569.1948421001434326171875 HTTP/1.1" 200 2849 "-" "WordPress/6.3.5; https://plantamadre.es"
212.56.33.128 - - [26/Feb/2025:05:09:27 +0000] "GET /tienda/ripper-seeds/ripper-seeds-toxic-1%E2%99%80/?add-to-cart=7217 HTTP/1.1" 404 106547 "-" "Mozilla/5.0 (compatible; MJ12bot/v1.4.8; http://mj12bot.com/)"
146.190.157.162 - - [26/Feb/2025:05:09:35 +0000] "POST /wp-cron.php?doing_wp_cron=1740546575.5533609390258789062500 HTTP/1.1" 200 2851 "-" "WordPress/6.3.5; https://plantamadre.es"
185.207.250.205 - - [26/Feb/2025:05:09:34 +0000] "GET /tienda/ripper-seeds/ripper-seeds-criminal-3%E2%99%80/?add-to-cart=389 HTTP/1.1" 404 106549 "-" "Mozilla/5.0 (compatible; MJ12bot/v1.4.8; http://mj12bot.com/)"
212.56.33.128 - - [26/Feb/2025:05:09:35 +0000] "GET /tienda/ripper-seeds/ripper-seeds-toxic-3%E2%99%80/?add-to-cart=2248 HTTP/1.1" 404 106547 "-" "Mozilla/5.0 (compatible; MJ12bot/v1.4.8; http://mj12bot.com/)"
212.56.33.128 - - [26/Feb/2025:05:09:42 +0000] "GET /tienda/ripper-seeds/ripper-seeds-toxic-3%E2%99%80/?add-to-cart=2328 HTTP/1.1" 404 106547 "-" "Mozilla/5.0 (compatible; MJ12bot/v1.4.8; http://mj12bot.com/)"
185.207.250.205 - - [26/Feb/2025:05:09:47 +0000] "GET /tienda/ripper-seeds/ripper-seeds-criminal-3%E2%99%80/?add-to-cart=3961 HTTP/1.1" 404 108882 "-" "Mozilla/5.0 (compatible; MJ12bot/v1.4.8; http://mj12bot.com/)"
146.190.157.162 - - [26/Feb/2025:05:09:51 +0000] "POST /wp-cron.php?doing_wp_cron=1740546591.5177600383758544921875 HTTP/1.1" 200 2850 "-" "WordPress/6.3.5; https://plantamadre.es"
212.56.33.128 - - [26/Feb/2025:05:09:50 +0000] "GET /tienda/ripper-seeds/ripper-seeds-toxic-3%E2%99%80/?add-to-cart=2336 HTTP/1.1" 404 108878 "-" "Mozilla/5.0 (compatible; MJ12bot/v1.4.8; http://mj12bot.com/)"
185.207.250.205 - - [26/Feb/2025:05:09:52 +0000] "GET /tienda/ripper-seeds/ripper-seeds-criminal-3%E2%99%80/?add-to-cart=3964 HTTP/1.1" 404 106550 "-" "Mozilla/5.0 (compatible; MJ12bot/v1.4.8; http://mj12bot.com/)"
212.56.33.128 - - [26/Feb/2025:05:09:57 +0000] "GET /tienda/ripper-seeds/ripper-seeds-toxic-3%E2%99%80/?add-to-cart=241 HTTP/1.1" 404 106546 "-" "Mozilla/5.0 (compatible; MJ12bot/v1.4.8; http://mj12bot.com/)"
185.207.250.205 - - [26/Feb/2025:05:09:59 +0000] "GET /tienda/ripper-seeds/ripper-seeds-criminal-3%E2%99%80/?add-to-cart=3965 HTTP/1.1" 404 106550 "-" "Mozilla/5.0 (compatible; MJ12bot/v1.4.8; http://mj12bot.com/)"
212.56.33.128 - - [26/Feb/2025:05:10:05 +0000] "GET /tienda/ripper-seeds/ripper-seeds-toxic-3%E2%99%80/?add-to-cart=285 HTTP/1.1" 404 108878 "-" "Mozilla/5.0 (compatible; MJ12bot/v1.4.8; http://mj12bot.com/)"
146.190.157.162 - - [26/Feb/2025:05:10:12 +0000] "POST /wp-cron.php?doing_wp_cron=1740546612.2558779716491699218750 HTTP/1.1" 200 2849 "-" "WordPress/6.3.5; https://plantamadre.es"
185.207.250.205 - - [26/Feb/2025:05:10:10 +0000] "GET /tienda/ripper-seeds/ripper-seeds-criminal-3%E2%99%80/?add-to-cart=3970 HTTP/1.1" 404 108882 "-" "Mozilla/5.0 (compatible; MJ12bot/v1.4.8; http://mj12bot.com/)"
212.56.33.128 - - [26/Feb/2025:05:10:15 +0000] "GET /tienda/ripper-seeds/ripper-seeds-toxic-3%E2%99%80/?add-to-cart=3014 HTTP/1.1" 404 108879 "-" "Mozilla/5.0 (compatible; MJ12bot/v1.4.8; http://mj12bot.com/)"
185.207.250.205 - - [26/Feb/2025:05:10:18 +0000] "GET /tienda/ripper-seeds/ripper-seeds-criminal-3%E2%99%80/?add-to-cart=3971 HTTP/1.1" 404 106550 "-" "Mozilla/5.0 (compatible; MJ12bot/v1.4.8; http://mj12bot.com/)"
212.56.33.128 - - [26/Feb/2025:05:10:22 +0000] "GET /tienda/ripper-seeds/ripper-seeds-toxic-3%E2%99%80/?add-to-cart=3024 HTTP/1.1" 404 106547 "-" "Mozilla/5.0 (compatible; MJ12bot/v1.4.8; http://mj12bot.com/)"
185.207.250.205 - - [26/Feb/2025:05:10:25 +0000] "GET /tienda/ripper-seeds/ripper-seeds-criminal-3%E2%99%80/?add-to-cart=3973 HTTP/1.1" 404 106550 "-" "Mozilla/5.0 (compatible; MJ12bot/v1.4.8; http://mj12bot.com/)"
212.56.33.128 - - [26/Feb/2025:05:10:29 +0000] "GET /tienda/ripper-seeds/ripper-seeds-toxic-3%E2%99%80/?add-to-cart=3390 HTTP/1.1" 404 106547 "-" "Mozilla/5.0 (compatible; MJ12bot/v1.4.8; http://mj12bot.com/)"
146.190.157.162 - - [26/Feb/2025:05:10:32 +0000] "POST /wp-cron.php?doing_wp_cron=1740546632.9503951072692871093750 HTTP/1.1" 200 2850 "-" "WordPress/6.3.5; https://plantamadre.es"
185.207.250.205 - - [26/Feb/2025:05:10:31 +0000] "GET /tienda/ripper-seeds/ripper-seeds-criminal-3%E2%99%80/?add-to-cart=398 HTTP/1.1" 404 106549 "-" "Mozilla/5.0 (compatible; MJ12bot/v1.4.8; http://mj12bot.com/)"
185.207.250.205 - - [26/Feb/2025:05:10:38 +0000] "GET /tienda/ripper-seeds/ripper-seeds-criminal-3%E2%99%80/?add-to-cart=3980 HTTP/1.1" 404 106550 "-" "Mozilla/5.0 (compatible; MJ12bot/v1.4.8; http://mj12bot.com/)"
212.56.33.128 - - [26/Feb/2025:05:10:39 +0000] "GET /tienda/ripper-seeds/ripper-seeds-toxic-3%E2%99%80/?add-to-cart=3569 HTTP/1.1" 404 108879 "-" "Mozilla/5.0 (compatible; MJ12bot/v1.4.8; http://mj12bot.com/)"
185.207.250.205 - - [26/Feb/2025:05:10:45 +0000] "GET /tienda/ripper-seeds/ripper-seeds-criminal-3%E2%99%80/?add-to-cart=3984 HTTP/1.1" 404 106550 "-" "Mozilla/5.0 (compatible; MJ12bot/v1.4.8; http://mj12bot.com/)"
212.56.33.128 - - [26/Feb/2025:05:10:51 +0000] "GET /tienda/ripper-seeds/ripper-seeds-toxic-3%E2%99%80/?add-to-cart=363 HTTP/1.1" 404 108878 "-" "Mozilla/5.0 (compatible; MJ12bot/v1.4.8; http://mj12bot.com/)"
185.207.250.205 - - [26/Feb/2025:05:10:54 +0000] "GET /tienda/ripper-seeds/ripper-seeds-criminal-3%E2%99%80/?add-to-cart=442 HTTP/1.1" 404 108880 "-" "Mozilla/5.0 (compatible; MJ12bot/v1.4.8; http://mj12bot.com/)"
185.207.250.205 - - [26/Feb/2025:05:11:00 +0000] "GET /wp-content/uploads/2016/07/ches%C3%A7ese-cacke.jpg HTTP/1.1" 404 106530 "-" "Mozilla/5.0 (compatible; MJ12bot/v1.4.8; http://mj12bot.com/)"
212.56.33.128 - - [26/Feb/2025:05:11:00 +0000] "GET /tienda/ripper-seeds/ripper-seeds-toxic-3%E2%99%80/?add-to-cart=3687 HTTP/1.1" 404 108880 "-" "Mozilla/5.0 (compatible; MJ12bot/v1.4.8; http://mj12bot.com/)"
185.207.250.205 - - [26/Feb/2025:05:11:06 +0000] "GET /wp-content/uploads/2019/01/RAW-CAJA-GRINDER-1-%C2%BC-SHREDDER-CASE.png HTTP/1.1" 404 106550 "-" "Mozilla/5.0 (compatible; MJ12bot/v1.4.8; http://mj12bot.com/)"
212.56.33.128 - - [26/Feb/2025:05:11:07 +0000] "GET /tienda/ripper-seeds/ripper-seeds-toxic-3%E2%99%80/?add-to-cart=3708 HTTP/1.1" 404 106547 "-" "Mozilla/5.0 (compatible; MJ12bot/v1.4.8; http://mj12bot.com/)"
212.56.33.128 - - [26/Feb/2025:05:11:13 +0000] "GET /tienda/ripper-seeds/ripper-seeds-toxic-3%E2%99%80/?add-to-cart=3984 HTTP/1.1" 404 106547 "-" "Mozilla/5.0 (compatible; MJ12bot/v1.4.8; http://mj12bot.com/)"
212.56.33.128 - - [26/Feb/2025:05:11:18 +0000] "GET /tienda/ripper-seeds/ripper-seeds-toxic-3%E2%99%80/?add-to-cart=457 HTTP/1.1" 404 106546 "-" "Mozilla/5.0 (compatible; MJ12bot/v1.4.8; http://mj12bot.com/)"
212.56.33.128 - - [26/Feb/2025:05:11:26 +0000] "GET /tienda/ripper-seeds/ripper-seeds-toxic-3%E2%99%80/?add-to-cart=4814 HTTP/1.1" 404 108877 "-" "Mozilla/5.0 (compatible; MJ12bot/v1.4.8; http://mj12bot.com/)"
146.190.157.162 - - [26/Feb/2025:05:11:36 +0000] "POST /wp-cron.php?doing_wp_cron=1740546696.4129230976104736328125 HTTP/1.1" 200 2849 "-" "WordPress/6.3.5; https://plantamadre.es"
212.56.33.128 - - [26/Feb/2025:05:11:35 +0000] "GET /tienda/ripper-seeds/ripper-seeds-toxic-3%E2%99%80/?add-to-cart=482 HTTP/1.1" 404 108879 "-" "Mozilla/5.0 (compatible; MJ12bot/v1.4.8; http://mj12bot.com/)"
212.56.33.128 - - [26/Feb/2025:05:11:42 +0000] "GET /tienda/ripper-seeds/ripper-seeds-toxic-3%E2%99%80/?add-to-cart=4941 HTTP/1.1" 404 106547 "-" "Mozilla/5.0 (compatible; MJ12bot/v1.4.8; http://mj12bot.com/)"
212.56.33.128 - - [26/Feb/2025:05:11:48 +0000] "GET /tienda/ripper-seeds/ripper-seeds-toxic-3%E2%99%80/?add-to-cart=4955 HTTP/1.1" 404 106547 "-" "Mozilla/5.0 (compatible; MJ12bot/v1.4.8; http://mj12bot.com/)"
212.56.33.128 - - [26/Feb/2025:05:11:54 +0000] "GET /tienda/ripper-seeds/ripper-seeds-toxic-3%E2%99%80/?add-to-cart=549 HTTP/1.1" 404 106546 "-" "Mozilla/5.0 (compatible; MJ12bot/v1.4.8; http://mj12bot.com/)"
66.249.68.5 - - [26/Feb/2025:05:11:56 +0000] "GET /wp-content/uploads/2014/01/tankesti.png HTTP/1.1" 404 109066 "-" "Googlebot-Image/1.0"
212.56.33.128 - - [26/Feb/2025:05:12:03 +0000] "GET /tienda/ripper-seeds/ripper-seeds-toxic-3%E2%99%80/?add-to-cart=6117 HTTP/1.1" 404 108879 "-" "Mozilla/5.0 (compatible; MJ12bot/v1.4.8; http://mj12bot.com/)"
212.56.33.128 - - [26/Feb/2025:05:12:10 +0000] "GET /tienda/ripper-seeds/ripper-seeds-toxic-5%E2%99%80/?add-to-cart=2126 HTTP/1.1" 404 106547 "-" "Mozilla/5.0 (compatible; MJ12bot/v1.4.8; http://mj12bot.com/)"
146.190.157.162 - - [26/Feb/2025:05:12:18 +0000] "POST /wp-cron.php?doing_wp_cron=1740546738.3852369785308837890625 HTTP/1.1" 200 2850 "-" "WordPress/6.3.5; https://plantamadre.es"
212.56.33.128 - - [26/Feb/2025:05:12:17 +0000] "GET /tienda/ripper-seeds/ripper-seeds-toxic-5%E2%99%80/?add-to-cart=2140 HTTP/1.1" 404 106547 "-" "Mozilla/5.0 (compatible; MJ12bot/v1.4.8; http://mj12bot.com/)"
212.56.33.128 - - [26/Feb/2025:05:12:22 +0000] "GET /tienda/ripper-seeds/ripper-seeds-toxic-5%E2%99%80/?add-to-cart=2144 HTTP/1.1" 404 106547 "-" "Mozilla/5.0 (compatible; MJ12bot/v1.4.8; http://mj12bot.com/)"
212.56.33.128 - - [26/Feb/2025:05:12:29 +0000] "GET /tienda/ripper-seeds/ripper-seeds-toxic-5%E2%99%80/?add-to-cart=3110 HTTP/1.1" 404 106547 "-" "Mozilla/5.0 (compatible; MJ12bot/v1.4.8; http://mj12bot.com/)"
146.190.157.162 - - [26/Feb/2025:05:12:42 +0000] "POST /wp-cron.php?doing_wp_cron=1740546762.7009739875793457031250 HTTP/1.1" 200 2850 "-" "WordPress/6.3.5; https://plantamadre.es"
212.56.33.128 - - [26/Feb/2025:05:12:41 +0000] "GET /tienda/ripper-seeds/ripper-seeds-toxic-5%E2%99%80/?add-to-cart=3393 HTTP/1.1" 404 108879 "-" "Mozilla/5.0 (compatible; MJ12bot/v1.4.8; http://mj12bot.com/)"
212.56.33.128 - - [26/Feb/2025:05:12:47 +0000] "GET /tienda/ripper-seeds/ripper-seeds-toxic-5%E2%99%80/?add-to-cart=3421 HTTP/1.1" 404 106547 "-" "Mozilla/5.0 (compatible; MJ12bot/v1.4.8; http://mj12bot.com/)"
146.190.157.162 - - [26/Feb/2025:05:12:56 +0000] "POST /wp-cron.php?doing_wp_cron=1740546775.9935879707336425781250 HTTP/1.1" 200 2850 "-" "WordPress/6.3.5; https://plantamadre.es"
212.56.33.128 - - [26/Feb/2025:05:12:54 +0000] "GET /tienda/ripper-seeds/ripper-seeds-toxic-5%E2%99%80/?add-to-cart=4228 HTTP/1.1" 404 106547 "-" "Mozilla/5.0 (compatible; MJ12bot/v1.4.8; http://mj12bot.com/)"
212.56.33.128 - - [26/Feb/2025:05:13:04 +0000] "GET /tienda/ripper-seeds/ripper-seeds-toxic-5%E2%99%80/?add-to-cart=4256 HTTP/1.1" 404 108880 "-" "Mozilla/5.0 (compatible; MJ12bot/v1.4.8; http://mj12bot.com/)"
212.56.33.128 - - [26/Feb/2025:05:13:14 +0000] "GET /wp-content/uploads/2013/12/00-BOX-MEDIANA-PEQUE%C3%91A-Y-GRANDE.png HTTP/1.1" 404 108879 "-" "Mozilla/5.0 (compatible; MJ12bot/v1.4.8; http://mj12bot.com/)"
66.249.68.6 - - [26/Feb/2025:05:13:17 +0000] "GET /wp-content/uploads/2024/12/lavadora-iceolator.png HTTP/1.1" 200 362176 "-" "Googlebot-Image/1.0"
212.56.33.128 - - [26/Feb/2025:05:13:28 +0000] "GET /wp-content/uploads/2015/03/Sin-t%C3%ADtulo.png HTTP/1.1" 404 108859 "-" "Mozilla/5.0 (compatible; MJ12bot/v1.4.8; http://mj12bot.com/)"
146.190.157.162 - - [26/Feb/2025:05:13:43 +0000] "POST /wp-cron.php?doing_wp_cron=1740546823.3181459903717041015625 HTTP/1.1" 200 2851 "-" "WordPress/6.3.5; https://plantamadre.es"
114.119.148.155 - - [26/Feb/2025:05:13:42 +0000] "GET /shop/semillas-temporada-fem/00-seeds-semillas-temporada-fem/ HTTP/1.1" 200 24674 "https://plantamadre.es/product/tijera-podadora-curva-garden-highpro/" "Mozilla/5.0 (Linux; Android 7.0;) AppleWebKit/537.36 (KHTML, like Gecko) Mobile Safari/537.36 (compatible; PetalBot;+https://webmaster.petalsearch.com/site/petalbot)"
109.236.93.77 - - [26/Feb/2025:05:13:53 +0000] "GET /tienda/600-w/kit-basico-600w-vanguads-hidroponicsbombilla-vanguads-hidroponics-creflo-reflector-pearl-pro-copiar HTTP/1.0" 403 2814 "-" "Mozilla/5.0 (Windows NT 10.0; Win64; x64) AppleWebKit/537.36 (KHTML, like Gecko) Chrome/118.0.0.0 Safari/537.36"
146.190.157.162 - - [26/Feb/2025:05:15:18 +0000] "POST /wp-cron.php?doing_wp_cron=1740546918.0418810844421386718750 HTTP/1.1" 200 2850 "-" "WordPress/6.3.5; https://plantamadre.es"
66.249.68.7 - - [26/Feb/2025:05:15:16 +0000] "GET /etiqueta-producto/semillas-cannabis/?orderby=date HTTP/1.1" 404 109083 "-" "Mozilla/5.0 (Linux; Android 6.0.1; Nexus 5X Build/MMB29P) AppleWebKit/537.36 (KHTML, like Gecko) Chrome/133.0.6943.53 Mobile Safari/537.36 (compatible; Googlebot/2.1; +http://www.google.com/bot.html)"
146.190.157.162 - - [26/Feb/2025:05:16:35 +0000] "POST /wp-cron.php?doing_wp_cron=1740546995.6606559753417968750000 HTTP/1.1" 200 2851 "-" "WordPress/6.3.5; https://plantamadre.es"
66.249.68.7 - - [26/Feb/2025:05:16:34 +0000] "GET /wp-content/uploads/2016/02/blue-amnesia-xxl-autoflowering.jpg HTTP/1.1" 404 109089 "-" "Googlebot-Image/1.0"
146.190.157.162 - - [26/Feb/2025:05:18:42 +0000] "POST /wp-cron.php?doing_wp_cron=1740547122.7262589931488037109375 HTTP/1.1" 200 2849 "-" "WordPress/6.3.5; https://plantamadre.es"
114.119.144.72 - - [26/Feb/2025:05:18:41 +0000] "GET /productos/?product-page=37 HTTP/1.1" 200 33332 "https://plantamadre.es/productos/?product-page=40" "Mozilla/5.0 (Linux; Android 7.0;) AppleWebKit/537.36 (KHTML, like Gecko) Mobile Safari/537.36 (compatible; PetalBot;+https://webmaster.petalsearch.com/site/petalbot)"
146.190.157.162 - - [26/Feb/2025:05:21:37 +0000] "POST /wp-cron.php?doing_wp_cron=1740547297.3393530845642089843750 HTTP/1.1" 200 2850 "-" "WordPress/6.3.5; https://plantamadre.es"
66.249.68.7 - - [26/Feb/2025:05:21:35 +0000] "GET /tienda/250-w-spudnik/kit-spudniketi-250wbombilla-hortilightcreflo/ HTTP/1.1" 404 109099 "-" "Mozilla/5.0 (Linux; Android 6.0.1; Nexus 5X Build/MMB29P) AppleWebKit/537.36 (KHTML, like Gecko) Chrome/133.0.6943.53 Mobile Safari/537.36 (compatible; Googlebot/2.1; +http://www.google.com/bot.html)"
146.190.157.162 - - [26/Feb/2025:05:23:46 +0000] "POST /wp-cron.php?doing_wp_cron=1740547426.7879939079284667968750 HTTP/1.1" 200 2849 "-" "WordPress/6.3.5; https://plantamadre.es"
114.119.146.252 - - [26/Feb/2025:05:23:44 +0000] "GET /product/auto-00-cheese-5-und/ HTTP/1.1" 200 30837 "https://plantamadre.es/product/cream-mandarine-xl-auto/" "Mozilla/5.0 (Linux; Android 7.0;) AppleWebKit/537.36 (KHTML, like Gecko) Mobile Safari/537.36 (compatible; PetalBot;+https://webmaster.petalsearch.com/site/petalbot)"
146.190.157.162 - - [26/Feb/2025:05:24:40 +0000] "POST /wp-cron.php?doing_wp_cron=1740547480.6281230449676513671875 HTTP/1.1" 200 2849 "-" "WordPress/6.3.5; https://plantamadre.es"
36.69.50.9 - - [26/Feb/2025:05:24:39 +0000] "GET /tienda/600-w/kit-basico-600w-vanguads-hidroponicsbombilla-vanguads-hidroponics-creflo-reflector-pearl-pro-copiar/ HTTP/1.1" 404 109017 "-" "Mozilla/4.0 (compatible; MSIE 6.0; Windows NT 5.1)"
135.181.15.80 - - [26/Feb/2025:05:25:14 +0000] "GET /tienda/heavy-weight-seeds-semillas/heavy-weight-seeds-fruit-punch-10-sem-fem/ HTTP/1.0" 404 108844 "https://plantamadre.es/tienda/heavy-weight-seeds-semillas/heavy-weight-seeds-fruit-punch-10-sem-fem/" "Mozilla/5.0 (Windows NT 10.0; Win64; x64) AppleWebKit/537.36 (KHTML, like Gecko) Chrome/130.0.0.0 Safari/537.36 CCleaner/130.0.0.0"
146.190.157.162 - - [26/Feb/2025:05:25:45 +0000] "POST /wp-cron.php?doing_wp_cron=1740547545.3196411132812500000000 HTTP/1.1" 200 2849 "-" "WordPress/6.3.5; https://plantamadre.es"
66.249.68.7 - - [26/Feb/2025:05:25:47 +0000] "GET /wp-content/uploads/2024/12/cueco-silicona.png HTTP/1.1" 301 565 "-" "Googlebot-Image/1.0"
38.61.6.190 - - [26/Feb/2025:05:25:43 +0000] "GET /tienda/insecticidas/sbm-bayer-garden-fungicida-botritis-teldor-huerta-20g/ HTTP/1.1" 404 109132 "-" "python-requests/2.31.0"
66.249.68.5 - - [26/Feb/2025:05:25:47 +0000] "GET /wp-content/uploads/2024/12/cueco-silicona.png HTTP/1.1" 200 51695 "-" "Googlebot-Image/1.0"
38.61.6.190 - - [26/Feb/2025:05:25:47 +0000] "POST /wp-comments-post.php HTTP/1.1" 200 2888 "-" "python-requests/2.31.0"
45.139.11.161 - - [26/Feb/2025:05:27:54 +0000] "GET /wp-login.php HTTP/1.1" 200 12691 "-" "Mozilla/5.0 (Windows NT 10.0; Win64; x64) AppleWebKit/537.36 (KHTML, like Gecko) Chrome/78.0.3904.108 Safari/537.36"
146.190.157.162 - - [26/Feb/2025:05:27:56 +0000] "POST /wp-cron.php?doing_wp_cron=1740547676.9019649028778076171875 HTTP/1.1" 200 2851 "-" "WordPress/6.3.5; https://plantamadre.es"
