85.208.98.23 - - [25/Feb/2025:17:04:53 +0000] "GET /robots.txt HTTP/1.1" 200 2981 "http://plantamadre.es/robots.txt" "Mozilla/5.0 (compatible; SemrushBot-BA; +http://www.semrush.com/bot.html)"
146.190.157.162 - - [25/Feb/2025:17:05:48 +0000] "POST /wp-cron.php?doing_wp_cron=1740503148.2341020107269287109375 HTTP/1.1" 200 2849 "-" "WordPress/6.3.5; https://plantamadre.es"
85.208.98.29 - - [25/Feb/2025:17:05:46 +0000] "GET /tienda/vaporizadores/vaporizador-vital-max/ HTTP/1.1" 404 109013 "-" "Mozilla/5.0 (compatible; SemrushBot-BA; +http://www.semrush.com/bot.html)"
85.208.98.23 - - [25/Feb/2025:17:06:26 +0000] "GET /robots.txt HTTP/1.1" 301 439 "-" "Mozilla/5.0 (compatible; SemrushBot-BA; +http://www.semrush.com/bot.html)"
85.208.98.23 - - [25/Feb/2025:17:06:26 +0000] "GET /robots.txt HTTP/1.1" 200 2980 "http://plantamadre.es/robots.txt" "Mozilla/5.0 (compatible; SemrushBot-BA; +http://www.semrush.com/bot.html)"
62.117.170.101 - - [25/Feb/2025:17:06:46 +0000] "POST /wp-admin/admin-ajax.php HTTP/1.1" 200 982 "https://plantamadre.es/wp-admin/post.php?post=25043&action=edit" "Mozilla/5.0 (Windows NT 10.0; Win64; x64) AppleWebKit/537.36 (KHTML, like Gecko) Chrome/133.0.0.0 Safari/537.36"
146.190.157.162 - - [25/Feb/2025:17:06:48 +0000] "POST /wp-cron.php?doing_wp_cron=1740503208.2702128887176513671875 HTTP/1.1" 200 2849 "-" "WordPress/6.3.5; https://plantamadre.es"
85.208.98.20 - - [25/Feb/2025:17:06:49 +0000] "GET /tienda/utensilios-de-cosecha/rey-cleaner-blister-500gr-para-desinfectar/ HTTP/1.1" 404 109042 "-" "Mozilla/5.0 (compatible; SemrushBot-BA; +http://www.semrush.com/bot.html)"
104.247.165.162 - - [25/Feb/2025:17:06:53 +0000] "POST /wp-login.php HTTP/1.1" 301 443 "http://plantamadre.es" "Mozilla/5.0 (Macintosh; Intel Mac OS X 14_6) AppleWebKit/605.1.15 (KHTML, like Gecko) Version/17.5 Safari/605.1.15"
104.247.165.162 - - [25/Feb/2025:17:06:54 +0000] "GET /wp-login.php HTTP/1.1" 200 7284 "http://plantamadre.es" "Mozilla/5.0 (Macintosh; Intel Mac OS X 14_6) AppleWebKit/605.1.15 (KHTML, like Gecko) Version/17.5 Safari/605.1.15"
146.190.157.162 - - [25/Feb/2025:17:07:17 +0000] "POST /wp-cron.php?doing_wp_cron=1740503237.7766830921173095703125 HTTP/1.1" 200 2850 "-" "WordPress/6.3.5; https://plantamadre.es"
85.208.98.29 - - [25/Feb/2025:17:07:16 +0000] "GET /tienda/vapeadores/smok-vape-pen-22-1650mah/ HTTP/1.1" 404 109015 "-" "Mozilla/5.0 (compatible; SemrushBot-BA; +http://www.semrush.com/bot.html)"
146.190.157.162 - - [25/Feb/2025:17:07:41 +0000] "POST /wp-cron.php?doing_wp_cron=1740503261.6510460376739501953125 HTTP/1.1" 200 2849 "-" "WordPress/6.3.5; https://plantamadre.es"
85.208.98.19 - - [25/Feb/2025:17:07:40 +0000] "GET /tienda/utensilios-de-cosecha/bata-desechable-polipropileno-1-und/ HTTP/1.1" 404 109035 "-" "Mozilla/5.0 (compatible; SemrushBot-BA; +http://www.semrush.com/bot.html)"
146.190.157.162 - - [25/Feb/2025:17:08:03 +0000] "POST /wp-cron.php?doing_wp_cron=1740503283.1261389255523681640625 HTTP/1.1" 200 2849 "-" "WordPress/6.3.5; https://plantamadre.es"
85.208.98.24 - - [25/Feb/2025:17:08:01 +0000] "GET /tienda/sin-categorizar/minerales-sabor-monster-amaretto/ HTTP/1.1" 404 109027 "-" "Mozilla/5.0 (compatible; SemrushBot-BA; +http://www.semrush.com/bot.html)"
62.117.170.101 - - [25/Feb/2025:17:08:47 +0000] "POST /wp-admin/admin-ajax.php HTTP/1.1" 200 982 "https://plantamadre.es/wp-admin/post.php?post=25043&action=edit" "Mozilla/5.0 (Windows NT 10.0; Win64; x64) AppleWebKit/537.36 (KHTML, like Gecko) Chrome/133.0.0.0 Safari/537.36"
146.190.157.162 - - [25/Feb/2025:17:08:49 +0000] "POST /wp-cron.php?doing_wp_cron=1740503329.1300799846649169921875 HTTP/1.1" 200 2851 "-" "WordPress/6.3.5; https://plantamadre.es"
62.117.170.101 - - [25/Feb/2025:17:10:48 +0000] "POST /wp-admin/admin-ajax.php HTTP/1.1" 200 982 "https://plantamadre.es/wp-admin/post.php?post=25043&action=edit" "Mozilla/5.0 (Windows NT 10.0; Win64; x64) AppleWebKit/537.36 (KHTML, like Gecko) Chrome/133.0.0.0 Safari/537.36"
146.190.157.162 - - [25/Feb/2025:17:10:50 +0000] "POST /wp-cron.php?doing_wp_cron=1740503450.4710819721221923828125 HTTP/1.1" 200 2850 "-" "WordPress/6.3.5; https://plantamadre.es"
66.249.68.7 - - [25/Feb/2025:17:11:26 +0000] "GET /etiqueta-producto/intractor/?orderby=price HTTP/1.1" 404 109074 "-" "Mozilla/5.0 (Linux; Android 6.0.1; Nexus 5X Build/MMB29P) AppleWebKit/537.36 (KHTML, like Gecko) Chrome/133.0.6943.53 Mobile Safari/537.36 (compatible; Googlebot/2.1; +http://www.google.com/bot.html)"
62.117.170.101 - - [25/Feb/2025:17:12:49 +0000] "POST /wp-admin/admin-ajax.php HTTP/1.1" 200 982 "https://plantamadre.es/wp-admin/post.php?post=25043&action=edit" "Mozilla/5.0 (Windows NT 10.0; Win64; x64) AppleWebKit/537.36 (KHTML, like Gecko) Chrome/133.0.0.0 Safari/537.36"
146.190.157.162 - - [25/Feb/2025:17:12:51 +0000] "POST /wp-cron.php?doing_wp_cron=1740503571.0137081146240234375000 HTTP/1.1" 200 2851 "-" "WordPress/6.3.5; https://plantamadre.es"
146.190.157.162 - - [25/Feb/2025:17:13:44 +0000] "POST /wp-cron.php?doing_wp_cron=1740503624.2329170703887939453125 HTTP/1.1" 200 2851 "-" "WordPress/6.3.5; https://plantamadre.es"
212.8.248.108 - - [25/Feb/2025:17:13:42 +0000] "HEAD /tienda/vapeadores/smok-vape-pen-22-1650mah HTTP/1.1" 404 2696 "https://plantamadre.es" "Mozilla/5.0 (Windows NT 10.0; Win64; x64) AppleWebKit/537.36 (KHTML, like Gecko) Chrome/100.0.4896.127 Safari/537.36"
212.8.248.108 - - [25/Feb/2025:17:13:45 +0000] "GET /tienda/vapeadores/smok-vape-pen-22-1650mah HTTP/1.1" 404 106585 "https://plantamadre.es" "Mozilla/5.0 (Windows NT 10.0; Win64; x64) AppleWebKit/537.36 (KHTML, like Gecko) Chrome/100.0.4896.127 Safari/537.36"
89.110.120.233 - - [25/Feb/2025:17:14:44 +0000] "GET /tienda/papel/bandeja-raw-mix-mediana/ HTTP/1.0" 403 2777 "https://plantamadre.es/tienda/papel/bandeja-raw-mix-mediana/" "Mozilla/5.0 (Windows NT 10.0; Win64; x64) AppleWebKit/537.36 (KHTML, like Gecko) Chrome/130.0.0.0 Safari/537.36 CCleaner/130.0.0.0"
146.190.157.162 - - [25/Feb/2025:17:14:46 +0000] "POST /wp-cron.php?doing_wp_cron=1740503686.3259160518646240234375 HTTP/1.1" 200 2850 "-" "WordPress/6.3.5; https://plantamadre.es"
89.110.120.233 - - [25/Feb/2025:17:14:47 +0000] "GET / HTTP/1.0" 403 2825 "https://plantamadre.es/tienda/papel/bandeja-raw-mix-mediana/" "Mozilla/5.0 (Windows NT 10.0; Win64; x64) AppleWebKit/537.36 (KHTML, like Gecko) Chrome/130.0.0.0 Safari/537.36 CCleaner/130.0.0.0"
89.110.120.233 - - [25/Feb/2025:17:14:49 +0000] "GET / HTTP/1.0" 403 2825 "https://plantamadre.es/" "Mozilla/5.0 (Windows NT 10.0; Win64; x64) AppleWebKit/537.36 (KHTML, like Gecko) Chrome/130.0.0.0 Safari/537.36 CCleaner/130.0.0.0"
62.117.170.101 - - [25/Feb/2025:17:14:50 +0000] "POST /wp-admin/admin-ajax.php HTTP/1.1" 200 982 "https://plantamadre.es/wp-admin/post.php?post=25043&action=edit" "Mozilla/5.0 (Windows NT 10.0; Win64; x64) AppleWebKit/537.36 (KHTML, like Gecko) Chrome/133.0.0.0 Safari/537.36"
89.110.120.233 - - [25/Feb/2025:17:14:51 +0000] "GET / HTTP/1.0" 403 2824 "https://plantamadre.es/" "Mozilla/5.0 (Windows NT 10.0; Win64; x64) AppleWebKit/537.36 (KHTML, like Gecko) Chrome/130.0.0.0 Safari/537.36 CCleaner/130.0.0.0"
62.117.170.101 - - [25/Feb/2025:17:16:51 +0000] "POST /wp-admin/admin-ajax.php HTTP/1.1" 200 982 "https://plantamadre.es/wp-admin/post.php?post=25043&action=edit" "Mozilla/5.0 (Windows NT 10.0; Win64; x64) AppleWebKit/537.36 (KHTML, like Gecko) Chrome/133.0.0.0 Safari/537.36"
146.190.157.162 - - [25/Feb/2025:17:16:53 +0000] "POST /wp-cron.php?doing_wp_cron=1740503813.1461699008941650390625 HTTP/1.1" 200 2850 "-" "WordPress/6.3.5; https://plantamadre.es"
146.190.157.162 - - [25/Feb/2025:17:18:23 +0000] "POST /wp-cron.php?doing_wp_cron=1740503903.7521049976348876953125 HTTP/1.1" 200 2850 "-" "WordPress/6.3.5; https://plantamadre.es"
66.249.68.7 - - [25/Feb/2025:17:18:22 +0000] "GET /wp-content/uploads/2013/12/B-52-BOOSTER-250ML.png HTTP/1.1" 404 109077 "-" "Googlebot-Image/1.0"
146.190.157.162 - - [25/Feb/2025:17:18:48 +0000] "POST /wp-cron.php?doing_wp_cron=1740503928.2995989322662353515625 HTTP/1.1" 200 2850 "-" "WordPress/6.3.5; https://plantamadre.es"
212.30.33.122 - - [25/Feb/2025:17:18:47 +0000] "GET /tienda/semillas/l-s-d-feminizada-10-semillas/ HTTP/1.0" 404 108813 "https://plantamadre.es/tienda/semillas/l-s-d-feminizada-10-semillas/" "Mozilla/5.0 (Windows NT 10.0; Win64; x64) AppleWebKit/537.36 (KHTML, like Gecko) Chrome/131.0.0.0 Safari/537.36"
62.117.170.101 - - [25/Feb/2025:17:18:52 +0000] "POST /wp-admin/admin-ajax.php HTTP/1.1" 200 982 "https://plantamadre.es/wp-admin/post.php?post=25043&action=edit" "Mozilla/5.0 (Windows NT 10.0; Win64; x64) AppleWebKit/537.36 (KHTML, like Gecko) Chrome/133.0.0.0 Safari/537.36"
212.30.33.139 - - [25/Feb/2025:17:18:52 +0000] "GET /contacto/ HTTP/1.0" 200 196542 "https://plantamadre.es/contacto/" "Mozilla/5.0 (Windows NT 10.0; Win64; x64) AppleWebKit/537.36 (KHTML, like Gecko) Chrome/131.0.0.0 Safari/537.36"
212.30.33.122 - - [25/Feb/2025:17:18:55 +0000] "POST /contacto/ HTTP/1.0" 200 194636 "https://plantamadre.es/contacto/" "Mozilla/5.0 (Windows NT 10.0; Win64; x64) AppleWebKit/537.36 (KHTML, like Gecko) Chrome/131.0.0.0 Safari/537.36"
146.190.157.162 - - [25/Feb/2025:17:20:22 +0000] "POST /wp-cron.php?doing_wp_cron=1740504022.3605411052703857421875 HTTP/1.1" 200 2850 "-" "WordPress/6.3.5; https://plantamadre.es"
51.222.253.9 - - [25/Feb/2025:17:20:20 +0000] "GET /etiqueta-producto/semillas-de-cannabis/page/17/?add-to-cart=6341 HTTP/1.1" 404 109065 "-" "Mozilla/5.0 (compatible; AhrefsBot/7.0; +http://ahrefs.com/robot/)"
62.117.170.101 - - [25/Feb/2025:17:20:53 +0000] "POST /wp-admin/admin-ajax.php HTTP/1.1" 200 982 "https://plantamadre.es/wp-admin/post.php?post=25043&action=edit" "Mozilla/5.0 (Windows NT 10.0; Win64; x64) AppleWebKit/537.36 (KHTML, like Gecko) Chrome/133.0.0.0 Safari/537.36"
146.190.157.162 - - [25/Feb/2025:17:20:55 +0000] "POST /wp-cron.php?doing_wp_cron=1740504055.3536229133605957031250 HTTP/1.1" 200 2849 "-" "WordPress/6.3.5; https://plantamadre.es"
216.244.66.239 - - [25/Feb/2025:17:21:07 +0000] "GET /robots.txt HTTP/1.1" 301 439 "-" "Mozilla/5.0 (compatible; DotBot/1.2; +https://opensiteexplorer.org/dotbot; help@moz.com)"
216.244.66.239 - - [25/Feb/2025:17:21:07 +0000] "GET /robots.txt HTTP/1.1" 200 2886 "-" "Mozilla/5.0 (compatible; DotBot/1.2; +https://opensiteexplorer.org/dotbot; help@moz.com)"
146.190.157.162 - - [25/Feb/2025:17:21:08 +0000] "POST /wp-cron.php?doing_wp_cron=1740504068.8175659179687500000000 HTTP/1.1" 200 2849 "-" "WordPress/6.3.5; https://plantamadre.es"
77.232.37.35 - - [25/Feb/2025:17:21:10 +0000] "GET /tienda/dinafem/white-siberian-feminizada-1-semilla-2/ HTTP/1.0" 403 2776 "-" "Mozilla/5.0 (Windows NT 6.3; Win64; x64) AppleWebKit/537.36 (KHTML, like Gecko) Chrome/75.0.3770.100 Safari/537.36"
62.117.170.101 - - [25/Feb/2025:17:22:54 +0000] "POST /wp-admin/admin-ajax.php HTTP/1.1" 200 982 "https://plantamadre.es/wp-admin/post.php?post=25043&action=edit" "Mozilla/5.0 (Windows NT 10.0; Win64; x64) AppleWebKit/537.36 (KHTML, like Gecko) Chrome/133.0.0.0 Safari/537.36"
146.190.157.162 - - [25/Feb/2025:17:22:56 +0000] "POST /wp-cron.php?doing_wp_cron=1740504176.2465620040893554687500 HTTP/1.1" 200 2851 "-" "WordPress/6.3.5; https://plantamadre.es"
62.117.170.101 - - [25/Feb/2025:17:24:55 +0000] "POST /wp-admin/admin-ajax.php HTTP/1.1" 200 982 "https://plantamadre.es/wp-admin/post.php?post=25043&action=edit" "Mozilla/5.0 (Windows NT 10.0; Win64; x64) AppleWebKit/537.36 (KHTML, like Gecko) Chrome/133.0.0.0 Safari/537.36"
146.190.157.162 - - [25/Feb/2025:17:24:56 +0000] "POST /wp-cron.php?doing_wp_cron=1740504296.9501230716705322265625 HTTP/1.1" 200 2850 "-" "WordPress/6.3.5; https://plantamadre.es"
52.167.144.149 - - [25/Feb/2025:17:25:01 +0000] "GET /etiqueta-producto/calefactores-2/ HTTP/1.1" 404 109126 "-" "Mozilla/5.0 AppleWebKit/537.36 (KHTML, like Gecko; compatible; bingbot/2.0; +http://www.bing.com/bingbot.htm) Chrome/116.0.1938.76 Safari/537.36"
146.190.157.162 - - [25/Feb/2025:17:26:16 +0000] "POST /wp-cron.php?doing_wp_cron=1740504376.1815559864044189453125 HTTP/1.1" 200 2850 "-" "WordPress/6.3.5; https://plantamadre.es"
95.164.67.6 - - [25/Feb/2025:17:26:14 +0000] "GET /tienda/semillas/l-s-d-feminizada-10-semillas/ HTTP/1.1" 404 109092 "-" "Mozilla/5.0 (Macintosh; Intel Mac OS X 12_5) AppleWebKit/537.36 (KHTML, like Gecko) Chrome/114.0.0.0 Safari/537.36 OPR/89.0.4447.51"
95.164.67.6 - - [25/Feb/2025:17:26:19 +0000] "GET / HTTP/1.1" 200 27145 "-" "Mozilla/5.0 (Macintosh; Intel Mac OS X 12_5) AppleWebKit/537.36 (KHTML, like Gecko) Chrome/114.0.0.0 Safari/537.36 OPR/89.0.4447.51"
95.164.67.6 - - [25/Feb/2025:17:26:27 +0000] "GET /wp-login.php?action=register HTTP/1.1" 403 3017 "https://plantamadre.es" "Mozilla/5.0 (Windows NT 6.3; Win64; x64) AppleWebKit/537.36 (KHTML, like Gecko) Chrome/103.0.0.0 Safari/537.36"
95.164.67.6 - - [25/Feb/2025:17:26:30 +0000] "GET /wp-login.php?action=register HTTP/1.1" 403 3015 "https://plantamadre.es/wp-login.php?action=register" "Mozilla/5.0 (Windows NT 6.3; Win64; x64) AppleWebKit/537.36 (KHTML, like Gecko) Chrome/103.0.0.0 Safari/537.36"
146.190.157.162 - - [25/Feb/2025:17:26:33 +0000] "POST /wp-cron.php?doing_wp_cron=1740504393.2434160709381103515625 HTTP/1.1" 200 2849 "-" "WordPress/6.3.5; https://plantamadre.es"
95.164.67.6 - - [25/Feb/2025:17:26:31 +0000] "GET /tienda/semillas/l-s-d-feminizada-10-semillas/ HTTP/1.1" 404 109087 "https://plantamadre.es/tienda/semillas/l-s-d-feminizada-10-semillas/" "PHP/{5|6|7}.{3|2}.{1|2|3|4|5|6|7|8|9|0}{1|2|3|4|5|6|7|8|9|0}"
95.164.67.6 - - [25/Feb/2025:17:26:36 +0000] "POST /xmlrpc.php HTTP/1.1" 403 3017 "https://plantamadre.es/tienda/semillas/l-s-d-feminizada-10-semillas/" "PHP/5.3.51"
146.190.157.162 - - [25/Feb/2025:17:26:38 +0000] "POST /wp-cron.php?doing_wp_cron=1740504398.9633059501647949218750 HTTP/1.1" 200 2851 "-" "WordPress/6.3.5; https://plantamadre.es"
95.164.67.6 - - [25/Feb/2025:17:26:38 +0000] "GET /tienda/semillas/l-s-d-feminizada-10-semillas/ HTTP/1.1" 404 109088 "-" "PHP/5.3.51"
40.77.167.48 - - [25/Feb/2025:17:26:37 +0000] "GET /product/maxibright-compact-varidrive-led-720w-2/ HTTP/1.1" 200 30822 "-" "Mozilla/5.0 AppleWebKit/537.36 (KHTML, like Gecko; compatible; bingbot/2.0; +http://www.bing.com/bingbot.htm) Chrome/116.0.1938.76 Safari/537.36"
62.117.170.101 - - [25/Feb/2025:17:26:56 +0000] "POST /wp-admin/admin-ajax.php HTTP/1.1" 200 982 "https://plantamadre.es/wp-admin/post.php?post=25043&action=edit" "Mozilla/5.0 (Windows NT 10.0; Win64; x64) AppleWebKit/537.36 (KHTML, like Gecko) Chrome/133.0.0.0 Safari/537.36"
66.249.68.7 - - [25/Feb/2025:17:26:56 +0000] "GET /wp-content/uploads/2013/12/JUNGLE-JUICE-MICRO.png HTTP/1.1" 404 109077 "-" "Googlebot-Image/1.0"
38.152.142.107 - - [25/Feb/2025:17:28:34 +0000] "GET /tienda/conexiones-para-extraccion/union-en-y-100mm/ HTTP/1.1" 404 108901 "-" "Mozilla/5.0 (Windows NT 10.0; Win64; x64; Xbox; Xbox One) AppleWebKit/537.36 (KHTML, like Gecko) Chrome/114.0.0.0 Safari/537.36 Edge/44.18363.8131"
146.190.157.162 - - [25/Feb/2025:17:28:35 +0000] "POST /wp-cron.php?doing_wp_cron=1740504515.5586290359497070312500 HTTP/1.1" 200 2850 "-" "WordPress/6.3.5; https://plantamadre.es"
66.249.68.6 - - [25/Feb/2025:17:28:34 +0000] "GET /etiqueta-producto/masterclean/ HTTP/1.1" 404 109062 "-" "Mozilla/5.0 (Linux; Android 6.0.1; Nexus 5X Build/MMB29P) AppleWebKit/537.36 (KHTML, like Gecko) Chrome/133.0.6943.53 Mobile Safari/537.36 (compatible; Googlebot/2.1; +http://www.google.com/bot.html)"
62.117.170.101 - - [25/Feb/2025:17:28:57 +0000] "POST /wp-admin/admin-ajax.php HTTP/1.1" 200 982 "https://plantamadre.es/wp-admin/post.php?post=25043&action=edit" "Mozilla/5.0 (Windows NT 10.0; Win64; x64) AppleWebKit/537.36 (KHTML, like Gecko) Chrome/133.0.0.0 Safari/537.36"
87.120.9.10 - - [25/Feb/2025:17:29:56 +0000] "POST /wp-login.php HTTP/1.1" 301 443 "http://plantamadre.es" "Mozilla/5.0 (Windows NT 10.0; Win64; x64) AppleWebKit/537.36 (KHTML, like Gecko) Chrome/116.0.5845.96 Safari/537.36"
87.120.9.10 - - [25/Feb/2025:17:29:57 +0000] "GET /wp-login.php HTTP/1.1" 200 7282 "http://plantamadre.es" "Mozilla/5.0 (Windows NT 10.0; Win64; x64) AppleWebKit/537.36 (KHTML, like Gecko) Chrome/116.0.5845.96 Safari/537.36"
114.119.151.80 - - [25/Feb/2025:17:30:05 +0000] "GET /shop-test/?product-page=14 HTTP/1.1" 200 15930 "https://plantamadre.es/shop-test/?product-page=12" "Mozilla/5.0 (Linux; Android 7.0;) AppleWebKit/537.36 (KHTML, like Gecko) Mobile Safari/537.36 (compatible; PetalBot;+https://webmaster.petalsearch.com/site/petalbot)"
146.190.157.162 - - [25/Feb/2025:17:30:07 +0000] "POST /wp-cron.php?doing_wp_cron=1740504607.2118079662322998046875 HTTP/1.1" 200 2850 "-" "WordPress/6.3.5; https://plantamadre.es"
156.59.198.136 - - [25/Feb/2025:17:30:15 +0000] "GET /wp-content/uploads/2014/01/tubo-borosilicato-peque%C3%83%C2%B1o-150x150.png HTTP/1.1" 403 2978 "-" "Mozilla/5.0 (Linux; Android 5.0) AppleWebKit/537.36 (KHTML, like Gecko) Mobile Safari/537.36 (compatible; Bytespider; spider-feedback@bytedance.com)"
62.117.170.101 - - [25/Feb/2025:17:30:58 +0000] "POST /wp-admin/admin-ajax.php HTTP/1.1" 200 982 "https://plantamadre.es/wp-admin/post.php?post=25043&action=edit" "Mozilla/5.0 (Windows NT 10.0; Win64; x64) AppleWebKit/537.36 (KHTML, like Gecko) Chrome/133.0.0.0 Safari/537.36"
146.190.157.162 - - [25/Feb/2025:17:31:00 +0000] "POST /wp-cron.php?doing_wp_cron=1740504660.2022409439086914062500 HTTP/1.1" 200 2849 "-" "WordPress/6.3.5; https://plantamadre.es"
62.117.170.101 - - [25/Feb/2025:17:32:59 +0000] "POST /wp-admin/admin-ajax.php HTTP/1.1" 200 982 "https://plantamadre.es/wp-admin/post.php?post=25043&action=edit" "Mozilla/5.0 (Windows NT 10.0; Win64; x64) AppleWebKit/537.36 (KHTML, like Gecko) Chrome/133.0.0.0 Safari/537.36"
146.190.157.162 - - [25/Feb/2025:17:33:01 +0000] "POST /wp-cron.php?doing_wp_cron=1740504781.3459920883178710937500 HTTP/1.1" 200 2850 "-" "WordPress/6.3.5; https://plantamadre.es"
82.213.251.63 - - [25/Feb/2025:17:33:22 +0000] "GET / HTTP/1.1" 200 27146 "-" "Mozilla/5.0 (X11; Linux i686) AppleWebKit/537.36 (KHTML, like Gecko) Chrome/114.0.0.0 Safari/537.36 Vivaldi/5.3.2679.68"
146.190.157.162 - - [25/Feb/2025:17:33:54 +0000] "POST /wp-cron.php?doing_wp_cron=1740504834.7023820877075195312500 HTTP/1.1" 200 2850 "-" "WordPress/6.3.5; https://plantamadre.es"
95.216.238.232 - - [25/Feb/2025:17:33:53 +0000] "GET /tienda/semillas-3/sensi-seeds-big-bud-5-semillas-fem/ HTTP/1.0" 404 108821 "https://plantamadre.es/tienda/semillas-3/sensi-seeds-big-bud-5-semillas-fem/" "Mozilla/5.0 (Windows NT 10.0; Win64; x64) AppleWebKit/537.36 (KHTML, like Gecko) Chrome/131.0.0.0 Safari/537.36 Avast/131.0.0.0"
146.190.157.162 - - [25/Feb/2025:17:34:37 +0000] "POST /wp-cron.php?doing_wp_cron=1740504877.8639349937438964843750 HTTP/1.1" 200 2850 "-" "WordPress/6.3.5; https://plantamadre.es"
208.65.90.21 - - [25/Feb/2025:17:34:36 +0000] "GET / HTTP/1.0" 200 146579 "https://plantamadre.es/" "Mozilla/5.0 (Windows NT 10.0; Win64; x64) AppleWebKit/537.36 (KHTML, like Gecko) Chrome/129.0.0.0 Safari/537.36"
188.130.185.21 - - [25/Feb/2025:17:34:43 +0000] "GET /tienda/blim-burn-seeds/blim-burn-santa-muerte-6-semillas-feminizadas/ HTTP/1.0" 403 2776 "https://plantamadre.es/tienda/blim-burn-seeds/blim-burn-santa-muerte-6-semillas-feminizadas/" "Mozilla/5.0 (Windows NT 10.0; Win64; x64) AppleWebKit/537.36 (KHTML, like Gecko) Chrome/130.0.0.0 Safari/537.36"
188.130.185.21 - - [25/Feb/2025:17:34:46 +0000] "GET / HTTP/1.0" 403 2823 "https://plantamadre.es/" "Mozilla/5.0 (Windows NT 10.0; Win64; x64) AppleWebKit/537.36 (KHTML, like Gecko) Chrome/130.0.0.0 Safari/537.36"
62.117.170.101 - - [25/Feb/2025:17:35:00 +0000] "POST /wp-admin/admin-ajax.php HTTP/1.1" 200 982 "https://plantamadre.es/wp-admin/post.php?post=25043&action=edit" "Mozilla/5.0 (Windows NT 10.0; Win64; x64) AppleWebKit/537.36 (KHTML, like Gecko) Chrome/133.0.0.0 Safari/537.36"
114.119.144.72 - - [25/Feb/2025:17:35:32 +0000] "GET /wp-content/uploads/2025/01/sweet-cheese.png HTTP/1.1" 200 647894 "https://plantamadre.es/product/sweet-cheese/" "Mozilla/5.0 (Linux; Android 7.0;) AppleWebKit/537.36 (KHTML, like Gecko) Mobile Safari/537.36 (compatible; PetalBot;+https://webmaster.petalsearch.com/site/petalbot)"
52.23.112.144 - - [25/Feb/2025:17:35:56 +0000] "GET /robots.txt HTTP/1.1" 200 2816 "-" "Mozilla/5.0 AppleWebKit/537.36 (KHTML, like Gecko; compatible; Amazonbot/0.1; +https://developer.amazon.com/support/amazonbot) Chrome/119.0.6045.214 Safari/537.36"
146.190.157.162 - - [25/Feb/2025:17:35:58 +0000] "POST /wp-cron.php?doing_wp_cron=1740504958.6154661178588867187500 HTTP/1.1" 200 2851 "-" "WordPress/6.3.5; https://plantamadre.es"
44.223.115.10 - - [25/Feb/2025:17:36:00 +0000] "GET /shop/semillas-temporada-fem/00-seeds-semillas-temporada-fem/ HTTP/1.1" 200 24499 "-" "Mozilla/5.0 AppleWebKit/537.36 (KHTML, like Gecko; compatible; Amazonbot/0.1; +https://developer.amazon.com/support/amazonbot) Chrome/119.0.6045.214 Safari/537.36"
3.216.227.216 - - [25/Feb/2025:17:36:01 +0000] "GET /edit-subscription/ HTTP/1.1" 200 20309 "-" "Mozilla/5.0 AppleWebKit/537.36 (KHTML, like Gecko; compatible; Amazonbot/0.1; +https://developer.amazon.com/support/amazonbot) Chrome/119.0.6045.214 Safari/537.36"
109.248.129.71 - - [25/Feb/2025:17:36:46 +0000] "GET /tienda/conexiones-para-extraccion/union-en-y-100mm/ HTTP/1.1" 403 3017 "-" "Mozilla/5.0 (X11; Ubuntu; Linux x86_64; rv:114.0) Gecko/20100101 Firefox/114.0"
146.190.157.162 - - [25/Feb/2025:17:36:47 +0000] "POST /wp-cron.php?doing_wp_cron=1740505007.4707610607147216796875 HTTP/1.1" 200 2850 "-" "WordPress/6.3.5; https://plantamadre.es"
5.183.130.196 - - [25/Feb/2025:17:36:49 +0000] "GET /tienda/conexiones-para-extraccion/union-en-y-100mm/ HTTP/1.1" 403 3016 "-" "Mozilla/5.0 (X11; Ubuntu; Linux x86_64; rv:114.0) Gecko/20100101 Firefox/114.0"
188.130.184.253 - - [25/Feb/2025:17:36:52 +0000] "GET /tienda/conexiones-para-extraccion/union-en-y-100mm/ HTTP/1.1" 403 3016 "-" "Mozilla/5.0 (X11; Ubuntu; Linux x86_64; rv:114.0) Gecko/20100101 Firefox/114.0"
95.182.125.153 - - [25/Feb/2025:17:36:54 +0000] "GET /tienda/conexiones-para-extraccion/union-en-y-100mm/ HTTP/1.1" 403 3015 "-" "Mozilla/5.0 (X11; Ubuntu; Linux x86_64; rv:114.0) Gecko/20100101 Firefox/114.0"
95.182.125.153 - - [25/Feb/2025:17:36:57 +0000] "GET / HTTP/1.1" 403 3064 "-" "Mozilla/5.0 (X11; Ubuntu; Linux x86_64; rv:114.0) Gecko/20100101 Firefox/114.0"
5.183.130.105 - - [25/Feb/2025:17:37:01 +0000] "GET / HTTP/1.1" 403 3063 "-" "Mozilla/5.0 (X11; Ubuntu; Linux x86_64; rv:114.0) Gecko/20100101 Firefox/114.0"
146.190.157.162 - - [25/Feb/2025:17:37:00 +0000] "GET / HTTP/1.1" 200 27120 "-" "WordPress/6.3.5; https://plantamadre.es"
146.190.157.162 - - [25/Feb/2025:17:36:59 +0000] "POST /wp-cron.php?doing_wp_cron=1740505019.1128220558166503906250 HTTP/1.1" 200 2851 "-" "WordPress/6.3.5; https://plantamadre.es"
62.117.170.101 - - [25/Feb/2025:17:37:01 +0000] "POST /wp-admin/admin-ajax.php HTTP/1.1" 200 982 "https://plantamadre.es/wp-admin/post.php?post=25043&action=edit" "Mozilla/5.0 (Windows NT 10.0; Win64; x64) AppleWebKit/537.36 (KHTML, like Gecko) Chrome/133.0.0.0 Safari/537.36"
2.59.50.244 - - [25/Feb/2025:17:37:04 +0000] "GET / HTTP/1.1" 403 3064 "-" "Mozilla/5.0 (X11; Ubuntu; Linux x86_64; rv:114.0) Gecko/20100101 Firefox/114.0"
188.130.137.180 - - [25/Feb/2025:17:37:06 +0000] "GET / HTTP/1.1" 403 3063 "-" "Mozilla/5.0 (X11; Ubuntu; Linux x86_64; rv:114.0) Gecko/20100101 Firefox/114.0"
77.232.37.35 - - [25/Feb/2025:17:37:38 +0000] "GET /tienda/papel/6988/ HTTP/1.0" 403 2777 "-" "Mozilla/5.0 (Windows NT 6.3; Win64; x64) AppleWebKit/537.36 (KHTML, like Gecko) Chrome/75.0.3770.100 Safari/537.36"
146.190.157.162 - - [25/Feb/2025:17:37:40 +0000] "POST /wp-cron.php?doing_wp_cron=1740505060.2332439422607421875000 HTTP/1.1" 200 2849 "-" "WordPress/6.3.5; https://plantamadre.es"
146.190.157.162 - - [25/Feb/2025:17:38:15 +0000] "POST /wp-cron.php?doing_wp_cron=1740505095.3183488845825195312500 HTTP/1.1" 200 2851 "-" "WordPress/6.3.5; https://plantamadre.es"
178.159.37.28 - - [25/Feb/2025:17:38:13 +0000] "GET /tienda/papel/papel-raw-king-size-slim/ HTTP/1.0" 404 108807 "https://plantamadre.es/tienda/papel/papel-raw-king-size-slim/" "Mozilla/5.0 (Windows NT 6.1; Win64; rv:38.0) Gecko/20100101 Firefox/38.0"
77.232.37.35 - - [25/Feb/2025:17:38:31 +0000] "GET /tienda/insecticidas/sbm-bayer-garden-fungicida-botritis-teldor-huerta-20g/ HTTP/1.0" 403 2777 "-" "Mozilla/5.0 (Windows NT 6.3; Win64; x64) AppleWebKit/537.36 (KHTML, like Gecko) Chrome/75.0.3770.100 Safari/537.36"
146.190.157.162 - - [25/Feb/2025:17:38:32 +0000] "POST /wp-cron.php?doing_wp_cron=1740505112.8996949195861816406250 HTTP/1.1" 200 2850 "-" "WordPress/6.3.5; https://plantamadre.es"
62.117.170.101 - - [25/Feb/2025:17:39:02 +0000] "POST /wp-admin/admin-ajax.php HTTP/1.1" 200 982 "https://plantamadre.es/wp-admin/post.php?post=25043&action=edit" "Mozilla/5.0 (Windows NT 10.0; Win64; x64) AppleWebKit/537.36 (KHTML, like Gecko) Chrome/133.0.0.0 Safari/537.36"
174.75.211.193 - - [25/Feb/2025:17:39:12 +0000] "GET /tienda/b-a-c/b-a-c-plant-vitality-plus-250ml/ HTTP/1.0" 404 108974 "https://plantamadre.es/tienda/b-a-c/b-a-c-plant-vitality-plus-250ml/" "Mozilla/5.0 (Windows NT 10.0; Win64; x64) AppleWebKit/537.36 (KHTML, like Gecko) Chrome/131.0.0.0 Safari/537.36 Avast/131.0.0.0"
174.75.211.193 - - [25/Feb/2025:17:39:16 +0000] "GET / HTTP/1.0" 200 146580 "https://plantamadre.es/" "Mozilla/5.0 (Windows NT 10.0; Win64; x64) AppleWebKit/537.36 (KHTML, like Gecko) Chrome/131.0.0.0 Safari/537.36 Avast/131.0.0.0"
95.70.128.229 - - [25/Feb/2025:17:39:18 +0000] "GET /tienda/air-sock/air-sock-1-5mts-125mm/ HTTP/1.1" 404 108907 "-" "-"
174.75.211.193 - - [25/Feb/2025:17:39:22 +0000] "GET /contacto/ HTTP/1.0" 200 196661 "https://plantamadre.es/contacto/" "Mozilla/5.0 (Windows NT 10.0; Win64; x64) AppleWebKit/537.36 (KHTML, like Gecko) Chrome/131.0.0.0 Safari/537.36 Avast/131.0.0.0"
95.70.128.229 - - [25/Feb/2025:17:39:22 +0000] "POST /wp-comments-post.php HTTP/1.1" 200 448 "-" "-"
146.190.157.162 - - [25/Feb/2025:17:39:24 +0000] "POST /wp-cron.php?doing_wp_cron=1740505164.5786330699920654296875 HTTP/1.1" 200 2849 "-" "WordPress/6.3.5; https://plantamadre.es"
174.75.211.193 - - [25/Feb/2025:17:39:26 +0000] "POST /contacto/ HTTP/1.0" 200 194755 "https://plantamadre.es/contacto/" "Mozilla/5.0 (Windows NT 10.0; Win64; x64) AppleWebKit/537.36 (KHTML, like Gecko) Chrome/131.0.0.0 Safari/537.36 Avast/131.0.0.0"
146.190.157.162 - - [25/Feb/2025:17:39:33 +0000] "POST /wp-cron.php?doing_wp_cron=1740505173.4393980503082275390625 HTTP/1.1" 200 2849 "-" "WordPress/6.3.5; https://plantamadre.es"
174.75.211.193 - - [25/Feb/2025:17:39:32 +0000] "GET /contacto/ HTTP/1.0" 200 196659 "https://plantamadre.es/contacto/" "Mozilla/5.0 (Windows NT 10.0; Win64; x64) AppleWebKit/537.36 (KHTML, like Gecko) Chrome/131.0.0.0 Safari/537.36 Avast/131.0.0.0"
174.75.211.193 - - [25/Feb/2025:17:39:38 +0000] "GET /contacto/ HTTP/1.0" 200 196660 "https://plantamadre.es/contacto/" "Mozilla/5.0 (Windows NT 10.0; Win64; x64) AppleWebKit/537.36 (KHTML, like Gecko) Chrome/131.0.0.0 Safari/537.36 Avast/131.0.0.0"
216.244.66.239 - - [25/Feb/2025:17:40:21 +0000] "GET /product/wombat/?add-to-cart=24926 HTTP/1.1" 200 251038 "-" "Mozilla/5.0 (compatible; DotBot/1.2; +https://opensiteexplorer.org/dotbot; help@moz.com)"
62.117.170.101 - - [25/Feb/2025:17:41:03 +0000] "POST /wp-admin/admin-ajax.php HTTP/1.1" 200 982 "https://plantamadre.es/wp-admin/post.php?post=25043&action=edit" "Mozilla/5.0 (Windows NT 10.0; Win64; x64) AppleWebKit/537.36 (KHTML, like Gecko) Chrome/133.0.0.0 Safari/537.36"
146.190.157.162 - - [25/Feb/2025:17:41:05 +0000] "POST /wp-cron.php?doing_wp_cron=1740505265.2944180965423583984375 HTTP/1.1" 200 2851 "-" "WordPress/6.3.5; https://plantamadre.es"
146.190.157.162 - - [25/Feb/2025:17:41:58 +0000] "POST /wp-cron.php?doing_wp_cron=1740505318.6604750156402587890625 HTTP/1.1" 200 2849 "-" "WordPress/6.3.5; https://plantamadre.es"
216.244.66.239 - - [25/Feb/2025:17:41:57 +0000] "GET /product/blue-dream/?add-to-cart=24916 HTTP/1.1" 200 238765 "-" "Mozilla/5.0 (compatible; DotBot/1.2; +https://opensiteexplorer.org/dotbot; help@moz.com)"
34.221.247.78 - - [25/Feb/2025:17:42:07 +0000] "GET /wp-content/uploads/2013/10/BIOBLOOMBASTIC.png HTTP/1.1" 404 109073 "https://plantamadre.es/" "Mozilla/5.0 (Windows NT 10.0; Win64; x64) AppleWebKit/537.36 (KHTML, like Gecko) Chrome/58.0.3029.81 Safari/537.36 Edge/16.16299"
34.221.247.78 - - [25/Feb/2025:17:42:09 +0000] "GET /wp-content/uploads/2013/10/BIOBLOOMBASTIC.png HTTP/1.1" 404 109066 "https://plantamadre.es/" "Mozilla/5.0 (X11; CrOS x86_64 12871.102.0) AppleWebKit/537.36 (KHTML, like Gecko) Chrome/81.0.4044.127 Safari/537.36"
34.221.247.78 - - [25/Feb/2025:17:42:12 +0000] "GET /wp-content/uploads/2013/10/BIOBLOOMBASTIC.png HTTP/1.1" 404 109074 "https://plantamadre.es/" "Mozilla/5.0 (Windows NT 5.1; rv:7.0.1) Gecko/20100101 Firefox/7.0.1"
216.244.66.239 - - [25/Feb/2025:17:42:12 +0000] "GET /product/cafe-racer/?add-to-cart=24893 HTTP/1.1" 200 251322 "-" "Mozilla/5.0 (compatible; DotBot/1.2; +https://opensiteexplorer.org/dotbot; help@moz.com)"
146.190.157.162 - - [25/Feb/2025:17:42:15 +0000] "POST /wp-cron.php?doing_wp_cron=1740505335.6412088871002197265625 HTTP/1.1" 200 2849 "-" "WordPress/6.3.5; https://plantamadre.es"
34.221.247.78 - - [25/Feb/2025:17:42:14 +0000] "GET /wp-content/uploads/2013/10/BIOBLOOMBASTIC.png HTTP/1.1" 404 109065 "https://plantamadre.es/" "Mozilla/5.0 (Android 8.0.0; Mobile; rv:61.0) Gecko/61.0 Firefox/61.0"
216.244.66.239 - - [25/Feb/2025:17:42:25 +0000] "GET /product/cafe-racer/?add-to-cart=24926 HTTP/1.1" 200 251341 "-" "Mozilla/5.0 (compatible; DotBot/1.2; +https://opensiteexplorer.org/dotbot; help@moz.com)"
146.190.157.162 - - [25/Feb/2025:17:42:39 +0000] "POST /wp-cron.php?doing_wp_cron=1740505359.9345159530639648437500 HTTP/1.1" 200 2850 "-" "WordPress/6.3.5; https://plantamadre.es"
216.244.66.239 - - [25/Feb/2025:17:42:38 +0000] "GET /product/cafe-racer/?add-to-cart=24951 HTTP/1.1" 200 251349 "-" "Mozilla/5.0 (compatible; DotBot/1.2; +https://opensiteexplorer.org/dotbot; help@moz.com)"
82.213.251.63 - - [25/Feb/2025:17:42:42 +0000] "GET / HTTP/1.1" 200 27148 "-" "Mozilla/5.0 (Windows NT 10.0; WOW64) AppleWebKit/537.36 (KHTML, like Gecko) Chrome/114.0.0.0 Safari/537.36 Vivaldi/5.3.2679.68"
104.129.36.115 - - [25/Feb/2025:17:42:47 +0000] "POST /xmlrpc.php HTTP/1.1" 200 3005 "https://plantamadre.es" "PHP/7.2.31"
104.129.36.115 - - [25/Feb/2025:17:42:51 +0000] "GET / HTTP/1.1" 200 27142 "-" "PHP/7.2.31"
146.190.157.162 - - [25/Feb/2025:17:42:55 +0000] "POST /wp-cron.php?doing_wp_cron=1740505375.7896571159362792968750 HTTP/1.1" 200 2850 "-" "WordPress/6.3.5; https://plantamadre.es"
216.244.66.239 - - [25/Feb/2025:17:42:54 +0000] "GET /product/california-kush/?add-to-cart=23833 HTTP/1.1" 200 238805 "-" "Mozilla/5.0 (compatible; DotBot/1.2; +https://opensiteexplorer.org/dotbot; help@moz.com)"
62.117.170.101 - - [25/Feb/2025:17:43:04 +0000] "POST /wp-admin/admin-ajax.php HTTP/1.1" 200 982 "https://plantamadre.es/wp-admin/post.php?post=25043&action=edit" "Mozilla/5.0 (Windows NT 10.0; Win64; x64) AppleWebKit/537.36 (KHTML, like Gecko) Chrome/133.0.0.0 Safari/537.36"
216.244.66.239 - - [25/Feb/2025:17:43:09 +0000] "GET /product/caramel-kush/?add-to-cart=24951 HTTP/1.1" 200 238680 "-" "Mozilla/5.0 (compatible; DotBot/1.2; +https://opensiteexplorer.org/dotbot; help@moz.com)"
216.244.66.239 - - [25/Feb/2025:17:43:22 +0000] "GET /product/chocolate-skunk-5-und/?add-to-cart=24909 HTTP/1.1" 200 238974 "-" "Mozilla/5.0 (compatible; DotBot/1.2; +https://opensiteexplorer.org/dotbot; help@moz.com)"
146.190.157.162 - - [25/Feb/2025:17:43:35 +0000] "POST /wp-cron.php?doing_wp_cron=1740505415.8715770244598388671875 HTTP/1.1" 200 2851 "-" "WordPress/6.3.5; https://plantamadre.es"
216.244.66.239 - - [25/Feb/2025:17:43:34 +0000] "GET /product/blue-dream-blimburn-seeds/?add-to-cart=24953 HTTP/1.1" 200 251128 "-" "Mozilla/5.0 (compatible; DotBot/1.2; +https://opensiteexplorer.org/dotbot; help@moz.com)"
72.195.34.35 - - [25/Feb/2025:17:44:51 +0000] "GET /tienda/bongs-y-pipas/bong-cristal-varios-dibujos-14-cm/ HTTP/1.1" 404 109105 "-" "Mozilla/5.0 (X11; Linux x86_64) AppleWebKit/537.36 (KHTML, like Gecko) Chrome/114.0.0.0 Safari/537.36 Vivaldi/5.3.2679.68"
146.190.157.162 - - [25/Feb/2025:17:44:52 +0000] "POST /wp-cron.php?doing_wp_cron=1740505492.5977559089660644531250 HTTP/1.1" 200 2851 "-" "WordPress/6.3.5; https://plantamadre.es"
188.119.114.227 - - [25/Feb/2025:17:45:00 +0000] "GET /tienda/otros/lombricor-humus-de-lombriz-5l-3kg/ HTTP/1.1" 404 108953 "https://plantamadre.es" "Mozilla/5.0 (Windows NT 10.0; Win64; x64) AppleWebKit/537.36 (KHTML, like Gecko) Chrome/62.0.3202.94 Safari/537.36"
62.117.170.101 - - [25/Feb/2025:17:45:04 +0000] "POST /wp-admin/admin-ajax.php HTTP/1.1" 200 982 "https://plantamadre.es/wp-admin/post.php?post=25043&action=edit" "Mozilla/5.0 (Windows NT 10.0; Win64; x64) AppleWebKit/537.36 (KHTML, like Gecko) Chrome/133.0.0.0 Safari/537.36"
146.190.157.162 - - [25/Feb/2025:17:45:09 +0000] "POST /wp-cron.php?doing_wp_cron=1740505509.4539649486541748046875 HTTP/1.1" 200 2849 "-" "WordPress/6.3.5; https://plantamadre.es"
188.119.114.227 - - [25/Feb/2025:17:45:08 +0000] "GET /tienda/otros/lombricor-humus-de-lombriz-5l-3kg/ HTTP/1.1" 404 108952 "https://plantamadre.es" "Mozilla/5.0 (Windows NT 10.0; Win64; x64) AppleWebKit/537.36 (KHTML, like Gecko) Chrome/62.0.3202.94 Safari/537.36"
188.119.114.227 - - [25/Feb/2025:17:45:12 +0000] "GET /tienda/otros/lombricor-humus-de-lombriz-5l-3kg/ HTTP/1.1" 404 108952 "https://plantamadre.es" "Mozilla/5.0 (Windows NT 10.0; Win64; x64) AppleWebKit/537.36 (KHTML, like Gecko) Chrome/62.0.3202.94 Safari/537.36"
188.119.114.227 - - [25/Feb/2025:17:45:16 +0000] "GET /tienda/otros/lombricor-humus-de-lombriz-5l-3kg/ HTTP/1.1" 404 108951 "https://plantamadre.es" "Mozilla/5.0 (Windows NT 10.0; Win64; x64) AppleWebKit/537.36 (KHTML, like Gecko) Chrome/62.0.3202.94 Safari/537.36"
216.244.66.239 - - [25/Feb/2025:17:45:18 +0000] "GET /shop/page/3/?add-to-cart=24851 HTTP/1.1" 200 145682 "-" "Mozilla/5.0 (compatible; DotBot/1.2; +https://opensiteexplorer.org/dotbot; help@moz.com)"
146.190.157.162 - - [25/Feb/2025:17:46:41 +0000] "POST /wp-cron.php?doing_wp_cron=1740505601.9230511188507080078125 HTTP/1.1" 200 2849 "-" "WordPress/6.3.5; https://plantamadre.es"
104.129.36.115 - - [25/Feb/2025:17:46:40 +0000] "GET / HTTP/1.1" 200 27146 "-" "Mozilla/5.0 (X11; Linux x86_64) AppleWebKit/537.36 (KHTML, like Gecko) Chrome/114.0.0.0 Safari/537.36 OPR/89.0.4447.51"
62.117.170.101 - - [25/Feb/2025:17:47:05 +0000] "POST /wp-admin/admin-ajax.php HTTP/1.1" 200 982 "https://plantamadre.es/wp-admin/post.php?post=25043&action=edit" "Mozilla/5.0 (Windows NT 10.0; Win64; x64) AppleWebKit/537.36 (KHTML, like Gecko) Chrome/133.0.0.0 Safari/537.36"
62.117.170.101 - - [25/Feb/2025:17:49:06 +0000] "POST /wp-admin/admin-ajax.php HTTP/1.1" 200 982 "https://plantamadre.es/wp-admin/post.php?post=25043&action=edit" "Mozilla/5.0 (Windows NT 10.0; Win64; x64) AppleWebKit/537.36 (KHTML, like Gecko) Chrome/133.0.0.0 Safari/537.36"
146.190.157.162 - - [25/Feb/2025:17:49:07 +0000] "POST /wp-cron.php?doing_wp_cron=1740505747.9542601108551025390625 HTTP/1.1" 200 2849 "-" "WordPress/6.3.5; https://plantamadre.es"
95.70.128.229 - - [25/Feb/2025:17:49:07 +0000] "GET /tienda/advanced-nutrients/advanced-nutrients-mother-earth-organic-tea-grow-4l/ HTTP/1.1" 404 108947 "-" "-"
95.70.128.229 - - [25/Feb/2025:17:49:11 +0000] "POST /wp-comments-post.php HTTP/1.1" 200 448 "-" "-"
146.190.157.162 - - [25/Feb/2025:17:49:43 +0000] "POST /wp-cron.php?doing_wp_cron=1740505783.1750640869140625000000 HTTP/1.1" 200 2851 "-" "WordPress/6.3.5; https://plantamadre.es"
95.70.128.229 - - [25/Feb/2025:17:49:42 +0000] "GET /tienda/bombas-de-aire/bomba-sumergible-multi-4000-4000-lh-conex-1/ HTTP/1.1" 404 108879 "-" "-"
95.70.128.229 - - [25/Feb/2025:17:49:46 +0000] "POST /wp-comments-post.php HTTP/1.1" 200 448 "-" "-"
114.119.149.159 - - [25/Feb/2025:17:50:39 +0000] "GET /robots.txt HTTP/1.1" 301 495 "-" "Mozilla/5.0 (compatible;PetalBot;+https://webmaster.petalsearch.com/site/petalbot)"
114.119.133.253 - - [25/Feb/2025:17:50:39 +0000] "GET /robots.txt HTTP/1.1" 301 495 "-" "Mozilla/5.0 (compatible;PetalBot;+https://webmaster.petalsearch.com/site/petalbot)"
114.119.149.159 - - [25/Feb/2025:17:50:39 +0000] "GET /robots.txt HTTP/1.1" 200 3016 "-" "Mozilla/5.0 (compatible;PetalBot;+https://webmaster.petalsearch.com/site/petalbot)"
146.190.157.162 - - [25/Feb/2025:17:50:41 +0000] "POST /wp-cron.php?doing_wp_cron=1740505841.1316409111022949218750 HTTP/1.1" 200 2849 "-" "WordPress/6.3.5; https://plantamadre.es"
114.119.133.253 - - [25/Feb/2025:17:50:39 +0000] "GET /robots.txt HTTP/1.1" 200 3014 "-" "Mozilla/5.0 (compatible;PetalBot;+https://webmaster.petalsearch.com/site/petalbot)"
62.117.170.101 - - [25/Feb/2025:17:51:07 +0000] "POST /wp-admin/admin-ajax.php HTTP/1.1" 200 982 "https://plantamadre.es/wp-admin/post.php?post=25043&action=edit" "Mozilla/5.0 (Windows NT 10.0; Win64; x64) AppleWebKit/537.36 (KHTML, like Gecko) Chrome/133.0.0.0 Safari/537.36"
178.32.112.62 - - [25/Feb/2025:17:52:16 +0000] "POST /wp-login.php HTTP/1.1" 301 443 "http://plantamadre.es" "Mozilla/5.0 (Macintosh; Intel Mac OS X 14.3) AppleWebKit/614.31.14 (KHTML, like Gecko) Version/17.0.96 Safari/614.31.14"
178.32.112.62 - - [25/Feb/2025:17:52:17 +0000] "GET /wp-login.php HTTP/1.1" 200 7285 "http://plantamadre.es" "Mozilla/5.0 (Macintosh; Intel Mac OS X 14.3) AppleWebKit/614.31.14 (KHTML, like Gecko) Version/17.0.96 Safari/614.31.14"
146.190.157.162 - - [25/Feb/2025:17:52:41 +0000] "POST /wp-cron.php?doing_wp_cron=1740505961.1854310035705566406250 HTTP/1.1" 200 2850 "-" "WordPress/6.3.5; https://plantamadre.es"
114.119.158.146 - - [25/Feb/2025:17:52:40 +0000] "GET /shop/cultivo/?product-page=2 HTTP/1.1" 200 25194 "https://plantamadre.es/shop/cultivo/?product-page=1" "Mozilla/5.0 (Linux; Android 7.0;) AppleWebKit/537.36 (KHTML, like Gecko) Mobile Safari/537.36 (compatible; PetalBot;+https://webmaster.petalsearch.com/site/petalbot)"
66.249.68.6 - - [25/Feb/2025:17:52:39 +0000] "GET /wp-content/uploads/2014/04/bio-defense.png HTTP/1.1" 404 109069 "-" "Googlebot-Image/1.0"
62.117.170.101 - - [25/Feb/2025:17:53:08 +0000] "POST /wp-admin/admin-ajax.php HTTP/1.1" 200 982 "https://plantamadre.es/wp-admin/post.php?post=25043&action=edit" "Mozilla/5.0 (Windows NT 10.0; Win64; x64) AppleWebKit/537.36 (KHTML, like Gecko) Chrome/133.0.0.0 Safari/537.36"
146.190.157.162 - - [25/Feb/2025:17:53:10 +0000] "POST /wp-cron.php?doing_wp_cron=1740505990.1492218971252441406250 HTTP/1.1" 200 2851 "-" "WordPress/6.3.5; https://plantamadre.es"
62.117.170.101 - - [25/Feb/2025:17:55:09 +0000] "POST /wp-admin/admin-ajax.php HTTP/1.1" 200 982 "https://plantamadre.es/wp-admin/post.php?post=25043&action=edit" "Mozilla/5.0 (Windows NT 10.0; Win64; x64) AppleWebKit/537.36 (KHTML, like Gecko) Chrome/133.0.0.0 Safari/537.36"
146.190.157.162 - - [25/Feb/2025:17:55:11 +0000] "POST /wp-cron.php?doing_wp_cron=1740506111.3997170925140380859375 HTTP/1.1" 200 2850 "-" "WordPress/6.3.5; https://plantamadre.es"
146.190.157.162 - - [25/Feb/2025:17:55:38 +0000] "POST /wp-cron.php?doing_wp_cron=1740506138.4881479740142822265625 HTTP/1.1" 200 2850 "-" "WordPress/6.3.5; https://plantamadre.es"
191.102.129.147 - - [25/Feb/2025:17:55:36 +0000] "GET /tienda/alta-presion-de-sodio-crecimiento-y-floracion/bombilla-sunmaster-400w-creflo/ HTTP/1.1" 404 108989 "https://plantamadre.es" "Mozilla/5.0 (Windows NT 10.0; Win64; x64) AppleWebKit/537.36 (KHTML, like Gecko) Chrome/62.0.3202.94 Safari/537.36"
191.102.129.147 - - [25/Feb/2025:17:55:41 +0000] "GET /tienda/alta-presion-de-sodio-crecimiento-y-floracion/bombilla-sunmaster-400w-creflo/ HTTP/1.1" 404 108988 "https://plantamadre.es" "Mozilla/5.0 (Windows NT 10.0; Win64; x64) AppleWebKit/537.36 (KHTML, like Gecko) Chrome/62.0.3202.94 Safari/537.36"
191.102.129.147 - - [25/Feb/2025:17:55:45 +0000] "GET /tienda/alta-presion-de-sodio-crecimiento-y-floracion/bombilla-sunmaster-400w-creflo/ HTTP/1.1" 404 108988 "https://plantamadre.es" "Mozilla/5.0 (Windows NT 10.0; Win64; x64) AppleWebKit/537.36 (KHTML, like Gecko) Chrome/62.0.3202.94 Safari/537.36"
191.102.129.147 - - [25/Feb/2025:17:55:48 +0000] "GET /tienda/alta-presion-de-sodio-crecimiento-y-floracion/bombilla-sunmaster-400w-creflo/ HTTP/1.1" 404 108989 "https://plantamadre.es" "Mozilla/5.0 (Windows NT 10.0; Win64; x64) AppleWebKit/537.36 (KHTML, like Gecko) Chrome/62.0.3202.94 Safari/537.36"
194.74.100.18 - - [25/Feb/2025:17:56:27 +0000] "GET /wp-login.php HTTP/1.1" 200 12480 "-" "Mozilla/5.0 (Windows NT 10.0; Win64; x64; rv:88.0) Gecko/20100101 Firefox/88.0"
46.28.106.190 - - [25/Feb/2025:17:56:30 +0000] "GET /wp-login.php HTTP/1.1" 200 12508 "-" "Mozilla/5.0 (Windows NT 10.0; Win64; x64) AppleWebKit/537.36 (KHTML, like Gecko) Chrome/61.0.3163.100 Safari/537.36"
194.74.100.18 - - [25/Feb/2025:17:56:30 +0000] "POST /wp-login.php HTTP/1.1" 401 6291 "https://plantamadre.es/wp-login.php" "Mozilla/5.0 (Windows NT 10.0; Win64; x64; rv:88.0) Gecko/20100101 Firefox/88.0"
146.190.157.162 - - [25/Feb/2025:17:56:32 +0000] "POST /wp-cron.php?doing_wp_cron=1740506191.9899740219116210937500 HTTP/1.1" 200 2850 "-" "WordPress/6.3.5; https://plantamadre.es"
46.28.106.190 - - [25/Feb/2025:17:56:35 +0000] "POST /wp-login.php HTTP/1.1" 401 6319 "https://plantamadre.es/wp-login.php" "Mozilla/5.0 (Windows NT 10.0; Win64; x64) AppleWebKit/537.36 (KHTML, like Gecko) Chrome/61.0.3163.100 Safari/537.36"
188.166.108.21 - - [25/Feb/2025:17:56:39 +0000] "GET /wp-login.php HTTP/1.1" 200 14640 "-" "Mozilla/5.0 (Linux; Android 10; SM-G960U) AppleWebKit/537.36 (KHTML, like Gecko) Chrome/91.0.4472.114 Mobile Safari/537.36"
45.119.87.195 - - [25/Feb/2025:17:56:40 +0000] "GET /wp-login.php HTTP/1.1" 200 14639 "-" "Mozilla/5.0 (Windows NT 10.0; WOW64) AppleWebKit/537.36 (KHTML, like Gecko) Chrome/72.0.3626.121 Safari/537.36"
38.102.87.97 - - [25/Feb/2025:17:56:49 +0000] "GET /wp-login.php HTTP/1.1" 200 14819 "-" "Mozilla/5.0 (Windows NT 6.1; WOW64; rv:44.0) Gecko/20100101 Firefox/44.0"
185.98.5.122 - - [25/Feb/2025:17:56:54 +0000] "GET /wp-login.php HTTP/1.1" 200 14820 "-" "Mozilla/5.0 (Windows NT 10.0; Win64; x64) AppleWebKit/537.36 (KHTML, like Gecko) Chrome/60.0.3112.113 Safari/537.36"
64.71.32.70 - - [25/Feb/2025:17:56:55 +0000] "GET /wp-login.php HTTP/1.1" 200 12691 "-" "Mozilla/5.0 (Windows NT 10.0; Win64; x64) AppleWebKit/537.36 (KHTML, like Gecko) Chrome/90.0.4430.212 Safari/537.36"
64.71.32.70 - - [25/Feb/2025:17:56:57 +0000] "POST /wp-login.php HTTP/1.1" 401 6523 "https://plantamadre.es/wp-login.php" "Mozilla/5.0 (Windows NT 10.0; Win64; x64) AppleWebKit/537.36 (KHTML, like Gecko) Chrome/90.0.4430.212 Safari/537.36"
92.119.229.172 - - [25/Feb/2025:17:57:06 +0000] "GET /tienda/insecticidas/%ee%a3%bf-sipcam-jardin-fosetil-al-80-sobre-40gr-fungicida-mildius-phytophthora-fosetil-80-p-p/ HTTP/1.1" 404 109019 "https://plantamadre.es" "Mozilla/5.0 (Windows NT 10.0; Win64; x64) AppleWebKit/537.36 (KHTML, like Gecko) Chrome/62.0.3202.94 Safari/537.36"
62.117.170.101 - - [25/Feb/2025:17:57:10 +0000] "POST /wp-admin/admin-ajax.php HTTP/1.1" 200 982 "https://plantamadre.es/wp-admin/post.php?post=25043&action=edit" "Mozilla/5.0 (Windows NT 10.0; Win64; x64) AppleWebKit/537.36 (KHTML, like Gecko) Chrome/133.0.0.0 Safari/537.36"
92.119.229.172 - - [25/Feb/2025:17:57:09 +0000] "GET /tienda/insecticidas/%ee%a3%bf-sipcam-jardin-fosetil-al-80-sobre-40gr-fungicida-mildius-phytophthora-fosetil-80-p-p/ HTTP/1.1" 404 109020 "https://plantamadre.es" "Mozilla/5.0 (Windows NT 10.0; Win64; x64) AppleWebKit/537.36 (KHTML, like Gecko) Chrome/62.0.3202.94 Safari/537.36"
146.190.157.162 - - [25/Feb/2025:17:57:14 +0000] "POST /wp-cron.php?doing_wp_cron=1740506234.9201879501342773437500 HTTP/1.1" 200 2851 "-" "WordPress/6.3.5; https://plantamadre.es"
92.119.229.172 - - [25/Feb/2025:17:57:13 +0000] "GET /tienda/insecticidas/%ee%a3%bf-sipcam-jardin-fosetil-al-80-sobre-40gr-fungicida-mildius-phytophthora-fosetil-80-p-p/ HTTP/1.1" 404 109020 "https://plantamadre.es" "Mozilla/5.0 (Windows NT 10.0; Win64; x64) AppleWebKit/537.36 (KHTML, like Gecko) Chrome/62.0.3202.94 Safari/537.36"
92.119.229.172 - - [25/Feb/2025:17:57:17 +0000] "GET /tienda/insecticidas/%ee%a3%bf-sipcam-jardin-fosetil-al-80-sobre-40gr-fungicida-mildius-phytophthora-fosetil-80-p-p/ HTTP/1.1" 404 109020 "https://plantamadre.es" "Mozilla/5.0 (Windows NT 10.0; Win64; x64) AppleWebKit/537.36 (KHTML, like Gecko) Chrome/62.0.3202.94 Safari/537.36"
62.117.170.101 - - [25/Feb/2025:17:59:11 +0000] "POST /wp-admin/admin-ajax.php HTTP/1.1" 200 982 "https://plantamadre.es/wp-admin/post.php?post=25043&action=edit" "Mozilla/5.0 (Windows NT 10.0; Win64; x64) AppleWebKit/537.36 (KHTML, like Gecko) Chrome/133.0.0.0 Safari/537.36"
146.190.157.162 - - [25/Feb/2025:17:59:13 +0000] "POST /wp-cron.php?doing_wp_cron=1740506353.4430060386657714843750 HTTP/1.1" 200 2850 "-" "WordPress/6.3.5; https://plantamadre.es"
194.107.125.202 - - [25/Feb/2025:17:59:15 +0000] "GET /tienda/top-crop/top-crop-microvita-700-gr/ HTTP/1.1" 404 108947 "https://plantamadre.es" "Mozilla/5.0 (Windows NT 10.0; Win64; x64) AppleWebKit/537.36 (KHTML, like Gecko) Chrome/62.0.3202.94 Safari/537.36"
194.107.125.202 - - [25/Feb/2025:17:59:19 +0000] "GET /tienda/top-crop/top-crop-microvita-700-gr/ HTTP/1.1" 404 108947 "https://plantamadre.es" "Mozilla/5.0 (Windows NT 10.0; Win64; x64) AppleWebKit/537.36 (KHTML, like Gecko) Chrome/62.0.3202.94 Safari/537.36"
146.190.157.162 - - [25/Feb/2025:17:59:24 +0000] "POST /wp-cron.php?doing_wp_cron=1740506364.0719130039215087890625 HTTP/1.1" 200 2849 "-" "WordPress/6.3.5; https://plantamadre.es"
194.107.125.202 - - [25/Feb/2025:17:59:22 +0000] "GET /tienda/top-crop/top-crop-microvita-700-gr/ HTTP/1.1" 404 108947 "https://plantamadre.es" "Mozilla/5.0 (Windows NT 10.0; Win64; x64) AppleWebKit/537.36 (KHTML, like Gecko) Chrome/62.0.3202.94 Safari/537.36"
212.8.248.108 - - [25/Feb/2025:17:59:26 +0000] "GET /tienda/vapeadores/smok-vape-pen-22-1650mah HTTP/1.0" 404 108810 "-" "Mozilla/5.0 (Windows NT 10.0; Win64; x64) AppleWebKit/537.36 (KHTML, like Gecko) Chrome/118.0.0.0 Safari/537.36"
194.107.125.202 - - [25/Feb/2025:17:59:26 +0000] "GET /tienda/top-crop/top-crop-microvita-700-gr/ HTTP/1.1" 404 108947 "https://plantamadre.es" "Mozilla/5.0 (Windows NT 10.0; Win64; x64) AppleWebKit/537.36 (KHTML, like Gecko) Chrome/62.0.3202.94 Safari/537.36"
181.10.103.192 - - [25/Feb/2025:18:00:37 +0000] "GET /tienda/00-seeds-bank-semillas/00-seeds-caramel-kush-5und-fem/ HTTP/1.0" 404 108830 "https://plantamadre.es/tienda/00-seeds-bank-semillas/00-seeds-caramel-kush-5und-fem/" "Mozilla/5.0 (Windows NT 10.0; Win64; x64) AppleWebKit/537.36 (KHTML, like Gecko) Chrome/129.0.0.0 Safari/537.36"
146.190.157.162 - - [25/Feb/2025:18:00:38 +0000] "POST /wp-cron.php?doing_wp_cron=1740506438.6840610504150390625000 HTTP/1.1" 200 2849 "-" "WordPress/6.3.5; https://plantamadre.es"
23.108.50.246 - - [25/Feb/2025:18:00:54 +0000] "GET /tienda/vapeadores/smok-vape-pen-22-1650mah HTTP/1.1" 404 109092 "-" "Mozilla/5.0 (Windows NT 10.0; WOW64) AppleWebKit/537.36 (KHTML, like Gecko) Chrome/114.0.0.0 Safari/537.36"
23.108.50.246 - - [25/Feb/2025:18:01:00 +0000] "GET / HTTP/1.1" 200 27147 "-" "Mozilla/5.0 (Windows NT 10.0; WOW64) AppleWebKit/537.36 (KHTML, like Gecko) Chrome/114.0.0.0 Safari/537.36"
23.108.50.246 - - [25/Feb/2025:18:01:05 +0000] "GET /wp-login.php?action=register HTTP/1.1" 302 3120 "https://plantamadre.es" "Mozilla/5.0 (Windows NT 6.3; Win64; x64) AppleWebKit/537.36 (KHTML, like Gecko) Chrome/103.0.0.0 Safari/537.36"
23.108.50.246 - - [25/Feb/2025:18:01:08 +0000] "GET /wp-login.php?registration=disabled HTTP/1.1" 200 6166 "https://plantamadre.es/wp-login.php?action=register" "Mozilla/5.0 (Windows NT 6.3; Win64; x64) AppleWebKit/537.36 (KHTML, like Gecko) Chrome/103.0.0.0 Safari/537.36"
62.117.170.101 - - [25/Feb/2025:18:01:12 +0000] "POST /wp-admin/admin-ajax.php HTTP/1.1" 200 982 "https://plantamadre.es/wp-admin/post.php?post=25043&action=edit" "Mozilla/5.0 (Windows NT 10.0; Win64; x64) AppleWebKit/537.36 (KHTML, like Gecko) Chrome/133.0.0.0 Safari/537.36"
146.190.157.162 - - [25/Feb/2025:18:01:51 +0000] "POST /wp-cron.php?doing_wp_cron=1740506511.4415459632873535156250 HTTP/1.1" 200 2851 "-" "WordPress/6.3.5; https://plantamadre.es"
51.68.174.45 - - [25/Feb/2025:18:01:49 +0000] "GET /tienda/co2/generador-de-co2-4-quemadores/ HTTP/1.0" 404 108809 "https://plantamadre.es/tienda/co2/generador-de-co2-4-quemadores/#comment-365460" "Mozilla/5.0 (Windows NT 10.0; Win64; x64) AppleWebKit/537.36 (KHTML, like Gecko) Chrome/129.0.0.0 Safari/537.36"
51.68.174.45 - - [25/Feb/2025:18:01:54 +0000] "GET /wp-login.php?action=register HTTP/1.0" 200 14577 "https://plantamadre.es/wp-login.php?action=register" "Mozilla/5.0 (Windows NT 10.0; Win64; x64) AppleWebKit/537.36 (KHTML, like Gecko) Chrome/129.0.0.0 Safari/537.36"
156.59.198.136 - - [25/Feb/2025:18:02:25 +0000] "GET /wp-content/uploads/2016/07/Wipeout-Express-Text-90x90.jpg HTTP/1.1" 403 2978 "-" "Mozilla/5.0 (Linux; Android 5.0) AppleWebKit/537.36 (KHTML, like Gecko) Mobile Safari/537.36 (compatible; Bytespider; spider-feedback@bytedance.com)"
146.190.157.162 - - [25/Feb/2025:18:02:26 +0000] "POST /wp-cron.php?doing_wp_cron=1740506546.5586481094360351562500 HTTP/1.1" 200 2850 "-" "WordPress/6.3.5; https://plantamadre.es"
62.117.170.101 - - [25/Feb/2025:18:03:13 +0000] "POST /wp-admin/admin-ajax.php HTTP/1.1" 200 982 "https://plantamadre.es/wp-admin/post.php?post=25043&action=edit" "Mozilla/5.0 (Windows NT 10.0; Win64; x64) AppleWebKit/537.36 (KHTML, like Gecko) Chrome/133.0.0.0 Safari/537.36"
146.190.157.162 - - [25/Feb/2025:18:03:15 +0000] "POST /wp-cron.php?doing_wp_cron=1740506595.1218409538269042968750 HTTP/1.1" 200 2850 "-" "WordPress/6.3.5; https://plantamadre.es"
