194.247.173.99 - - [26/Feb/2025:00:26:11 +0000] "GET /tienda/ripper-seeds/ripper-seeds-black-valley-5%E2%99%80/?add-to-cart=4028 HTTP/1.1" 404 106554 "-" "Mozilla/5.0 (compatible; MJ12bot/v1.4.8; http://mj12bot.com/)"
194.247.173.99 - - [26/Feb/2025:00:26:16 +0000] "GET /tienda/ripper-seeds/ripper-seeds-black-valley-5%E2%99%80/?add-to-cart=4029 HTTP/1.1" 404 106554 "-" "Mozilla/5.0 (compatible; MJ12bot/v1.4.8; http://mj12bot.com/)"
194.247.173.99 - - [26/Feb/2025:00:26:22 +0000] "GET /tienda/ripper-seeds/ripper-seeds-black-valley-5%E2%99%80/?add-to-cart=403 HTTP/1.1" 404 106572 "-" "Mozilla/5.0 (compatible; MJ12bot/v1.4.8; http://mj12bot.com/)"
194.247.173.99 - - [26/Feb/2025:00:26:28 +0000] "GET /tienda/ripper-seeds/ripper-seeds-black-valley-5%E2%99%80/?add-to-cart=4030 HTTP/1.1" 404 108886 "-" "Mozilla/5.0 (compatible; MJ12bot/v1.4.8; http://mj12bot.com/)"
146.190.157.162 - - [26/Feb/2025:00:26:35 +0000] "POST /wp-cron.php?doing_wp_cron=1740529595.4835400581359863281250 HTTP/1.1" 200 2850 "-" "WordPress/6.3.5; https://plantamadre.es"
194.247.173.99 - - [26/Feb/2025:00:26:33 +0000] "GET /tienda/ripper-seeds/ripper-seeds-black-valley-5%E2%99%80/?add-to-cart=4032 HTTP/1.1" 404 106554 "-" "Mozilla/5.0 (compatible; MJ12bot/v1.4.8; http://mj12bot.com/)"
194.247.173.99 - - [26/Feb/2025:00:26:39 +0000] "GET /tienda/ripper-seeds/ripper-seeds-black-valley-5%E2%99%80/?add-to-cart=4033 HTTP/1.1" 404 106554 "-" "Mozilla/5.0 (compatible; MJ12bot/v1.4.8; http://mj12bot.com/)"
194.247.173.99 - - [26/Feb/2025:00:26:44 +0000] "GET /tienda/ripper-seeds/ripper-seeds-black-valley-5%E2%99%80/?add-to-cart=405 HTTP/1.1" 404 106553 "-" "Mozilla/5.0 (compatible; MJ12bot/v1.4.8; http://mj12bot.com/)"
114.119.146.252 - - [26/Feb/2025:00:27:01 +0000] "GET /wp-content/uploads/2025/01/gorilla-girl2.png HTTP/1.1" 200 871270 "https://plantamadre.es/product/gorilla-girl/" "Mozilla/5.0 (Linux; Android 7.0;) AppleWebKit/537.36 (KHTML, like Gecko) Mobile Safari/537.36 (compatible; PetalBot;+https://webmaster.petalsearch.com/site/petalbot)"
66.249.68.8 - - [26/Feb/2025:00:27:47 +0000] "GET /wp-content/uploads/2024/12/PRENSA-COLD.png HTTP/1.1" 301 559 "-" "Googlebot-Image/1.0"
66.249.68.7 - - [26/Feb/2025:00:27:47 +0000] "GET /wp-content/uploads/2024/12/PRENSA-COLD.png HTTP/1.1" 200 399224 "-" "Googlebot-Image/1.0"
146.190.157.162 - - [26/Feb/2025:00:28:34 +0000] "POST /wp-cron.php?doing_wp_cron=1740529714.4059801101684570312500 HTTP/1.1" 200 2850 "-" "WordPress/6.3.5; https://plantamadre.es"
108.181.196.60 - - [26/Feb/2025:00:28:32 +0000] "GET /tienda/utensil-de-cosecha/tijera-podadora-garden-highpro-recta/ HTTP/1.1" 404 108932 "-" "-"
108.181.196.60 - - [26/Feb/2025:00:28:36 +0000] "POST /wp-comments-post.php HTTP/1.1" 200 448 "-" "-"
37.78.37.14 - - [26/Feb/2025:00:29:02 +0000] "GET /tienda/genetik-seeds/genehtik-kritikal-bilbo-1-semilla-fem/ HTTP/1.0" 403 2777 "https://fa.tytmastera.ru/srochnyy-remont/" "Mozilla/5.0 (Windows NT 10.0; WOW64) AppleWebKit/537.36 (KHTML, like Gecko) Chrome/103.0.0.0 Safari/537.36"
108.181.196.60 - - [26/Feb/2025:00:29:03 +0000] "GET /tienda/utensil-de-cosecha/tijera-podadora-garden-highpro-recta/ HTTP/1.1" 404 108930 "-" "-"
37.78.37.14 - - [26/Feb/2025:00:29:04 +0000] "GET / HTTP/1.0" 403 2824 "https://fa.tytmastera.ru/srochnyy-remont/" "Mozilla/5.0 (Windows NT 10.0; WOW64) AppleWebKit/537.36 (KHTML, like Gecko) Chrome/103.0.0.0 Safari/537.36"
108.181.196.60 - - [26/Feb/2025:00:29:07 +0000] "POST /wp-comments-post.php HTTP/1.1" 200 448 "-" "-"
142.93.219.175 - - [26/Feb/2025:00:29:09 +0000] "GET /tienda/sin-categorizar/minerales-sabor-monster-amaretto/ HTTP/1.1" 404 108925 "-" "-"
142.93.219.175 - - [26/Feb/2025:00:29:13 +0000] "POST /wp-comments-post.php HTTP/1.1" 200 448 "-" "-"
142.93.219.175 - - [26/Feb/2025:00:29:27 +0000] "GET /tienda/sin-categorizar/minerales-sabor-monster-amaretto/ HTTP/1.1" 404 108924 "-" "-"
146.190.157.162 - - [26/Feb/2025:00:29:29 +0000] "POST /wp-cron.php?doing_wp_cron=1740529768.6675989627838134765625 HTTP/1.1" 200 2851 "-" "WordPress/6.3.5; https://plantamadre.es"
142.93.219.175 - - [26/Feb/2025:00:29:32 +0000] "POST /wp-comments-post.php HTTP/1.1" 200 448 "-" "-"
146.190.157.162 - - [26/Feb/2025:00:29:34 +0000] "POST /wp-cron.php?doing_wp_cron=1740529774.2571458816528320312500 HTTP/1.1" 200 2850 "-" "WordPress/6.3.5; https://plantamadre.es"
37.78.37.14 - - [26/Feb/2025:00:29:46 +0000] "GET /tienda/agrobacterias/agrobacterias-total-killer-60-ml/ HTTP/1.0" 403 2776 "https://laurastar-remonts.ru" "Mozilla/5.0 (Windows NT 6.1; Win64; x64) AppleWebKit/537.36 (KHTML, like Gecko) Chrome/103.0.0.0 Safari/537.36"
37.78.37.14 - - [26/Feb/2025:00:29:48 +0000] "GET / HTTP/1.0" 403 2823 "https://laurastar-remonts.ru" "Mozilla/5.0 (Windows NT 6.1; Win64; x64) AppleWebKit/537.36 (KHTML, like Gecko) Chrome/103.0.0.0 Safari/537.36"
192.186.190.226 - - [26/Feb/2025:00:29:51 +0000] "GET / HTTP/1.1" 200 27147 "-" "Mozilla/5.0 (X11; Linux x86_64) AppleWebKit/537.36 (KHTML, like Gecko) Chrome/114.0.0.0 Safari/537.36 Vivaldi/5.3.2679.68"
108.181.196.60 - - [26/Feb/2025:00:30:19 +0000] "GET /tienda/dna-genetics/l-a-confidential-feminizada-3-semillas/ HTTP/1.1" 404 108928 "-" "-"
108.181.196.60 - - [26/Feb/2025:00:30:19 +0000] "GET /tienda/varios/temporizador-6x600w/ HTTP/1.1" 404 108901 "-" "-"
108.181.196.60 - - [26/Feb/2025:00:30:23 +0000] "POST /wp-comments-post.php HTTP/1.1" 200 448 "-" "-"
108.181.196.60 - - [26/Feb/2025:00:30:23 +0000] "POST /wp-comments-post.php HTTP/1.1" 200 448 "-" "-"
108.181.196.60 - - [26/Feb/2025:00:30:28 +0000] "GET /tienda/utensil-de-cosecha/tijera-podadora-garden-highpro-recta/ HTTP/1.1" 404 108932 "-" "-"
108.181.196.60 - - [26/Feb/2025:00:30:32 +0000] "POST /wp-comments-post.php HTTP/1.1" 200 448 "-" "-"
146.190.157.162 - - [26/Feb/2025:00:30:33 +0000] "POST /wp-cron.php?doing_wp_cron=1740529833.9808039665222167968750 HTTP/1.1" 200 2850 "-" "WordPress/6.3.5; https://plantamadre.es"
108.181.196.60 - - [26/Feb/2025:00:30:46 +0000] "GET /tienda/varios/temporizador-6x600w/ HTTP/1.1" 404 106655 "-" "-"
108.181.196.60 - - [26/Feb/2025:00:30:46 +0000] "GET /tienda/dna-genetics/l-a-confidential-feminizada-3-semillas/ HTTP/1.1" 404 108872 "-" "-"
108.181.196.60 - - [26/Feb/2025:00:30:50 +0000] "POST /wp-comments-post.php HTTP/1.1" 200 448 "-" "-"
108.181.196.60 - - [26/Feb/2025:00:30:50 +0000] "POST /wp-comments-post.php HTTP/1.1" 200 448 "-" "-"
146.190.157.162 - - [26/Feb/2025:00:32:00 +0000] "POST /wp-cron.php?doing_wp_cron=1740529920.5730469226837158203125 HTTP/1.1" 200 2851 "-" "WordPress/6.3.5; https://plantamadre.es"
108.181.196.60 - - [26/Feb/2025:00:31:59 +0000] "GET /tienda/utensil-de-cosecha/tijera-podadora-garden-highpro-recta/ HTTP/1.1" 404 108931 "-" "-"
108.181.196.60 - - [26/Feb/2025:00:32:03 +0000] "POST /wp-comments-post.php HTTP/1.1" 200 448 "-" "-"
108.181.196.60 - - [26/Feb/2025:00:32:10 +0000] "GET /tienda/dna-genetics/l-a-confidential-feminizada-3-semillas/ HTTP/1.1" 404 108871 "-" "-"
108.181.196.60 - - [26/Feb/2025:00:32:10 +0000] "GET /tienda/varios/temporizador-6x600w/ HTTP/1.1" 404 106655 "-" "-"
108.181.196.60 - - [26/Feb/2025:00:32:14 +0000] "POST /wp-comments-post.php HTTP/1.1" 200 448 "-" "-"
108.181.196.60 - - [26/Feb/2025:00:32:14 +0000] "POST /wp-comments-post.php HTTP/1.1" 200 448 "-" "-"
146.190.157.162 - - [26/Feb/2025:00:32:15 +0000] "POST /wp-cron.php?doing_wp_cron=1740529935.4318089485168457031250 HTTP/1.1" 200 2849 "-" "WordPress/6.3.5; https://plantamadre.es"
114.119.148.155 - - [26/Feb/2025:00:32:13 +0000] "GET /shop/herramientas/tutores/ HTTP/1.1" 200 23771 "https://plantamadre.es/shop/page/6/" "Mozilla/5.0 (Linux; Android 7.0;) AppleWebKit/537.36 (KHTML, like Gecko) Mobile Safari/537.36 (compatible; PetalBot;+https://webmaster.petalsearch.com/site/petalbot)"
146.190.157.162 - - [26/Feb/2025:00:32:59 +0000] "POST /wp-cron.php?doing_wp_cron=1740529979.4415810108184814453125 HTTP/1.1" 200 2851 "-" "WordPress/6.3.5; https://plantamadre.es"
192.186.190.226 - - [26/Feb/2025:00:32:57 +0000] "GET / HTTP/1.1" 200 27146 "-" "Mozilla/5.0 (X11; Linux x86_64) AppleWebKit/537.36 (KHTML, like Gecko) Chrome/114.0.0.0 Safari/537.36 Vivaldi/5.3.2679.68"
66.249.68.7 - - [26/Feb/2025:00:33:14 +0000] "GET /wp-content/uploads/2014/05/test-sales.png HTTP/1.1" 404 109067 "-" "Googlebot-Image/1.0"
108.181.196.60 - - [26/Feb/2025:00:33:45 +0000] "GET /tienda/varios/temporizador-6x600w/ HTTP/1.1" 404 106655 "-" "-"
146.190.157.162 - - [26/Feb/2025:00:33:46 +0000] "POST /wp-cron.php?doing_wp_cron=1740530026.7704279422760009765625 HTTP/1.1" 200 2849 "-" "WordPress/6.3.5; https://plantamadre.es"
108.181.196.60 - - [26/Feb/2025:00:33:45 +0000] "GET /tienda/dna-genetics/l-a-confidential-feminizada-3-semillas/ HTTP/1.1" 404 108871 "-" "-"
108.181.196.60 - - [26/Feb/2025:00:33:50 +0000] "POST /wp-comments-post.php HTTP/1.1" 200 448 "-" "-"
108.181.196.60 - - [26/Feb/2025:00:33:50 +0000] "POST /wp-comments-post.php HTTP/1.1" 200 448 "-" "-"
146.190.157.162 - - [26/Feb/2025:00:36:55 +0000] "POST /wp-cron.php?doing_wp_cron=1740530215.1748189926147460937500 HTTP/1.1" 200 2850 "-" "WordPress/6.3.5; https://plantamadre.es"
108.181.196.60 - - [26/Feb/2025:00:36:53 +0000] "GET /tienda/utensil-de-cosecha/tijera-podadora-garden-highpro-recta/ HTTP/1.1" 404 108930 "-" "-"
108.181.196.60 - - [26/Feb/2025:00:36:58 +0000] "POST /wp-comments-post.php HTTP/1.1" 200 448 "-" "-"
146.190.157.162 - - [26/Feb/2025:00:37:19 +0000] "POST /wp-cron.php?doing_wp_cron=1740530239.1929640769958496093750 HTTP/1.1" 200 2850 "-" "WordPress/6.3.5; https://plantamadre.es"
114.119.148.155 - - [26/Feb/2025:00:37:17 +0000] "GET /shop-test/?product-page=26 HTTP/1.1" 200 16101 "https://plantamadre.es/shop-test/?product-page=23" "Mozilla/5.0 (Linux; Android 7.0;) AppleWebKit/537.36 (KHTML, like Gecko) Mobile Safari/537.36 (compatible; PetalBot;+https://webmaster.petalsearch.com/site/petalbot)"
146.190.157.162 - - [26/Feb/2025:00:38:06 +0000] "POST /wp-cron.php?doing_wp_cron=1740530286.9732260704040527343750 HTTP/1.1" 200 2849 "-" "WordPress/6.3.5; https://plantamadre.es"
196.51.204.159 - - [26/Feb/2025:00:38:05 +0000] "GET /tienda/00-seeds-bank-semillas/00-seeds-00-kush-5und-fem/ HTTP/1.1" 404 109106 "-" "Mozilla/5.0 (Windows NT 10.0; Win64; x64) AppleWebKit/537.36 (KHTML, like Gecko) Chrome/114.0.0.0 Safari/537.36"
196.51.204.159 - - [26/Feb/2025:00:38:09 +0000] "GET / HTTP/1.1" 200 27149 "-" "Mozilla/5.0 (Windows NT 10.0; Win64; x64) AppleWebKit/537.36 (KHTML, like Gecko) Chrome/114.0.0.0 Safari/537.36"
188.130.186.39 - - [26/Feb/2025:00:38:10 +0000] "GET /tienda/ph-y-ec/milwaukee-kit-controlador-ph-bomba-dosificadora-mc720-apto-para-inyectar-corrector-ph-y-ph/ HTTP/1.0" 403 2777 "https://plantamadre.es/tienda/ph-y-ec/milwaukee-kit-controlador-ph-bomba-dosificadora-mc720-apto-para-inyectar-corrector-ph-y-ph/" "Mozilla/5.0 (Windows NT 10.0; Win64; x64) AppleWebKit/537.36 (KHTML, like Gecko) Chrome/131.0.0.0 Safari/537.36 Avast/131.0.0.0"
188.130.186.39 - - [26/Feb/2025:00:38:13 +0000] "GET / HTTP/1.0" 403 2824 "https://plantamadre.es/" "Mozilla/5.0 (Windows NT 10.0; Win64; x64) AppleWebKit/537.36 (KHTML, like Gecko) Chrome/131.0.0.0 Safari/537.36 Avast/131.0.0.0"
196.51.204.159 - - [26/Feb/2025:00:38:12 +0000] "GET /product/aire-acondicionado-electrogrow/ HTTP/1.1" 200 32902 "https://plantamadre.es" "Mozilla/5.0 (Windows NT 10.0; Win64; x64) AppleWebKit/537.36 (KHTML, like Gecko) Chrome/114.0.0.0 Safari/537.36"
108.181.196.60 - - [26/Feb/2025:00:38:40 +0000] "GET /tienda/varios/temporizador-6x600w/ HTTP/1.1" 404 106655 "-" "-"
146.190.157.162 - - [26/Feb/2025:00:38:41 +0000] "POST /wp-cron.php?doing_wp_cron=1740530321.6132218837738037109375 HTTP/1.1" 200 2849 "-" "WordPress/6.3.5; https://plantamadre.es"
108.181.196.60 - - [26/Feb/2025:00:38:40 +0000] "GET /tienda/dna-genetics/l-a-confidential-feminizada-3-semillas/ HTTP/1.1" 404 108871 "-" "-"
66.249.68.6 - - [26/Feb/2025:00:38:42 +0000] "GET /wp-content/uploads/2013/09/black-russian1.png HTTP/1.1" 404 109072 "-" "Googlebot-Image/1.0"
108.181.196.60 - - [26/Feb/2025:00:38:44 +0000] "POST /wp-comments-post.php HTTP/1.1" 200 448 "-" "-"
108.181.196.60 - - [26/Feb/2025:00:38:46 +0000] "POST /wp-comments-post.php HTTP/1.1" 200 2639 "-" "-"
142.93.219.175 - - [26/Feb/2025:00:40:04 +0000] "GET /tienda/semillas-3/venus-genetics-aktombe-1semilla-fem/ HTTP/1.1" 404 108922 "-" "-"
142.93.219.175 - - [26/Feb/2025:00:40:05 +0000] "GET /tienda/semillas-3/venus-genetics-aktombe-1semilla-fem/ HTTP/1.1" 404 108923 "-" "-"
142.93.219.175 - - [26/Feb/2025:00:40:04 +0000] "GET /tienda/00-seeds-bank/00-seeds-auto-afghan-mass-xxl-5und/ HTTP/1.1" 404 108925 "-" "-"
146.190.157.162 - - [26/Feb/2025:00:40:07 +0000] "POST /wp-cron.php?doing_wp_cron=1740530407.1644148826599121093750 HTTP/1.1" 200 2851 "-" "WordPress/6.3.5; https://plantamadre.es"
142.93.219.175 - - [26/Feb/2025:00:40:03 +0000] "GET /tienda/00-seeds-bank/00-seeds-auto-afghan-mass-xxl-5und/ HTTP/1.1" 404 108924 "-" "-"
142.93.219.175 - - [26/Feb/2025:00:40:11 +0000] "POST /wp-comments-post.php HTTP/1.1" 200 448 "-" "-"
142.93.219.175 - - [26/Feb/2025:00:40:13 +0000] "POST /wp-comments-post.php HTTP/1.1" 200 448 "-" "-"
142.93.219.175 - - [26/Feb/2025:00:40:20 +0000] "POST /wp-comments-post.php HTTP/1.1" 200 448 "-" "-"
142.93.219.175 - - [26/Feb/2025:00:40:19 +0000] "POST /wp-comments-post.php HTTP/1.1" 200 448 "-" "-"
216.244.66.239 - - [26/Feb/2025:00:40:27 +0000] "GET /robots.txt HTTP/1.1" 301 439 "-" "Mozilla/5.0 (compatible; DotBot/1.2; +https://opensiteexplorer.org/dotbot; help@moz.com)"
216.244.66.239 - - [26/Feb/2025:00:40:27 +0000] "GET /robots.txt HTTP/1.1" 200 2884 "-" "Mozilla/5.0 (compatible; DotBot/1.2; +https://opensiteexplorer.org/dotbot; help@moz.com)"
213.16.172.134 - - [26/Feb/2025:00:42:01 +0000] "GET /tienda/semillas/l-s-d-feminizada-10-semillas/ HTTP/1.0" 301 528 "http://plantamadre.es/tienda/semillas/l-s-d-feminizada-10-semillas/" "Mozilla/5.0 (Windows NT 10.0; Win64; x64) AppleWebKit/537.36 (KHTML, like Gecko) Chrome/131.0.0.0 Safari/537.36"
146.190.157.162 - - [26/Feb/2025:00:42:00 +0000] "POST /wp-cron.php?doing_wp_cron=1740530520.5308110713958740234375 HTTP/1.1" 200 2849 "-" "WordPress/6.3.5; https://plantamadre.es"
82.213.251.63 - - [26/Feb/2025:00:41:59 +0000] "GET / HTTP/1.1" 200 27147 "-" "Mozilla/5.0 (Macintosh; Intel Mac OS X 12_5) AppleWebKit/537.36 (KHTML, like Gecko) Chrome/114.0.0.0 YaBrowser/22.7.0 Yowser/2.5 Safari/537.36"
213.16.172.134 - - [26/Feb/2025:00:42:04 +0000] "GET /tienda/semillas/l-s-d-feminizada-10-semillas/ HTTP/1.0" 404 108814 "https://plantamadre.es/tienda/semillas/l-s-d-feminizada-10-semillas/" "Mozilla/5.0 (Windows NT 10.0; Win64; x64) AppleWebKit/537.36 (KHTML, like Gecko) Chrome/131.0.0.0 Safari/537.36"
192.186.190.249 - - [26/Feb/2025:00:42:06 +0000] "POST /xmlrpc.php HTTP/1.1" 200 3028 "https://plantamadre.es" "PHP/7.2.27"
146.190.157.162 - - [26/Feb/2025:00:42:16 +0000] "POST /wp-cron.php?doing_wp_cron=1740530536.7702050209045410156250 HTTP/1.1" 200 2850 "-" "WordPress/6.3.5; https://plantamadre.es"
114.119.130.168 - - [26/Feb/2025:00:42:15 +0000] "GET /product/perlita-agroperl-gl-3-6-100l/ HTTP/1.1" 200 28814 "https://plantamadre.es/product/canna-terra-profesional-50l/" "Mozilla/5.0 (Linux; Android 7.0;) AppleWebKit/537.36 (KHTML, like Gecko) Mobile Safari/537.36 (compatible; PetalBot;+https://webmaster.petalsearch.com/site/petalbot)"
146.190.157.162 - - [26/Feb/2025:00:43:11 +0000] "POST /wp-cron.php?doing_wp_cron=1740530591.8858730792999267578125 HTTP/1.1" 200 2851 "-" "WordPress/6.3.5; https://plantamadre.es"
142.93.219.175 - - [26/Feb/2025:00:43:10 +0000] "GET /tienda/00-seeds-bank-semillas/00-seeds-chocolate-kush-5und-fem/ HTTP/1.1" 404 108930 "-" "-"
142.93.219.175 - - [26/Feb/2025:00:43:13 +0000] "GET /tienda/00-seeds-bank-semillas/00-seeds-chocolate-kush-5und-fem/ HTTP/1.1" 404 108931 "-" "-"
142.93.219.175 - - [26/Feb/2025:00:43:15 +0000] "POST /wp-comments-post.php HTTP/1.1" 200 448 "-" "-"
77.232.36.34 - - [26/Feb/2025:00:43:16 +0000] "GET /tienda/00-seeds-bank-semillas/00-seeds-00-kush-5und-fem/ HTTP/1.0" 403 2776 "https://plantamadre.es/tienda/00-seeds-bank-semillas/00-seeds-00-kush-5und-fem/" "Mozilla/5.0 (Windows NT 10.0; Win64; x64) AppleWebKit/537.36 (KHTML, like Gecko) Chrome/130.0.0.0 Safari/537.36 CCleaner/130.0.0.0"
77.232.36.34 - - [26/Feb/2025:00:43:18 +0000] "GET / HTTP/1.0" 403 2824 "https://plantamadre.es/tienda/00-seeds-bank-semillas/00-seeds-00-kush-5und-fem/" "Mozilla/5.0 (Windows NT 10.0; Win64; x64) AppleWebKit/537.36 (KHTML, like Gecko) Chrome/130.0.0.0 Safari/537.36 CCleaner/130.0.0.0"
142.93.219.175 - - [26/Feb/2025:00:43:19 +0000] "POST /wp-comments-post.php HTTP/1.1" 200 448 "-" "-"
77.232.36.34 - - [26/Feb/2025:00:43:21 +0000] "GET / HTTP/1.0" 403 2824 "https://plantamadre.es/" "Mozilla/5.0 (Windows NT 10.0; Win64; x64) AppleWebKit/537.36 (KHTML, like Gecko) Chrome/130.0.0.0 Safari/537.36 CCleaner/130.0.0.0"
77.232.36.34 - - [26/Feb/2025:00:43:22 +0000] "GET /tienda/vapeadores/smok-vape-pen-22-1650mah/ HTTP/1.0" 403 2777 "https://plantamadre.es/tienda/vapeadores/smok-vape-pen-22-1650mah/" "Mozilla/5.0 (Windows NT 10.0; Win64; x64) AppleWebKit/537.36 (KHTML, like Gecko) Chrome/130.0.0.0 Safari/537.36 CCleaner/130.0.0.0"
77.232.36.34 - - [26/Feb/2025:00:43:23 +0000] "GET / HTTP/1.0" 403 2824 "https://plantamadre.es/" "Mozilla/5.0 (Windows NT 10.0; Win64; x64) AppleWebKit/537.36 (KHTML, like Gecko) Chrome/130.0.0.0 Safari/537.36 CCleaner/130.0.0.0"
77.232.36.34 - - [26/Feb/2025:00:43:24 +0000] "GET / HTTP/1.0" 403 2825 "https://plantamadre.es/tienda/vapeadores/smok-vape-pen-22-1650mah/" "Mozilla/5.0 (Windows NT 10.0; Win64; x64) AppleWebKit/537.36 (KHTML, like Gecko) Chrome/130.0.0.0 Safari/537.36 CCleaner/130.0.0.0"
77.232.36.34 - - [26/Feb/2025:00:43:26 +0000] "GET / HTTP/1.0" 403 2825 "https://plantamadre.es/" "Mozilla/5.0 (Windows NT 10.0; Win64; x64) AppleWebKit/537.36 (KHTML, like Gecko) Chrome/130.0.0.0 Safari/537.36 CCleaner/130.0.0.0"
77.232.36.34 - - [26/Feb/2025:00:43:28 +0000] "GET / HTTP/1.0" 403 2824 "https://plantamadre.es/" "Mozilla/5.0 (Windows NT 10.0; Win64; x64) AppleWebKit/537.36 (KHTML, like Gecko) Chrome/130.0.0.0 Safari/537.36 CCleaner/130.0.0.0"
146.190.157.162 - - [26/Feb/2025:00:44:10 +0000] "POST /wp-cron.php?doing_wp_cron=1740530650.9030859470367431640625 HTTP/1.1" 200 2850 "-" "WordPress/6.3.5; https://plantamadre.es"
66.249.68.5 - - [26/Feb/2025:00:44:09 +0000] "GET /wp-content/uploads/2015/01/sad-fem.png HTTP/1.1" 404 109065 "-" "Googlebot-Image/1.0"
77.232.36.34 - - [26/Feb/2025:00:45:54 +0000] "GET /tienda/ez-test/ez-test-ketamina/ HTTP/1.0" 403 2776 "https://plantamadre.es/tienda/ez-test/ez-test-ketamina/" "Mozilla/5.0 (Windows NT 10.0; Win64; x64) AppleWebKit/537.36 (KHTML, like Gecko) Chrome/131.0.0.0 Safari/537.36 Avast/131.0.0.0"
146.190.157.162 - - [26/Feb/2025:00:45:55 +0000] "POST /wp-cron.php?doing_wp_cron=1740530755.8320050239562988281250 HTTP/1.1" 200 2850 "-" "WordPress/6.3.5; https://plantamadre.es"
77.232.36.34 - - [26/Feb/2025:00:45:55 +0000] "GET /tienda/trabe/trabe-thermi-neiter-125-gr/ HTTP/1.0" 403 2776 "https://plantamadre.es/tienda/trabe/trabe-thermi-neiter-125-gr/" "Mozilla/5.0 (Windows NT 10.0; Win64; x64) AppleWebKit/537.36 (KHTML, like Gecko) Chrome/131.0.0.0 Safari/537.36 Avast/131.0.0.0"
77.232.36.34 - - [26/Feb/2025:00:45:55 +0000] "GET /tienda/trabe/trabe-ain-grow-30ml/ HTTP/1.0" 403 2778 "https://plantamadre.es/tienda/trabe/trabe-ain-grow-30ml/" "Mozilla/5.0 (Windows NT 10.0; Win64; x64) AppleWebKit/537.36 (KHTML, like Gecko) Chrome/130.0.0.0 Safari/537.36 CCleaner/130.0.0.0"
77.232.36.34 - - [26/Feb/2025:00:45:55 +0000] "GET /tienda/insecticidas/prot-eco-esencialprot-100-ml/ HTTP/1.0" 403 2777 "https://plantamadre.es/tienda/insecticidas/prot-eco-esencialprot-100-ml/" "Mozilla/5.0 (Windows NT 10.0; Win64; x64) AppleWebKit/537.36 (KHTML, like Gecko) Chrome/131.0.0.0 Safari/537.36"
77.232.36.34 - - [26/Feb/2025:00:45:57 +0000] "GET / HTTP/1.0" 403 2825 "https://plantamadre.es/tienda/ez-test/ez-test-ketamina/" "Mozilla/5.0 (Windows NT 10.0; Win64; x64) AppleWebKit/537.36 (KHTML, like Gecko) Chrome/131.0.0.0 Safari/537.36 Avast/131.0.0.0"
77.232.36.34 - - [26/Feb/2025:00:45:58 +0000] "GET / HTTP/1.0" 403 2823 "https://plantamadre.es/tienda/trabe/trabe-thermi-neiter-125-gr/" "Mozilla/5.0 (Windows NT 10.0; Win64; x64) AppleWebKit/537.36 (KHTML, like Gecko) Chrome/131.0.0.0 Safari/537.36 Avast/131.0.0.0"
77.232.36.34 - - [26/Feb/2025:00:45:58 +0000] "GET / HTTP/1.0" 403 2823 "https://plantamadre.es/tienda/trabe/trabe-ain-grow-30ml/" "Mozilla/5.0 (Windows NT 10.0; Win64; x64) AppleWebKit/537.36 (KHTML, like Gecko) Chrome/130.0.0.0 Safari/537.36 CCleaner/130.0.0.0"
77.232.36.34 - - [26/Feb/2025:00:45:58 +0000] "GET / HTTP/1.0" 403 2823 "https://plantamadre.es/tienda/insecticidas/prot-eco-esencialprot-100-ml/" "Mozilla/5.0 (Windows NT 10.0; Win64; x64) AppleWebKit/537.36 (KHTML, like Gecko) Chrome/131.0.0.0 Safari/537.36"
77.232.36.34 - - [26/Feb/2025:00:46:00 +0000] "GET / HTTP/1.0" 403 2823 "https://plantamadre.es/" "Mozilla/5.0 (Windows NT 10.0; Win64; x64) AppleWebKit/537.36 (KHTML, like Gecko) Chrome/131.0.0.0 Safari/537.36 Avast/131.0.0.0"
77.232.36.34 - - [26/Feb/2025:00:46:00 +0000] "GET / HTTP/1.0" 403 2824 "https://plantamadre.es/" "Mozilla/5.0 (Windows NT 10.0; Win64; x64) AppleWebKit/537.36 (KHTML, like Gecko) Chrome/131.0.0.0 Safari/537.36 Avast/131.0.0.0"
77.232.36.34 - - [26/Feb/2025:00:46:00 +0000] "GET / HTTP/1.0" 403 2823 "https://plantamadre.es/" "Mozilla/5.0 (Windows NT 10.0; Win64; x64) AppleWebKit/537.36 (KHTML, like Gecko) Chrome/130.0.0.0 Safari/537.36 CCleaner/130.0.0.0"
77.232.36.34 - - [26/Feb/2025:00:46:01 +0000] "GET / HTTP/1.0" 403 2825 "https://plantamadre.es/" "Mozilla/5.0 (Windows NT 10.0; Win64; x64) AppleWebKit/537.36 (KHTML, like Gecko) Chrome/131.0.0.0 Safari/537.36"
77.232.36.34 - - [26/Feb/2025:00:46:02 +0000] "GET / HTTP/1.0" 403 2824 "https://plantamadre.es/" "Mozilla/5.0 (Windows NT 10.0; Win64; x64) AppleWebKit/537.36 (KHTML, like Gecko) Chrome/131.0.0.0 Safari/537.36 Avast/131.0.0.0"
77.232.36.34 - - [26/Feb/2025:00:46:03 +0000] "GET / HTTP/1.0" 403 2825 "https://plantamadre.es/" "Mozilla/5.0 (Windows NT 10.0; Win64; x64) AppleWebKit/537.36 (KHTML, like Gecko) Chrome/131.0.0.0 Safari/537.36 Avast/131.0.0.0"
77.232.36.34 - - [26/Feb/2025:00:46:03 +0000] "GET / HTTP/1.0" 403 2824 "https://plantamadre.es/" "Mozilla/5.0 (Windows NT 10.0; Win64; x64) AppleWebKit/537.36 (KHTML, like Gecko) Chrome/131.0.0.0 Safari/537.36"
77.232.36.34 - - [26/Feb/2025:00:46:03 +0000] "GET / HTTP/1.0" 403 2825 "https://plantamadre.es/" "Mozilla/5.0 (Windows NT 10.0; Win64; x64) AppleWebKit/537.36 (KHTML, like Gecko) Chrome/130.0.0.0 Safari/537.36 CCleaner/130.0.0.0"
192.126.176.78 - - [26/Feb/2025:00:46:04 +0000] "HEAD / HTTP/1.1" 200 3022 "https://plantamadre.es" "Opera/12.02 (Android 4.1; Linux; Opera Mobi/ADR-1111101157; U; en-US) Presto/2.9.201 Version/12.02"
192.126.176.78 - - [26/Feb/2025:00:46:06 +0000] "GET / HTTP/1.1" 200 24576 "https://plantamadre.es" "Opera/12.02 (Android 4.1; Linux; Opera Mobi/ADR-1111101157; U; en-US) Presto/2.9.201 Version/12.02"
146.190.157.162 - - [26/Feb/2025:00:46:54 +0000] "POST /wp-cron.php?doing_wp_cron=1740530814.8864629268646240234375 HTTP/1.1" 200 2850 "-" "WordPress/6.3.5; https://plantamadre.es"
51.222.253.17 - - [26/Feb/2025:00:46:53 +0000] "GET /etiqueta-producto/bio-flores/?add-to-cart=1898 HTTP/1.1" 301 3041 "-" "Mozilla/5.0 (compatible; AhrefsBot/7.0; +http://ahrefs.com/robot/)"
114.119.151.80 - - [26/Feb/2025:00:46:56 +0000] "GET /product/osram-nav-t-super-son-t-pia-plus-floracion600w/ HTTP/1.1" 200 29889 "https://plantamadre.es/shop/page/29/" "Mozilla/5.0 (Linux; Android 7.0;) AppleWebKit/537.36 (KHTML, like Gecko) Mobile Safari/537.36 (compatible; PetalBot;+https://webmaster.petalsearch.com/site/petalbot)"
77.232.36.34 - - [26/Feb/2025:00:47:38 +0000] "GET /tienda/co2/generador-de-co2-4-quemadores/ HTTP/1.0" 403 2777 "https://plantamadre.es/tienda/co2/generador-de-co2-4-quemadores/" "Mozilla/5.0 (Windows NT 10.0; Win64; x64) AppleWebKit/537.36 (KHTML, like Gecko) Chrome/130.0.0.0 Safari/537.36 CCleaner/130.0.0.0"
146.190.157.162 - - [26/Feb/2025:00:47:39 +0000] "POST /wp-cron.php?doing_wp_cron=1740530859.6687369346618652343750 HTTP/1.1" 200 2851 "-" "WordPress/6.3.5; https://plantamadre.es"
77.232.36.34 - - [26/Feb/2025:00:47:41 +0000] "GET / HTTP/1.0" 403 2824 "https://plantamadre.es/tienda/co2/generador-de-co2-4-quemadores/" "Mozilla/5.0 (Windows NT 10.0; Win64; x64) AppleWebKit/537.36 (KHTML, like Gecko) Chrome/130.0.0.0 Safari/537.36 CCleaner/130.0.0.0"
77.232.36.34 - - [26/Feb/2025:00:47:43 +0000] "GET / HTTP/1.0" 403 2824 "https://plantamadre.es/" "Mozilla/5.0 (Windows NT 10.0; Win64; x64) AppleWebKit/537.36 (KHTML, like Gecko) Chrome/130.0.0.0 Safari/537.36 CCleaner/130.0.0.0"
77.232.36.34 - - [26/Feb/2025:00:47:46 +0000] "GET / HTTP/1.0" 403 2825 "https://plantamadre.es/" "Mozilla/5.0 (Windows NT 10.0; Win64; x64) AppleWebKit/537.36 (KHTML, like Gecko) Chrome/130.0.0.0 Safari/537.36 CCleaner/130.0.0.0"
181.169.5.228 - - [26/Feb/2025:00:47:58 +0000] "GET /wp-content/uploads/2024/06/169026-840229961_small.mp4 HTTP/1.1" 206 146911 "https://plantamadre.es/" "Mozilla/5.0 (Macintosh; Intel Mac OS X 10_15_7) AppleWebKit/537.36 (KHTML, like Gecko) Chrome/133.0.0.0 Safari/537.36"
77.232.36.34 - - [26/Feb/2025:00:48:23 +0000] "GET /tienda/air-sock/air-sock-1-5mts-125mm/ HTTP/1.0" 403 2777 "https://plantamadre.es/tienda/air-sock/air-sock-1-5mts-125mm/" "Mozilla/5.0 (Windows NT 10.0; Win64; x64) AppleWebKit/537.36 (KHTML, like Gecko) Chrome/131.0.0.0 Safari/537.36 Avast/131.0.0.0"
146.190.157.162 - - [26/Feb/2025:00:48:24 +0000] "POST /wp-cron.php?doing_wp_cron=1740530904.4221611022949218750000 HTTP/1.1" 200 2850 "-" "WordPress/6.3.5; https://plantamadre.es"
77.232.36.34 - - [26/Feb/2025:00:48:26 +0000] "GET / HTTP/1.0" 403 2824 "https://plantamadre.es/tienda/air-sock/air-sock-1-5mts-125mm/" "Mozilla/5.0 (Windows NT 10.0; Win64; x64) AppleWebKit/537.36 (KHTML, like Gecko) Chrome/131.0.0.0 Safari/537.36 Avast/131.0.0.0"
77.232.36.34 - - [26/Feb/2025:00:48:26 +0000] "GET /tienda/otros/ladrillo-coco-prensado-trichoderma-5-kg-70-l/ HTTP/1.0" 403 2777 "https://plantamadre.es/tienda/otros/ladrillo-coco-prensado-trichoderma-5-kg-70-l/" "Mozilla/5.0 (Windows NT 10.0; Win64; x64) AppleWebKit/537.36 (KHTML, like Gecko) Chrome/131.0.0.0 Safari/537.36"
77.232.36.34 - - [26/Feb/2025:00:48:28 +0000] "GET / HTTP/1.0" 403 2824 "https://plantamadre.es/" "Mozilla/5.0 (Windows NT 10.0; Win64; x64) AppleWebKit/537.36 (KHTML, like Gecko) Chrome/131.0.0.0 Safari/537.36 Avast/131.0.0.0"
77.232.36.34 - - [26/Feb/2025:00:48:28 +0000] "GET / HTTP/1.0" 403 2823 "https://plantamadre.es/tienda/otros/ladrillo-coco-prensado-trichoderma-5-kg-70-l/" "Mozilla/5.0 (Windows NT 10.0; Win64; x64) AppleWebKit/537.36 (KHTML, like Gecko) Chrome/131.0.0.0 Safari/537.36"
77.232.36.34 - - [26/Feb/2025:00:48:31 +0000] "GET / HTTP/1.0" 403 2824 "https://plantamadre.es/" "Mozilla/5.0 (Windows NT 10.0; Win64; x64) AppleWebKit/537.36 (KHTML, like Gecko) Chrome/131.0.0.0 Safari/537.36"
77.232.36.34 - - [26/Feb/2025:00:48:30 +0000] "GET / HTTP/1.0" 403 2824 "https://plantamadre.es/" "Mozilla/5.0 (Windows NT 10.0; Win64; x64) AppleWebKit/537.36 (KHTML, like Gecko) Chrome/131.0.0.0 Safari/537.36 Avast/131.0.0.0"
77.232.36.34 - - [26/Feb/2025:00:48:31 +0000] "GET /tienda/ventiladores/ventilador-industrial-3-en-1-45cm-75w-clivex-master/ HTTP/1.0" 403 2777 "https://plantamadre.es/tienda/ventiladores/ventilador-industrial-3-en-1-45cm-75w-clivex-master/" "Mozilla/5.0 (Windows NT 10.0; Win64; x64) AppleWebKit/537.36 (KHTML, like Gecko) Chrome/131.0.0.0 Safari/537.36 Avast/131.0.0.0"
146.190.157.162 - - [26/Feb/2025:00:48:31 +0000] "POST /wp-cron.php?doing_wp_cron=1740530911.8488049507141113281250 HTTP/1.1" 200 2849 "-" "WordPress/6.3.5; https://plantamadre.es"
77.232.36.34 - - [26/Feb/2025:00:48:33 +0000] "GET / HTTP/1.0" 403 2823 "https://plantamadre.es/" "Mozilla/5.0 (Windows NT 10.0; Win64; x64) AppleWebKit/537.36 (KHTML, like Gecko) Chrome/131.0.0.0 Safari/537.36"
77.232.36.34 - - [26/Feb/2025:00:48:33 +0000] "GET / HTTP/1.0" 403 2824 "https://plantamadre.es/tienda/ventiladores/ventilador-industrial-3-en-1-45cm-75w-clivex-master/" "Mozilla/5.0 (Windows NT 10.0; Win64; x64) AppleWebKit/537.36 (KHTML, like Gecko) Chrome/131.0.0.0 Safari/537.36 Avast/131.0.0.0"
77.232.36.34 - - [26/Feb/2025:00:48:36 +0000] "GET / HTTP/1.0" 403 2823 "https://plantamadre.es/" "Mozilla/5.0 (Windows NT 10.0; Win64; x64) AppleWebKit/537.36 (KHTML, like Gecko) Chrome/131.0.0.0 Safari/537.36 Avast/131.0.0.0"
77.232.36.34 - - [26/Feb/2025:00:48:38 +0000] "GET / HTTP/1.0" 403 2824 "https://plantamadre.es/" "Mozilla/5.0 (Windows NT 10.0; Win64; x64) AppleWebKit/537.36 (KHTML, like Gecko) Chrome/131.0.0.0 Safari/537.36 Avast/131.0.0.0"
146.190.157.162 - - [26/Feb/2025:00:49:33 +0000] "POST /wp-cron.php?doing_wp_cron=1740530973.4034879207611083984375 HTTP/1.1" 200 2849 "-" "WordPress/6.3.5; https://plantamadre.es"
108.181.196.60 - - [26/Feb/2025:00:49:32 +0000] "GET /tienda/utensil-de-cosecha/tijera-podadora-garden-highpro-recta/ HTTP/1.1" 404 108931 "-" "-"
66.249.68.6 - - [26/Feb/2025:00:49:36 +0000] "GET /wp-content/uploads/2013/09/cheese-candy1.png HTTP/1.1" 404 109072 "-" "Googlebot-Image/1.0"
108.181.196.60 - - [26/Feb/2025:00:49:37 +0000] "POST /wp-comments-post.php HTTP/1.1" 200 448 "-" "-"
108.181.196.60 - - [26/Feb/2025:00:49:54 +0000] "GET /tienda/utensil-de-cosecha/tijera-podadora-garden-highpro-recta/ HTTP/1.1" 404 108931 "-" "-"
108.181.196.60 - - [26/Feb/2025:00:49:58 +0000] "POST /wp-comments-post.php HTTP/1.1" 200 448 "-" "-"
108.181.196.60 - - [26/Feb/2025:00:51:19 +0000] "GET /tienda/varios/temporizador-6x600w/ HTTP/1.1" 404 106655 "-" "-"
146.190.157.162 - - [26/Feb/2025:00:51:20 +0000] "POST /wp-cron.php?doing_wp_cron=1740531080.5746560096740722656250 HTTP/1.1" 200 2851 "-" "WordPress/6.3.5; https://plantamadre.es"
108.181.196.60 - - [26/Feb/2025:00:51:18 +0000] "GET /tienda/dna-genetics/l-a-confidential-feminizada-3-semillas/ HTTP/1.1" 404 108870 "-" "-"
108.181.196.60 - - [26/Feb/2025:00:51:23 +0000] "POST /wp-comments-post.php HTTP/1.1" 200 448 "-" "-"
108.181.196.60 - - [26/Feb/2025:00:51:27 +0000] "POST /wp-comments-post.php HTTP/1.1" 200 2640 "-" "-"
77.232.36.34 - - [26/Feb/2025:00:51:34 +0000] "GET /tienda/conexiones-para-extraccion/union-en-y-100mm/ HTTP/1.0" 403 2778 "https://plantamadre.es/tienda/conexiones-para-extraccion/union-en-y-100mm/" "Mozilla/5.0 (Windows NT 10.0; Win64; x64) AppleWebKit/537.36 (KHTML, like Gecko) Chrome/130.0.0.0 Safari/537.36 CCleaner/130.0.0.0"
146.190.157.162 - - [26/Feb/2025:00:51:36 +0000] "POST /wp-cron.php?doing_wp_cron=1740531096.1761300563812255859375 HTTP/1.1" 200 2851 "-" "WordPress/6.3.5; https://plantamadre.es"
77.232.36.34 - - [26/Feb/2025:00:51:37 +0000] "GET / HTTP/1.0" 403 2824 "https://plantamadre.es/tienda/conexiones-para-extraccion/union-en-y-100mm/" "Mozilla/5.0 (Windows NT 10.0; Win64; x64) AppleWebKit/537.36 (KHTML, like Gecko) Chrome/130.0.0.0 Safari/537.36 CCleaner/130.0.0.0"
77.232.36.34 - - [26/Feb/2025:00:51:38 +0000] "GET /tienda/insecticidas/trampa-campana-gama-nocturna-5und/ HTTP/1.0" 403 2777 "https://plantamadre.es/tienda/insecticidas/trampa-campana-gama-nocturna-5und/" "Mozilla/5.0 (Windows NT 10.0; Win64; x64) AppleWebKit/537.36 (KHTML, like Gecko) Chrome/131.0.0.0 Safari/537.36 Avast/131.0.0.0"
77.232.36.34 - - [26/Feb/2025:00:51:40 +0000] "GET / HTTP/1.0" 403 2825 "https://plantamadre.es/" "Mozilla/5.0 (Windows NT 10.0; Win64; x64) AppleWebKit/537.36 (KHTML, like Gecko) Chrome/130.0.0.0 Safari/537.36 CCleaner/130.0.0.0"
108.181.196.60 - - [26/Feb/2025:00:51:39 +0000] "GET /tienda/dna-genetics/l-a-confidential-feminizada-3-semillas/ HTTP/1.1" 404 108871 "-" "-"
77.232.36.34 - - [26/Feb/2025:00:51:40 +0000] "GET / HTTP/1.0" 403 2823 "https://plantamadre.es/tienda/insecticidas/trampa-campana-gama-nocturna-5und/" "Mozilla/5.0 (Windows NT 10.0; Win64; x64) AppleWebKit/537.36 (KHTML, like Gecko) Chrome/131.0.0.0 Safari/537.36 Avast/131.0.0.0"
108.181.196.60 - - [26/Feb/2025:00:51:40 +0000] "GET /tienda/varios/temporizador-6x600w/ HTTP/1.1" 404 106655 "-" "-"
37.139.53.208 - - [26/Feb/2025:00:51:41 +0000] "GET /tienda/co2/generador-de-co2-4-quemadores/ HTTP/1.0" 403 2778 "https://plantamadre.es/tienda/co2/generador-de-co2-4-quemadores/" "Mozilla/5.0 (Windows NT 10.0; Win64; x64) AppleWebKit/537.36 (KHTML, like Gecko) Chrome/131.0.0.0 Safari/537.36 Avast/131.0.0.0"
77.232.36.34 - - [26/Feb/2025:00:51:42 +0000] "GET / HTTP/1.0" 403 2825 "https://plantamadre.es/" "Mozilla/5.0 (Windows NT 10.0; Win64; x64) AppleWebKit/537.36 (KHTML, like Gecko) Chrome/130.0.0.0 Safari/537.36 CCleaner/130.0.0.0"
77.232.36.34 - - [26/Feb/2025:00:51:42 +0000] "GET / HTTP/1.0" 403 2823 "https://plantamadre.es/" "Mozilla/5.0 (Windows NT 10.0; Win64; x64) AppleWebKit/537.36 (KHTML, like Gecko) Chrome/131.0.0.0 Safari/537.36 Avast/131.0.0.0"
108.181.196.60 - - [26/Feb/2025:00:51:43 +0000] "POST /wp-comments-post.php HTTP/1.1" 200 448 "-" "-"
37.139.53.208 - - [26/Feb/2025:00:51:43 +0000] "GET / HTTP/1.0" 403 2824 "https://plantamadre.es/tienda/co2/generador-de-co2-4-quemadores/" "Mozilla/5.0 (Windows NT 10.0; Win64; x64) AppleWebKit/537.36 (KHTML, like Gecko) Chrome/131.0.0.0 Safari/537.36 Avast/131.0.0.0"
77.232.36.34 - - [26/Feb/2025:00:51:44 +0000] "GET / HTTP/1.0" 403 2823 "https://plantamadre.es/" "Mozilla/5.0 (Windows NT 10.0; Win64; x64) AppleWebKit/537.36 (KHTML, like Gecko) Chrome/131.0.0.0 Safari/537.36 Avast/131.0.0.0"
108.181.196.60 - - [26/Feb/2025:00:51:44 +0000] "POST /wp-comments-post.php HTTP/1.1" 200 448 "-" "-"
37.139.53.208 - - [26/Feb/2025:00:51:45 +0000] "GET / HTTP/1.0" 403 2825 "https://plantamadre.es/" "Mozilla/5.0 (Windows NT 10.0; Win64; x64) AppleWebKit/537.36 (KHTML, like Gecko) Chrome/131.0.0.0 Safari/537.36 Avast/131.0.0.0"
203.161.42.233 - - [26/Feb/2025:00:51:47 +0000] "GET /wp-login.php HTTP/1.1" 200 14820 "-" "Mozilla/5.0 (Windows NT 10.0; Win64; x64) AppleWebKit/537.36 (KHTML, like Gecko) Chrome/86.0.4240.198 Safari/537.36"
37.139.53.208 - - [26/Feb/2025:00:51:47 +0000] "GET / HTTP/1.0" 403 2824 "https://plantamadre.es/" "Mozilla/5.0 (Windows NT 10.0; Win64; x64) AppleWebKit/537.36 (KHTML, like Gecko) Chrome/131.0.0.0 Safari/537.36 Avast/131.0.0.0"
77.232.36.34 - - [26/Feb/2025:00:51:48 +0000] "GET /tienda/productos-especiales/masilla-cicatrizante-lila-balsam-150g/ HTTP/1.0" 403 2776 "https://plantamadre.es/tienda/productos-especiales/masilla-cicatrizante-lila-balsam-150g/" "Mozilla/5.0 (Windows NT 10.0; Win64; x64) AppleWebKit/537.36 (KHTML, like Gecko) Chrome/129.0.0.0 Safari/537.36"
77.232.36.34 - - [26/Feb/2025:00:51:50 +0000] "GET / HTTP/1.0" 403 2824 "https://plantamadre.es/tienda/productos-especiales/masilla-cicatrizante-lila-balsam-150g/" "Mozilla/5.0 (Windows NT 10.0; Win64; x64) AppleWebKit/537.36 (KHTML, like Gecko) Chrome/129.0.0.0 Safari/537.36"
77.232.36.34 - - [26/Feb/2025:00:51:52 +0000] "GET / HTTP/1.0" 403 2823 "https://plantamadre.es/" "Mozilla/5.0 (Windows NT 10.0; Win64; x64) AppleWebKit/537.36 (KHTML, like Gecko) Chrome/129.0.0.0 Safari/537.36"
77.232.36.34 - - [26/Feb/2025:00:51:54 +0000] "GET / HTTP/1.0" 403 2823 "https://plantamadre.es/" "Mozilla/5.0 (Windows NT 10.0; Win64; x64) AppleWebKit/537.36 (KHTML, like Gecko) Chrome/129.0.0.0 Safari/537.36"
158.180.238.53 - - [26/Feb/2025:00:51:55 +0000] "GET /wp-login.php HTTP/1.1" 200 14822 "-" "Mozilla/5.0 (Windows NT 10.0; Win64; x64) AppleWebKit/537.36 (KHTML, like Gecko) Chrome/91.0.4472.114 Safari/537.36"
46.101.216.118 - - [26/Feb/2025:00:51:55 +0000] "GET /wp-login.php HTTP/1.1" 200 14821 "-" "Mozilla/5.0 (Windows NT 10.0; Win64; x64) AppleWebKit/537.36 (KHTML, like Gecko) Chrome/80.0.3987.132 Safari/537.36"
77.232.36.34 - - [26/Feb/2025:00:51:58 +0000] "GET /tienda/cultivo-indoor/germinador-pro/ HTTP/1.0" 403 2776 "https://plantamadre.es/tienda/cultivo-indoor/germinador-pro/" "Mozilla/5.0 (Windows NT 10.0; Win64; x64) AppleWebKit/537.36 (KHTML, like Gecko) Chrome/131.0.0.0 Safari/537.36"
194.74.100.18 - - [26/Feb/2025:00:51:57 +0000] "GET /wp-login.php HTTP/1.1" 200 12480 "-" "Mozilla/5.0 (Windows NT 10.0; Win64; x64) AppleWebKit/537.36 (KHTML, like Gecko) Chrome/84.0.4147.135 Safari/537.36"
194.74.100.18 - - [26/Feb/2025:00:52:00 +0000] "POST /wp-login.php HTTP/1.1" 401 6290 "https://plantamadre.es/wp-login.php" "Mozilla/5.0 (Windows NT 10.0; Win64; x64) AppleWebKit/537.36 (KHTML, like Gecko) Chrome/84.0.4147.135 Safari/537.36"
77.232.36.34 - - [26/Feb/2025:00:52:00 +0000] "GET / HTTP/1.0" 403 2823 "https://plantamadre.es/tienda/cultivo-indoor/germinador-pro/" "Mozilla/5.0 (Windows NT 10.0; Win64; x64) AppleWebKit/537.36 (KHTML, like Gecko) Chrome/131.0.0.0 Safari/537.36"
77.232.36.34 - - [26/Feb/2025:00:52:02 +0000] "GET / HTTP/1.0" 403 2824 "https://plantamadre.es/" "Mozilla/5.0 (Windows NT 10.0; Win64; x64) AppleWebKit/537.36 (KHTML, like Gecko) Chrome/131.0.0.0 Safari/537.36"
5.63.10.3 - - [26/Feb/2025:00:52:04 +0000] "GET /wp-login.php HTTP/1.1" 200 12690 "-" "Mozilla/5.0 (Windows NT 10.0; Win64; x64; rv:85.0) Gecko/20100101 Firefox/85.0"
77.232.36.34 - - [26/Feb/2025:00:52:04 +0000] "GET / HTTP/1.0" 403 2824 "https://plantamadre.es/" "Mozilla/5.0 (Windows NT 10.0; Win64; x64) AppleWebKit/537.36 (KHTML, like Gecko) Chrome/131.0.0.0 Safari/537.36"
5.63.10.3 - - [26/Feb/2025:00:52:07 +0000] "POST /wp-login.php HTTP/1.1" 401 6521 "https://plantamadre.es/wp-login.php" "Mozilla/5.0 (Windows NT 10.0; Win64; x64; rv:85.0) Gecko/20100101 Firefox/85.0"
5.63.10.3 - - [26/Feb/2025:00:52:11 +0000] "GET /wp-login.php HTTP/1.1" 200 12691 "-" "Mozilla/5.0 (Windows NT 6.1; WOW64; rv:50.0) Gecko/20100101 Firefox/50.0"
5.63.10.3 - - [26/Feb/2025:00:52:13 +0000] "POST /wp-login.php HTTP/1.1" 401 6520 "https://plantamadre.es/wp-login.php" "Mozilla/5.0 (Windows NT 6.1; WOW64; rv:50.0) Gecko/20100101 Firefox/50.0"
146.190.157.162 - - [26/Feb/2025:00:52:14 +0000] "POST /wp-cron.php?doing_wp_cron=1740531134.6353518962860107421875 HTTP/1.1" 200 2849 "-" "WordPress/6.3.5; https://plantamadre.es"
118.193.39.45 - - [26/Feb/2025:00:52:19 +0000] "GET /wp-login.php HTTP/1.1" 200 12510 "-" "Mozilla/5.0 (Windows NT 10.0; Win64; x64) AppleWebKit/537.36 (KHTML, like Gecko) Chrome/74.0.3729.169 Safari/537.36"
77.232.36.34 - - [26/Feb/2025:00:52:19 +0000] "GET /tienda/paradise-seeds/paradise-seeds-acid-10-semillas-fem/ HTTP/1.0" 403 2778 "https://plantamadre.es/tienda/paradise-seeds/paradise-seeds-acid-10-semillas-fem/" "Mozilla/5.0 (Windows NT 10.0; Win64; x64) AppleWebKit/537.36 (KHTML, like Gecko) Chrome/130.0.0.0 Safari/537.36 CCleaner/130.0.0.0"
108.181.196.60 - - [26/Feb/2025:00:52:20 +0000] "GET /tienda/vapeadores/vaporizador-80tc-traveler/ HTTP/1.1" 404 108912 "-" "-"
108.181.196.60 - - [26/Feb/2025:00:52:20 +0000] "GET /tienda/buddha-seeds/pulsar-feminizada-5-semillas/ HTTP/1.1" 404 108918 "-" "-"
118.193.39.45 - - [26/Feb/2025:00:52:21 +0000] "POST /wp-login.php HTTP/1.1" 401 6321 "https://plantamadre.es/wp-login.php" "Mozilla/5.0 (Windows NT 10.0; Win64; x64) AppleWebKit/537.36 (KHTML, like Gecko) Chrome/74.0.3729.169 Safari/537.36"
114.119.148.155 - - [26/Feb/2025:00:52:21 +0000] "GET /productos/?product-page=33 HTTP/1.1" 200 33624 "https://plantamadre.es/productos/?product-page=34" "Mozilla/5.0 (Linux; Android 7.0;) AppleWebKit/537.36 (KHTML, like Gecko) Mobile Safari/537.36 (compatible; PetalBot;+https://webmaster.petalsearch.com/site/petalbot)"
77.232.36.34 - - [26/Feb/2025:00:52:22 +0000] "GET / HTTP/1.0" 403 2825 "https://plantamadre.es/tienda/paradise-seeds/paradise-seeds-acid-10-semillas-fem/" "Mozilla/5.0 (Windows NT 10.0; Win64; x64) AppleWebKit/537.36 (KHTML, like Gecko) Chrome/130.0.0.0 Safari/537.36 CCleaner/130.0.0.0"
46.101.216.118 - - [26/Feb/2025:00:52:24 +0000] "GET /wp-login.php HTTP/1.1" 200 14821 "-" "Mozilla/5.0 (Windows NT 10.0; Win64; x64; rv:88.0) Gecko/20100101 Firefox/88.0"
108.181.196.60 - - [26/Feb/2025:00:52:21 +0000] "GET /tienda/buddha-seeds/pulsar-feminizada-5-semillas/ HTTP/1.1" 404 108916 "-" "-"
108.181.196.60 - - [26/Feb/2025:00:52:21 +0000] "GET /tienda/vapeadores/vaporizador-80tc-traveler/ HTTP/1.1" 404 106721 "-" "-"
77.232.36.34 - - [26/Feb/2025:00:52:28 +0000] "GET /tienda/ropa/camiseta-sweet-seeds-mujer/ HTTP/1.0" 403 2777 "https://plantamadre.es/tienda/ropa/camiseta-sweet-seeds-mujer/" "Mozilla/5.0 (Windows NT 10.0; Win64; x64) AppleWebKit/537.36 (KHTML, like Gecko) Chrome/130.0.0.0 Safari/537.36"
77.232.36.34 - - [26/Feb/2025:00:52:27 +0000] "GET /tienda/00-seeds-bank/00-seeds-auto-northern-lights-5und/ HTTP/1.0" 403 2777 "https://plantamadre.es/tienda/00-seeds-bank/00-seeds-auto-northern-lights-5und/" "Mozilla/5.0 (Windows NT 10.0; Win64; x64) AppleWebKit/537.36 (KHTML, like Gecko) Chrome/130.0.0.0 Safari/537.36"
108.181.196.60 - - [26/Feb/2025:00:52:29 +0000] "POST /wp-comments-post.php HTTP/1.1" 200 448 "-" "-"
77.232.36.34 - - [26/Feb/2025:00:52:29 +0000] "GET / HTTP/1.0" 403 2824 "https://plantamadre.es/" "Mozilla/5.0 (Windows NT 10.0; Win64; x64) AppleWebKit/537.36 (KHTML, like Gecko) Chrome/130.0.0.0 Safari/537.36 CCleaner/130.0.0.0"
108.181.196.60 - - [26/Feb/2025:00:52:29 +0000] "POST /wp-comments-post.php HTTP/1.1" 200 448 "-" "-"
108.181.196.60 - - [26/Feb/2025:00:52:30 +0000] "POST /wp-comments-post.php HTTP/1.1" 200 448 "-" "-"
77.232.36.34 - - [26/Feb/2025:00:52:31 +0000] "GET / HTTP/1.0" 403 2823 "https://plantamadre.es/tienda/ropa/camiseta-sweet-seeds-mujer/" "Mozilla/5.0 (Windows NT 10.0; Win64; x64) AppleWebKit/537.36 (KHTML, like Gecko) Chrome/130.0.0.0 Safari/537.36"
146.190.157.162 - - [26/Feb/2025:00:52:31 +0000] "POST /wp-cron.php?doing_wp_cron=1740531151.2799839973449707031250 HTTP/1.1" 200 2851 "-" "WordPress/6.3.5; https://plantamadre.es"
77.232.36.34 - - [26/Feb/2025:00:52:31 +0000] "GET / HTTP/1.0" 403 2824 "https://plantamadre.es/tienda/00-seeds-bank/00-seeds-auto-northern-lights-5und/" "Mozilla/5.0 (Windows NT 10.0; Win64; x64) AppleWebKit/537.36 (KHTML, like Gecko) Chrome/130.0.0.0 Safari/537.36"
77.232.36.34 - - [26/Feb/2025:00:52:32 +0000] "GET /tienda/semillas-3/sweet-seeds-black-cream-3-semillas-auto-fem/ HTTP/1.0" 403 2777 "https://plantamadre.es/tienda/semillas-3/sweet-seeds-black-cream-3-semillas-auto-fem/" "Mozilla/5.0 (Windows NT 10.0; Win64; x64) AppleWebKit/537.36 (KHTML, like Gecko) Chrome/131.0.0.0 Safari/537.36"
20.40.49.191 - - [26/Feb/2025:00:52:32 +0000] "GET /wp-login.php HTTP/1.1" 200 14819 "-" "Mozilla/5.0 (Windows NT 10.0; Win64; x64) AppleWebKit/537.36 (KHTML, like Gecko) Chrome/80.0.3987.163 Safari/537.36"
77.232.36.34 - - [26/Feb/2025:00:52:32 +0000] "GET / HTTP/1.0" 403 2825 "https://plantamadre.es/" "Mozilla/5.0 (Windows NT 10.0; Win64; x64) AppleWebKit/537.36 (KHTML, like Gecko) Chrome/130.0.0.0 Safari/537.36 CCleaner/130.0.0.0"
108.181.196.60 - - [26/Feb/2025:00:52:32 +0000] "POST /wp-comments-post.php HTTP/1.1" 200 448 "-" "-"
77.232.36.34 - - [26/Feb/2025:00:52:33 +0000] "GET / HTTP/1.0" 403 2824 "https://plantamadre.es/" "Mozilla/5.0 (Windows NT 10.0; Win64; x64) AppleWebKit/537.36 (KHTML, like Gecko) Chrome/130.0.0.0 Safari/537.36"
77.232.36.34 - - [26/Feb/2025:00:52:34 +0000] "GET / HTTP/1.0" 403 2824 "https://plantamadre.es/" "Mozilla/5.0 (Windows NT 10.0; Win64; x64) AppleWebKit/537.36 (KHTML, like Gecko) Chrome/130.0.0.0 Safari/537.36"
77.232.36.34 - - [26/Feb/2025:00:52:35 +0000] "GET / HTTP/1.0" 403 2825 "https://plantamadre.es/tienda/semillas-3/sweet-seeds-black-cream-3-semillas-auto-fem/" "Mozilla/5.0 (Windows NT 10.0; Win64; x64) AppleWebKit/537.36 (KHTML, like Gecko) Chrome/131.0.0.0 Safari/537.36"
54.177.151.51 - - [26/Feb/2025:00:52:35 +0000] "GET /wp-login.php HTTP/1.1" 200 12508 "-" "Mozilla/5.0 (iPod; CPU iPhone OS 14_6 like Mac OS X) AppleWebKit/605.1.15 (KHTML, like Gecko) CriOS/91.0.4472.80 Mobile/15E148 Safari/604.1"
77.232.36.34 - - [26/Feb/2025:00:52:35 +0000] "GET / HTTP/1.0" 403 2824 "https://plantamadre.es/" "Mozilla/5.0 (Windows NT 10.0; Win64; x64) AppleWebKit/537.36 (KHTML, like Gecko) Chrome/130.0.0.0 Safari/537.36"
77.232.36.34 - - [26/Feb/2025:00:52:36 +0000] "GET / HTTP/1.0" 403 2823 "https://plantamadre.es/" "Mozilla/5.0 (Windows NT 10.0; Win64; x64) AppleWebKit/537.36 (KHTML, like Gecko) Chrome/130.0.0.0 Safari/537.36"
54.177.151.51 - - [26/Feb/2025:00:52:36 +0000] "POST /wp-login.php HTTP/1.1" 401 6319 "https://plantamadre.es/wp-login.php" "Mozilla/5.0 (iPod; CPU iPhone OS 14_6 like Mac OS X) AppleWebKit/605.1.15 (KHTML, like Gecko) CriOS/91.0.4472.80 Mobile/15E148 Safari/604.1"
77.232.36.34 - - [26/Feb/2025:00:52:37 +0000] "GET / HTTP/1.0" 403 2824 "https://plantamadre.es/" "Mozilla/5.0 (Windows NT 10.0; Win64; x64) AppleWebKit/537.36 (KHTML, like Gecko) Chrome/131.0.0.0 Safari/537.36"
77.232.36.34 - - [26/Feb/2025:00:52:39 +0000] "GET / HTTP/1.0" 403 2825 "https://plantamadre.es/" "Mozilla/5.0 (Windows NT 10.0; Win64; x64) AppleWebKit/537.36 (KHTML, like Gecko) Chrome/131.0.0.0 Safari/537.36"
77.232.36.34 - - [26/Feb/2025:00:53:02 +0000] "GET /tienda/inciensos/portainciensos-torre-grande-de-madera/ HTTP/1.0" 403 2777 "https://plantamadre.es/tienda/inciensos/portainciensos-torre-grande-de-madera/" "Mozilla/5.0 (Windows NT 10.0; Win64; x64) AppleWebKit/537.36 (KHTML, like Gecko) Chrome/129.0.0.0 Safari/537.36"
146.190.157.162 - - [26/Feb/2025:00:53:04 +0000] "POST /wp-cron.php?doing_wp_cron=1740531184.6100070476531982421875 HTTP/1.1" 200 2849 "-" "WordPress/6.3.5; https://plantamadre.es"
77.232.36.34 - - [26/Feb/2025:00:53:06 +0000] "GET / HTTP/1.0" 403 2824 "https://plantamadre.es/tienda/inciensos/portainciensos-torre-grande-de-madera/" "Mozilla/5.0 (Windows NT 10.0; Win64; x64) AppleWebKit/537.36 (KHTML, like Gecko) Chrome/129.0.0.0 Safari/537.36"
77.232.36.34 - - [26/Feb/2025:00:53:09 +0000] "GET / HTTP/1.0" 403 2823 "https://plantamadre.es/" "Mozilla/5.0 (Windows NT 10.0; Win64; x64) AppleWebKit/537.36 (KHTML, like Gecko) Chrome/129.0.0.0 Safari/537.36"
77.232.36.34 - - [26/Feb/2025:00:53:09 +0000] "GET /tienda/otros/lombricor-humus-de-lombriz-20l-13kg/ HTTP/1.0" 403 2776 "https://plantamadre.es/tienda/otros/lombricor-humus-de-lombriz-20l-13kg/" "Mozilla/5.0 (Windows NT 10.0; Win64; x64) AppleWebKit/537.36 (KHTML, like Gecko) Chrome/130.0.0.0 Safari/537.36 CCleaner/130.0.0.0"
77.232.36.34 - - [26/Feb/2025:00:53:11 +0000] "GET / HTTP/1.0" 403 2825 "https://plantamadre.es/" "Mozilla/5.0 (Windows NT 10.0; Win64; x64) AppleWebKit/537.36 (KHTML, like Gecko) Chrome/129.0.0.0 Safari/537.36"
77.232.36.34 - - [26/Feb/2025:00:53:11 +0000] "GET / HTTP/1.0" 403 2825 "https://plantamadre.es/tienda/otros/lombricor-humus-de-lombriz-20l-13kg/" "Mozilla/5.0 (Windows NT 10.0; Win64; x64) AppleWebKit/537.36 (KHTML, like Gecko) Chrome/130.0.0.0 Safari/537.36 CCleaner/130.0.0.0"
77.232.36.34 - - [26/Feb/2025:00:53:13 +0000] "GET / HTTP/1.0" 403 2824 "https://plantamadre.es/" "Mozilla/5.0 (Windows NT 10.0; Win64; x64) AppleWebKit/537.36 (KHTML, like Gecko) Chrome/130.0.0.0 Safari/537.36 CCleaner/130.0.0.0"
77.232.36.34 - - [26/Feb/2025:00:53:16 +0000] "GET / HTTP/1.0" 403 2825 "https://plantamadre.es/" "Mozilla/5.0 (Windows NT 10.0; Win64; x64) AppleWebKit/537.36 (KHTML, like Gecko) Chrome/130.0.0.0 Safari/537.36 CCleaner/130.0.0.0"
77.232.36.34 - - [26/Feb/2025:00:53:42 +0000] "GET /tienda/vaporizadores/vaporizador-vital-max/ HTTP/1.0" 403 2778 "https://plantamadre.es/tienda/vaporizadores/vaporizador-vital-max/" "Mozilla/5.0 (Windows NT 10.0; Win64; x64) AppleWebKit/537.36 (KHTML, like Gecko) Chrome/131.0.0.0 Safari/537.36"
146.190.157.162 - - [26/Feb/2025:00:53:44 +0000] "POST /wp-cron.php?doing_wp_cron=1740531224.1584820747375488281250 HTTP/1.1" 200 2850 "-" "WordPress/6.3.5; https://plantamadre.es"
77.232.36.34 - - [26/Feb/2025:00:53:45 +0000] "GET / HTTP/1.0" 403 2823 "https://plantamadre.es/tienda/vaporizadores/vaporizador-vital-max/" "Mozilla/5.0 (Windows NT 10.0; Win64; x64) AppleWebKit/537.36 (KHTML, like Gecko) Chrome/131.0.0.0 Safari/537.36"
77.232.36.34 - - [26/Feb/2025:00:53:48 +0000] "GET / HTTP/1.0" 403 2824 "https://plantamadre.es/" "Mozilla/5.0 (Windows NT 10.0; Win64; x64) AppleWebKit/537.36 (KHTML, like Gecko) Chrome/131.0.0.0 Safari/537.36"
77.232.36.34 - - [26/Feb/2025:00:53:49 +0000] "GET /tienda/utensil-de-cosecha/red-de-secado-dryit-55/ HTTP/1.0" 403 2777 "https://plantamadre.es/tienda/utensil-de-cosecha/red-de-secado-dryit-55/" "Mozilla/5.0 (Windows NT 10.0; Win64; x64) AppleWebKit/537.36 (KHTML, like Gecko) Chrome/131.0.0.0 Safari/537.36 Avast/131.0.0.0"
77.232.36.34 - - [26/Feb/2025:00:53:50 +0000] "GET / HTTP/1.0" 403 2823 "https://plantamadre.es/" "Mozilla/5.0 (Windows NT 10.0; Win64; x64) AppleWebKit/537.36 (KHTML, like Gecko) Chrome/131.0.0.0 Safari/537.36"
77.232.36.34 - - [26/Feb/2025:00:53:52 +0000] "GET / HTTP/1.0" 403 2825 "https://plantamadre.es/tienda/utensil-de-cosecha/red-de-secado-dryit-55/" "Mozilla/5.0 (Windows NT 10.0; Win64; x64) AppleWebKit/537.36 (KHTML, like Gecko) Chrome/131.0.0.0 Safari/537.36 Avast/131.0.0.0"
77.232.36.34 - - [26/Feb/2025:00:53:54 +0000] "GET / HTTP/1.0" 403 2824 "https://plantamadre.es/" "Mozilla/5.0 (Windows NT 10.0; Win64; x64) AppleWebKit/537.36 (KHTML, like Gecko) Chrome/131.0.0.0 Safari/537.36 Avast/131.0.0.0"
77.232.36.34 - - [26/Feb/2025:00:53:57 +0000] "GET / HTTP/1.0" 403 2825 "https://plantamadre.es/" "Mozilla/5.0 (Windows NT 10.0; Win64; x64) AppleWebKit/537.36 (KHTML, like Gecko) Chrome/131.0.0.0 Safari/537.36 Avast/131.0.0.0"
108.181.196.60 - - [26/Feb/2025:00:54:14 +0000] "GET /tienda/vapeadores/vaporizador-80tc-traveler/ HTTP/1.1" 404 108913 "-" "-"
108.181.196.60 - - [26/Feb/2025:00:54:14 +0000] "GET /tienda/buddha-seeds/pulsar-feminizada-5-semillas/ HTTP/1.1" 404 108916 "-" "-"
108.181.196.60 - - [26/Feb/2025:00:54:19 +0000] "POST /wp-comments-post.php HTTP/1.1" 200 448 "-" "-"
