135.181.79.106 - - [26/Feb/2025:06:53:41 +0000] "GET /tienda/ripper-seeds/ripper-seeds-criminal-3%E2%99%80/?add-to-cart=3028 HTTP/1.1" 404 108901 "-" "Mozilla/5.0 (compatible; MJ12bot/v1.4.8; http://mj12bot.com/)"
135.181.79.106 - - [26/Feb/2025:06:53:48 +0000] "GET /tienda/ripper-seeds/ripper-seeds-criminal-3%E2%99%80/?add-to-cart=303 HTTP/1.1" 404 108901 "-" "Mozilla/5.0 (compatible; MJ12bot/v1.4.8; http://mj12bot.com/)"
135.181.79.106 - - [26/Feb/2025:06:53:53 +0000] "GET /tienda/ripper-seeds/ripper-seeds-criminal-3%E2%99%80/?add-to-cart=306 HTTP/1.1" 404 108899 "-" "Mozilla/5.0 (compatible; MJ12bot/v1.4.8; http://mj12bot.com/)"
135.181.79.106 - - [26/Feb/2025:06:53:58 +0000] "GET /tienda/ripper-seeds/ripper-seeds-criminal-3%E2%99%80/?add-to-cart=308 HTTP/1.1" 404 108901 "-" "Mozilla/5.0 (compatible; MJ12bot/v1.4.8; http://mj12bot.com/)"
20.171.207.32 - - [26/Feb/2025:06:54:01 +0000] "GET /tienda/bongs-y-pipas/bong-cristal-varios-dibujos-14-cm/ HTTP/1.1" 404 109058 "-" "Mozilla/5.0 AppleWebKit/537.36 (KHTML, like Gecko; compatible; GPTBot/1.2; +https://openai.com/gptbot)"
135.181.79.106 - - [26/Feb/2025:06:54:04 +0000] "GET /tienda/ripper-seeds/ripper-seeds-criminal-3%E2%99%80/?add-to-cart=310 HTTP/1.1" 404 108899 "-" "Mozilla/5.0 (compatible; MJ12bot/v1.4.8; http://mj12bot.com/)"
135.181.79.106 - - [26/Feb/2025:06:54:09 +0000] "GET /tienda/ripper-seeds/ripper-seeds-criminal-3%E2%99%80/?add-to-cart=3110 HTTP/1.1" 404 108902 "-" "Mozilla/5.0 (compatible; MJ12bot/v1.4.8; http://mj12bot.com/)"
135.181.79.106 - - [26/Feb/2025:06:54:14 +0000] "GET /tienda/ripper-seeds/ripper-seeds-criminal-3%E2%99%80/?add-to-cart=3112 HTTP/1.1" 404 108902 "-" "Mozilla/5.0 (compatible; MJ12bot/v1.4.8; http://mj12bot.com/)"
135.181.79.106 - - [26/Feb/2025:06:54:19 +0000] "GET /tienda/ripper-seeds/ripper-seeds-criminal-3%E2%99%80/?add-to-cart=3114 HTTP/1.1" 404 108901 "-" "Mozilla/5.0 (compatible; MJ12bot/v1.4.8; http://mj12bot.com/)"
135.181.79.106 - - [26/Feb/2025:06:54:24 +0000] "GET /tienda/ripper-seeds/ripper-seeds-criminal-3%E2%99%80/?add-to-cart=3118 HTTP/1.1" 404 108900 "-" "Mozilla/5.0 (compatible; MJ12bot/v1.4.8; http://mj12bot.com/)"
135.181.79.106 - - [26/Feb/2025:06:54:29 +0000] "GET /tienda/ripper-seeds/ripper-seeds-criminal-3%E2%99%80/?add-to-cart=312 HTTP/1.1" 404 108900 "-" "Mozilla/5.0 (compatible; MJ12bot/v1.4.8; http://mj12bot.com/)"
20.171.207.32 - - [26/Feb/2025:06:54:30 +0000] "GET /tienda/bongs-y-pipas/bong-cristal-varios-dibujos-14-cm/ HTTP/1.1" 404 109057 "-" "Mozilla/5.0 AppleWebKit/537.36 (KHTML, like Gecko; compatible; GPTBot/1.2; +https://openai.com/gptbot)"
146.190.157.162 - - [26/Feb/2025:06:54:36 +0000] "POST /wp-cron.php?doing_wp_cron=1740552876.2841498851776123046875 HTTP/1.1" 200 2849 "-" "WordPress/6.3.5; https://plantamadre.es"
135.181.79.106 - - [26/Feb/2025:06:54:34 +0000] "GET /tienda/ripper-seeds/ripper-seeds-criminal-3%E2%99%80/?add-to-cart=3120 HTTP/1.1" 404 108901 "-" "Mozilla/5.0 (compatible; MJ12bot/v1.4.8; http://mj12bot.com/)"
135.181.79.106 - - [26/Feb/2025:06:54:41 +0000] "GET /tienda/ripper-seeds/ripper-seeds-criminal-3%E2%99%80/?add-to-cart=3122 HTTP/1.1" 404 108901 "-" "Mozilla/5.0 (compatible; MJ12bot/v1.4.8; http://mj12bot.com/)"
135.181.79.106 - - [26/Feb/2025:06:54:46 +0000] "GET /tienda/ripper-seeds/ripper-seeds-criminal-3%E2%99%80/?add-to-cart=3124 HTTP/1.1" 404 108901 "-" "Mozilla/5.0 (compatible; MJ12bot/v1.4.8; http://mj12bot.com/)"
135.181.79.106 - - [26/Feb/2025:06:54:51 +0000] "GET /tienda/ripper-seeds/ripper-seeds-criminal-3%E2%99%80/?add-to-cart=3126 HTTP/1.1" 404 108901 "-" "Mozilla/5.0 (compatible; MJ12bot/v1.4.8; http://mj12bot.com/)"
135.181.79.106 - - [26/Feb/2025:06:54:56 +0000] "GET /tienda/ripper-seeds/ripper-seeds-criminal-3%E2%99%80/?add-to-cart=3128 HTTP/1.1" 404 108901 "-" "Mozilla/5.0 (compatible; MJ12bot/v1.4.8; http://mj12bot.com/)"
135.181.79.106 - - [26/Feb/2025:06:55:01 +0000] "GET /tienda/ripper-seeds/ripper-seeds-criminal-3%E2%99%80/?add-to-cart=3130 HTTP/1.1" 404 108902 "-" "Mozilla/5.0 (compatible; MJ12bot/v1.4.8; http://mj12bot.com/)"
135.181.79.106 - - [26/Feb/2025:06:55:09 +0000] "GET /tienda/ripper-seeds/ripper-seeds-criminal-3%E2%99%80/?add-to-cart=3132 HTTP/1.1" 404 108902 "-" "Mozilla/5.0 (compatible; MJ12bot/v1.4.8; http://mj12bot.com/)"
135.181.79.106 - - [26/Feb/2025:06:55:14 +0000] "GET /tienda/ripper-seeds/ripper-seeds-criminal-3%E2%99%80/?add-to-cart=3134 HTTP/1.1" 404 108902 "-" "Mozilla/5.0 (compatible; MJ12bot/v1.4.8; http://mj12bot.com/)"
20.171.207.32 - - [26/Feb/2025:06:55:15 +0000] "GET /tienda/bongs-y-pipas/bong-cristal-varios-dibujos-14-cm/ HTTP/1.1" 404 109056 "-" "Mozilla/5.0 AppleWebKit/537.36 (KHTML, like Gecko; compatible; GPTBot/1.2; +https://openai.com/gptbot)"
135.181.79.106 - - [26/Feb/2025:06:55:19 +0000] "GET /tienda/ripper-seeds/ripper-seeds-criminal-3%E2%99%80/?add-to-cart=3136 HTTP/1.1" 404 108902 "-" "Mozilla/5.0 (compatible; MJ12bot/v1.4.8; http://mj12bot.com/)"
135.181.79.106 - - [26/Feb/2025:06:55:24 +0000] "GET /tienda/ripper-seeds/ripper-seeds-criminal-3%E2%99%80/?add-to-cart=3138 HTTP/1.1" 404 108901 "-" "Mozilla/5.0 (compatible; MJ12bot/v1.4.8; http://mj12bot.com/)"
146.190.157.162 - - [26/Feb/2025:06:55:35 +0000] "POST /wp-cron.php?doing_wp_cron=1740552935.6604149341583251953125 HTTP/1.1" 200 2849 "-" "WordPress/6.3.5; https://plantamadre.es"
135.181.79.106 - - [26/Feb/2025:06:55:33 +0000] "GET /tienda/ripper-seeds/ripper-seeds-criminal-3%E2%99%80/?add-to-cart=314 HTTP/1.1" 404 108900 "-" "Mozilla/5.0 (compatible; MJ12bot/v1.4.8; http://mj12bot.com/)"
135.181.79.106 - - [26/Feb/2025:06:55:40 +0000] "GET /tienda/ripper-seeds/ripper-seeds-criminal-3%E2%99%80/?add-to-cart=316 HTTP/1.1" 404 108899 "-" "Mozilla/5.0 (compatible; MJ12bot/v1.4.8; http://mj12bot.com/)"
20.171.207.32 - - [26/Feb/2025:06:55:41 +0000] "GET /tienda/bongs-y-pipas/bong-cristal-varios-dibujos-14-cm/ HTTP/1.1" 404 109057 "-" "Mozilla/5.0 AppleWebKit/537.36 (KHTML, like Gecko; compatible; GPTBot/1.2; +https://openai.com/gptbot)"
135.181.79.106 - - [26/Feb/2025:06:55:46 +0000] "GET /tienda/ripper-seeds/ripper-seeds-criminal-3%E2%99%80/?add-to-cart=318 HTTP/1.1" 404 108900 "-" "Mozilla/5.0 (compatible; MJ12bot/v1.4.8; http://mj12bot.com/)"
135.181.79.106 - - [26/Feb/2025:06:55:51 +0000] "GET /tienda/ripper-seeds/ripper-seeds-criminal-3%E2%99%80/?add-to-cart=320 HTTP/1.1" 404 108901 "-" "Mozilla/5.0 (compatible; MJ12bot/v1.4.8; http://mj12bot.com/)"
135.181.79.106 - - [26/Feb/2025:06:55:57 +0000] "GET /tienda/ripper-seeds/ripper-seeds-criminal-3%E2%99%80/?add-to-cart=323 HTTP/1.1" 404 108899 "-" "Mozilla/5.0 (compatible; MJ12bot/v1.4.8; http://mj12bot.com/)"
135.181.79.106 - - [26/Feb/2025:06:56:02 +0000] "GET /tienda/ripper-seeds/ripper-seeds-criminal-3%E2%99%80/?add-to-cart=324 HTTP/1.1" 404 108901 "-" "Mozilla/5.0 (compatible; MJ12bot/v1.4.8; http://mj12bot.com/)"
135.181.79.106 - - [26/Feb/2025:06:56:07 +0000] "GET /tienda/ripper-seeds/ripper-seeds-criminal-3%E2%99%80/?add-to-cart=328 HTTP/1.1" 404 108899 "-" "Mozilla/5.0 (compatible; MJ12bot/v1.4.8; http://mj12bot.com/)"
135.181.79.106 - - [26/Feb/2025:06:56:13 +0000] "GET /tienda/ripper-seeds/ripper-seeds-criminal-3%E2%99%80/?add-to-cart=329 HTTP/1.1" 404 108900 "-" "Mozilla/5.0 (compatible; MJ12bot/v1.4.8; http://mj12bot.com/)"
135.181.79.106 - - [26/Feb/2025:06:56:18 +0000] "GET /tienda/ripper-seeds/ripper-seeds-criminal-3%E2%99%80/?add-to-cart=332 HTTP/1.1" 404 108900 "-" "Mozilla/5.0 (compatible; MJ12bot/v1.4.8; http://mj12bot.com/)"
135.181.79.106 - - [26/Feb/2025:06:56:24 +0000] "GET /tienda/ripper-seeds/ripper-seeds-criminal-3%E2%99%80/?add-to-cart=333 HTTP/1.1" 404 108900 "-" "Mozilla/5.0 (compatible; MJ12bot/v1.4.8; http://mj12bot.com/)"
146.190.157.162 - - [26/Feb/2025:06:56:31 +0000] "POST /wp-cron.php?doing_wp_cron=1740552991.1281940937042236328125 HTTP/1.1" 200 2850 "-" "WordPress/6.3.5; https://plantamadre.es"
135.181.79.106 - - [26/Feb/2025:06:56:29 +0000] "GET /tienda/ripper-seeds/ripper-seeds-criminal-3%E2%99%80/?add-to-cart=334 HTTP/1.1" 404 108900 "-" "Mozilla/5.0 (compatible; MJ12bot/v1.4.8; http://mj12bot.com/)"
135.181.79.106 - - [26/Feb/2025:06:56:35 +0000] "GET /tienda/ripper-seeds/ripper-seeds-criminal-3%E2%99%80/?add-to-cart=335 HTTP/1.1" 404 108901 "-" "Mozilla/5.0 (compatible; MJ12bot/v1.4.8; http://mj12bot.com/)"
20.171.207.32 - - [26/Feb/2025:06:56:38 +0000] "GET /tienda/bongs-y-pipas/bong-cristal-varios-dibujos-14-cm/ HTTP/1.1" 404 109058 "-" "Mozilla/5.0 AppleWebKit/537.36 (KHTML, like Gecko; compatible; GPTBot/1.2; +https://openai.com/gptbot)"
135.181.79.106 - - [26/Feb/2025:06:56:40 +0000] "GET /tienda/ripper-seeds/ripper-seeds-criminal-3%E2%99%80/?add-to-cart=337 HTTP/1.1" 404 108900 "-" "Mozilla/5.0 (compatible; MJ12bot/v1.4.8; http://mj12bot.com/)"
135.181.79.106 - - [26/Feb/2025:06:56:45 +0000] "GET /tienda/ripper-seeds/ripper-seeds-criminal-3%E2%99%80/?add-to-cart=3390 HTTP/1.1" 404 108900 "-" "Mozilla/5.0 (compatible; MJ12bot/v1.4.8; http://mj12bot.com/)"
135.181.79.106 - - [26/Feb/2025:06:56:50 +0000] "GET /tienda/ripper-seeds/ripper-seeds-criminal-3%E2%99%80/?add-to-cart=3393 HTTP/1.1" 404 108901 "-" "Mozilla/5.0 (compatible; MJ12bot/v1.4.8; http://mj12bot.com/)"
135.181.79.106 - - [26/Feb/2025:06:56:56 +0000] "GET /tienda/ripper-seeds/ripper-seeds-criminal-3%E2%99%80/?add-to-cart=3397 HTTP/1.1" 404 108901 "-" "Mozilla/5.0 (compatible; MJ12bot/v1.4.8; http://mj12bot.com/)"
135.181.79.106 - - [26/Feb/2025:06:57:01 +0000] "GET /tienda/ripper-seeds/ripper-seeds-criminal-3%E2%99%80/?add-to-cart=340 HTTP/1.1" 404 108900 "-" "Mozilla/5.0 (compatible; MJ12bot/v1.4.8; http://mj12bot.com/)"
20.171.207.32 - - [26/Feb/2025:06:57:06 +0000] "GET /tienda/bongs-y-pipas/bong-cristal-varios-dibujos-14-cm/ HTTP/1.1" 404 109057 "-" "Mozilla/5.0 AppleWebKit/537.36 (KHTML, like Gecko; compatible; GPTBot/1.2; +https://openai.com/gptbot)"
135.181.79.106 - - [26/Feb/2025:06:57:07 +0000] "GET /tienda/ripper-seeds/ripper-seeds-criminal-3%E2%99%80/?add-to-cart=3404 HTTP/1.1" 404 108901 "-" "Mozilla/5.0 (compatible; MJ12bot/v1.4.8; http://mj12bot.com/)"
135.181.79.106 - - [26/Feb/2025:06:57:12 +0000] "GET /tienda/ripper-seeds/ripper-seeds-criminal-3%E2%99%80/?add-to-cart=3407 HTTP/1.1" 404 108901 "-" "Mozilla/5.0 (compatible; MJ12bot/v1.4.8; http://mj12bot.com/)"
146.190.157.162 - - [26/Feb/2025:06:57:19 +0000] "POST /wp-cron.php?doing_wp_cron=1740553039.5145010948181152343750 HTTP/1.1" 200 2850 "-" "WordPress/6.3.5; https://plantamadre.es"
135.181.79.106 - - [26/Feb/2025:06:57:17 +0000] "GET /tienda/ripper-seeds/ripper-seeds-criminal-3%E2%99%80/?add-to-cart=3410 HTTP/1.1" 404 108902 "-" "Mozilla/5.0 (compatible; MJ12bot/v1.4.8; http://mj12bot.com/)"
135.181.79.106 - - [26/Feb/2025:06:57:24 +0000] "GET /tienda/ripper-seeds/ripper-seeds-criminal-3%E2%99%80/?add-to-cart=3412 HTTP/1.1" 404 108900 "-" "Mozilla/5.0 (compatible; MJ12bot/v1.4.8; http://mj12bot.com/)"
20.171.207.32 - - [26/Feb/2025:06:57:26 +0000] "GET /tienda/bongs-y-pipas/bong-cristal-varios-dibujos-14-cm/ HTTP/1.1" 404 109056 "-" "Mozilla/5.0 AppleWebKit/537.36 (KHTML, like Gecko; compatible; GPTBot/1.2; +https://openai.com/gptbot)"
142.93.219.175 - - [26/Feb/2025:06:57:27 +0000] "GET /tienda/dr-underground-semillas/dr-underground-king-kong-2-semillas-fem/ HTTP/1.1" 404 108938 "-" "-"
142.93.219.175 - - [26/Feb/2025:06:57:28 +0000] "GET /tienda/cannabiogen-semillas/cannabiogen-caribe-5-sem-fem/ HTTP/1.1" 404 106734 "-" "-"
135.181.79.106 - - [26/Feb/2025:06:57:29 +0000] "GET /tienda/ripper-seeds/ripper-seeds-criminal-3%E2%99%80/?add-to-cart=3415 HTTP/1.1" 404 108902 "-" "Mozilla/5.0 (compatible; MJ12bot/v1.4.8; http://mj12bot.com/)"
121.237.36.30 - - [26/Feb/2025:06:57:30 +0000] "GET / HTTP/1.1" 403 2861 "-" "Mozilla/5.0 (Macintosh; Intel Mac OS X 10_11) AppleWebKit/601.1.27 (KHTML, like Gecko) Chrome/47.0.2526.106 Safari/601.1.27"
142.93.219.175 - - [26/Feb/2025:06:57:31 +0000] "POST /wp-comments-post.php HTTP/1.1" 200 448 "-" "-"
146.190.157.162 - - [26/Feb/2025:06:57:31 +0000] "POST /wp-cron.php?doing_wp_cron=1740553051.8643939495086669921875 HTTP/1.1" 200 2849 "-" "WordPress/6.3.5; https://plantamadre.es"
142.93.219.175 - - [26/Feb/2025:06:57:32 +0000] "POST /wp-comments-post.php HTTP/1.1" 200 448 "-" "-"
142.93.219.175 - - [26/Feb/2025:06:57:31 +0000] "GET /tienda/pyramid-seeds/pyramid-seeds-pipi-1-semilla-auto-fem/ HTTP/1.1" 404 106539 "-" "-"
142.93.219.175 - - [26/Feb/2025:06:57:31 +0000] "GET /tienda/kaya-spain-quality/kaya-spain-quality-seeds-sirocco-tiara-3-semillas-fem/ HTTP/1.1" 404 106495 "-" "-"
142.93.219.175 - - [26/Feb/2025:06:57:34 +0000] "GET /tienda/libros-y-dvds/libro-la-biblia-de-la-marihuana/ HTTP/1.1" 404 106598 "-" "-"
135.181.79.106 - - [26/Feb/2025:06:57:34 +0000] "GET /tienda/ripper-seeds/ripper-seeds-criminal-3%E2%99%80/?add-to-cart=3417 HTTP/1.1" 404 108900 "-" "Mozilla/5.0 (compatible; MJ12bot/v1.4.8; http://mj12bot.com/)"
142.93.219.175 - - [26/Feb/2025:06:57:37 +0000] "POST /wp-comments-post.php HTTP/1.1" 200 2638 "-" "-"
142.93.219.175 - - [26/Feb/2025:06:57:38 +0000] "POST /wp-comments-post.php HTTP/1.1" 200 448 "-" "-"
142.93.219.175 - - [26/Feb/2025:06:57:38 +0000] "POST /wp-comments-post.php HTTP/1.1" 200 448 "-" "-"
135.181.79.106 - - [26/Feb/2025:06:57:40 +0000] "GET /tienda/ripper-seeds/ripper-seeds-criminal-3%E2%99%80/?add-to-cart=3419 HTTP/1.1" 404 108901 "-" "Mozilla/5.0 (compatible; MJ12bot/v1.4.8; http://mj12bot.com/)"
135.181.79.106 - - [26/Feb/2025:06:57:45 +0000] "GET /tienda/ripper-seeds/ripper-seeds-criminal-3%E2%99%80/?add-to-cart=342 HTTP/1.1" 404 108900 "-" "Mozilla/5.0 (compatible; MJ12bot/v1.4.8; http://mj12bot.com/)"
135.181.79.106 - - [26/Feb/2025:06:57:51 +0000] "GET /tienda/ripper-seeds/ripper-seeds-criminal-3%E2%99%80/?add-to-cart=3421 HTTP/1.1" 404 108901 "-" "Mozilla/5.0 (compatible; MJ12bot/v1.4.8; http://mj12bot.com/)"
146.190.157.162 - - [26/Feb/2025:06:57:54 +0000] "POST /wp-cron.php?doing_wp_cron=1740553074.5716960430145263671875 HTTP/1.1" 200 2850 "-" "WordPress/6.3.5; https://plantamadre.es"
114.119.146.252 - - [26/Feb/2025:06:57:53 +0000] "GET /product/lighthanger-garden-highpro-5kg-max-pareja/ HTTP/1.1" 200 28601 "https://plantamadre.es/product/agrolite-hps-crecimiento-y-floracion1000w/" "Mozilla/5.0 (Linux; Android 7.0;) AppleWebKit/537.36 (KHTML, like Gecko) Mobile Safari/537.36 (compatible; PetalBot;+https://webmaster.petalsearch.com/site/petalbot)"
135.181.79.106 - - [26/Feb/2025:06:57:56 +0000] "GET /tienda/ripper-seeds/ripper-seeds-criminal-3%E2%99%80/?add-to-cart=3423 HTTP/1.1" 404 108902 "-" "Mozilla/5.0 (compatible; MJ12bot/v1.4.8; http://mj12bot.com/)"
20.171.207.32 - - [26/Feb/2025:06:58:00 +0000] "GET /tienda/bongs-y-pipas/bong-cristal-varios-dibujos-14-cm/ HTTP/1.1" 404 109058 "-" "Mozilla/5.0 AppleWebKit/537.36 (KHTML, like Gecko; compatible; GPTBot/1.2; +https://openai.com/gptbot)"
135.181.79.106 - - [26/Feb/2025:06:58:01 +0000] "GET /tienda/ripper-seeds/ripper-seeds-criminal-3%E2%99%80/?add-to-cart=3425 HTTP/1.1" 404 108901 "-" "Mozilla/5.0 (compatible; MJ12bot/v1.4.8; http://mj12bot.com/)"
66.249.68.8 - - [26/Feb/2025:06:58:05 +0000] "GET /wp-content/uploads/2024/12/PELADORA-60.png HTTP/1.1" 301 559 "-" "Googlebot-Image/1.0"
66.249.68.5 - - [26/Feb/2025:06:58:06 +0000] "GET /wp-content/uploads/2024/12/PELADORA-60.png HTTP/1.1" 200 282638 "-" "Googlebot-Image/1.0"
135.181.79.106 - - [26/Feb/2025:06:58:07 +0000] "GET /tienda/ripper-seeds/ripper-seeds-criminal-3%E2%99%80/?add-to-cart=3427 HTTP/1.1" 404 108901 "-" "Mozilla/5.0 (compatible; MJ12bot/v1.4.8; http://mj12bot.com/)"
135.181.79.106 - - [26/Feb/2025:06:58:13 +0000] "GET /tienda/ripper-seeds/ripper-seeds-criminal-3%E2%99%80/?add-to-cart=3431 HTTP/1.1" 404 108901 "-" "Mozilla/5.0 (compatible; MJ12bot/v1.4.8; http://mj12bot.com/)"
135.181.79.106 - - [26/Feb/2025:06:58:18 +0000] "GET /tienda/ripper-seeds/ripper-seeds-criminal-3%E2%99%80/?add-to-cart=3433 HTTP/1.1" 404 108901 "-" "Mozilla/5.0 (compatible; MJ12bot/v1.4.8; http://mj12bot.com/)"
135.181.79.106 - - [26/Feb/2025:06:58:23 +0000] "GET /tienda/ripper-seeds/ripper-seeds-criminal-3%E2%99%80/?add-to-cart=3435 HTTP/1.1" 404 108902 "-" "Mozilla/5.0 (compatible; MJ12bot/v1.4.8; http://mj12bot.com/)"
146.190.157.162 - - [26/Feb/2025:06:58:31 +0000] "POST /wp-cron.php?doing_wp_cron=1740553111.4131400585174560546875 HTTP/1.1" 200 2849 "-" "WordPress/6.3.5; https://plantamadre.es"
135.181.79.106 - - [26/Feb/2025:06:58:29 +0000] "GET /tienda/ripper-seeds/ripper-seeds-criminal-3%E2%99%80/?add-to-cart=344 HTTP/1.1" 404 108900 "-" "Mozilla/5.0 (compatible; MJ12bot/v1.4.8; http://mj12bot.com/)"
135.181.79.106 - - [26/Feb/2025:06:58:36 +0000] "GET /tienda/ripper-seeds/ripper-seeds-criminal-3%E2%99%80/?add-to-cart=3443 HTTP/1.1" 404 108902 "-" "Mozilla/5.0 (compatible; MJ12bot/v1.4.8; http://mj12bot.com/)"
135.181.79.106 - - [26/Feb/2025:06:58:41 +0000] "GET /tienda/ripper-seeds/ripper-seeds-criminal-3%E2%99%80/?add-to-cart=3445 HTTP/1.1" 404 108900 "-" "Mozilla/5.0 (compatible; MJ12bot/v1.4.8; http://mj12bot.com/)"
135.181.79.106 - - [26/Feb/2025:06:58:46 +0000] "GET /tienda/ripper-seeds/ripper-seeds-criminal-3%E2%99%80/?add-to-cart=3447 HTTP/1.1" 404 108901 "-" "Mozilla/5.0 (compatible; MJ12bot/v1.4.8; http://mj12bot.com/)"
135.181.79.106 - - [26/Feb/2025:06:58:52 +0000] "GET /tienda/ripper-seeds/ripper-seeds-criminal-3%E2%99%80/?add-to-cart=3448 HTTP/1.1" 404 108900 "-" "Mozilla/5.0 (compatible; MJ12bot/v1.4.8; http://mj12bot.com/)"
135.181.79.106 - - [26/Feb/2025:06:58:57 +0000] "GET /tienda/ripper-seeds/ripper-seeds-criminal-3%E2%99%80/?add-to-cart=3449 HTTP/1.1" 404 108901 "-" "Mozilla/5.0 (compatible; MJ12bot/v1.4.8; http://mj12bot.com/)"
77.232.37.35 - - [26/Feb/2025:06:58:59 +0000] "GET /tienda/dna-genetics/l-a-confidential-feminizada-3-semillas/ HTTP/1.0" 403 2776 "-" "Mozilla/5.0 (Windows NT 6.3; Win64; x64) AppleWebKit/537.36 (KHTML, like Gecko) Chrome/75.0.3770.100 Safari/537.36"
77.232.37.35 - - [26/Feb/2025:06:58:59 +0000] "GET /tienda/semillas/dr-grinspoon-feminizada-10-semillas/ HTTP/1.0" 403 2776 "-" "Mozilla/5.0 (Windows NT 6.3; Win64; x64) AppleWebKit/537.36 (KHTML, like Gecko) Chrome/75.0.3770.100 Safari/537.36"
77.232.37.35 - - [26/Feb/2025:06:58:59 +0000] "GET /tienda/dinafem/blue-hash-feminizada-10-semillas/ HTTP/1.0" 403 2777 "-" "Mozilla/5.0 (Windows NT 6.3; Win64; x64) AppleWebKit/537.36 (KHTML, like Gecko) Chrome/75.0.3770.100 Safari/537.36"
135.181.79.106 - - [26/Feb/2025:06:59:03 +0000] "GET /tienda/ripper-seeds/ripper-seeds-criminal-3%E2%99%80/?add-to-cart=3451 HTTP/1.1" 404 108901 "-" "Mozilla/5.0 (compatible; MJ12bot/v1.4.8; http://mj12bot.com/)"
135.181.79.106 - - [26/Feb/2025:06:59:08 +0000] "GET /tienda/ripper-seeds/ripper-seeds-criminal-3%E2%99%80/?add-to-cart=3452 HTTP/1.1" 404 108901 "-" "Mozilla/5.0 (compatible; MJ12bot/v1.4.8; http://mj12bot.com/)"
135.181.79.106 - - [26/Feb/2025:06:59:13 +0000] "GET /tienda/ripper-seeds/ripper-seeds-criminal-3%E2%99%80/?add-to-cart=3453 HTTP/1.1" 404 108901 "-" "Mozilla/5.0 (compatible; MJ12bot/v1.4.8; http://mj12bot.com/)"
135.181.79.106 - - [26/Feb/2025:06:59:19 +0000] "GET /tienda/ripper-seeds/ripper-seeds-criminal-3%E2%99%80/?add-to-cart=3457 HTTP/1.1" 404 108902 "-" "Mozilla/5.0 (compatible; MJ12bot/v1.4.8; http://mj12bot.com/)"
132.148.183.213 - - [26/Feb/2025:06:59:24 +0000] "POST /wp-login.php HTTP/1.1" 301 443 "http://plantamadre.es" "Mozilla/5.0 (Macintosh; Intel Mac OS X 10_15_7) AppleWebKit/537.36 (KHTML, like Gecko) Chrome/116.0.5845.96 Safari/537.36"
132.148.183.213 - - [26/Feb/2025:06:59:25 +0000] "GET /wp-login.php HTTP/1.1" 200 7286 "http://plantamadre.es" "Mozilla/5.0 (Macintosh; Intel Mac OS X 10_15_7) AppleWebKit/537.36 (KHTML, like Gecko) Chrome/116.0.5845.96 Safari/537.36"
146.190.157.162 - - [26/Feb/2025:06:59:26 +0000] "POST /wp-cron.php?doing_wp_cron=1740553166.7844030857086181640625 HTTP/1.1" 200 2851 "-" "WordPress/6.3.5; https://plantamadre.es"
135.181.79.106 - - [26/Feb/2025:06:59:25 +0000] "GET /tienda/ripper-seeds/ripper-seeds-criminal-3%E2%99%80/?add-to-cart=3459 HTTP/1.1" 404 108900 "-" "Mozilla/5.0 (compatible; MJ12bot/v1.4.8; http://mj12bot.com/)"
146.190.157.162 - - [26/Feb/2025:06:59:33 +0000] "POST /wp-cron.php?doing_wp_cron=1740553173.2587459087371826171875 HTTP/1.1" 200 2849 "-" "WordPress/6.3.5; https://plantamadre.es"
135.181.79.106 - - [26/Feb/2025:06:59:31 +0000] "GET /tienda/ripper-seeds/ripper-seeds-criminal-3%E2%99%80/?add-to-cart=346 HTTP/1.1" 404 108900 "-" "Mozilla/5.0 (compatible; MJ12bot/v1.4.8; http://mj12bot.com/)"
135.181.79.106 - - [26/Feb/2025:06:59:38 +0000] "GET /tienda/ripper-seeds/ripper-seeds-criminal-3%E2%99%80/?add-to-cart=3460 HTTP/1.1" 404 108901 "-" "Mozilla/5.0 (compatible; MJ12bot/v1.4.8; http://mj12bot.com/)"
135.181.79.106 - - [26/Feb/2025:06:59:44 +0000] "GET /tienda/ripper-seeds/ripper-seeds-criminal-3%E2%99%80/?add-to-cart=3461 HTTP/1.1" 404 108900 "-" "Mozilla/5.0 (compatible; MJ12bot/v1.4.8; http://mj12bot.com/)"
20.171.207.32 - - [26/Feb/2025:06:59:45 +0000] "GET /tienda/bongs-y-pipas/bong-cristal-varios-dibujos-14-cm/ HTTP/1.1" 404 109056 "-" "Mozilla/5.0 AppleWebKit/537.36 (KHTML, like Gecko; compatible; GPTBot/1.2; +https://openai.com/gptbot)"
135.181.79.106 - - [26/Feb/2025:06:59:49 +0000] "GET /tienda/ripper-seeds/ripper-seeds-criminal-3%E2%99%80/?add-to-cart=3463 HTTP/1.1" 404 108901 "-" "Mozilla/5.0 (compatible; MJ12bot/v1.4.8; http://mj12bot.com/)"
135.181.79.106 - - [26/Feb/2025:06:59:55 +0000] "GET /tienda/ripper-seeds/ripper-seeds-criminal-3%E2%99%80/?add-to-cart=3464 HTTP/1.1" 404 108900 "-" "Mozilla/5.0 (compatible; MJ12bot/v1.4.8; http://mj12bot.com/)"
135.181.79.106 - - [26/Feb/2025:07:00:00 +0000] "GET /tienda/ripper-seeds/ripper-seeds-criminal-3%E2%99%80/?add-to-cart=3467 HTTP/1.1" 404 108901 "-" "Mozilla/5.0 (compatible; MJ12bot/v1.4.8; http://mj12bot.com/)"
20.171.207.32 - - [26/Feb/2025:07:00:03 +0000] "GET /tienda/bongs-y-pipas/bong-cristal-varios-dibujos-14-cm/ HTTP/1.1" 404 109058 "-" "Mozilla/5.0 AppleWebKit/537.36 (KHTML, like Gecko; compatible; GPTBot/1.2; +https://openai.com/gptbot)"
135.181.79.106 - - [26/Feb/2025:07:00:08 +0000] "GET /tienda/ripper-seeds/ripper-seeds-criminal-3%E2%99%80/?add-to-cart=3468 HTTP/1.1" 404 108901 "-" "Mozilla/5.0 (compatible; MJ12bot/v1.4.8; http://mj12bot.com/)"
146.190.157.162 - - [26/Feb/2025:07:00:17 +0000] "POST /wp-cron.php?doing_wp_cron=1740553217.3176329135894775390625 HTTP/1.1" 200 2849 "-" "WordPress/6.3.5; https://plantamadre.es"
135.181.79.106 - - [26/Feb/2025:07:00:15 +0000] "GET /tienda/ripper-seeds/ripper-seeds-criminal-3%E2%99%80/?add-to-cart=347 HTTP/1.1" 404 108899 "-" "Mozilla/5.0 (compatible; MJ12bot/v1.4.8; http://mj12bot.com/)"
135.181.79.106 - - [26/Feb/2025:07:00:22 +0000] "GET /tienda/ripper-seeds/ripper-seeds-criminal-3%E2%99%80/?add-to-cart=3471 HTTP/1.1" 404 108902 "-" "Mozilla/5.0 (compatible; MJ12bot/v1.4.8; http://mj12bot.com/)"
135.181.79.106 - - [26/Feb/2025:07:00:28 +0000] "GET /tienda/ripper-seeds/ripper-seeds-criminal-3%E2%99%80/?add-to-cart=3473 HTTP/1.1" 404 108901 "-" "Mozilla/5.0 (compatible; MJ12bot/v1.4.8; http://mj12bot.com/)"
146.190.157.162 - - [26/Feb/2025:07:00:36 +0000] "POST /wp-cron.php?doing_wp_cron=1740553236.1604559421539306640625 HTTP/1.1" 200 2851 "-" "WordPress/6.3.5; https://plantamadre.es"
135.181.79.106 - - [26/Feb/2025:07:00:34 +0000] "GET /tienda/ripper-seeds/ripper-seeds-criminal-3%E2%99%80/?add-to-cart=3476 HTTP/1.1" 404 108902 "-" "Mozilla/5.0 (compatible; MJ12bot/v1.4.8; http://mj12bot.com/)"
135.181.79.106 - - [26/Feb/2025:07:00:40 +0000] "GET /tienda/ripper-seeds/ripper-seeds-criminal-3%E2%99%80/?add-to-cart=3478 HTTP/1.1" 404 108902 "-" "Mozilla/5.0 (compatible; MJ12bot/v1.4.8; http://mj12bot.com/)"
135.181.79.106 - - [26/Feb/2025:07:00:46 +0000] "GET /tienda/ripper-seeds/ripper-seeds-criminal-3%E2%99%80/?add-to-cart=348 HTTP/1.1" 404 108899 "-" "Mozilla/5.0 (compatible; MJ12bot/v1.4.8; http://mj12bot.com/)"
135.181.79.106 - - [26/Feb/2025:07:00:52 +0000] "GET /tienda/ripper-seeds/ripper-seeds-criminal-3%E2%99%80/?add-to-cart=3481 HTTP/1.1" 404 108900 "-" "Mozilla/5.0 (compatible; MJ12bot/v1.4.8; http://mj12bot.com/)"
20.171.207.32 - - [26/Feb/2025:07:00:54 +0000] "GET /tienda/bongs-y-pipas/bong-cristal-varios-dibujos-14-cm/ HTTP/1.1" 404 109056 "-" "Mozilla/5.0 AppleWebKit/537.36 (KHTML, like Gecko; compatible; GPTBot/1.2; +https://openai.com/gptbot)"
135.181.79.106 - - [26/Feb/2025:07:00:58 +0000] "GET /tienda/ripper-seeds/ripper-seeds-criminal-3%E2%99%80/?add-to-cart=3483 HTTP/1.1" 404 108902 "-" "Mozilla/5.0 (compatible; MJ12bot/v1.4.8; http://mj12bot.com/)"
135.181.79.106 - - [26/Feb/2025:07:01:03 +0000] "GET /tienda/ripper-seeds/ripper-seeds-criminal-3%E2%99%80/?add-to-cart=349 HTTP/1.1" 404 108899 "-" "Mozilla/5.0 (compatible; MJ12bot/v1.4.8; http://mj12bot.com/)"
135.181.79.106 - - [26/Feb/2025:07:01:08 +0000] "GET /tienda/ripper-seeds/ripper-seeds-criminal-3%E2%99%80/?add-to-cart=3491 HTTP/1.1" 404 108901 "-" "Mozilla/5.0 (compatible; MJ12bot/v1.4.8; http://mj12bot.com/)"
135.181.79.106 - - [26/Feb/2025:07:01:14 +0000] "GET /tienda/ripper-seeds/ripper-seeds-criminal-3%E2%99%80/?add-to-cart=3493 HTTP/1.1" 404 108900 "-" "Mozilla/5.0 (compatible; MJ12bot/v1.4.8; http://mj12bot.com/)"
216.244.66.239 - - [26/Feb/2025:07:01:18 +0000] "GET /shop/page/38/?add-to-cart=23782 HTTP/1.1" 200 145289 "-" "Mozilla/5.0 (compatible; DotBot/1.2; +https://opensiteexplorer.org/dotbot; help@moz.com)"
135.181.79.106 - - [26/Feb/2025:07:01:20 +0000] "GET /tienda/ripper-seeds/ripper-seeds-criminal-3%E2%99%80/?add-to-cart=3494 HTTP/1.1" 404 108901 "-" "Mozilla/5.0 (compatible; MJ12bot/v1.4.8; http://mj12bot.com/)"
135.181.79.106 - - [26/Feb/2025:07:01:25 +0000] "GET /tienda/ripper-seeds/ripper-seeds-criminal-3%E2%99%80/?add-to-cart=350 HTTP/1.1" 404 108900 "-" "Mozilla/5.0 (compatible; MJ12bot/v1.4.8; http://mj12bot.com/)"
216.244.66.239 - - [26/Feb/2025:07:01:26 +0000] "GET /shop/page/5/?add-to-cart=24888 HTTP/1.1" 200 146806 "-" "Mozilla/5.0 (compatible; DotBot/1.2; +https://opensiteexplorer.org/dotbot; help@moz.com)"
135.181.79.106 - - [26/Feb/2025:07:01:30 +0000] "GET /tienda/ripper-seeds/ripper-seeds-criminal-3%E2%99%80/?add-to-cart=3502 HTTP/1.1" 404 108902 "-" "Mozilla/5.0 (compatible; MJ12bot/v1.4.8; http://mj12bot.com/)"
146.190.157.162 - - [26/Feb/2025:07:01:32 +0000] "POST /wp-cron.php?doing_wp_cron=1740553292.3364999294281005859375 HTTP/1.1" 200 2850 "-" "WordPress/6.3.5; https://plantamadre.es"
20.171.207.32 - - [26/Feb/2025:07:01:30 +0000] "GET /tienda/bongs-y-pipas/bong-cristal-varios-dibujos-14-cm/ HTTP/1.1" 404 109058 "-" "Mozilla/5.0 AppleWebKit/537.36 (KHTML, like Gecko; compatible; GPTBot/1.2; +https://openai.com/gptbot)"
135.181.79.106 - - [26/Feb/2025:07:01:36 +0000] "GET /tienda/ripper-seeds/ripper-seeds-criminal-3%E2%99%80/?add-to-cart=3508 HTTP/1.1" 404 108902 "-" "Mozilla/5.0 (compatible; MJ12bot/v1.4.8; http://mj12bot.com/)"
82.213.251.63 - - [26/Feb/2025:07:01:40 +0000] "GET / HTTP/1.1" 200 27146 "-" "Mozilla/5.0 (X11; Linux x86_64) AppleWebKit/537.36 (KHTML, like Gecko) Chrome/114.0.0.0 Safari/537.36"
135.181.79.106 - - [26/Feb/2025:07:01:41 +0000] "GET /tienda/ripper-seeds/ripper-seeds-criminal-3%E2%99%80/?add-to-cart=3510 HTTP/1.1" 404 108902 "-" "Mozilla/5.0 (compatible; MJ12bot/v1.4.8; http://mj12bot.com/)"
20.171.207.32 - - [26/Feb/2025:07:01:45 +0000] "GET /tienda/bongs-y-pipas/bong-cristal-varios-dibujos-14-cm/ HTTP/1.1" 404 109058 "-" "Mozilla/5.0 AppleWebKit/537.36 (KHTML, like Gecko; compatible; GPTBot/1.2; +https://openai.com/gptbot)"
77.232.37.35 - - [26/Feb/2025:07:01:47 +0000] "GET /tienda/blim-burn-seeds/blim-burn-tijuana-6-semillas-feminizadas/ HTTP/1.0" 403 2777 "-" "Mozilla/5.0 (Windows NT 6.3; Win64; x64) AppleWebKit/537.36 (KHTML, like Gecko) Chrome/75.0.3770.100 Safari/537.36"
77.232.37.35 - - [26/Feb/2025:07:01:47 +0000] "GET /tienda/semillas-3/venus-genetics-cheesekaberry-5-semilla-fem/ HTTP/1.0" 403 2776 "-" "Mozilla/5.0 (Windows NT 6.3; Win64; x64) AppleWebKit/537.36 (KHTML, like Gecko) Chrome/75.0.3770.100 Safari/537.36"
77.232.37.35 - - [26/Feb/2025:07:01:47 +0000] "GET /tienda/atami-fertilizantes/atami-organics-flavor-1l/ HTTP/1.0" 403 2778 "-" "Mozilla/5.0 (Windows NT 6.3; Win64; x64) AppleWebKit/537.36 (KHTML, like Gecko) Chrome/75.0.3770.100 Safari/537.36"
77.232.37.35 - - [26/Feb/2025:07:01:47 +0000] "GET /tienda/utensil-de-cosecha/peladora-trimpro-trimbox/ HTTP/1.0" 403 2776 "-" "Mozilla/5.0 (Windows NT 6.3; Win64; x64) AppleWebKit/537.36 (KHTML, like Gecko) Chrome/75.0.3770.100 Safari/537.36"
104.129.36.115 - - [26/Feb/2025:07:01:46 +0000] "POST /xmlrpc.php HTTP/1.1" 200 3005 "https://plantamadre.es" "PHP/7.3.98"
77.232.37.35 - - [26/Feb/2025:07:01:47 +0000] "GET /tienda/semillas-3/sweet-seeds-cream-47-5-sem-fem/ HTTP/1.0" 403 2776 "-" "Mozilla/5.0 (Windows NT 6.3; Win64; x64) AppleWebKit/537.36 (KHTML, like Gecko) Chrome/75.0.3770.100 Safari/537.36"
135.181.79.106 - - [26/Feb/2025:07:01:46 +0000] "GET /tienda/ripper-seeds/ripper-seeds-criminal-3%E2%99%80/?add-to-cart=3512 HTTP/1.1" 404 108902 "-" "Mozilla/5.0 (compatible; MJ12bot/v1.4.8; http://mj12bot.com/)"
104.129.36.115 - - [26/Feb/2025:07:01:52 +0000] "GET / HTTP/1.1" 200 27142 "-" "PHP/7.3.98"
135.181.79.106 - - [26/Feb/2025:07:01:54 +0000] "GET /tienda/ripper-seeds/ripper-seeds-criminal-3%E2%99%80/?add-to-cart=3514 HTTP/1.1" 404 108902 "-" "Mozilla/5.0 (compatible; MJ12bot/v1.4.8; http://mj12bot.com/)"
135.181.79.106 - - [26/Feb/2025:07:01:59 +0000] "GET /tienda/ripper-seeds/ripper-seeds-criminal-3%E2%99%80/?add-to-cart=3518 HTTP/1.1" 404 108900 "-" "Mozilla/5.0 (compatible; MJ12bot/v1.4.8; http://mj12bot.com/)"
135.181.79.106 - - [26/Feb/2025:07:02:05 +0000] "GET /tienda/ripper-seeds/ripper-seeds-criminal-3%E2%99%80/?add-to-cart=3520 HTTP/1.1" 404 108901 "-" "Mozilla/5.0 (compatible; MJ12bot/v1.4.8; http://mj12bot.com/)"
20.171.207.32 - - [26/Feb/2025:07:02:10 +0000] "GET /tienda/bongs-y-pipas/bong-cristal-varios-dibujos-14-cm/ HTTP/1.1" 404 109056 "-" "Mozilla/5.0 AppleWebKit/537.36 (KHTML, like Gecko; compatible; GPTBot/1.2; +https://openai.com/gptbot)"
135.181.79.106 - - [26/Feb/2025:07:02:11 +0000] "GET /tienda/ripper-seeds/ripper-seeds-criminal-3%E2%99%80/?add-to-cart=3522 HTTP/1.1" 404 108901 "-" "Mozilla/5.0 (compatible; MJ12bot/v1.4.8; http://mj12bot.com/)"
104.129.36.115 - - [26/Feb/2025:07:02:16 +0000] "GET / HTTP/1.1" 200 27147 "-" "Mozilla/5.0 (X11; Linux x86_64) AppleWebKit/537.36 (KHTML, like Gecko) Chrome/114.0.0.0 Safari/537.36 Vivaldi/5.3.2679.68"
146.190.157.162 - - [26/Feb/2025:07:02:18 +0000] "POST /wp-cron.php?doing_wp_cron=1740553338.3387339115142822265625 HTTP/1.1" 200 2849 "-" "WordPress/6.3.5; https://plantamadre.es"
135.181.79.106 - - [26/Feb/2025:07:02:16 +0000] "GET /tienda/ripper-seeds/ripper-seeds-criminal-3%E2%99%80/?add-to-cart=3524 HTTP/1.1" 404 108901 "-" "Mozilla/5.0 (compatible; MJ12bot/v1.4.8; http://mj12bot.com/)"
135.181.79.106 - - [26/Feb/2025:07:02:23 +0000] "GET /tienda/ripper-seeds/ripper-seeds-criminal-3%E2%99%80/?add-to-cart=3527 HTTP/1.1" 404 108900 "-" "Mozilla/5.0 (compatible; MJ12bot/v1.4.8; http://mj12bot.com/)"
135.181.79.106 - - [26/Feb/2025:07:02:28 +0000] "GET /tienda/ripper-seeds/ripper-seeds-criminal-3%E2%99%80/?add-to-cart=353 HTTP/1.1" 404 108901 "-" "Mozilla/5.0 (compatible; MJ12bot/v1.4.8; http://mj12bot.com/)"
146.190.157.162 - - [26/Feb/2025:07:02:35 +0000] "POST /wp-cron.php?doing_wp_cron=1740553355.5661959648132324218750 HTTP/1.1" 200 2850 "-" "WordPress/6.3.5; https://plantamadre.es"
135.181.79.106 - - [26/Feb/2025:07:02:34 +0000] "GET /tienda/ripper-seeds/ripper-seeds-criminal-3%E2%99%80/?add-to-cart=3531 HTTP/1.1" 404 108900 "-" "Mozilla/5.0 (compatible; MJ12bot/v1.4.8; http://mj12bot.com/)"
135.181.79.106 - - [26/Feb/2025:07:02:40 +0000] "GET /tienda/ripper-seeds/ripper-seeds-criminal-3%E2%99%80/?add-to-cart=3539 HTTP/1.1" 404 108901 "-" "Mozilla/5.0 (compatible; MJ12bot/v1.4.8; http://mj12bot.com/)"
66.249.68.7 - - [26/Feb/2025:07:02:42 +0000] "GET /wp-content/uploads/2014/01/lechuga-reina.png HTTP/1.1" 404 109071 "-" "Googlebot-Image/1.0"
20.171.207.32 - - [26/Feb/2025:07:02:44 +0000] "GET /tienda/bongs-y-pipas/bong-cristal-varios-dibujos-14-cm/ HTTP/1.1" 404 109057 "-" "Mozilla/5.0 AppleWebKit/537.36 (KHTML, like Gecko; compatible; GPTBot/1.2; +https://openai.com/gptbot)"
135.181.79.106 - - [26/Feb/2025:07:02:45 +0000] "GET /tienda/ripper-seeds/ripper-seeds-criminal-3%E2%99%80/?add-to-cart=354 HTTP/1.1" 404 108900 "-" "Mozilla/5.0 (compatible; MJ12bot/v1.4.8; http://mj12bot.com/)"
135.181.79.106 - - [26/Feb/2025:07:02:51 +0000] "GET /tienda/ripper-seeds/ripper-seeds-criminal-3%E2%99%80/?add-to-cart=3543 HTTP/1.1" 404 108902 "-" "Mozilla/5.0 (compatible; MJ12bot/v1.4.8; http://mj12bot.com/)"
146.190.157.162 - - [26/Feb/2025:07:03:00 +0000] "POST /wp-cron.php?doing_wp_cron=1740553380.1142868995666503906250 HTTP/1.1" 200 2850 "-" "WordPress/6.3.5; https://plantamadre.es"
114.119.158.146 - - [26/Feb/2025:07:02:54 +0000] "GET /product/chocolate-skunk-5-und/ HTTP/1.1" 200 30928 "https://plantamadre.es/product/lemon-og-5-und/" "Mozilla/5.0 (Linux; Android 7.0;) AppleWebKit/537.36 (KHTML, like Gecko) Mobile Safari/537.36 (compatible; PetalBot;+https://webmaster.petalsearch.com/site/petalbot)"
135.181.79.106 - - [26/Feb/2025:07:03:01 +0000] "GET /tienda/ripper-seeds/ripper-seeds-criminal-3%E2%99%80/?add-to-cart=3545 HTTP/1.1" 404 108901 "-" "Mozilla/5.0 (compatible; MJ12bot/v1.4.8; http://mj12bot.com/)"
135.181.79.106 - - [26/Feb/2025:07:03:07 +0000] "GET /tienda/ripper-seeds/ripper-seeds-criminal-3%E2%99%80/?add-to-cart=3549 HTTP/1.1" 404 108901 "-" "Mozilla/5.0 (compatible; MJ12bot/v1.4.8; http://mj12bot.com/)"
135.181.79.106 - - [26/Feb/2025:07:03:12 +0000] "GET /tienda/ripper-seeds/ripper-seeds-criminal-3%E2%99%80/?add-to-cart=355 HTTP/1.1" 404 108900 "-" "Mozilla/5.0 (compatible; MJ12bot/v1.4.8; http://mj12bot.com/)"
20.171.207.32 - - [26/Feb/2025:07:03:13 +0000] "GET /tienda/bongs-y-pipas/bong-cristal-varios-dibujos-14-cm/ HTTP/1.1" 404 109057 "-" "Mozilla/5.0 AppleWebKit/537.36 (KHTML, like Gecko; compatible; GPTBot/1.2; +https://openai.com/gptbot)"
135.181.79.106 - - [26/Feb/2025:07:03:17 +0000] "GET /tienda/ripper-seeds/ripper-seeds-criminal-3%E2%99%80/?add-to-cart=3551 HTTP/1.1" 404 108900 "-" "Mozilla/5.0 (compatible; MJ12bot/v1.4.8; http://mj12bot.com/)"
135.181.79.106 - - [26/Feb/2025:07:03:22 +0000] "GET /tienda/ripper-seeds/ripper-seeds-criminal-3%E2%99%80/?add-to-cart=3553 HTTP/1.1" 404 108900 "-" "Mozilla/5.0 (compatible; MJ12bot/v1.4.8; http://mj12bot.com/)"
77.232.37.35 - - [26/Feb/2025:07:03:27 +0000] "GET /tienda/dutch-passion/holland-hope-feminizada-5-semillas/ HTTP/1.0" 403 2777 "-" "Mozilla/5.0 (Windows NT 6.3; Win64; x64) AppleWebKit/537.36 (KHTML, like Gecko) Chrome/75.0.3770.100 Safari/537.36"
135.181.79.106 - - [26/Feb/2025:07:03:28 +0000] "GET /tienda/ripper-seeds/ripper-seeds-criminal-3%E2%99%80/?add-to-cart=3557 HTTP/1.1" 404 108901 "-" "Mozilla/5.0 (compatible; MJ12bot/v1.4.8; http://mj12bot.com/)"
146.190.157.162 - - [26/Feb/2025:07:03:34 +0000] "POST /wp-cron.php?doing_wp_cron=1740553414.7085978984832763671875 HTTP/1.1" 200 2849 "-" "WordPress/6.3.5; https://plantamadre.es"
135.181.79.106 - - [26/Feb/2025:07:03:33 +0000] "GET /tienda/ripper-seeds/ripper-seeds-criminal-3%E2%99%80/?add-to-cart=3559 HTTP/1.1" 404 108900 "-" "Mozilla/5.0 (compatible; MJ12bot/v1.4.8; http://mj12bot.com/)"
77.232.37.35 - - [26/Feb/2025:07:03:35 +0000] "GET /tienda/dr-underground-semillas/dr-underground-cristal-meth-2-semillas-fem/ HTTP/1.0" 403 2777 "-" "Mozilla/5.0 (Windows NT 6.3; Win64; x64) AppleWebKit/537.36 (KHTML, like Gecko) Chrome/75.0.3770.100 Safari/537.36"
77.232.37.35 - - [26/Feb/2025:07:03:35 +0000] "GET /tienda/bio-bizz-fertilizantes/bio-grow-5l/ HTTP/1.0" 403 2778 "-" "Mozilla/5.0 (Windows NT 6.3; Win64; x64) AppleWebKit/537.36 (KHTML, like Gecko) Chrome/75.0.3770.100 Safari/537.36"
77.232.37.35 - - [26/Feb/2025:07:03:35 +0000] "GET /tienda/can-fan-rk/extractor-vk-125mm-365m3h-2/ HTTP/1.0" 403 2776 "-" "Mozilla/5.0 (Windows NT 6.3; Win64; x64) AppleWebKit/537.36 (KHTML, like Gecko) Chrome/75.0.3770.100 Safari/537.36"
77.232.37.35 - - [26/Feb/2025:07:03:35 +0000] "GET /tienda/bandejas/bandeja-105x110-mtr/ HTTP/1.0" 403 2777 "-" "Mozilla/5.0 (Windows NT 6.3; Win64; x64) AppleWebKit/537.36 (KHTML, like Gecko) Chrome/75.0.3770.100 Safari/537.36"
77.232.37.35 - - [26/Feb/2025:07:03:35 +0000] "GET /tienda/canna-fertilizantes/cannazym-250ml/ HTTP/1.0" 403 2777 "-" "Mozilla/5.0 (Windows NT 6.3; Win64; x64) AppleWebKit/537.36 (KHTML, like Gecko) Chrome/75.0.3770.100 Safari/537.36"
77.232.37.35 - - [26/Feb/2025:07:03:35 +0000] "GET /tienda/canna-fertilizantes/canna-terra-vega-5l/ HTTP/1.0" 403 2777 "-" "Mozilla/5.0 (Windows NT 6.3; Win64; x64) AppleWebKit/537.36 (KHTML, like Gecko) Chrome/75.0.3770.100 Safari/537.36"
77.232.37.35 - - [26/Feb/2025:07:03:36 +0000] "GET /tienda/annbis-cuidado-corporal/annabis-handcann-q10-75ml/ HTTP/1.0" 403 2777 "-" "Mozilla/5.0 (Windows NT 6.3; Win64; x64) AppleWebKit/537.36 (KHTML, like Gecko) Chrome/75.0.3770.100 Safari/537.36"
77.232.37.35 - - [26/Feb/2025:07:03:35 +0000] "GET /tienda/dutch-passion/blueberry-feminizada-5-semillas/ HTTP/1.0" 403 2777 "-" "Mozilla/5.0 (Windows NT 6.3; Win64; x64) AppleWebKit/537.36 (KHTML, like Gecko) Chrome/75.0.3770.100 Safari/537.36"
77.232.37.35 - - [26/Feb/2025:07:03:35 +0000] "GET /tienda/extraccion-de-resina-extraccion-de-resina/extractor-de-polen-top-zeef-6l/ HTTP/1.0" 403 2777 "-" "Mozilla/5.0 (Windows NT 6.3; Win64; x64) AppleWebKit/537.36 (KHTML, like Gecko) Chrome/75.0.3770.100 Safari/537.36"
77.232.37.35 - - [26/Feb/2025:07:03:37 +0000] "GET /tienda/dutch-passion/brainstorm-feminizada-5-semillas/ HTTP/1.0" 403 2777 "-" "Mozilla/5.0 (Windows NT 6.3; Win64; x64) AppleWebKit/537.36 (KHTML, like Gecko) Chrome/75.0.3770.100 Safari/537.36"
77.232.37.35 - - [26/Feb/2025:07:03:36 +0000] "GET /tienda/hesi/hesi-complejo-radicular-2-5l/ HTTP/1.0" 403 2778 "-" "Mozilla/5.0 (Windows NT 6.3; Win64; x64) AppleWebKit/537.36 (KHTML, like Gecko) Chrome/75.0.3770.100 Safari/537.36"
77.232.37.35 - - [26/Feb/2025:07:03:36 +0000] "GET /tienda/hesi/hesi-hidro-floracion-5l/ HTTP/1.0" 403 2777 "-" "Mozilla/5.0 (Windows NT 6.3; Win64; x64) AppleWebKit/537.36 (KHTML, like Gecko) Chrome/75.0.3770.100 Safari/537.36"
77.232.37.35 - - [26/Feb/2025:07:03:39 +0000] "GET /tienda/semillas-3/thc-seeds-critical-matic-1-semilla-fem/ HTTP/1.0" 403 2778 "-" "Mozilla/5.0 (Windows NT 6.3; Win64; x64) AppleWebKit/537.36 (KHTML, like Gecko) Chrome/75.0.3770.100 Safari/537.36"
77.232.37.35 - - [26/Feb/2025:07:03:38 +0000] "GET /tienda/inciensos/incienso-aarti-mirra-20-varillas/ HTTP/1.0" 403 2776 "-" "Mozilla/5.0 (Windows NT 6.3; Win64; x64) AppleWebKit/537.36 (KHTML, like Gecko) Chrome/75.0.3770.100 Safari/537.36"
77.232.37.35 - - [26/Feb/2025:07:03:38 +0000] "GET /tienda/mecheros/mechero-plano/ HTTP/1.0" 403 2778 "-" "Mozilla/5.0 (Windows NT 6.3; Win64; x64) AppleWebKit/537.36 (KHTML, like Gecko) Chrome/75.0.3770.100 Safari/537.36"
77.232.37.35 - - [26/Feb/2025:07:03:38 +0000] "GET /tienda/inciensos/incienso-aarti-jazmin-20-varillas/ HTTP/1.0" 403 2777 "-" "Mozilla/5.0 (Windows NT 6.3; Win64; x64) AppleWebKit/537.36 (KHTML, like Gecko) Chrome/75.0.3770.100 Safari/537.36"
77.232.37.35 - - [26/Feb/2025:07:03:39 +0000] "GET /tienda/ripper-seeds/ripper-seeds-criminal-3%E2%99%80/ HTTP/1.0" 403 2778 "-" "Mozilla/5.0 (Windows NT 6.3; Win64; x64) AppleWebKit/537.36 (KHTML, like Gecko) Chrome/75.0.3770.100 Safari/537.36"
77.232.37.35 - - [26/Feb/2025:07:03:38 +0000] "GET /tienda/macetas/macetas-texpot-geotextil-50l/ HTTP/1.0" 403 2778 "-" "Mozilla/5.0 (Windows NT 6.3; Win64; x64) AppleWebKit/537.36 (KHTML, like Gecko) Chrome/75.0.3770.100 Safari/537.36"
77.232.37.35 - - [26/Feb/2025:07:03:39 +0000] "GET /tienda/sin-categorizar/cachimba-al-mani-z-39/ HTTP/1.0" 403 2778 "-" "Mozilla/5.0 (Windows NT 6.3; Win64; x64) AppleWebKit/537.36 (KHTML, like Gecko) Chrome/75.0.3770.100 Safari/537.36"
77.232.37.35 - - [26/Feb/2025:07:03:39 +0000] "GET /tienda/semillas/pineapple-chunk-feminizada-5-semillas/ HTTP/1.0" 403 2776 "-" "Mozilla/5.0 (Windows NT 6.3; Win64; x64) AppleWebKit/537.36 (KHTML, like Gecko) Chrome/75.0.3770.100 Safari/537.36"
77.232.37.35 - - [26/Feb/2025:07:03:40 +0000] "GET /tienda/utensil-de-cosecha/peladora-ok-trimmer/ HTTP/1.0" 403 2777 "-" "Mozilla/5.0 (Windows NT 6.3; Win64; x64) AppleWebKit/537.36 (KHTML, like Gecko) Chrome/75.0.3770.100 Safari/537.36"
77.232.37.35 - - [26/Feb/2025:07:03:39 +0000] "GET /tienda/semillas/red-cherry-berry-feminizada-10-semillas/ HTTP/1.0" 403 2778 "-" "Mozilla/5.0 (Windows NT 6.3; Win64; x64) AppleWebKit/537.36 (KHTML, like Gecko) Chrome/75.0.3770.100 Safari/537.36"
77.232.37.35 - - [26/Feb/2025:07:03:38 +0000] "GET /tienda/macetas/maceta-cuadrada-negra-11l/ HTTP/1.0" 403 2777 "-" "Mozilla/5.0 (Windows NT 6.3; Win64; x64) AppleWebKit/537.36 (KHTML, like Gecko) Chrome/75.0.3770.100 Safari/537.36"
77.232.37.35 - - [26/Feb/2025:07:03:39 +0000] "GET /tienda/ozonificadores/ozonizador-ionizador-coche/ HTTP/1.0" 403 2778 "-" "Mozilla/5.0 (Windows NT 6.3; Win64; x64) AppleWebKit/537.36 (KHTML, like Gecko) Chrome/75.0.3770.100 Safari/537.36"
77.232.37.35 - - [26/Feb/2025:07:03:39 +0000] "GET /tienda/semillas-3/thc-seeds-lavender-5-semillas-fem/ HTTP/1.0" 403 2777 "-" "Mozilla/5.0 (Windows NT 6.3; Win64; x64) AppleWebKit/537.36 (KHTML, like Gecko) Chrome/75.0.3770.100 Safari/537.36"
77.232.37.35 - - [26/Feb/2025:07:03:39 +0000] "GET /tienda/ropa/sudadera-con-capucha-sensi-seeds/ HTTP/1.0" 403 2777 "-" "Mozilla/5.0 (Windows NT 6.3; Win64; x64) AppleWebKit/537.36 (KHTML, like Gecko) Chrome/75.0.3770.100 Safari/537.36"
77.232.37.35 - - [26/Feb/2025:07:03:39 +0000] "GET /tienda/papel/bandeja-mediana-raw-oro-negro-edicion-limitada/ HTTP/1.0" 403 2777 "-" "Mozilla/5.0 (Windows NT 6.3; Win64; x64) AppleWebKit/537.36 (KHTML, like Gecko) Chrome/75.0.3770.100 Safari/537.36"
77.232.37.35 - - [26/Feb/2025:07:03:40 +0000] "GET /tienda/annbis-cuidado-corporal/annabis-balcann-gel-con-corteza-de-roble-75ml/ HTTP/1.0" 403 2777 "-" "Mozilla/5.0 (Windows NT 6.3; Win64; x64) AppleWebKit/537.36 (KHTML, like Gecko) Chrome/75.0.3770.100 Safari/537.36"
135.181.79.106 - - [26/Feb/2025:07:03:41 +0000] "GET /tienda/ripper-seeds/ripper-seeds-criminal-3%E2%99%80/?add-to-cart=3565 HTTP/1.1" 404 108900 "-" "Mozilla/5.0 (compatible; MJ12bot/v1.4.8; http://mj12bot.com/)"
135.181.79.106 - - [26/Feb/2025:07:03:53 +0000] "GET /tienda/ripper-seeds/ripper-seeds-criminal-3%E2%99%80/?add-to-cart=3567 HTTP/1.1" 404 108901 "-" "Mozilla/5.0 (compatible; MJ12bot/v1.4.8; http://mj12bot.com/)"
74.81.38.26 - - [26/Feb/2025:07:03:57 +0000] "GET /wp-login.php HTTP/1.1" 301 462 "-" "Mozilla/5.0 (X11; Fedora; Linux x86_64; rv:94.0) Gecko/20100101 Firefox/95.0"
74.81.38.26 - - [26/Feb/2025:07:03:58 +0000] "GET /wp-login.php HTTP/1.1" 200 5823 "http://plantamadre.es/wp-login.php" "Mozilla/5.0 (X11; Fedora; Linux x86_64; rv:94.0) Gecko/20100101 Firefox/95.0"
135.181.79.106 - - [26/Feb/2025:07:03:58 +0000] "GET /tienda/ripper-seeds/ripper-seeds-criminal-3%E2%99%80/?add-to-cart=3569 HTTP/1.1" 404 108900 "-" "Mozilla/5.0 (compatible; MJ12bot/v1.4.8; http://mj12bot.com/)"
74.81.38.26 - - [26/Feb/2025:07:04:00 +0000] "GET /wp-login.php HTTP/1.1" 200 5825 "-" "Mozilla/5.0 (X11; Fedora; Linux x86_64; rv:94.0) Gecko/20100101 Firefox/95.0"
74.81.38.26 - - [26/Feb/2025:07:04:01 +0000] "POST /wp-login.php HTTP/1.1" 401 6285 "-" "Mozilla/5.0 (X11; Fedora; Linux x86_64; rv:94.0) Gecko/20100101 Firefox/95.0"
135.181.79.106 - - [26/Feb/2025:07:04:03 +0000] "GET /tienda/ripper-seeds/ripper-seeds-criminal-3%E2%99%80/?add-to-cart=357 HTTP/1.1" 404 108900 "-" "Mozilla/5.0 (compatible; MJ12bot/v1.4.8; http://mj12bot.com/)"
135.181.79.106 - - [26/Feb/2025:07:04:08 +0000] "GET /tienda/ripper-seeds/ripper-seeds-criminal-3%E2%99%80/?add-to-cart=359 HTTP/1.1" 404 108901 "-" "Mozilla/5.0 (compatible; MJ12bot/v1.4.8; http://mj12bot.com/)"
135.181.79.106 - - [26/Feb/2025:07:04:13 +0000] "GET /tienda/ripper-seeds/ripper-seeds-criminal-3%E2%99%80/?add-to-cart=360 HTTP/1.1" 404 108900 "-" "Mozilla/5.0 (compatible; MJ12bot/v1.4.8; http://mj12bot.com/)"
135.181.79.106 - - [26/Feb/2025:07:04:18 +0000] "GET /tienda/ripper-seeds/ripper-seeds-criminal-3%E2%99%80/?add-to-cart=363 HTTP/1.1" 404 108901 "-" "Mozilla/5.0 (compatible; MJ12bot/v1.4.8; http://mj12bot.com/)"
146.190.157.162 - - [26/Feb/2025:07:04:25 +0000] "POST /wp-cron.php?doing_wp_cron=1740553465.9401230812072753906250 HTTP/1.1" 200 2849 "-" "WordPress/6.3.5; https://plantamadre.es"
135.181.79.106 - - [26/Feb/2025:07:04:24 +0000] "GET /tienda/ripper-seeds/ripper-seeds-criminal-3%E2%99%80/?add-to-cart=364 HTTP/1.1" 404 108900 "-" "Mozilla/5.0 (compatible; MJ12bot/v1.4.8; http://mj12bot.com/)"
146.190.157.162 - - [26/Feb/2025:07:04:32 +0000] "POST /wp-cron.php?doing_wp_cron=1740553472.2099690437316894531250 HTTP/1.1" 200 2850 "-" "WordPress/6.3.5; https://plantamadre.es"
135.181.79.106 - - [26/Feb/2025:07:04:30 +0000] "GET /tienda/ripper-seeds/ripper-seeds-criminal-3%E2%99%80/?add-to-cart=365 HTTP/1.1" 404 108900 "-" "Mozilla/5.0 (compatible; MJ12bot/v1.4.8; http://mj12bot.com/)"
135.181.79.106 - - [26/Feb/2025:07:04:36 +0000] "GET /tienda/ripper-seeds/ripper-seeds-criminal-3%E2%99%80/?add-to-cart=366 HTTP/1.1" 404 108900 "-" "Mozilla/5.0 (compatible; MJ12bot/v1.4.8; http://mj12bot.com/)"
135.181.79.106 - - [26/Feb/2025:07:04:42 +0000] "GET /tienda/ripper-seeds/ripper-seeds-criminal-3%E2%99%80/?add-to-cart=3676 HTTP/1.1" 404 108900 "-" "Mozilla/5.0 (compatible; MJ12bot/v1.4.8; http://mj12bot.com/)"
135.181.79.106 - - [26/Feb/2025:07:04:47 +0000] "GET /tienda/ripper-seeds/ripper-seeds-criminal-3%E2%99%80/?add-to-cart=3678 HTTP/1.1" 404 108901 "-" "Mozilla/5.0 (compatible; MJ12bot/v1.4.8; http://mj12bot.com/)"
135.181.79.106 - - [26/Feb/2025:07:04:52 +0000] "GET /tienda/ripper-seeds/ripper-seeds-criminal-3%E2%99%80/?add-to-cart=3680 HTTP/1.1" 404 108901 "-" "Mozilla/5.0 (compatible; MJ12bot/v1.4.8; http://mj12bot.com/)"
135.181.79.106 - - [26/Feb/2025:07:04:57 +0000] "GET /tienda/ripper-seeds/ripper-seeds-criminal-3%E2%99%80/?add-to-cart=3681 HTTP/1.1" 404 108902 "-" "Mozilla/5.0 (compatible; MJ12bot/v1.4.8; http://mj12bot.com/)"
135.181.79.106 - - [26/Feb/2025:07:05:03 +0000] "GET /tienda/ripper-seeds/ripper-seeds-criminal-3%E2%99%80/?add-to-cart=3685 HTTP/1.1" 404 108901 "-" "Mozilla/5.0 (compatible; MJ12bot/v1.4.8; http://mj12bot.com/)"
135.181.79.106 - - [26/Feb/2025:07:05:09 +0000] "GET /tienda/ripper-seeds/ripper-seeds-criminal-3%E2%99%80/?add-to-cart=3689 HTTP/1.1" 404 108901 "-" "Mozilla/5.0 (compatible; MJ12bot/v1.4.8; http://mj12bot.com/)"
135.181.79.106 - - [26/Feb/2025:07:05:15 +0000] "GET /tienda/ripper-seeds/ripper-seeds-criminal-3%E2%99%80/?add-to-cart=369 HTTP/1.1" 404 108901 "-" "Mozilla/5.0 (compatible; MJ12bot/v1.4.8; http://mj12bot.com/)"
135.181.79.106 - - [26/Feb/2025:07:05:20 +0000] "GET /tienda/ripper-seeds/ripper-seeds-criminal-3%E2%99%80/?add-to-cart=3691 HTTP/1.1" 404 108902 "-" "Mozilla/5.0 (compatible; MJ12bot/v1.4.8; http://mj12bot.com/)"
135.181.79.106 - - [26/Feb/2025:07:05:25 +0000] "GET /tienda/ripper-seeds/ripper-seeds-criminal-3%E2%99%80/?add-to-cart=3694 HTTP/1.1" 404 108901 "-" "Mozilla/5.0 (compatible; MJ12bot/v1.4.8; http://mj12bot.com/)"
146.190.157.162 - - [26/Feb/2025:07:05:32 +0000] "POST /wp-cron.php?doing_wp_cron=1740553532.4986081123352050781250 HTTP/1.1" 200 2849 "-" "WordPress/6.3.5; https://plantamadre.es"
135.181.79.106 - - [26/Feb/2025:07:05:30 +0000] "GET /tienda/ripper-seeds/ripper-seeds-criminal-3%E2%99%80/?add-to-cart=3695 HTTP/1.1" 404 108901 "-" "Mozilla/5.0 (compatible; MJ12bot/v1.4.8; http://mj12bot.com/)"
135.181.79.106 - - [26/Feb/2025:07:05:37 +0000] "GET /tienda/ripper-seeds/ripper-seeds-criminal-3%E2%99%80/?add-to-cart=3696 HTTP/1.1" 404 108901 "-" "Mozilla/5.0 (compatible; MJ12bot/v1.4.8; http://mj12bot.com/)"
135.181.79.106 - - [26/Feb/2025:07:05:42 +0000] "GET /tienda/ripper-seeds/ripper-seeds-criminal-3%E2%99%80/?add-to-cart=3697 HTTP/1.1" 404 108901 "-" "Mozilla/5.0 (compatible; MJ12bot/v1.4.8; http://mj12bot.com/)"
135.181.79.106 - - [26/Feb/2025:07:05:47 +0000] "GET /tienda/ripper-seeds/ripper-seeds-criminal-3%E2%99%80/?add-to-cart=3701 HTTP/1.1" 404 108901 "-" "Mozilla/5.0 (compatible; MJ12bot/v1.4.8; http://mj12bot.com/)"
135.181.79.106 - - [26/Feb/2025:07:05:52 +0000] "GET /tienda/ripper-seeds/ripper-seeds-criminal-3%E2%99%80/?add-to-cart=3702 HTTP/1.1" 404 108902 "-" "Mozilla/5.0 (compatible; MJ12bot/v1.4.8; http://mj12bot.com/)"
135.181.79.106 - - [26/Feb/2025:07:05:57 +0000] "GET /tienda/ripper-seeds/ripper-seeds-criminal-3%E2%99%80/?add-to-cart=3704 HTTP/1.1" 404 108901 "-" "Mozilla/5.0 (compatible; MJ12bot/v1.4.8; http://mj12bot.com/)"
135.181.79.106 - - [26/Feb/2025:07:06:02 +0000] "GET /tienda/ripper-seeds/ripper-seeds-criminal-3%E2%99%80/?add-to-cart=3705 HTTP/1.1" 404 108901 "-" "Mozilla/5.0 (compatible; MJ12bot/v1.4.8; http://mj12bot.com/)"
135.181.79.106 - - [26/Feb/2025:07:06:08 +0000] "GET /tienda/ripper-seeds/ripper-seeds-criminal-3%E2%99%80/?add-to-cart=3709 HTTP/1.1" 404 108900 "-" "Mozilla/5.0 (compatible; MJ12bot/v1.4.8; http://mj12bot.com/)"
135.181.79.106 - - [26/Feb/2025:07:06:13 +0000] "GET /tienda/ripper-seeds/ripper-seeds-criminal-3%E2%99%80/?add-to-cart=371 HTTP/1.1" 404 108900 "-" "Mozilla/5.0 (compatible; MJ12bot/v1.4.8; http://mj12bot.com/)"
135.181.79.106 - - [26/Feb/2025:07:06:18 +0000] "GET /tienda/ripper-seeds/ripper-seeds-criminal-3%E2%99%80/?add-to-cart=372 HTTP/1.1" 404 108901 "-" "Mozilla/5.0 (compatible; MJ12bot/v1.4.8; http://mj12bot.com/)"
135.181.79.106 - - [26/Feb/2025:07:06:23 +0000] "GET /tienda/ripper-seeds/ripper-seeds-criminal-3%E2%99%80/?add-to-cart=373 HTTP/1.1" 404 108900 "-" "Mozilla/5.0 (compatible; MJ12bot/v1.4.8; http://mj12bot.com/)"
