403Webshell
Server IP : 146.190.157.162  /  Your IP : 216.73.217.6
Web Server : Apache
System : Linux ubuntu-s-2vcpu-4gb-amd-sfo3-01-KIT-DIGITAL 6.5.0-44-generic #44-Ubuntu SMP PREEMPT_DYNAMIC Fri Jun 7 15:10:09 UTC 2024 x86_64
User : businessweek ( 639)
PHP Version : 8.2.10-2ubuntu2.2
Disable Function : exec,passthru,shell_exec,system,proc_open,popen,pcntl_exec,pcntl_fork,pcntl_waitpid,pcntl_wait,pcntl_signal,pcntl_signal_dispatch,pcntl_getpriority,pcntl_setpriority,dl,putenv,parse_ini_file,show_source
MySQL : OFF  |  cURL : ON  |  WGET : ON  |  Perl : ON  |  Python : OFF  |  Sudo : ON  |  Pkexec : OFF
Directory :  /var/www/html/planta-madre/

Upload File :
current_dir [ Writeable ] document_root [ Writeable ]

 

Command :


[ Back ]     

Current File : /var/www/html/planta-madre/access.log
62.117.170.101 - - [25/Feb/2025:11:44:07 +0000] "POST /wp-admin/admin-ajax.php HTTP/1.1" 200 3228 "https://plantamadre.es/wp-admin/post.php?post=25043&action=edit" "Mozilla/5.0 (Windows NT 10.0; Win64; x64) AppleWebKit/537.36 (KHTML, like Gecko) Chrome/133.0.0.0 Safari/537.36"
146.190.157.162 - - [25/Feb/2025:11:44:10 +0000] "POST /wp-cron.php?doing_wp_cron=1740483850.2543621063232421875000 HTTP/1.1" 200 2850 "-" "WordPress/6.3.5; https://plantamadre.es"
146.190.157.162 - - [25/Feb/2025:11:44:31 +0000] "POST /wp-cron.php?doing_wp_cron=1740483871.8124148845672607421875 HTTP/1.1" 200 2849 "-" "WordPress/6.3.5; https://plantamadre.es"
66.249.68.5 - - [25/Feb/2025:11:44:29 +0000] "GET /tienda/delicious/cotton-candy-feminizada-1-semilla/ HTTP/1.1" 404 109084 "-" "Mozilla/5.0 (Linux; Android 6.0.1; Nexus 5X Build/MMB29P) AppleWebKit/537.36 (KHTML, like Gecko) Chrome/133.0.6943.53 Mobile Safari/537.36 (compatible; Googlebot/2.1; +http://www.google.com/bot.html)"
114.119.158.146 - - [25/Feb/2025:11:44:59 +0000] "GET /shop/poda-y-cosecha/?product-page=1 HTTP/1.1" 200 25035 "https://plantamadre.es/shop/poda-y-cosecha/?product-page=3" "Mozilla/5.0 (Linux; Android 7.0;) AppleWebKit/537.36 (KHTML, like Gecko) Mobile Safari/537.36 (compatible; PetalBot;+https://webmaster.petalsearch.com/site/petalbot)"
146.190.157.162 - - [25/Feb/2025:11:45:28 +0000] "POST /wp-cron.php?doing_wp_cron=1740483928.8286058902740478515625 HTTP/1.1" 200 2851 "-" "WordPress/6.3.5; https://plantamadre.es"
89.191.124.43 - - [25/Feb/2025:11:45:27 +0000] "GET /tienda/otros/ladrillo-coco-prensado-trichoderma-5-kg-70-l/ HTTP/1.1" 404 109109 "-" "Mozilla/5.0 (Windows NT 10.0; WOW64) AppleWebKit/537.36 (KHTML, like Gecko) Chrome/114.0.0.0 Safari/537.36 Vivaldi/5.3.2679.68"
146.190.157.162 - - [25/Feb/2025:11:45:36 +0000] "POST /wp-cron.php?doing_wp_cron=1740483936.9139111042022705078125 HTTP/1.1" 200 2849 "-" "WordPress/6.3.5; https://plantamadre.es"
89.191.124.43 - - [25/Feb/2025:11:45:35 +0000] "GET / HTTP/1.1" 200 27148 "-" "Mozilla/5.0 (Windows NT 10.0; WOW64) AppleWebKit/537.36 (KHTML, like Gecko) Chrome/114.0.0.0 Safari/537.36 Vivaldi/5.3.2679.68"
89.191.124.43 - - [25/Feb/2025:11:45:45 +0000] "GET /wp-login.php?action=register HTTP/1.1" 302 3120 "https://plantamadre.es" "Mozilla/5.0 (Windows NT 6.3; Win64; x64) AppleWebKit/537.36 (KHTML, like Gecko) Chrome/103.0.0.0 Safari/537.36"
89.191.124.43 - - [25/Feb/2025:11:45:50 +0000] "GET /wp-login.php?registration=disabled HTTP/1.1" 200 6170 "https://plantamadre.es/wp-login.php?action=register" "Mozilla/5.0 (Windows NT 6.3; Win64; x64) AppleWebKit/537.36 (KHTML, like Gecko) Chrome/103.0.0.0 Safari/537.36"
216.244.66.239 - - [25/Feb/2025:11:45:55 +0000] "GET /product/wombat/?add-to-cart=24893 HTTP/1.1" 200 251022 "-" "Mozilla/5.0 (compatible; DotBot/1.2; +https://opensiteexplorer.org/dotbot; help@moz.com)"
62.117.170.101 - - [25/Feb/2025:11:46:08 +0000] "POST /wp-admin/admin-ajax.php HTTP/1.1" 200 982 "https://plantamadre.es/wp-admin/post.php?post=25043&action=edit" "Mozilla/5.0 (Windows NT 10.0; Win64; x64) AppleWebKit/537.36 (KHTML, like Gecko) Chrome/133.0.0.0 Safari/537.36"
66.249.68.5 - - [25/Feb/2025:11:46:21 +0000] "GET /wp-content/uploads/2014/05/test-cocaina.png HTTP/1.1" 404 109070 "-" "Googlebot-Image/1.0"
146.190.157.162 - - [25/Feb/2025:11:46:31 +0000] "POST /wp-cron.php?doing_wp_cron=1740483991.5140650272369384765625 HTTP/1.1" 200 2850 "-" "WordPress/6.3.5; https://plantamadre.es"
216.244.66.239 - - [25/Feb/2025:11:46:29 +0000] "GET /product/wombat/?add-to-cart=24940 HTTP/1.1" 200 251011 "-" "Mozilla/5.0 (compatible; DotBot/1.2; +https://opensiteexplorer.org/dotbot; help@moz.com)"
216.244.66.239 - - [25/Feb/2025:11:47:00 +0000] "GET /product/blue-dream/?add-to-cart=24920 HTTP/1.1" 200 238774 "-" "Mozilla/5.0 (compatible; DotBot/1.2; +https://opensiteexplorer.org/dotbot; help@moz.com)"
146.190.157.162 - - [25/Feb/2025:11:47:31 +0000] "POST /wp-cron.php?doing_wp_cron=1740484051.0253889560699462890625 HTTP/1.1" 200 2850 "-" "WordPress/6.3.5; https://plantamadre.es"
216.244.66.239 - - [25/Feb/2025:11:47:29 +0000] "GET /product/blueberry-5-und/?add-to-cart=24953 HTTP/1.1" 200 238842 "-" "Mozilla/5.0 (compatible; DotBot/1.2; +https://opensiteexplorer.org/dotbot; help@moz.com)"
52.167.144.230 - - [25/Feb/2025:11:47:46 +0000] "GET /etiqueta-producto/hesi-styrater-kit/ HTTP/1.1" 404 109129 "-" "Mozilla/5.0 AppleWebKit/537.36 (KHTML, like Gecko; compatible; bingbot/2.0; +http://www.bing.com/bingbot.htm) Chrome/116.0.1938.76 Safari/537.36"
146.190.157.162 - - [25/Feb/2025:11:47:58 +0000] "POST /wp-cron.php?doing_wp_cron=1740484078.9690339565277099609375 HTTP/1.1" 200 2849 "-" "WordPress/6.3.5; https://plantamadre.es"
216.244.66.239 - - [25/Feb/2025:11:47:57 +0000] "GET /product/cafe-racer/?add-to-cart=24924 HTTP/1.1" 200 251340 "-" "Mozilla/5.0 (compatible; DotBot/1.2; +https://opensiteexplorer.org/dotbot; help@moz.com)"
62.117.170.101 - - [25/Feb/2025:11:48:09 +0000] "POST /wp-admin/admin-ajax.php HTTP/1.1" 200 982 "https://plantamadre.es/wp-admin/post.php?post=25043&action=edit" "Mozilla/5.0 (Windows NT 10.0; Win64; x64) AppleWebKit/537.36 (KHTML, like Gecko) Chrome/133.0.0.0 Safari/537.36"
66.249.68.7 - - [25/Feb/2025:11:48:25 +0000] "GET /shop/iluminacion/accesorios-iluminacion/ HTTP/1.1" 301 555 "-" "Mozilla/5.0 (Linux; Android 6.0.1; Nexus 5X Build/MMB29P) AppleWebKit/537.36 (KHTML, like Gecko) Chrome/133.0.6943.126 Mobile Safari/537.36 (compatible; Googlebot/2.1; +http://www.google.com/bot.html)"
216.244.66.239 - - [25/Feb/2025:11:48:23 +0000] "GET /product/girl-scout-cookies/?add-to-cart=24911 HTTP/1.1" 200 251272 "-" "Mozilla/5.0 (compatible; DotBot/1.2; +https://opensiteexplorer.org/dotbot; help@moz.com)"
66.249.68.7 - - [25/Feb/2025:11:48:26 +0000] "GET /shop/iluminacion/accesorios-iluminacion/ HTTP/1.1" 200 23876 "-" "Mozilla/5.0 (Linux; Android 6.0.1; Nexus 5X Build/MMB29P) AppleWebKit/537.36 (KHTML, like Gecko) Chrome/133.0.6943.126 Mobile Safari/537.36 (compatible; Googlebot/2.1; +http://www.google.com/bot.html)"
146.190.157.162 - - [25/Feb/2025:11:48:51 +0000] "POST /wp-cron.php?doing_wp_cron=1740484131.3620529174804687500000 HTTP/1.1" 200 2849 "-" "WordPress/6.3.5; https://plantamadre.es"
216.244.66.239 - - [25/Feb/2025:11:48:49 +0000] "GET /product/green-crack/?add-to-cart=24920 HTTP/1.1" 200 252608 "-" "Mozilla/5.0 (compatible; DotBot/1.2; +https://opensiteexplorer.org/dotbot; help@moz.com)"
216.244.66.239 - - [25/Feb/2025:11:49:14 +0000] "GET /product/jack-47/?add-to-cart=24893 HTTP/1.1" 200 247981 "-" "Mozilla/5.0 (compatible; DotBot/1.2; +https://opensiteexplorer.org/dotbot; help@moz.com)"
51.222.253.2 - - [25/Feb/2025:11:49:19 +0000] "GET /etiqueta-producto/poleas/?add-to-cart=6459 HTTP/1.1" 404 109043 "-" "Mozilla/5.0 (compatible; AhrefsBot/7.0; +http://ahrefs.com/robot/)"
146.190.157.162 - - [25/Feb/2025:11:49:44 +0000] "POST /wp-cron.php?doing_wp_cron=1740484184.7269949913024902343750 HTTP/1.1" 200 2850 "-" "WordPress/6.3.5; https://plantamadre.es"
216.244.66.239 - - [25/Feb/2025:11:49:43 +0000] "GET /product/jack-47/?add-to-cart=24928 HTTP/1.1" 200 248007 "-" "Mozilla/5.0 (compatible; DotBot/1.2; +https://opensiteexplorer.org/dotbot; help@moz.com)"
114.119.146.252 - - [25/Feb/2025:11:49:48 +0000] "GET /product/boveda-62-pack/ HTTP/1.1" 200 31673 "https://plantamadre.es/product/bolsa-aluminio-weekkies/" "Mozilla/5.0 (Linux; Android 7.0;) AppleWebKit/537.36 (KHTML, like Gecko) Mobile Safari/537.36 (compatible; PetalBot;+https://webmaster.petalsearch.com/site/petalbot)"
52.167.144.237 - - [25/Feb/2025:11:49:49 +0000] "GET /tienda/insecticidas/sbm-protect-home-insecticida-descarga-total-150ml/ HTTP/1.1" 404 109164 "-" "Mozilla/5.0 AppleWebKit/537.36 (KHTML, like Gecko; compatible; bingbot/2.0; +http://www.bing.com/bingbot.htm) Chrome/116.0.1938.76 Safari/537.36"
62.117.170.101 - - [25/Feb/2025:11:50:10 +0000] "POST /wp-admin/admin-ajax.php HTTP/1.1" 200 982 "https://plantamadre.es/wp-admin/post.php?post=25043&action=edit" "Mozilla/5.0 (Windows NT 10.0; Win64; x64) AppleWebKit/537.36 (KHTML, like Gecko) Chrome/133.0.0.0 Safari/537.36"
216.244.66.239 - - [25/Feb/2025:11:50:09 +0000] "GET /product/purple-punch-5-und/?add-to-cart=24913 HTTP/1.1" 200 238856 "-" "Mozilla/5.0 (compatible; DotBot/1.2; +https://opensiteexplorer.org/dotbot; help@moz.com)"
146.190.157.162 - - [25/Feb/2025:11:50:37 +0000] "POST /wp-cron.php?doing_wp_cron=1740484237.3563559055328369140625 HTTP/1.1" 200 2850 "-" "WordPress/6.3.5; https://plantamadre.es"
216.244.66.239 - - [25/Feb/2025:11:50:35 +0000] "GET /product/sour-diesel/?add-to-cart=24928 HTTP/1.1" 200 252236 "-" "Mozilla/5.0 (compatible; DotBot/1.2; +https://opensiteexplorer.org/dotbot; help@moz.com)"
216.244.66.239 - - [25/Feb/2025:11:51:00 +0000] "GET /wp-content/uploads/2025/01/sad2.png HTTP/1.1" 200 1315787 "-" "Mozilla/5.0 (compatible; DotBot/1.2; +https://opensiteexplorer.org/dotbot; help@moz.com)"
216.244.66.239 - - [25/Feb/2025:11:51:19 +0000] "GET /wp-content/uploads/2025/01/green-poison2-1.png HTTP/1.1" 200 1029506 "-" "Mozilla/5.0 (compatible; DotBot/1.2; +https://opensiteexplorer.org/dotbot; help@moz.com)"
146.190.157.162 - - [25/Feb/2025:11:51:40 +0000] "POST /wp-cron.php?doing_wp_cron=1740484300.0231540203094482421875 HTTP/1.1" 200 2851 "-" "WordPress/6.3.5; https://plantamadre.es"
216.244.66.239 - - [25/Feb/2025:11:51:38 +0000] "GET /shop/page/36/?add-to-cart=25022 HTTP/1.1" 200 146496 "-" "Mozilla/5.0 (compatible; DotBot/1.2; +https://opensiteexplorer.org/dotbot; help@moz.com)"
62.117.170.101 - - [25/Feb/2025:11:52:11 +0000] "POST /wp-admin/admin-ajax.php HTTP/1.1" 200 982 "https://plantamadre.es/wp-admin/post.php?post=25043&action=edit" "Mozilla/5.0 (Windows NT 10.0; Win64; x64) AppleWebKit/537.36 (KHTML, like Gecko) Chrome/133.0.0.0 Safari/537.36"
91.121.44.198 - - [25/Feb/2025:11:53:10 +0000] "POST /wp-login.php HTTP/1.1" 301 443 "http://plantamadre.es" "Mozilla/5.0 (Windows NT 10.0; Win64; x64; rv:126.0) Gecko/20100101 Firefox/126.0"
91.121.44.198 - - [25/Feb/2025:11:53:11 +0000] "GET /wp-login.php HTTP/1.1" 200 7283 "http://plantamadre.es" "Mozilla/5.0 (Windows NT 10.0; Win64; x64; rv:126.0) Gecko/20100101 Firefox/126.0"
62.117.170.101 - - [25/Feb/2025:11:54:12 +0000] "POST /wp-admin/admin-ajax.php HTTP/1.1" 200 3228 "https://plantamadre.es/wp-admin/post.php?post=25043&action=edit" "Mozilla/5.0 (Windows NT 10.0; Win64; x64) AppleWebKit/537.36 (KHTML, like Gecko) Chrome/133.0.0.0 Safari/537.36"
146.190.157.162 - - [25/Feb/2025:11:54:14 +0000] "POST /wp-cron.php?doing_wp_cron=1740484454.6119229793548583984375 HTTP/1.1" 200 2849 "-" "WordPress/6.3.5; https://plantamadre.es"
146.190.157.162 - - [25/Feb/2025:11:54:50 +0000] "POST /wp-cron.php?doing_wp_cron=1740484490.8978369235992431640625 HTTP/1.1" 200 2850 "-" "WordPress/6.3.5; https://plantamadre.es"
114.119.151.80 - - [25/Feb/2025:11:54:49 +0000] "GET /product/auto-bubbas-gift-5-und/ HTTP/1.1" 200 30892 "https://plantamadre.es/product/sweet-skunk-auto/" "Mozilla/5.0 (Linux; Android 7.0;) AppleWebKit/537.36 (KHTML, like Gecko) Mobile Safari/537.36 (compatible; PetalBot;+https://webmaster.petalsearch.com/site/petalbot)"
37.78.37.14 - - [25/Feb/2025:11:55:05 +0000] "GET /tienda/delicious/black-russian-feminizada-1-semilla/ HTTP/1.0" 403 2778 "https://el.remonts-spb.ru/remont-posudomoechnyh-mashin/ne-nabiraet-vodu/" "Mozilla/5.0 (Windows NT 6.3; Win64; x64) AppleWebKit/537.36 (KHTML, like Gecko) Chrome/103.0.5060.114 Safari/537.36"
37.78.37.14 - - [25/Feb/2025:11:55:08 +0000] "GET / HTTP/1.0" 403 2823 "https://el.remonts-spb.ru/remont-posudomoechnyh-mashin/ne-nabiraet-vodu/" "Mozilla/5.0 (Windows NT 6.3; Win64; x64) AppleWebKit/537.36 (KHTML, like Gecko) Chrome/103.0.5060.114 Safari/537.36"
66.249.68.7 - - [25/Feb/2025:11:55:21 +0000] "GET /wp-content/uploads/2013/09/caramelo1.png HTTP/1.1" 404 109068 "-" "Googlebot-Image/1.0"
85.192.161.161 - - [25/Feb/2025:11:55:40 +0000] "GET / HTTP/1.1" 403 3062 "-" "Mozilla/4.0 (compatible; MSIE 6.0; Windows NT 5.1; SV1)"
146.190.157.162 - - [25/Feb/2025:11:55:43 +0000] "POST /wp-cron.php?doing_wp_cron=1740484542.9953761100769042968750 HTTP/1.1" 200 2851 "-" "WordPress/6.3.5; https://plantamadre.es"
85.192.161.161 - - [25/Feb/2025:11:55:49 +0000] "GET / HTTP/1.1" 403 3062 "-" "Mozilla/4.0 (compatible; MSIE 6.0; Windows NT 5.1; SV1)"
85.192.161.161 - - [25/Feb/2025:11:55:55 +0000] "GET / HTTP/1.1" 403 3063 "-" "Mozilla/4.0 (compatible; MSIE 6.0; Windows NT 5.1; SV1)"
62.117.170.101 - - [25/Feb/2025:11:56:13 +0000] "POST /wp-admin/admin-ajax.php HTTP/1.1" 200 982 "https://plantamadre.es/wp-admin/post.php?post=25043&action=edit" "Mozilla/5.0 (Windows NT 10.0; Win64; x64) AppleWebKit/537.36 (KHTML, like Gecko) Chrome/133.0.0.0 Safari/537.36"
85.192.161.161 - - [25/Feb/2025:11:56:19 +0000] "GET / HTTP/1.1" 403 3062 "-" "Mozilla/4.0 (compatible; MSIE 6.0; Windows NT 5.1; SV1)"
85.192.161.161 - - [25/Feb/2025:11:56:27 +0000] "GET / HTTP/1.1" 403 3061 "-" "Mozilla/4.0 (compatible; MSIE 6.0; Windows NT 5.1; SV1)"
85.192.161.161 - - [25/Feb/2025:11:56:37 +0000] "GET / HTTP/1.1" 403 3061 "-" "Mozilla/4.0 (compatible; MSIE 6.0; Windows NT 5.1; SV1)"
146.190.157.162 - - [25/Feb/2025:11:56:39 +0000] "POST /wp-cron.php?doing_wp_cron=1740484599.2434430122375488281250 HTTP/1.1" 200 2850 "-" "WordPress/6.3.5; https://plantamadre.es"
85.192.161.161 - - [25/Feb/2025:11:56:51 +0000] "GET / HTTP/1.1" 403 3062 "-" "Mozilla/4.0 (compatible; MSIE 6.0; Windows NT 5.1; SV1)"
85.192.161.161 - - [25/Feb/2025:11:57:00 +0000] "GET / HTTP/1.1" 403 3061 "-" "Mozilla/4.0 (compatible; MSIE 6.0; Windows NT 5.1; SV1)"
77.75.76.161 - - [25/Feb/2025:11:57:01 +0000] "GET /robots.txt HTTP/1.1" 200 3066 "-" "Mozilla/5.0 (compatible; SeznamBot/4.0; +https://o-seznam.cz/napoveda/vyhledavani/en/seznambot-crawler/)"
77.75.76.161 - - [25/Feb/2025:11:57:01 +0000] "GET /productos/ HTTP/1.1" 200 33264 "-" "Mozilla/5.0 (compatible; SeznamBot/4.0; +https://o-seznam.cz/napoveda/vyhledavani/en/seznambot-crawler/)"
85.192.161.161 - - [25/Feb/2025:11:57:09 +0000] "GET / HTTP/1.1" 403 3061 "-" "Mozilla/4.0 (compatible; MSIE 6.0; Windows NT 5.1; SV1)"
85.192.161.161 - - [25/Feb/2025:11:57:12 +0000] "GET / HTTP/1.1" 403 3062 "-" "Mozilla/4.0 (compatible; MSIE 6.0; Windows NT 5.1; SV1)"
146.190.157.162 - - [25/Feb/2025:11:57:14 +0000] "POST /wp-cron.php?doing_wp_cron=1740484634.3043999671936035156250 HTTP/1.1" 200 2849 "-" "WordPress/6.3.5; https://plantamadre.es"
62.117.170.101 - - [25/Feb/2025:11:58:14 +0000] "POST /wp-admin/admin-ajax.php HTTP/1.1" 200 982 "https://plantamadre.es/wp-admin/post.php?post=25043&action=edit" "Mozilla/5.0 (Windows NT 10.0; Win64; x64) AppleWebKit/537.36 (KHTML, like Gecko) Chrome/133.0.0.0 Safari/537.36"
146.190.157.162 - - [25/Feb/2025:11:58:16 +0000] "POST /wp-cron.php?doing_wp_cron=1740484696.4164700508117675781250 HTTP/1.1" 200 2850 "-" "WordPress/6.3.5; https://plantamadre.es"
37.78.37.14 - - [25/Feb/2025:12:00:14 +0000] "GET /tienda/delicious/caramelo-feminizada-3-semillas/ HTTP/1.0" 403 2777 "https://spb.candy-rems.ru/remont-varochnyh-poverhnostey/ne-vklyuchaetsya/" "Mozilla/5.0 (Windows NT 10.0; Win64; x64) AppleWebKit/537.36 (KHTML, like Gecko) Chrome/103.0.5042.0 Safari/537.36"
62.117.170.101 - - [25/Feb/2025:12:00:15 +0000] "POST /wp-admin/admin-ajax.php HTTP/1.1" 200 1242 "https://plantamadre.es/wp-admin/post.php?post=25043&action=edit" "Mozilla/5.0 (Windows NT 10.0; Win64; x64) AppleWebKit/537.36 (KHTML, like Gecko) Chrome/133.0.0.0 Safari/537.36"
146.190.157.162 - - [25/Feb/2025:12:00:16 +0000] "POST /wp-cron.php?doing_wp_cron=1740484816.7133378982543945312500 HTTP/1.1" 200 2849 "-" "WordPress/6.3.5; https://plantamadre.es"
37.78.37.14 - - [25/Feb/2025:12:00:18 +0000] "GET / HTTP/1.0" 403 2824 "https://spb.candy-rems.ru/remont-varochnyh-poverhnostey/ne-vklyuchaetsya/" "Mozilla/5.0 (Windows NT 10.0; Win64; x64) AppleWebKit/537.36 (KHTML, like Gecko) Chrome/103.0.5042.0 Safari/537.36"
66.249.68.5 - - [25/Feb/2025:12:00:51 +0000] "GET /wp-content/uploads/2013/10/agrolite.png HTTP/1.1" 404 109028 "-" "Googlebot-Image/1.0"
146.190.157.162 - - [25/Feb/2025:12:00:53 +0000] "POST /wp-cron.php?doing_wp_cron=1740484853.5828769207000732421875 HTTP/1.1" 200 2850 "-" "WordPress/6.3.5; https://plantamadre.es"
37.78.37.14 - - [25/Feb/2025:12:01:49 +0000] "GET /tienda/dr-underground-semillas/dr-underground-king-kong-2-semillas-fem/ HTTP/1.0" 403 2778 "https://go.remonts-spb.ru/remont-elektromyasorubok/" "Mozilla/5.0 (Windows NT 10.0) AppleWebKit/537.36 (KHTML, like Gecko) Chrome/103.0.0.0 Safari/537.36"
146.190.157.162 - - [25/Feb/2025:12:01:51 +0000] "POST /wp-cron.php?doing_wp_cron=1740484911.1506350040435791015625 HTTP/1.1" 200 2849 "-" "WordPress/6.3.5; https://plantamadre.es"
37.78.37.14 - - [25/Feb/2025:12:01:53 +0000] "GET /tienda/dutch-passion/durban-poison-feminizada-10-semillas/ HTTP/1.0" 403 2777 "https://zs.tytmastera.ru/remont-morozilnykh-kamer/" "Mozilla/5.0 (Windows NT 6.3; Win64; x64) AppleWebKit/537.36 (KHTML, like Gecko) Chrome/103.0.0.0 Safari/537.36"
37.78.37.14 - - [25/Feb/2025:12:01:53 +0000] "GET / HTTP/1.0" 403 2823 "https://go.remonts-spb.ru/remont-elektromyasorubok/" "Mozilla/5.0 (Windows NT 10.0) AppleWebKit/537.36 (KHTML, like Gecko) Chrome/103.0.0.0 Safari/537.36"
37.78.37.14 - - [25/Feb/2025:12:01:56 +0000] "GET / HTTP/1.0" 403 2823 "https://zs.tytmastera.ru/remont-morozilnykh-kamer/" "Mozilla/5.0 (Windows NT 6.3; Win64; x64) AppleWebKit/537.36 (KHTML, like Gecko) Chrome/103.0.0.0 Safari/537.36"
89.110.120.233 - - [25/Feb/2025:12:02:17 +0000] "GET /tienda/b-a-c/b-a-c-final-solution-300ml/ HTTP/1.0" 403 2776 "https://plantamadre.es/tienda/b-a-c/b-a-c-final-solution-300ml/" "Mozilla/5.0 (Windows NT 10.0; Win64; x64) AppleWebKit/537.36 (KHTML, like Gecko) Chrome/131.0.0.0 Safari/537.36"
62.117.170.101 - - [25/Feb/2025:12:02:16 +0000] "POST /wp-admin/admin-ajax.php HTTP/1.1" 200 3228 "https://plantamadre.es/wp-admin/post.php?post=25043&action=edit" "Mozilla/5.0 (Windows NT 10.0; Win64; x64) AppleWebKit/537.36 (KHTML, like Gecko) Chrome/133.0.0.0 Safari/537.36"
146.190.157.162 - - [25/Feb/2025:12:02:18 +0000] "POST /wp-cron.php?doing_wp_cron=1740484938.6297540664672851562500 HTTP/1.1" 200 2851 "-" "WordPress/6.3.5; https://plantamadre.es"
89.110.120.233 - - [25/Feb/2025:12:02:19 +0000] "GET / HTTP/1.0" 403 2824 "https://plantamadre.es/tienda/b-a-c/b-a-c-final-solution-300ml/" "Mozilla/5.0 (Windows NT 10.0; Win64; x64) AppleWebKit/537.36 (KHTML, like Gecko) Chrome/131.0.0.0 Safari/537.36"
89.110.120.233 - - [25/Feb/2025:12:02:21 +0000] "GET / HTTP/1.0" 403 2824 "https://plantamadre.es/" "Mozilla/5.0 (Windows NT 10.0; Win64; x64) AppleWebKit/537.36 (KHTML, like Gecko) Chrome/131.0.0.0 Safari/537.36"
89.110.120.233 - - [25/Feb/2025:12:02:24 +0000] "GET / HTTP/1.0" 403 2824 "https://plantamadre.es/" "Mozilla/5.0 (Windows NT 10.0; Win64; x64) AppleWebKit/537.36 (KHTML, like Gecko) Chrome/131.0.0.0 Safari/537.36"
89.110.82.205 - - [25/Feb/2025:12:02:29 +0000] "GET /tienda/productos-especiales/masilla-cicatrizante-lila-balsam-150g/ HTTP/1.0" 403 2776 "https://plantamadre.es/tienda/productos-especiales/masilla-cicatrizante-lila-balsam-150g/" "Mozilla/5.0 (Windows NT 10.0; Win64; x64) AppleWebKit/537.36 (KHTML, like Gecko) Chrome/131.0.0.0 Safari/537.36 Avast/131.0.0.0"
146.190.157.162 - - [25/Feb/2025:12:02:31 +0000] "POST /wp-cron.php?doing_wp_cron=1740484951.4735379219055175781250 HTTP/1.1" 200 2851 "-" "WordPress/6.3.5; https://plantamadre.es"
89.110.82.205 - - [25/Feb/2025:12:02:33 +0000] "GET / HTTP/1.0" 403 2825 "https://plantamadre.es/tienda/productos-especiales/masilla-cicatrizante-lila-balsam-150g/" "Mozilla/5.0 (Windows NT 10.0; Win64; x64) AppleWebKit/537.36 (KHTML, like Gecko) Chrome/131.0.0.0 Safari/537.36 Avast/131.0.0.0"
89.110.82.205 - - [25/Feb/2025:12:02:35 +0000] "GET / HTTP/1.0" 403 2824 "https://plantamadre.es/" "Mozilla/5.0 (Windows NT 10.0; Win64; x64) AppleWebKit/537.36 (KHTML, like Gecko) Chrome/131.0.0.0 Safari/537.36 Avast/131.0.0.0"
89.110.82.205 - - [25/Feb/2025:12:02:38 +0000] "GET / HTTP/1.0" 403 2825 "https://plantamadre.es/" "Mozilla/5.0 (Windows NT 10.0; Win64; x64) AppleWebKit/537.36 (KHTML, like Gecko) Chrome/131.0.0.0 Safari/537.36 Avast/131.0.0.0"
62.117.170.101 - - [25/Feb/2025:12:04:17 +0000] "POST /wp-admin/admin-ajax.php HTTP/1.1" 200 982 "https://plantamadre.es/wp-admin/post.php?post=25043&action=edit" "Mozilla/5.0 (Windows NT 10.0; Win64; x64) AppleWebKit/537.36 (KHTML, like Gecko) Chrome/133.0.0.0 Safari/537.36"
146.190.157.162 - - [25/Feb/2025:12:04:19 +0000] "POST /wp-cron.php?doing_wp_cron=1740485059.2692480087280273437500 HTTP/1.1" 200 2850 "-" "WordPress/6.3.5; https://plantamadre.es"
66.249.68.7 - - [25/Feb/2025:12:04:21 +0000] "GET /wp-content/uploads/2024/12/NANO-MADRES.png HTTP/1.1" 200 255796 "-" "Googlebot-Image/1.0"
46.3.129.73 - - [25/Feb/2025:12:05:51 +0000] "GET /tienda/otros/ladrillo-coco-prensado-trichoderma-5-kg-70-l/ HTTP/1.1" 403 3016 "-" "Mozilla/5.0 (Windows NT 10.0; Win64; x64) AppleWebKit/537.36 (KHTML, like Gecko) Chrome/114.0.0.0 Safari/537.36 OPR/89.0.4447.51"
146.190.157.162 - - [25/Feb/2025:12:05:53 +0000] "POST /wp-cron.php?doing_wp_cron=1740485153.5597898960113525390625 HTTP/1.1" 200 2851 "-" "WordPress/6.3.5; https://plantamadre.es"
46.3.129.86 - - [25/Feb/2025:12:05:55 +0000] "GET /tienda/otros/ladrillo-coco-prensado-trichoderma-5-kg-70-l/ HTTP/1.1" 403 3015 "-" "Mozilla/5.0 (Windows NT 10.0; Win64; x64) AppleWebKit/537.36 (KHTML, like Gecko) Chrome/114.0.0.0 Safari/537.36 OPR/89.0.4447.51"
91.231.142.125 - - [25/Feb/2025:12:05:57 +0000] "GET /tienda/otros/ladrillo-coco-prensado-trichoderma-5-kg-70-l/ HTTP/1.1" 404 109110 "-" "Mozilla/5.0 (Windows NT 10.0; Win64; x64) AppleWebKit/537.36 (KHTML, like Gecko) Chrome/114.0.0.0 Safari/537.36 OPR/89.0.4447.51"
91.231.142.125 - - [25/Feb/2025:12:06:01 +0000] "GET / HTTP/1.1" 200 27147 "-" "Mozilla/5.0 (Windows NT 10.0; Win64; x64) AppleWebKit/537.36 (KHTML, like Gecko) Chrome/114.0.0.0 Safari/537.36 OPR/89.0.4447.51"
91.231.142.125 - - [25/Feb/2025:12:06:04 +0000] "GET /product/aire-acondicionado-electrogrow/ HTTP/1.1" 200 32871 "https://plantamadre.es" "Mozilla/5.0 (Windows NT 10.0; Win64; x64) AppleWebKit/537.36 (KHTML, like Gecko) Chrome/114.0.0.0 Safari/537.36 OPR/89.0.4447.51"
62.117.170.101 - - [25/Feb/2025:12:06:18 +0000] "POST /wp-admin/admin-ajax.php HTTP/1.1" 200 982 "https://plantamadre.es/wp-admin/post.php?post=25043&action=edit" "Mozilla/5.0 (Windows NT 10.0; Win64; x64) AppleWebKit/537.36 (KHTML, like Gecko) Chrome/133.0.0.0 Safari/537.36"
62.117.170.101 - - [25/Feb/2025:12:08:19 +0000] "POST /wp-admin/admin-ajax.php HTTP/1.1" 200 982 "https://plantamadre.es/wp-admin/post.php?post=25043&action=edit" "Mozilla/5.0 (Windows NT 10.0; Win64; x64) AppleWebKit/537.36 (KHTML, like Gecko) Chrome/133.0.0.0 Safari/537.36"
146.190.157.162 - - [25/Feb/2025:12:08:21 +0000] "POST /wp-cron.php?doing_wp_cron=1740485301.0740149021148681640625 HTTP/1.1" 200 2850 "-" "WordPress/6.3.5; https://plantamadre.es"
146.190.157.162 - - [25/Feb/2025:12:08:52 +0000] "POST /wp-cron.php?doing_wp_cron=1740485332.7811200618743896484375 HTTP/1.1" 200 2850 "-" "WordPress/6.3.5; https://plantamadre.es"
66.249.68.5 - - [25/Feb/2025:12:08:51 +0000] "GET /wp-content/uploads/2013/10/osram.png HTTP/1.1" 404 109064 "-" "Googlebot-Image/1.0"
146.190.157.162 - - [25/Feb/2025:12:10:14 +0000] "POST /wp-cron.php?doing_wp_cron=1740485414.4459869861602783203125 HTTP/1.1" 200 2850 "-" "WordPress/6.3.5; https://plantamadre.es"
45.166.207.206 - - [25/Feb/2025:12:10:12 +0000] "GET /tienda/insecticidas/prot-eco-bio-neem-300-ml/ HTTP/1.1" 404 108950 "https://plantamadre.es" "Mozilla/5.0 (Windows NT 10.0; Win64; x64) AppleWebKit/537.36 (KHTML, like Gecko) Chrome/62.0.3202.94 Safari/537.36"
62.117.170.101 - - [25/Feb/2025:12:10:20 +0000] "POST /wp-admin/admin-ajax.php HTTP/1.1" 200 982 "https://plantamadre.es/wp-admin/post.php?post=25043&action=edit" "Mozilla/5.0 (Windows NT 10.0; Win64; x64) AppleWebKit/537.36 (KHTML, like Gecko) Chrome/133.0.0.0 Safari/537.36"
37.78.37.14 - - [25/Feb/2025:12:10:28 +0000] "GET /tienda/b-a-c/b-a-c-funky-fungi-200-gr/ HTTP/1.0" 403 2777 "https://square.din-clowde.workers.dev/" "Mozilla/5.0 (Windows NT 10.0; Win64; x64) AppleWebKit/537.36 (KHTML, like Gecko) Chrome/103.0.5060.66 Safari/537.36"
37.78.37.14 - - [25/Feb/2025:12:10:30 +0000] "GET / HTTP/1.0" 403 2825 "https://square.din-clowde.workers.dev/" "Mozilla/5.0 (Windows NT 10.0; Win64; x64) AppleWebKit/537.36 (KHTML, like Gecko) Chrome/103.0.5060.66 Safari/537.36"
146.190.157.162 - - [25/Feb/2025:12:10:32 +0000] "POST /wp-cron.php?doing_wp_cron=1740485432.3173329830169677734375 HTTP/1.1" 200 2850 "-" "WordPress/6.3.5; https://plantamadre.es"
216.244.66.239 - - [25/Feb/2025:12:11:18 +0000] "GET /robots.txt HTTP/1.1" 301 439 "-" "Mozilla/5.0 (compatible; DotBot/1.2; +https://opensiteexplorer.org/dotbot; help@moz.com)"
216.244.66.239 - - [25/Feb/2025:12:11:18 +0000] "GET /robots.txt HTTP/1.1" 200 2885 "-" "Mozilla/5.0 (compatible; DotBot/1.2; +https://opensiteexplorer.org/dotbot; help@moz.com)"
146.190.157.162 - - [25/Feb/2025:12:11:45 +0000] "POST /wp-cron.php?doing_wp_cron=1740485505.9411730766296386718750 HTTP/1.1" 200 2850 "-" "WordPress/6.3.5; https://plantamadre.es"
76.105.168.78 - - [25/Feb/2025:12:11:43 +0000] "GET /tienda/600-w/kit-basico-600w-vanguads-hidroponicsbombilla-vanguads-hidroponics-creflo-reflector-pearl-pro-copiar/ HTTP/1.1" 404 109164 "-" "Mozilla/5.0 (Windows NT 10.0; Win64; x64) AppleWebKit/537.36 (KHTML, like Gecko) Chrome/114.0.0.0 Safari/537.36 Edg/114.0.1264.71"
76.105.168.78 - - [25/Feb/2025:12:11:48 +0000] "GET / HTTP/1.1" 200 27147 "-" "Mozilla/5.0 (Windows NT 10.0; Win64; x64) AppleWebKit/537.36 (KHTML, like Gecko) Chrome/114.0.0.0 Safari/537.36 Edg/114.0.1264.71"
76.105.168.78 - - [25/Feb/2025:12:11:58 +0000] "GET /wp-login.php?action=register HTTP/1.1" 200 7352 "https://plantamadre.es" "Mozilla/5.0 (Windows NT 6.3; Win64; x64) AppleWebKit/537.36 (KHTML, like Gecko) Chrome/103.0.0.0 Safari/537.36"
76.105.168.78 - - [25/Feb/2025:12:11:59 +0000] "GET /wp-login.php?action=register HTTP/1.1" 200 7351 "https://plantamadre.es/wp-login.php?action=register" "Mozilla/5.0 (Windows NT 6.3; Win64; x64) AppleWebKit/537.36 (KHTML, like Gecko) Chrome/103.0.0.0 Safari/537.36"
76.105.168.78 - - [25/Feb/2025:12:12:11 +0000] "POST /wp-login.php?jetpack-protect-recovery=true HTTP/1.1" 200 7315 "https://plantamadre.es/wp-login.php?action=register" "Mozilla/5.0 (Windows NT 6.3; Win64; x64) AppleWebKit/537.36 (KHTML, like Gecko) Chrome/103.0.0.0 Safari/537.36"
62.117.170.101 - - [25/Feb/2025:12:12:21 +0000] "POST /wp-admin/admin-ajax.php HTTP/1.1" 200 982 "https://plantamadre.es/wp-admin/post.php?post=25043&action=edit" "Mozilla/5.0 (Windows NT 10.0; Win64; x64) AppleWebKit/537.36 (KHTML, like Gecko) Chrome/133.0.0.0 Safari/537.36"
146.190.157.162 - - [25/Feb/2025:12:12:23 +0000] "POST /wp-cron.php?doing_wp_cron=1740485543.0549919605255126953125 HTTP/1.1" 200 2851 "-" "WordPress/6.3.5; https://plantamadre.es"
94.46.220.4 - - [25/Feb/2025:12:12:26 +0000] "GET /tienda/semillas/l-s-d-feminizada-10-semillas/ HTTP/1.0" 301 528 "http://plantamadre.es/tienda/semillas/l-s-d-feminizada-10-semillas/" "Mozilla/5.0 (Windows NT 10.0; Win64; x64) AppleWebKit/537.36 (KHTML, like Gecko) Chrome/130.0.0.0 Safari/537.36 CCleaner/130.0.0.0"
94.46.220.4 - - [25/Feb/2025:12:12:27 +0000] "GET /tienda/semillas/l-s-d-feminizada-10-semillas/ HTTP/1.0" 404 108812 "https://plantamadre.es/tienda/semillas/l-s-d-feminizada-10-semillas/" "Mozilla/5.0 (Windows NT 10.0; Win64; x64) AppleWebKit/537.36 (KHTML, like Gecko) Chrome/130.0.0.0 Safari/537.36 CCleaner/130.0.0.0"
146.190.157.162 - - [25/Feb/2025:12:12:34 +0000] "POST /wp-cron.php?doing_wp_cron=1740485554.2654509544372558593750 HTTP/1.1" 200 2851 "-" "WordPress/6.3.5; https://plantamadre.es"
94.46.220.4 - - [25/Feb/2025:12:12:32 +0000] "GET /contacto/ HTTP/1.0" 200 196543 "https://plantamadre.es/contacto/" "Mozilla/5.0 (Windows NT 10.0; Win64; x64) AppleWebKit/537.36 (KHTML, like Gecko) Chrome/130.0.0.0 Safari/537.36 CCleaner/130.0.0.0"
94.46.220.4 - - [25/Feb/2025:12:12:38 +0000] "POST /contacto/ HTTP/1.0" 200 194637 "https://plantamadre.es/contacto/" "Mozilla/5.0 (Windows NT 10.0; Win64; x64) AppleWebKit/537.36 (KHTML, like Gecko) Chrome/130.0.0.0 Safari/537.36 CCleaner/130.0.0.0"
66.249.68.7 - - [25/Feb/2025:12:13:21 +0000] "GET /wp-content/uploads/2025/01/cream-caramel2.png HTTP/1.1" 200 940837 "-" "Googlebot-Image/1.0"
83.221.16.200 - - [25/Feb/2025:12:14:03 +0000] "GET /tienda/bandejas/bandeja-flexible-120x120x10/ HTTP/1.0" 403 2776 "https://plantamadre.es/tienda/bandejas/bandeja-flexible-120x120x10/" "Mozilla/5.0 (Windows NT 10.0; Win64; x64) AppleWebKit/537.36 (KHTML, like Gecko) Chrome/131.0.0.0 Safari/537.36"
146.190.157.162 - - [25/Feb/2025:12:14:05 +0000] "POST /wp-cron.php?doing_wp_cron=1740485645.4190709590911865234375 HTTP/1.1" 200 2850 "-" "WordPress/6.3.5; https://plantamadre.es"
83.221.16.200 - - [25/Feb/2025:12:14:07 +0000] "GET / HTTP/1.0" 403 2824 "https://plantamadre.es/tienda/bandejas/bandeja-flexible-120x120x10/" "Mozilla/5.0 (Windows NT 10.0; Win64; x64) AppleWebKit/537.36 (KHTML, like Gecko) Chrome/131.0.0.0 Safari/537.36"
83.221.16.200 - - [25/Feb/2025:12:14:09 +0000] "GET / HTTP/1.0" 403 2823 "https://plantamadre.es/" "Mozilla/5.0 (Windows NT 10.0; Win64; x64) AppleWebKit/537.36 (KHTML, like Gecko) Chrome/131.0.0.0 Safari/537.36"
83.221.16.200 - - [25/Feb/2025:12:14:11 +0000] "GET / HTTP/1.0" 403 2823 "https://plantamadre.es/" "Mozilla/5.0 (Windows NT 10.0; Win64; x64) AppleWebKit/537.36 (KHTML, like Gecko) Chrome/131.0.0.0 Safari/537.36"
85.208.96.204 - - [25/Feb/2025:12:14:18 +0000] "GET /product/extractor-silenciador-metalico-iso-max-3-velocidades/ HTTP/1.1" 301 560 "-" "Mozilla/5.0 (compatible; SemrushBot/7~bl; +http://www.semrush.com/bot.html)"
85.208.96.194 - - [25/Feb/2025:12:14:19 +0000] "GET /product/extractor-silenciador-metalico-iso-max-3-velocidades/ HTTP/1.1" 200 33939 "-" "Mozilla/5.0 (compatible; SemrushBot/7~bl; +http://www.semrush.com/bot.html)"
62.117.170.101 - - [25/Feb/2025:12:14:22 +0000] "POST /wp-admin/admin-ajax.php HTTP/1.1" 200 982 "https://plantamadre.es/wp-admin/post.php?post=25043&action=edit" "Mozilla/5.0 (Windows NT 10.0; Win64; x64) AppleWebKit/537.36 (KHTML, like Gecko) Chrome/133.0.0.0 Safari/537.36"
89.110.120.233 - - [25/Feb/2025:12:15:32 +0000] "GET /tienda/productos-especiales/masilla-cicatrizante-lila-balsam-150g/ HTTP/1.0" 403 2777 "https://plantamadre.es/tienda/productos-especiales/masilla-cicatrizante-lila-balsam-150g/" "Mozilla/5.0 (Windows NT 10.0; Win64; x64) AppleWebKit/537.36 (KHTML, like Gecko) Chrome/130.0.0.0 Safari/537.36 CCleaner/130.0.0.0"
146.190.157.162 - - [25/Feb/2025:12:15:34 +0000] "POST /wp-cron.php?doing_wp_cron=1740485734.6280689239501953125000 HTTP/1.1" 200 2850 "-" "WordPress/6.3.5; https://plantamadre.es"
89.110.120.233 - - [25/Feb/2025:12:15:36 +0000] "GET / HTTP/1.0" 403 2823 "https://plantamadre.es/tienda/productos-especiales/masilla-cicatrizante-lila-balsam-150g/" "Mozilla/5.0 (Windows NT 10.0; Win64; x64) AppleWebKit/537.36 (KHTML, like Gecko) Chrome/130.0.0.0 Safari/537.36 CCleaner/130.0.0.0"
89.110.120.233 - - [25/Feb/2025:12:15:38 +0000] "GET / HTTP/1.0" 403 2823 "https://plantamadre.es/" "Mozilla/5.0 (Windows NT 10.0; Win64; x64) AppleWebKit/537.36 (KHTML, like Gecko) Chrome/130.0.0.0 Safari/537.36 CCleaner/130.0.0.0"
89.110.120.233 - - [25/Feb/2025:12:15:41 +0000] "GET / HTTP/1.0" 403 2824 "https://plantamadre.es/" "Mozilla/5.0 (Windows NT 10.0; Win64; x64) AppleWebKit/537.36 (KHTML, like Gecko) Chrome/130.0.0.0 Safari/537.36 CCleaner/130.0.0.0"
62.117.170.101 - - [25/Feb/2025:12:16:23 +0000] "POST /wp-admin/admin-ajax.php HTTP/1.1" 200 982 "https://plantamadre.es/wp-admin/post.php?post=25043&action=edit" "Mozilla/5.0 (Windows NT 10.0; Win64; x64) AppleWebKit/537.36 (KHTML, like Gecko) Chrome/133.0.0.0 Safari/537.36"
65.109.35.215 - - [25/Feb/2025:12:16:45 +0000] "POST /wp-login.php HTTP/1.1" 301 443 "http://plantamadre.es" "Mozilla/5.0 (Macintosh; Intel Mac OS X 14_4_1) AppleWebKit/605.1.15 (KHTML, like Gecko) Version/17.3.1 Safari/605.1.15"
65.109.35.215 - - [25/Feb/2025:12:16:46 +0000] "GET /wp-login.php HTTP/1.1" 200 7285 "http://plantamadre.es" "Mozilla/5.0 (Macintosh; Intel Mac OS X 14_4_1) AppleWebKit/605.1.15 (KHTML, like Gecko) Version/17.3.1 Safari/605.1.15"
146.190.157.162 - - [25/Feb/2025:12:16:49 +0000] "POST /wp-cron.php?doing_wp_cron=1740485809.5500259399414062500000 HTTP/1.1" 200 2849 "-" "WordPress/6.3.5; https://plantamadre.es"
51.222.253.13 - - [25/Feb/2025:12:16:48 +0000] "GET /etiqueta-producto/semillas-de-cannabis/page/53/?add-to-cart=5658 HTTP/1.1" 404 109066 "-" "Mozilla/5.0 (compatible; AhrefsBot/7.0; +http://ahrefs.com/robot/)"
85.208.98.23 - - [25/Feb/2025:12:16:54 +0000] "GET /robots.txt HTTP/1.1" 301 439 "-" "Mozilla/5.0 (compatible; SemrushBot-BA; +http://www.semrush.com/bot.html)"
85.208.98.23 - - [25/Feb/2025:12:16:54 +0000] "GET /robots.txt HTTP/1.1" 200 2981 "http://plantamadre.es/robots.txt" "Mozilla/5.0 (compatible; SemrushBot-BA; +http://www.semrush.com/bot.html)"
185.191.171.17 - - [25/Feb/2025:12:17:03 +0000] "GET /mi-cuenta/ HTTP/1.1" 200 23323 "-" "Mozilla/5.0 (compatible; SemrushBot/7~bl; +http://www.semrush.com/bot.html)"
146.190.157.162 - - [25/Feb/2025:12:18:00 +0000] "POST /wp-cron.php?doing_wp_cron=1740485880.7651689052581787109375 HTTP/1.1" 200 2849 "-" "WordPress/6.3.5; https://plantamadre.es"
85.208.98.20 - - [25/Feb/2025:12:17:58 +0000] "GET /tienda/paradise-seeds/paradise-seeds-atomical-haze-5-semillas-fem/ HTTP/1.1" 404 109037 "-" "Mozilla/5.0 (compatible; SemrushBot-BA; +http://www.semrush.com/bot.html)"
40.77.167.159 - - [25/Feb/2025:12:18:08 +0000] "GET /tienda/co2/generador-de-co2-4-quemadores/ HTTP/1.1" 404 109135 "-" "Mozilla/5.0 AppleWebKit/537.36 (KHTML, like Gecko; compatible; bingbot/2.0; +http://www.bing.com/bingbot.htm) Chrome/116.0.1938.76 Safari/537.36"
85.208.98.24 - - [25/Feb/2025:12:18:19 +0000] "GET /tienda/eva-seeds/nexus-feminizada-3-semillas/ HTTP/1.1" 404 109016 "-" "Mozilla/5.0 (compatible; SemrushBot-BA; +http://www.semrush.com/bot.html)"
146.255.62.140 - - [25/Feb/2025:12:18:21 +0000] "POST /xmlrpc.php HTTP/1.1" 200 3336 "-" "Mozilla/5.0 (Linux; Android 6.0.1; RedMi Note 5 Build/RB3N5C; wv) AppleWebKit/537.36 (KHTML, like Gecko) Version/4.0 Chrome/68.0.3440.91 Mobile Safari/537.36"
62.117.170.101 - - [25/Feb/2025:12:18:24 +0000] "POST /wp-admin/admin-ajax.php HTTP/1.1" 200 982 "https://plantamadre.es/wp-admin/post.php?post=25043&action=edit" "Mozilla/5.0 (Windows NT 10.0; Win64; x64) AppleWebKit/537.36 (KHTML, like Gecko) Chrome/133.0.0.0 Safari/537.36"
151.14.41.196 - - [25/Feb/2025:12:18:37 +0000] "POST /xmlrpc.php HTTP/1.1" 200 3337 "-" "Mozilla/5.0 (X11; Ubuntu; Linux i686; rv:24.0) Gecko/20100101 Firefox/24.0"
146.190.157.162 - - [25/Feb/2025:12:18:38 +0000] "POST /wp-cron.php?doing_wp_cron=1740485918.9532649517059326171875 HTTP/1.1" 200 2850 "-" "WordPress/6.3.5; https://plantamadre.es"
85.208.98.31 - - [25/Feb/2025:12:18:48 +0000] "GET /tienda/dutch-passion/durban-poison-feminizada-10-semillas/ HTTP/1.1" 404 109028 "-" "Mozilla/5.0 (compatible; SemrushBot-BA; +http://www.semrush.com/bot.html)"
134.119.244.251 - - [25/Feb/2025:12:18:58 +0000] "POST /xmlrpc.php HTTP/1.1" 200 3338 "-" "Mozilla/5.0 (Windows NT 10.0; Win64; x64) AppleWebKit/537.36 (KHTML, like Gecko) Chrome/74.0.3729.131 Safari/537.36"
149.86.69.205 - - [25/Feb/2025:12:19:00 +0000] "POST /xmlrpc.php HTTP/1.1" 200 3336 "-" "Mozilla/5.0 (Windows NT 10.0; Win64; x64) AppleWebKit/537.36 (KHTML, like Gecko) Chrome/57.0.2987.133 Safari/537.36"
23.82.125.145 - - [25/Feb/2025:12:19:05 +0000] "POST /xmlrpc.php HTTP/1.1" 200 3337 "-" "Mozilla/5.0 (Windows NT 6.1; WOW64; rv:44.0) Gecko/20100101 Firefox/44.0"
154.26.129.125 - - [25/Feb/2025:12:19:05 +0000] "POST /xmlrpc.php HTTP/1.1" 200 3336 "-" "Mozilla/5.0 (Windows NT 10.0; Win64; x64) AppleWebKit/537.36 (KHTML, like Gecko) Chrome/61.0.3163.100 Safari/537.36"
192.142.10.169 - - [25/Feb/2025:12:19:13 +0000] "POST /xmlrpc.php HTTP/1.1" 200 3337 "-" "Mozilla/5.0 (Windows NT 10.0; Win64; x64) AppleWebKit/537.36 (KHTML, like Gecko) Chrome/72.0.3626.121 Safari/537.36"
85.208.98.19 - - [25/Feb/2025:12:19:17 +0000] "GET /tienda/semillas/dr-grinspoon-feminizada-10-semillas/ HTTP/1.1" 404 109022 "-" "Mozilla/5.0 (compatible; SemrushBot-BA; +http://www.semrush.com/bot.html)"
146.190.157.162 - - [25/Feb/2025:12:19:29 +0000] "POST /wp-cron.php?doing_wp_cron=1740485969.5915338993072509765625 HTTP/1.1" 200 2850 "-" "WordPress/6.3.5; https://plantamadre.es"
85.208.98.31 - - [25/Feb/2025:12:19:28 +0000] "GET /tienda/utensil-de-cosecha/tijeras-bud-clean-punta-curva/ HTTP/1.1" 404 109027 "-" "Mozilla/5.0 (compatible; SemrushBot-BA; +http://www.semrush.com/bot.html)"
85.208.98.20 - - [25/Feb/2025:12:19:55 +0000] "GET /tienda/00-seeds-bank-semillas/00-seeds-caramel-kush-5und-fem/ HTTP/1.1" 404 109033 "-" "Mozilla/5.0 (compatible; SemrushBot-BA; +http://www.semrush.com/bot.html)"
85.208.98.22 - - [25/Feb/2025:12:20:08 +0000] "GET /tienda/eva-seeds/eva-seeds-white-dragon-3-semillas-fem/ HTTP/1.1" 404 109025 "-" "Mozilla/5.0 (compatible; SemrushBot-BA; +http://www.semrush.com/bot.html)"
62.117.170.101 - - [25/Feb/2025:12:20:25 +0000] "POST /wp-admin/admin-ajax.php HTTP/1.1" 200 982 "https://plantamadre.es/wp-admin/post.php?post=25043&action=edit" "Mozilla/5.0 (Windows NT 10.0; Win64; x64) AppleWebKit/537.36 (KHTML, like Gecko) Chrome/133.0.0.0 Safari/537.36"
66.249.68.7 - - [25/Feb/2025:12:22:21 +0000] "GET /wp-content/uploads/2016/09/lightrail-kit.png HTTP/1.1" 404 109072 "-" "Googlebot-Image/1.0"
146.190.157.162 - - [25/Feb/2025:12:22:23 +0000] "POST /wp-cron.php?doing_wp_cron=1740486143.5936179161071777343750 HTTP/1.1" 200 2849 "-" "WordPress/6.3.5; https://plantamadre.es"
62.117.170.101 - - [25/Feb/2025:12:22:26 +0000] "POST /wp-admin/admin-ajax.php HTTP/1.1" 200 982 "https://plantamadre.es/wp-admin/post.php?post=25043&action=edit" "Mozilla/5.0 (Windows NT 10.0; Win64; x64) AppleWebKit/537.36 (KHTML, like Gecko) Chrome/133.0.0.0 Safari/537.36"
62.117.170.101 - - [25/Feb/2025:12:24:27 +0000] "POST /wp-admin/admin-ajax.php HTTP/1.1" 200 3228 "https://plantamadre.es/wp-admin/post.php?post=25043&action=edit" "Mozilla/5.0 (Windows NT 10.0; Win64; x64) AppleWebKit/537.36 (KHTML, like Gecko) Chrome/133.0.0.0 Safari/537.36"
146.190.157.162 - - [25/Feb/2025:12:24:29 +0000] "POST /wp-cron.php?doing_wp_cron=1740486269.0903220176696777343750 HTTP/1.1" 200 2851 "-" "WordPress/6.3.5; https://plantamadre.es"
146.190.157.162 - - [25/Feb/2025:12:25:33 +0000] "POST /wp-cron.php?doing_wp_cron=1740486333.1000490188598632812500 HTTP/1.1" 200 2851 "-" "WordPress/6.3.5; https://plantamadre.es"
178.159.37.28 - - [25/Feb/2025:12:25:31 +0000] "GET /tienda/autopot/autopot-estera-coco-prensado-58x51cm/ HTTP/1.0" 404 108820 "https://plantamadre.es/tienda/autopot/autopot-estera-coco-prensado-58x51cm/" "Mozilla/5.0 (Windows NT 6.1; WOW64) AppleWebKit/537.36 (KHTML, like Gecko) Chrome/61.0.3163.100 YaBrowser/17.10.1.1204 Yowser/2.5 Safari/537.36"
135.181.15.80 - - [25/Feb/2025:12:25:34 +0000] "GET /tienda/ghe-fertilizantes/ghe-bioroots-60ml-potenciador/ HTTP/1.0" 404 108822 "https://plantamadre.es/tienda/ghe-fertilizantes/ghe-bioroots-60ml-potenciador/" "Mozilla/5.0 (Windows NT 10.0; Win64; x64) AppleWebKit/537.36 (KHTML, like Gecko) Chrome/129.0.0.0 Safari/537.36"
62.117.170.101 - - [25/Feb/2025:12:26:28 +0000] "POST /wp-admin/admin-ajax.php HTTP/1.1" 200 982 "https://plantamadre.es/wp-admin/post.php?post=25043&action=edit" "Mozilla/5.0 (Windows NT 10.0; Win64; x64) AppleWebKit/537.36 (KHTML, like Gecko) Chrome/133.0.0.0 Safari/537.36"
77.232.36.34 - - [25/Feb/2025:12:26:59 +0000] "GET /tienda/00-seeds-bank-semillas/00-seeds-caramel-kush-5und-fem/ HTTP/1.0" 403 2776 "https://plantamadre.es/tienda/00-seeds-bank-semillas/00-seeds-caramel-kush-5und-fem/" "Mozilla/5.0 (Windows NT 10.0; Win64; x64) AppleWebKit/537.36 (KHTML, like Gecko) Chrome/130.0.0.0 Safari/537.36"
146.190.157.162 - - [25/Feb/2025:12:27:01 +0000] "POST /wp-cron.php?doing_wp_cron=1740486421.7291719913482666015625 HTTP/1.1" 200 2850 "-" "WordPress/6.3.5; https://plantamadre.es"
77.232.36.34 - - [25/Feb/2025:12:27:03 +0000] "GET / HTTP/1.0" 403 2824 "https://plantamadre.es/tienda/00-seeds-bank-semillas/00-seeds-caramel-kush-5und-fem/" "Mozilla/5.0 (Windows NT 10.0; Win64; x64) AppleWebKit/537.36 (KHTML, like Gecko) Chrome/130.0.0.0 Safari/537.36"
77.232.36.34 - - [25/Feb/2025:12:27:06 +0000] "GET / HTTP/1.0" 403 2823 "https://plantamadre.es/" "Mozilla/5.0 (Windows NT 10.0; Win64; x64) AppleWebKit/537.36 (KHTML, like Gecko) Chrome/130.0.0.0 Safari/537.36"
77.232.36.34 - - [25/Feb/2025:12:27:09 +0000] "GET / HTTP/1.0" 403 2823 "https://plantamadre.es/" "Mozilla/5.0 (Windows NT 10.0; Win64; x64) AppleWebKit/537.36 (KHTML, like Gecko) Chrome/130.0.0.0 Safari/537.36"
146.190.157.162 - - [25/Feb/2025:12:27:46 +0000] "POST /wp-cron.php?doing_wp_cron=1740486466.9051480293273925781250 HTTP/1.1" 200 2849 "-" "WordPress/6.3.5; https://plantamadre.es"
78.143.236.137 - - [25/Feb/2025:12:27:45 +0000] "GET /tienda/otros/ladrillo-coco-prensado-trichoderma-5-kg-70-l/ HTTP/1.1" 404 109108 "-" "Mozilla/5.0 (Windows NT 10.0; Win64; x64; rv:114.0) Gecko/20100101 Firefox/114.0"
78.143.236.137 - - [25/Feb/2025:12:27:51 +0000] "GET / HTTP/1.1" 200 27147 "-" "Mozilla/5.0 (Windows NT 10.0; Win64; x64; rv:114.0) Gecko/20100101 Firefox/114.0"
78.143.236.137 - - [25/Feb/2025:12:28:01 +0000] "GET /wp-login.php?action=register HTTP/1.1" 302 3119 "https://plantamadre.es" "Mozilla/5.0 (Windows NT 6.3; Win64; x64) AppleWebKit/537.36 (KHTML, like Gecko) Chrome/103.0.0.0 Safari/537.36"
146.190.157.162 - - [25/Feb/2025:12:28:03 +0000] "POST /wp-cron.php?doing_wp_cron=1740486483.0466670989990234375000 HTTP/1.1" 200 2850 "-" "WordPress/6.3.5; https://plantamadre.es"
78.143.236.137 - - [25/Feb/2025:12:28:06 +0000] "GET /wp-login.php?registration=disabled HTTP/1.1" 200 6170 "https://plantamadre.es/wp-login.php?action=register" "Mozilla/5.0 (Windows NT 6.3; Win64; x64) AppleWebKit/537.36 (KHTML, like Gecko) Chrome/103.0.0.0 Safari/537.36"
62.117.170.101 - - [25/Feb/2025:12:28:29 +0000] "POST /wp-admin/admin-ajax.php HTTP/1.1" 200 982 "https://plantamadre.es/wp-admin/post.php?post=25043&action=edit" "Mozilla/5.0 (Windows NT 10.0; Win64; x64) AppleWebKit/537.36 (KHTML, like Gecko) Chrome/133.0.0.0 Safari/537.36"
146.190.157.162 - - [25/Feb/2025:12:28:31 +0000] "POST /wp-cron.php?doing_wp_cron=1740486511.7442839145660400390625 HTTP/1.1" 200 2850 "-" "WordPress/6.3.5; https://plantamadre.es"
62.171.140.81 - - [25/Feb/2025:12:28:34 +0000] "GET /wp-login.php HTTP/1.1" 301 462 "-" "Mozilla/5.0 (X11; Fedora; Linux x86_64; rv:94.0) Gecko/20100101 Firefox/95.0"
62.171.140.81 - - [25/Feb/2025:12:28:35 +0000] "GET /wp-login.php HTTP/1.1" 200 5822 "http://plantamadre.es/wp-login.php" "Mozilla/5.0 (X11; Fedora; Linux x86_64; rv:94.0) Gecko/20100101 Firefox/95.0"
62.171.140.81 - - [25/Feb/2025:12:28:38 +0000] "GET /wp-login.php HTTP/1.1" 200 5827 "-" "Mozilla/5.0 (X11; Fedora; Linux x86_64; rv:94.0) Gecko/20100101 Firefox/95.0"
62.171.140.81 - - [25/Feb/2025:12:28:40 +0000] "POST /wp-login.php HTTP/1.1" 401 6285 "-" "Mozilla/5.0 (X11; Fedora; Linux x86_64; rv:94.0) Gecko/20100101 Firefox/95.0"
77.232.36.34 - - [25/Feb/2025:12:29:30 +0000] "GET /tienda/00-seeds-bank/00-seeds-auto-mix-5und/ HTTP/1.0" 403 2777 "https://plantamadre.es/tienda/00-seeds-bank/00-seeds-auto-mix-5und/" "Mozilla/5.0 (Windows NT 10.0; Win64; x64) AppleWebKit/537.36 (KHTML, like Gecko) Chrome/131.0.0.0 Safari/537.36"
146.190.157.162 - - [25/Feb/2025:12:29:31 +0000] "POST /wp-cron.php?doing_wp_cron=1740486571.5767040252685546875000 HTTP/1.1" 200 2851 "-" "WordPress/6.3.5; https://plantamadre.es"
77.232.36.34 - - [25/Feb/2025:12:29:33 +0000] "GET / HTTP/1.0" 403 2824 "https://plantamadre.es/tienda/00-seeds-bank/00-seeds-auto-mix-5und/" "Mozilla/5.0 (Windows NT 10.0; Win64; x64) AppleWebKit/537.36 (KHTML, like Gecko) Chrome/131.0.0.0 Safari/537.36"
77.232.36.34 - - [25/Feb/2025:12:29:36 +0000] "GET / HTTP/1.0" 403 2824 "https://plantamadre.es/" "Mozilla/5.0 (Windows NT 10.0; Win64; x64) AppleWebKit/537.36 (KHTML, like Gecko) Chrome/131.0.0.0 Safari/537.36"
77.232.36.34 - - [25/Feb/2025:12:29:38 +0000] "GET / HTTP/1.0" 403 2824 "https://plantamadre.es/" "Mozilla/5.0 (Windows NT 10.0; Win64; x64) AppleWebKit/537.36 (KHTML, like Gecko) Chrome/131.0.0.0 Safari/537.36"
77.232.36.34 - - [25/Feb/2025:12:29:48 +0000] "GET /tienda/balanzas/peso-fuzion-diablo-00175-gr/ HTTP/1.0" 403 2777 "https://plantamadre.es/tienda/balanzas/peso-fuzion-diablo-00175-gr/" "Mozilla/5.0 (Windows NT 10.0; Win64; x64) AppleWebKit/537.36 (KHTML, like Gecko) Chrome/131.0.0.0 Safari/537.36"
77.232.36.34 - - [25/Feb/2025:12:29:50 +0000] "GET / HTTP/1.0" 403 2825 "https://plantamadre.es/tienda/balanzas/peso-fuzion-diablo-00175-gr/" "Mozilla/5.0 (Windows NT 10.0; Win64; x64) AppleWebKit/537.36 (KHTML, like Gecko) Chrome/131.0.0.0 Safari/537.36"
77.232.36.34 - - [25/Feb/2025:12:29:53 +0000] "GET / HTTP/1.0" 403 2824 "https://plantamadre.es/" "Mozilla/5.0 (Windows NT 10.0; Win64; x64) AppleWebKit/537.36 (KHTML, like Gecko) Chrome/131.0.0.0 Safari/537.36"
77.232.36.34 - - [25/Feb/2025:12:29:55 +0000] "GET / HTTP/1.0" 403 2824 "https://plantamadre.es/" "Mozilla/5.0 (Windows NT 10.0; Win64; x64) AppleWebKit/537.36 (KHTML, like Gecko) Chrome/131.0.0.0 Safari/537.36"
62.117.170.101 - - [25/Feb/2025:12:30:30 +0000] "POST /wp-admin/admin-ajax.php HTTP/1.1" 200 3228 "https://plantamadre.es/wp-admin/post.php?post=25043&action=edit" "Mozilla/5.0 (Windows NT 10.0; Win64; x64) AppleWebKit/537.36 (KHTML, like Gecko) Chrome/133.0.0.0 Safari/537.36"
146.190.157.162 - - [25/Feb/2025:12:30:32 +0000] "POST /wp-cron.php?doing_wp_cron=1740486632.6036159992218017578125 HTTP/1.1" 200 2849 "-" "WordPress/6.3.5; https://plantamadre.es"
77.232.36.34 - - [25/Feb/2025:12:31:06 +0000] "GET /tienda/00-seeds-bank/00-seeds-auto-chocolate-skunk-5und/ HTTP/1.0" 403 2777 "https://plantamadre.es/tienda/00-seeds-bank/00-seeds-auto-chocolate-skunk-5und/" "Mozilla/5.0 (Windows NT 10.0; Win64; x64) AppleWebKit/537.36 (KHTML, like Gecko) Chrome/131.0.0.0 Safari/537.36 Avast/131.0.0.0"
146.190.157.162 - - [25/Feb/2025:12:31:07 +0000] "POST /wp-cron.php?doing_wp_cron=1740486667.7906579971313476562500 HTTP/1.1" 200 2850 "-" "WordPress/6.3.5; https://plantamadre.es"
77.232.36.34 - - [25/Feb/2025:12:31:09 +0000] "GET / HTTP/1.0" 403 2824 "https://plantamadre.es/tienda/00-seeds-bank/00-seeds-auto-chocolate-skunk-5und/" "Mozilla/5.0 (Windows NT 10.0; Win64; x64) AppleWebKit/537.36 (KHTML, like Gecko) Chrome/131.0.0.0 Safari/537.36 Avast/131.0.0.0"
77.232.36.34 - - [25/Feb/2025:12:31:11 +0000] "GET / HTTP/1.0" 403 2825 "https://plantamadre.es/" "Mozilla/5.0 (Windows NT 10.0; Win64; x64) AppleWebKit/537.36 (KHTML, like Gecko) Chrome/131.0.0.0 Safari/537.36 Avast/131.0.0.0"
77.232.36.34 - - [25/Feb/2025:12:31:14 +0000] "GET / HTTP/1.0" 403 2823 "https://plantamadre.es/" "Mozilla/5.0 (Windows NT 10.0; Win64; x64) AppleWebKit/537.36 (KHTML, like Gecko) Chrome/131.0.0.0 Safari/537.36 Avast/131.0.0.0"
66.249.68.5 - - [25/Feb/2025:12:31:21 +0000] "GET /wp-content/uploads/2013/12/voodoo-juice.png HTTP/1.1" 404 109070 "-" "Googlebot-Image/1.0"
62.117.170.101 - - [25/Feb/2025:12:32:31 +0000] "POST /wp-admin/admin-ajax.php HTTP/1.1" 200 982 "https://plantamadre.es/wp-admin/post.php?post=25043&action=edit" "Mozilla/5.0 (Windows NT 10.0; Win64; x64) AppleWebKit/537.36 (KHTML, like Gecko) Chrome/133.0.0.0 Safari/537.36"
146.190.157.162 - - [25/Feb/2025:12:32:33 +0000] "POST /wp-cron.php?doing_wp_cron=1740486753.1502048969268798828125 HTTP/1.1" 200 2850 "-" "WordPress/6.3.5; https://plantamadre.es"
146.190.157.162 - - [25/Feb/2025:12:33:39 +0000] "POST /wp-cron.php?doing_wp_cron=1740486819.3378980159759521484375 HTTP/1.1" 200 2849 "-" "WordPress/6.3.5; https://plantamadre.es"
196.51.136.16 - - [25/Feb/2025:12:33:37 +0000] "GET / HTTP/1.1" 200 146521 "-" "Mozilla/5.0 (Windows NT 10.0; Win64; x64) AppleWebKit/537.36 (KHTML, like Gecko) Chrome/97.0.4692.71 Safari/537.36"
62.117.170.101 - - [25/Feb/2025:12:34:32 +0000] "POST /wp-admin/admin-ajax.php HTTP/1.1" 200 982 "https://plantamadre.es/wp-admin/post.php?post=25043&action=edit" "Mozilla/5.0 (Windows NT 10.0; Win64; x64) AppleWebKit/537.36 (KHTML, like Gecko) Chrome/133.0.0.0 Safari/537.36"
146.190.157.162 - - [25/Feb/2025:12:34:34 +0000] "POST /wp-cron.php?doing_wp_cron=1740486874.1061899662017822265625 HTTP/1.1" 200 2850 "-" "WordPress/6.3.5; https://plantamadre.es"
195.154.52.32 - - [25/Feb/2025:12:35:16 +0000] "GET /tienda/00-seeds-bank-semillas/00-seeds-00-kush-5und-fem/ HTTP/1.1" 404 109104 "-" "Mozilla/5.0 (X11; Fedora; Linux x86_64; rv:114.0) Gecko/20100101 Firefox/114.0"
195.154.52.32 - - [25/Feb/2025:12:35:20 +0000] "GET / HTTP/1.1" 200 27146 "-" "Mozilla/5.0 (X11; Fedora; Linux x86_64; rv:114.0) Gecko/20100101 Firefox/114.0"
