146.190.157.162 - - [25/Feb/2025:14:34:26 +0000] "POST /wp-cron.php?doing_wp_cron=1740494066.3773179054260253906250 HTTP/1.1" 200 2851 "-" "WordPress/6.3.5; https://plantamadre.es"
185.220.100.246 - - [25/Feb/2025:14:34:23 +0000] "GET /comments/feed HTTP/1.1" 301 2926 "https://plantamadre.es/comments/feed" "Mozilla/5.0 (Windows NT 6.1; Win64; x64) AppleWebKit/537.36 (KHTML, like Gecko) Chrome/68.0.3427.0 Safari/537.36"
46.226.10.70 - - [25/Feb/2025:14:34:27 +0000] "GET /wp-login.php HTTP/1.1" 200 12480 "-" "Mozilla/5.0 (Windows NT 10.0; Win64; x64) AppleWebKit/537.36 (KHTML, like Gecko) Chrome/91.0.4472.114 Safari/537.36"
185.220.100.246 - - [25/Feb/2025:14:34:27 +0000] "GET /comments/feed/ HTTP/1.1" 200 1201 "https://plantamadre.es/comments/feed" "Mozilla/5.0 (Windows NT 6.1; Win64; x64) AppleWebKit/537.36 (KHTML, like Gecko) Chrome/68.0.3427.0 Safari/537.36"
46.226.10.70 - - [25/Feb/2025:14:34:29 +0000] "POST /wp-login.php HTTP/1.1" 401 6291 "https://plantamadre.es/wp-login.php" "Mozilla/5.0 (Windows NT 10.0; Win64; x64) AppleWebKit/537.36 (KHTML, like Gecko) Chrome/91.0.4472.114 Safari/537.36"
185.220.100.246 - - [25/Feb/2025:14:34:29 +0000] "GET /contacto HTTP/1.1" 301 2870 "https://plantamadre.es/contacto" "Mozilla/5.0 (Windows NT 6.1; Win64; x64) AppleWebKit/537.36 (KHTML, like Gecko) Chrome/68.0.3427.0 Safari/537.36"
146.190.157.162 - - [25/Feb/2025:14:34:31 +0000] "POST /wp-cron.php?doing_wp_cron=1740494071.4169549942016601562500 HTTP/1.1" 200 2850 "-" "WordPress/6.3.5; https://plantamadre.es"
185.220.100.246 - - [25/Feb/2025:14:34:30 +0000] "GET /contacto/ HTTP/1.1" 200 194157 "https://plantamadre.es/contacto" "Mozilla/5.0 (Windows NT 6.1; Win64; x64) AppleWebKit/537.36 (KHTML, like Gecko) Chrome/68.0.3427.0 Safari/537.36"
91.132.144.59 - - [25/Feb/2025:14:34:35 +0000] "POST /contacto HTTP/1.1" 200 196998 "https://plantamadre.es/contacto" "Mozilla/5.0 (Windows NT 6.1; Win64; x64) AppleWebKit/537.36 (KHTML, like Gecko) Chrome/68.0.3427.0 Safari/537.36"
91.132.144.59 - - [25/Feb/2025:14:34:38 +0000] "GET /feed HTTP/1.1" 301 2918 "https://plantamadre.es/feed" "Mozilla/5.0 (Windows NT 6.1; Win64; x64) AppleWebKit/537.36 (KHTML, like Gecko) Chrome/68.0.3427.0 Safari/537.36"
91.132.144.59 - - [25/Feb/2025:14:34:40 +0000] "GET /feed/ HTTP/1.1" 200 1597 "https://plantamadre.es/feed" "Mozilla/5.0 (Windows NT 6.1; Win64; x64) AppleWebKit/537.36 (KHTML, like Gecko) Chrome/68.0.3427.0 Safari/537.36"
114.119.144.72 - - [25/Feb/2025:14:34:41 +0000] "GET /shop33/?product-page=4 HTTP/1.1" 200 24357 "https://plantamadre.es/shop33/?product-page=2" "Mozilla/5.0 (Linux; Android 7.0;) AppleWebKit/537.36 (KHTML, like Gecko) Mobile Safari/537.36 (compatible; PetalBot;+https://webmaster.petalsearch.com/site/petalbot)"
91.132.144.59 - - [25/Feb/2025:14:34:43 +0000] "GET /home/feed HTTP/1.1" 301 2968 "https://plantamadre.es/home/feed" "Mozilla/5.0 (Windows NT 6.1; Win64; x64) AppleWebKit/537.36 (KHTML, like Gecko) Chrome/68.0.3427.0 Safari/537.36"
91.132.144.59 - - [25/Feb/2025:14:34:45 +0000] "GET /home/feed/ HTTP/1.1" 200 1385 "https://plantamadre.es/home/feed" "Mozilla/5.0 (Windows NT 6.1; Win64; x64) AppleWebKit/537.36 (KHTML, like Gecko) Chrome/68.0.3427.0 Safari/537.36"
192.42.116.192 - - [25/Feb/2025:14:34:47 +0000] "GET /product/aire-acondicionado-electrogrow HTTP/1.1" 301 2947 "https://plantamadre.es/product/aire-acondicionado-electrogrow" "Mozilla/5.0 (Windows NT 6.1; Win64; x64) AppleWebKit/537.36 (KHTML, like Gecko) Chrome/68.0.3427.0 Safari/537.36"
192.42.116.192 - - [25/Feb/2025:14:34:48 +0000] "GET /product/aire-acondicionado-electrogrow/ HTTP/1.1" 200 230540 "https://plantamadre.es/product/aire-acondicionado-electrogrow" "Mozilla/5.0 (Windows NT 6.1; Win64; x64) AppleWebKit/537.36 (KHTML, like Gecko) Chrome/68.0.3427.0 Safari/537.36"
192.42.116.192 - - [25/Feb/2025:14:34:52 +0000] "GET /product/deshumidificador-electrogrow HTTP/1.1" 301 2944 "https://plantamadre.es/product/deshumidificador-electrogrow" "Mozilla/5.0 (Windows NT 6.1; Win64; x64) AppleWebKit/537.36 (KHTML, like Gecko) Chrome/68.0.3427.0 Safari/537.36"
65.21.232.254 - - [25/Feb/2025:14:34:52 +0000] "GET /tienda/delicious-semillas-autoflorecientes/delicious-seeds-la-diva-3%E2%99%80/?add-to-cart=4955 HTTP/1.1" 404 108926 "-" "Mozilla/5.0 (compatible; MJ12bot/v1.4.8; http://mj12bot.com/)"
192.42.116.192 - - [25/Feb/2025:14:34:53 +0000] "GET /product/deshumidificador-electrogrow/ HTTP/1.1" 200 294356 "https://plantamadre.es/product/deshumidificador-electrogrow" "Mozilla/5.0 (Windows NT 6.1; Win64; x64) AppleWebKit/537.36 (KHTML, like Gecko) Chrome/68.0.3427.0 Safari/537.36"
65.21.232.254 - - [25/Feb/2025:14:34:57 +0000] "GET /tienda/delicious-semillas-autoflorecientes/delicious-seeds-la-diva-3%E2%99%80/?add-to-cart=4958 HTTP/1.1" 404 108925 "-" "Mozilla/5.0 (compatible; MJ12bot/v1.4.8; http://mj12bot.com/)"
192.42.116.180 - - [25/Feb/2025:14:34:58 +0000] "GET /product/extractor-cornwall-linea HTTP/1.1" 301 2939 "https://plantamadre.es/product/extractor-cornwall-linea" "Mozilla/5.0 (Windows NT 6.1; Win64; x64) AppleWebKit/537.36 (KHTML, like Gecko) Chrome/68.0.3427.0 Safari/537.36"
192.42.116.180 - - [25/Feb/2025:14:34:59 +0000] "GET /product/extractor-cornwall-linea/ HTTP/1.1" 200 230299 "https://plantamadre.es/product/extractor-cornwall-linea" "Mozilla/5.0 (Windows NT 6.1; Win64; x64) AppleWebKit/537.36 (KHTML, like Gecko) Chrome/68.0.3427.0 Safari/537.36"
85.208.96.197 - - [25/Feb/2025:14:35:02 +0000] "GET /robots.txt HTTP/1.1" 301 458 "-" "Mozilla/5.0 (compatible; SemrushBot/7~bl; +http://www.semrush.com/bot.html)"
65.21.232.254 - - [25/Feb/2025:14:35:01 +0000] "GET /tienda/delicious-semillas-autoflorecientes/delicious-seeds-la-diva-3%E2%99%80/?add-to-cart=496 HTTP/1.1" 404 108925 "-" "Mozilla/5.0 (compatible; MJ12bot/v1.4.8; http://mj12bot.com/)"
185.191.171.3 - - [25/Feb/2025:14:35:02 +0000] "GET /robots.txt HTTP/1.1" 200 3016 "-" "Mozilla/5.0 (compatible; SemrushBot/7~bl; +http://www.semrush.com/bot.html)"
85.208.96.207 - - [25/Feb/2025:14:35:05 +0000] "GET /product/deshumidificador-12l-dia-cornwall/ HTTP/1.1" 301 522 "-" "Mozilla/5.0 (compatible; SemrushBot/7~bl; +http://www.semrush.com/bot.html)"
192.42.116.180 - - [25/Feb/2025:14:35:04 +0000] "GET /product/extractor-en-linea-vents HTTP/1.1" 301 2941 "https://plantamadre.es/product/extractor-en-linea-vents" "Mozilla/5.0 (Windows NT 6.1; Win64; x64) AppleWebKit/537.36 (KHTML, like Gecko) Chrome/68.0.3427.0 Safari/537.36"
65.21.232.254 - - [25/Feb/2025:14:35:08 +0000] "GET /tienda/delicious-semillas-autoflorecientes/delicious-seeds-la-diva-3%E2%99%80/?add-to-cart=498 HTTP/1.1" 404 108926 "-" "Mozilla/5.0 (compatible; MJ12bot/v1.4.8; http://mj12bot.com/)"
185.191.171.3 - - [25/Feb/2025:14:35:07 +0000] "GET /product/deshumidificador-12l-dia-cornwall/ HTTP/1.1" 200 32319 "-" "Mozilla/5.0 (compatible; SemrushBot/7~bl; +http://www.semrush.com/bot.html)"
192.42.116.180 - - [25/Feb/2025:14:35:06 +0000] "GET /product/extractor-en-linea-vents/ HTTP/1.1" 200 227894 "https://plantamadre.es/product/extractor-en-linea-vents" "Mozilla/5.0 (Windows NT 6.1; Win64; x64) AppleWebKit/537.36 (KHTML, like Gecko) Chrome/68.0.3427.0 Safari/537.36"
109.70.100.5 - - [25/Feb/2025:14:35:12 +0000] "GET /product/manta-termica HTTP/1.1" 301 2929 "https://plantamadre.es/product/manta-termica" "Mozilla/5.0 (Windows NT 6.1; Win64; x64) AppleWebKit/537.36 (KHTML, like Gecko) Chrome/68.0.3427.0 Safari/537.36"
65.21.232.254 - - [25/Feb/2025:14:35:13 +0000] "GET /tienda/delicious-semillas-autoflorecientes/delicious-seeds-la-diva-3%E2%99%80/?add-to-cart=4991 HTTP/1.1" 404 108925 "-" "Mozilla/5.0 (compatible; MJ12bot/v1.4.8; http://mj12bot.com/)"
109.70.100.5 - - [25/Feb/2025:14:35:13 +0000] "GET /product/manta-termica/ HTTP/1.1" 200 237418 "https://plantamadre.es/product/manta-termica" "Mozilla/5.0 (Windows NT 6.1; Win64; x64) AppleWebKit/537.36 (KHTML, like Gecko) Chrome/68.0.3427.0 Safari/537.36"
109.70.100.5 - - [25/Feb/2025:14:35:17 +0000] "GET /product/pulverizador-electrogrow HTTP/1.1" 301 2941 "https://plantamadre.es/product/pulverizador-electrogrow" "Mozilla/5.0 (Windows NT 6.1; Win64; x64) AppleWebKit/537.36 (KHTML, like Gecko) Chrome/68.0.3427.0 Safari/537.36"
65.21.232.254 - - [25/Feb/2025:14:35:17 +0000] "GET /tienda/delicious-semillas-autoflorecientes/delicious-seeds-la-diva-3%E2%99%80/?add-to-cart=5112 HTTP/1.1" 404 108927 "-" "Mozilla/5.0 (compatible; MJ12bot/v1.4.8; http://mj12bot.com/)"
109.70.100.5 - - [25/Feb/2025:14:35:19 +0000] "GET /product/pulverizador-electrogrow/ HTTP/1.1" 200 212959 "https://plantamadre.es/product/pulverizador-electrogrow" "Mozilla/5.0 (Windows NT 6.1; Win64; x64) AppleWebKit/537.36 (KHTML, like Gecko) Chrome/68.0.3427.0 Safari/537.36"
65.21.232.254 - - [25/Feb/2025:14:35:21 +0000] "GET /tienda/delicious-semillas-autoflorecientes/delicious-seeds-la-diva-3%E2%99%80/?add-to-cart=513 HTTP/1.1" 404 108924 "-" "Mozilla/5.0 (compatible; MJ12bot/v1.4.8; http://mj12bot.com/)"
109.70.100.5 - - [25/Feb/2025:14:35:23 +0000] "GET /product/soporte-filtro-regulable HTTP/1.1" 301 2941 "https://plantamadre.es/product/soporte-filtro-regulable" "Mozilla/5.0 (Windows NT 6.1; Win64; x64) AppleWebKit/537.36 (KHTML, like Gecko) Chrome/68.0.3427.0 Safari/537.36"
109.70.100.5 - - [25/Feb/2025:14:35:24 +0000] "GET /product/soporte-filtro-regulable/ HTTP/1.1" 200 231150 "https://plantamadre.es/product/soporte-filtro-regulable" "Mozilla/5.0 (Windows NT 6.1; Win64; x64) AppleWebKit/537.36 (KHTML, like Gecko) Chrome/68.0.3427.0 Safari/537.36"
65.21.232.254 - - [25/Feb/2025:14:35:26 +0000] "GET /tienda/delicious-semillas-autoflorecientes/delicious-seeds-la-frutta-di-venus-1%E2%99%80/?add-to-cart=348 HTTP/1.1" 404 108936 "-" "Mozilla/5.0 (compatible; MJ12bot/v1.4.8; http://mj12bot.com/)"
192.42.116.195 - - [25/Feb/2025:14:35:28 +0000] "GET /product/ventilador-2-posiciones-electrogrow HTTP/1.1" 301 2952 "https://plantamadre.es/product/ventilador-2-posiciones-electrogrow" "Mozilla/5.0 (Windows NT 6.1; Win64; x64) AppleWebKit/537.36 (KHTML, like Gecko) Chrome/68.0.3427.0 Safari/537.36"
146.190.157.162 - - [25/Feb/2025:14:35:31 +0000] "POST /wp-cron.php?doing_wp_cron=1740494131.0950689315795898437500 HTTP/1.1" 200 2851 "-" "WordPress/6.3.5; https://plantamadre.es"
192.42.116.195 - - [25/Feb/2025:14:35:29 +0000] "GET /product/ventilador-2-posiciones-electrogrow/ HTTP/1.1" 200 221009 "https://plantamadre.es/product/ventilador-2-posiciones-electrogrow" "Mozilla/5.0 (Windows NT 6.1; Win64; x64) AppleWebKit/537.36 (KHTML, like Gecko) Chrome/68.0.3427.0 Safari/537.36"
62.117.170.101 - - [25/Feb/2025:14:35:31 +0000] "POST /wp-admin/admin-ajax.php HTTP/1.1" 200 3229 "https://plantamadre.es/wp-admin/post.php?post=25043&action=edit" "Mozilla/5.0 (Windows NT 10.0; Win64; x64) AppleWebKit/537.36 (KHTML, like Gecko) Chrome/133.0.0.0 Safari/537.36"
65.21.232.254 - - [25/Feb/2025:14:35:30 +0000] "GET /tienda/delicious-semillas-autoflorecientes/delicious-seeds-la-musa-10%E2%99%80/?add-to-cart=5767 HTTP/1.1" 404 108926 "-" "Mozilla/5.0 (compatible; MJ12bot/v1.4.8; http://mj12bot.com/)"
192.42.116.195 - - [25/Feb/2025:14:35:33 +0000] "GET /productos HTTP/1.1" 301 2870 "https://plantamadre.es/productos" "Mozilla/5.0 (Windows NT 6.1; Win64; x64) AppleWebKit/537.36 (KHTML, like Gecko) Chrome/68.0.3427.0 Safari/537.36"
192.42.116.195 - - [25/Feb/2025:14:35:34 +0000] "GET /productos/ HTTP/1.1" 200 194137 "https://plantamadre.es/productos" "Mozilla/5.0 (Windows NT 6.1; Win64; x64) AppleWebKit/537.36 (KHTML, like Gecko) Chrome/68.0.3427.0 Safari/537.36"
109.70.100.2 - - [25/Feb/2025:14:35:37 +0000] "GET /recursos HTTP/1.1" 301 2871 "https://plantamadre.es/recursos" "Mozilla/5.0 (Windows NT 6.1; Win64; x64) AppleWebKit/537.36 (KHTML, like Gecko) Chrome/68.0.3427.0 Safari/537.36"
109.70.100.2 - - [25/Feb/2025:14:35:38 +0000] "GET /recursos/ HTTP/1.1" 200 216880 "https://plantamadre.es/recursos" "Mozilla/5.0 (Windows NT 6.1; Win64; x64) AppleWebKit/537.36 (KHTML, like Gecko) Chrome/68.0.3427.0 Safari/537.36"
109.70.100.2 - - [25/Feb/2025:14:35:42 +0000] "GET /shop/armarios-de-cultivo HTTP/1.1" 301 2839 "https://plantamadre.es/shop/armarios-de-cultivo" "Mozilla/5.0 (Windows NT 6.1; Win64; x64) AppleWebKit/537.36 (KHTML, like Gecko) Chrome/68.0.3427.0 Safari/537.36"
109.70.100.2 - - [25/Feb/2025:14:35:43 +0000] "GET /shop/armarios-de-cultivo/ HTTP/1.1" 200 137298 "https://plantamadre.es/shop/armarios-de-cultivo" "Mozilla/5.0 (Windows NT 6.1; Win64; x64) AppleWebKit/537.36 (KHTML, like Gecko) Chrome/68.0.3427.0 Safari/537.36"
185.100.87.253 - - [25/Feb/2025:14:35:47 +0000] "GET /shop/armarios-de-cultivo/armarios HTTP/1.1" 301 2848 "https://plantamadre.es/shop/armarios-de-cultivo/armarios" "Mozilla/5.0 (Windows NT 6.1; Win64; x64) AppleWebKit/537.36 (KHTML, like Gecko) Chrome/68.0.3427.0 Safari/537.36"
185.100.87.253 - - [25/Feb/2025:14:35:48 +0000] "GET /shop/armarios-de-cultivo/armarios/ HTTP/1.1" 200 124804 "https://plantamadre.es/shop/armarios-de-cultivo/armarios" "Mozilla/5.0 (Windows NT 6.1; Win64; x64) AppleWebKit/537.36 (KHTML, like Gecko) Chrome/68.0.3427.0 Safari/537.36"
185.100.87.253 - - [25/Feb/2025:14:35:51 +0000] "GET /shop/armarios-de-cultivo/piezas-de-repuesto HTTP/1.1" 301 2858 "https://plantamadre.es/shop/armarios-de-cultivo/piezas-de-repuesto" "Mozilla/5.0 (Windows NT 6.1; Win64; x64) AppleWebKit/537.36 (KHTML, like Gecko) Chrome/68.0.3427.0 Safari/537.36"
185.100.87.253 - - [25/Feb/2025:14:35:52 +0000] "GET /shop/armarios-de-cultivo/piezas-de-repuesto/ HTTP/1.1" 200 123364 "https://plantamadre.es/shop/armarios-de-cultivo/piezas-de-repuesto" "Mozilla/5.0 (Windows NT 6.1; Win64; x64) AppleWebKit/537.36 (KHTML, like Gecko) Chrome/68.0.3427.0 Safari/537.36"
185.100.87.253 - - [25/Feb/2025:14:35:56 +0000] "GET /shop/armarios-de-cultivo/plasticos HTTP/1.1" 301 2850 "https://plantamadre.es/shop/armarios-de-cultivo/plasticos" "Mozilla/5.0 (Windows NT 6.1; Win64; x64) AppleWebKit/537.36 (KHTML, like Gecko) Chrome/68.0.3427.0 Safari/537.36"
185.100.87.253 - - [25/Feb/2025:14:35:57 +0000] "GET /shop/armarios-de-cultivo/plasticos/ HTTP/1.1" 200 128967 "https://plantamadre.es/shop/armarios-de-cultivo/plasticos" "Mozilla/5.0 (Windows NT 6.1; Win64; x64) AppleWebKit/537.36 (KHTML, like Gecko) Chrome/68.0.3427.0 Safari/537.36"
195.47.238.90 - - [25/Feb/2025:14:36:01 +0000] "GET /shop/armarios-de-cultivo/propagadores HTTP/1.1" 301 2853 "https://plantamadre.es/shop/armarios-de-cultivo/propagadores" "Mozilla/5.0 (Windows NT 6.1; Win64; x64) AppleWebKit/537.36 (KHTML, like Gecko) Chrome/68.0.3427.0 Safari/537.36"
195.47.238.90 - - [25/Feb/2025:14:36:02 +0000] "GET /shop/armarios-de-cultivo/propagadores/ HTTP/1.1" 200 125749 "https://plantamadre.es/shop/armarios-de-cultivo/propagadores" "Mozilla/5.0 (Windows NT 6.1; Win64; x64) AppleWebKit/537.36 (KHTML, like Gecko) Chrome/68.0.3427.0 Safari/537.36"
195.47.238.90 - - [25/Feb/2025:14:36:06 +0000] "GET /shop/control-del-clima HTTP/1.1" 301 2838 "https://plantamadre.es/shop/control-del-clima" "Mozilla/5.0 (Windows NT 6.1; Win64; x64) AppleWebKit/537.36 (KHTML, like Gecko) Chrome/68.0.3427.0 Safari/537.36"
195.47.238.90 - - [25/Feb/2025:14:36:07 +0000] "GET /shop/control-del-clima/ HTTP/1.1" 200 138982 "https://plantamadre.es/shop/control-del-clima" "Mozilla/5.0 (Windows NT 6.1; Win64; x64) AppleWebKit/537.36 (KHTML, like Gecko) Chrome/68.0.3427.0 Safari/537.36"
192.42.116.174 - - [25/Feb/2025:14:36:10 +0000] "GET /shop/control-del-clima/accesorios-ventilacion HTTP/1.1" 301 2859 "https://plantamadre.es/shop/control-del-clima/accesorios-ventilacion" "Mozilla/5.0 (Windows NT 6.1; Win64; x64) AppleWebKit/537.36 (KHTML, like Gecko) Chrome/68.0.3427.0 Safari/537.36"
192.42.116.174 - - [25/Feb/2025:14:36:11 +0000] "GET /shop/control-del-clima/accesorios-ventilacion/ HTTP/1.1" 200 134665 "https://plantamadre.es/shop/control-del-clima/accesorios-ventilacion" "Mozilla/5.0 (Windows NT 6.1; Win64; x64) AppleWebKit/537.36 (KHTML, like Gecko) Chrome/68.0.3427.0 Safari/537.36"
192.42.116.174 - - [25/Feb/2025:14:36:15 +0000] "GET /shop/control-del-clima/co2 HTTP/1.1" 301 2841 "https://plantamadre.es/shop/control-del-clima/co2" "Mozilla/5.0 (Windows NT 6.1; Win64; x64) AppleWebKit/537.36 (KHTML, like Gecko) Chrome/68.0.3427.0 Safari/537.36"
192.42.116.174 - - [25/Feb/2025:14:36:16 +0000] "GET /shop/control-del-clima/co2/ HTTP/1.1" 200 127899 "https://plantamadre.es/shop/control-del-clima/co2" "Mozilla/5.0 (Windows NT 6.1; Win64; x64) AppleWebKit/537.36 (KHTML, like Gecko) Chrome/68.0.3427.0 Safari/537.36"
45.84.107.128 - - [25/Feb/2025:14:36:20 +0000] "GET /shop/control-del-clima/conductos-ventilacion HTTP/1.1" 301 2858 "https://plantamadre.es/shop/control-del-clima/conductos-ventilacion" "Mozilla/5.0 (Windows NT 6.1; Win64; x64) AppleWebKit/537.36 (KHTML, like Gecko) Chrome/68.0.3427.0 Safari/537.36"
45.84.107.128 - - [25/Feb/2025:14:36:21 +0000] "GET /shop/control-del-clima/conductos-ventilacion/ HTTP/1.1" 200 130269 "https://plantamadre.es/shop/control-del-clima/conductos-ventilacion" "Mozilla/5.0 (Windows NT 6.1; Win64; x64) AppleWebKit/537.36 (KHTML, like Gecko) Chrome/68.0.3427.0 Safari/537.36"
45.84.107.128 - - [25/Feb/2025:14:36:25 +0000] "GET /shop/control-del-clima/control-de-temperatura-y-humedad HTTP/1.1" 301 2869 "https://plantamadre.es/shop/control-del-clima/control-de-temperatura-y-humedad" "Mozilla/5.0 (Windows NT 6.1; Win64; x64) AppleWebKit/537.36 (KHTML, like Gecko) Chrome/68.0.3427.0 Safari/537.36"
45.84.107.128 - - [25/Feb/2025:14:36:26 +0000] "GET /shop/control-del-clima/control-de-temperatura-y-humedad/ HTTP/1.1" 200 141731 "https://plantamadre.es/shop/control-del-clima/control-de-temperatura-y-humedad" "Mozilla/5.0 (Windows NT 6.1; Win64; x64) AppleWebKit/537.36 (KHTML, like Gecko) Chrome/68.0.3427.0 Safari/537.36"
45.84.107.128 - - [25/Feb/2025:14:36:29 +0000] "GET /shop/control-del-clima/extractores-en-linea HTTP/1.1" 301 2858 "https://plantamadre.es/shop/control-del-clima/extractores-en-linea" "Mozilla/5.0 (Windows NT 6.1; Win64; x64) AppleWebKit/537.36 (KHTML, like Gecko) Chrome/68.0.3427.0 Safari/537.36"
146.190.157.162 - - [25/Feb/2025:14:36:31 +0000] "POST /wp-cron.php?doing_wp_cron=1740494191.2056350708007812500000 HTTP/1.1" 200 2851 "-" "WordPress/6.3.5; https://plantamadre.es"
45.84.107.128 - - [25/Feb/2025:14:36:30 +0000] "GET /shop/control-del-clima/extractores-en-linea/ HTTP/1.1" 200 126414 "https://plantamadre.es/shop/control-del-clima/extractores-en-linea" "Mozilla/5.0 (Windows NT 6.1; Win64; x64) AppleWebKit/537.36 (KHTML, like Gecko) Chrome/68.0.3427.0 Safari/537.36"
192.42.116.211 - - [25/Feb/2025:14:36:34 +0000] "GET /shop/control-del-clima/extractores-helicoidales HTTP/1.1" 301 2862 "https://plantamadre.es/shop/control-del-clima/extractores-helicoidales" "Mozilla/5.0 (Windows NT 6.1; Win64; x64) AppleWebKit/537.36 (KHTML, like Gecko) Chrome/68.0.3427.0 Safari/537.36"
192.42.116.211 - - [25/Feb/2025:14:36:39 +0000] "GET /shop/control-del-clima/extractores-helicoidales/ HTTP/1.1" 200 134079 "https://plantamadre.es/shop/control-del-clima/extractores-helicoidales" "Mozilla/5.0 (Windows NT 6.1; Win64; x64) AppleWebKit/537.36 (KHTML, like Gecko) Chrome/68.0.3427.0 Safari/537.36"
192.42.116.211 - - [25/Feb/2025:14:36:45 +0000] "GET /shop/control-del-clima/extractores-industriales HTTP/1.1" 301 2863 "https://plantamadre.es/shop/control-del-clima/extractores-industriales" "Mozilla/5.0 (Windows NT 6.1; Win64; x64) AppleWebKit/537.36 (KHTML, like Gecko) Chrome/68.0.3427.0 Safari/537.36"
196.247.46.159 - - [25/Feb/2025:14:36:44 +0000] "GET /tienda/ez-test/ez-test-ketamina/ HTTP/1.1" 404 109082 "-" "Mozilla/5.0 (Linux x86_64; rv:114.0) Gecko/20100101 Firefox/114.0"
192.42.116.211 - - [25/Feb/2025:14:36:46 +0000] "GET /shop/control-del-clima/extractores-industriales/ HTTP/1.1" 200 125285 "https://plantamadre.es/shop/control-del-clima/extractores-industriales" "Mozilla/5.0 (Windows NT 6.1; Win64; x64) AppleWebKit/537.36 (KHTML, like Gecko) Chrome/68.0.3427.0 Safari/537.36"
196.247.46.159 - - [25/Feb/2025:14:36:47 +0000] "GET / HTTP/1.1" 200 27146 "-" "Mozilla/5.0 (Linux x86_64; rv:114.0) Gecko/20100101 Firefox/114.0"
196.247.46.159 - - [25/Feb/2025:14:36:50 +0000] "GET /wp-login.php?action=register HTTP/1.1" 302 3119 "https://plantamadre.es" "Mozilla/5.0 (Windows NT 6.3; Win64; x64) AppleWebKit/537.36 (KHTML, like Gecko) Chrome/103.0.0.0 Safari/537.36"
192.42.116.178 - - [25/Feb/2025:14:36:51 +0000] "GET /shop/control-del-clima/silenciadores HTTP/1.1" 301 2851 "https://plantamadre.es/shop/control-del-clima/silenciadores" "Mozilla/5.0 (Windows NT 6.1; Win64; x64) AppleWebKit/537.36 (KHTML, like Gecko) Chrome/68.0.3427.0 Safari/537.36"
196.247.46.159 - - [25/Feb/2025:14:36:52 +0000] "GET /wp-login.php?registration=disabled HTTP/1.1" 200 6171 "https://plantamadre.es/wp-login.php?action=register" "Mozilla/5.0 (Windows NT 6.3; Win64; x64) AppleWebKit/537.36 (KHTML, like Gecko) Chrome/103.0.0.0 Safari/537.36"
192.42.116.178 - - [25/Feb/2025:14:36:52 +0000] "GET /shop/control-del-clima/silenciadores/ HTTP/1.1" 200 123073 "https://plantamadre.es/shop/control-del-clima/silenciadores" "Mozilla/5.0 (Windows NT 6.1; Win64; x64) AppleWebKit/537.36 (KHTML, like Gecko) Chrome/68.0.3427.0 Safari/537.36"
192.42.116.178 - - [25/Feb/2025:14:36:56 +0000] "GET /shop/cultivo HTTP/1.1" 301 2828 "https://plantamadre.es/shop/cultivo" "Mozilla/5.0 (Windows NT 6.1; Win64; x64) AppleWebKit/537.36 (KHTML, like Gecko) Chrome/68.0.3427.0 Safari/537.36"
192.42.116.178 - - [25/Feb/2025:14:36:57 +0000] "GET /shop/cultivo/ HTTP/1.1" 200 138557 "https://plantamadre.es/shop/cultivo" "Mozilla/5.0 (Windows NT 6.1; Win64; x64) AppleWebKit/537.36 (KHTML, like Gecko) Chrome/68.0.3427.0 Safari/537.36"
193.189.100.198 - - [25/Feb/2025:14:37:02 +0000] "GET /shop/cultivo/macetas-platos-y-bandejas HTTP/1.1" 301 2853 "https://plantamadre.es/shop/cultivo/macetas-platos-y-bandejas" "Mozilla/5.0 (Windows NT 6.1; Win64; x64) AppleWebKit/537.36 (KHTML, like Gecko) Chrome/68.0.3427.0 Safari/537.36"
193.189.100.198 - - [25/Feb/2025:14:37:03 +0000] "GET /shop/cultivo/macetas-platos-y-bandejas/ HTTP/1.1" 200 141024 "https://plantamadre.es/shop/cultivo/macetas-platos-y-bandejas" "Mozilla/5.0 (Windows NT 6.1; Win64; x64) AppleWebKit/537.36 (KHTML, like Gecko) Chrome/68.0.3427.0 Safari/537.36"
193.189.100.198 - - [25/Feb/2025:14:37:07 +0000] "GET /shop/cultivo/riego HTTP/1.1" 301 2833 "https://plantamadre.es/shop/cultivo/riego" "Mozilla/5.0 (Windows NT 6.1; Win64; x64) AppleWebKit/537.36 (KHTML, like Gecko) Chrome/68.0.3427.0 Safari/537.36"
66.249.68.6 - - [25/Feb/2025:14:37:07 +0000] "GET /wp-content/uploads/2014/09/ph-mas+.png HTTP/1.1" 404 109064 "-" "Googlebot-Image/1.0"
193.189.100.198 - - [25/Feb/2025:14:37:08 +0000] "GET /shop/cultivo/riego/ HTTP/1.1" 200 138786 "https://plantamadre.es/shop/cultivo/riego" "Mozilla/5.0 (Windows NT 6.1; Win64; x64) AppleWebKit/537.36 (KHTML, like Gecko) Chrome/68.0.3427.0 Safari/537.36"
146.190.157.162 - - [25/Feb/2025:14:37:14 +0000] "POST /wp-cron.php?doing_wp_cron=1740494234.6262710094451904296875 HTTP/1.1" 200 2850 "-" "WordPress/6.3.5; https://plantamadre.es"
193.189.100.198 - - [25/Feb/2025:14:37:13 +0000] "GET /shop/cultivo/sistemas-de-cultivo HTTP/1.1" 301 2848 "https://plantamadre.es/shop/cultivo/sistemas-de-cultivo" "Mozilla/5.0 (Windows NT 6.1; Win64; x64) AppleWebKit/537.36 (KHTML, like Gecko) Chrome/68.0.3427.0 Safari/537.36"
193.189.100.198 - - [25/Feb/2025:14:37:15 +0000] "GET /shop/cultivo/sistemas-de-cultivo/ HTTP/1.1" 200 123894 "https://plantamadre.es/shop/cultivo/sistemas-de-cultivo" "Mozilla/5.0 (Windows NT 6.1; Win64; x64) AppleWebKit/537.36 (KHTML, like Gecko) Chrome/68.0.3427.0 Safari/537.36"
109.70.100.6 - - [25/Feb/2025:14:37:19 +0000] "GET /shop/cultivo/tratamiento-del-agua HTTP/1.1" 301 2848 "https://plantamadre.es/shop/cultivo/tratamiento-del-agua" "Mozilla/5.0 (Windows NT 6.1; Win64; x64) AppleWebKit/537.36 (KHTML, like Gecko) Chrome/68.0.3427.0 Safari/537.36"
109.70.100.6 - - [25/Feb/2025:14:37:20 +0000] "GET /shop/cultivo/tratamiento-del-agua/ HTTP/1.1" 200 128627 "https://plantamadre.es/shop/cultivo/tratamiento-del-agua" "Mozilla/5.0 (Windows NT 6.1; Win64; x64) AppleWebKit/537.36 (KHTML, like Gecko) Chrome/68.0.3427.0 Safari/537.36"
109.70.100.6 - - [25/Feb/2025:14:37:23 +0000] "GET /shop/extarccion-de-resina HTTP/1.1" 301 2841 "https://plantamadre.es/shop/extarccion-de-resina" "Mozilla/5.0 (Windows NT 6.1; Win64; x64) AppleWebKit/537.36 (KHTML, like Gecko) Chrome/68.0.3427.0 Safari/537.36"
109.70.100.6 - - [25/Feb/2025:14:37:24 +0000] "GET /shop/extarccion-de-resina/ HTTP/1.1" 200 137508 "https://plantamadre.es/shop/extarccion-de-resina" "Mozilla/5.0 (Windows NT 6.1; Win64; x64) AppleWebKit/537.36 (KHTML, like Gecko) Chrome/68.0.3427.0 Safari/537.36"
146.190.157.162 - - [25/Feb/2025:14:37:29 +0000] "POST /wp-cron.php?doing_wp_cron=1740494248.9830880165100097656250 HTTP/1.1" 200 2851 "-" "WordPress/6.3.5; https://plantamadre.es"
109.70.100.6 - - [25/Feb/2025:14:37:28 +0000] "GET /shop/extarccion-de-resina/accesorios HTTP/1.1" 301 2851 "https://plantamadre.es/shop/extarccion-de-resina/accesorios" "Mozilla/5.0 (Windows NT 6.1; Win64; x64) AppleWebKit/537.36 (KHTML, like Gecko) Chrome/68.0.3427.0 Safari/537.36"
109.70.100.6 - - [25/Feb/2025:14:37:30 +0000] "GET /shop/extarccion-de-resina/accesorios/ HTTP/1.1" 200 138347 "https://plantamadre.es/shop/extarccion-de-resina/accesorios" "Mozilla/5.0 (Windows NT 6.1; Win64; x64) AppleWebKit/537.36 (KHTML, like Gecko) Chrome/68.0.3427.0 Safari/537.36"
146.190.157.162 - - [25/Feb/2025:14:37:33 +0000] "POST /wp-cron.php?doing_wp_cron=1740494253.1542029380798339843750 HTTP/1.1" 200 2850 "-" "WordPress/6.3.5; https://plantamadre.es"
62.117.170.101 - - [25/Feb/2025:14:37:32 +0000] "POST /wp-admin/admin-ajax.php HTTP/1.1" 200 3227 "https://plantamadre.es/wp-admin/post.php?post=25043&action=edit" "Mozilla/5.0 (Windows NT 10.0; Win64; x64) AppleWebKit/537.36 (KHTML, like Gecko) Chrome/133.0.0.0 Safari/537.36"
204.137.14.92 - - [25/Feb/2025:14:37:34 +0000] "GET /shop/extarccion-de-resina/gas HTTP/1.1" 301 2843 "https://plantamadre.es/shop/extarccion-de-resina/gas" "Mozilla/5.0 (Windows NT 6.1; Win64; x64) AppleWebKit/537.36 (KHTML, like Gecko) Chrome/68.0.3427.0 Safari/537.36"
204.137.14.92 - - [25/Feb/2025:14:37:35 +0000] "GET /shop/extarccion-de-resina/gas/ HTTP/1.1" 200 128109 "https://plantamadre.es/shop/extarccion-de-resina/gas" "Mozilla/5.0 (Windows NT 6.1; Win64; x64) AppleWebKit/537.36 (KHTML, like Gecko) Chrome/68.0.3427.0 Safari/537.36"
212.102.35.104 - - [25/Feb/2025:14:37:38 +0000] "GET /tienda/00-seeds-bank-semillas/00-seeds-00-kush-5und-fem/ HTTP/1.1" 404 109103 "-" "Mozilla/5.0 (Macintosh; Intel Mac OS X 12.5; rv:114.0) Gecko/20100101 Firefox/114.0"
204.137.14.92 - - [25/Feb/2025:14:37:39 +0000] "GET /shop/extarccion-de-resina/hielo HTTP/1.1" 301 2847 "https://plantamadre.es/shop/extarccion-de-resina/hielo" "Mozilla/5.0 (Windows NT 6.1; Win64; x64) AppleWebKit/537.36 (KHTML, like Gecko) Chrome/68.0.3427.0 Safari/537.36"
204.137.14.92 - - [25/Feb/2025:14:37:40 +0000] "GET /shop/extarccion-de-resina/hielo/ HTTP/1.1" 200 129248 "https://plantamadre.es/shop/extarccion-de-resina/hielo" "Mozilla/5.0 (Windows NT 6.1; Win64; x64) AppleWebKit/537.36 (KHTML, like Gecko) Chrome/68.0.3427.0 Safari/537.36"
212.102.35.104 - - [25/Feb/2025:14:37:40 +0000] "GET / HTTP/1.1" 200 27145 "-" "Mozilla/5.0 (Macintosh; Intel Mac OS X 12.5; rv:114.0) Gecko/20100101 Firefox/114.0"
212.102.35.104 - - [25/Feb/2025:14:37:43 +0000] "GET /wp-login.php?action=register HTTP/1.1" 302 3120 "https://plantamadre.es" "Mozilla/5.0 (Windows NT 6.3; Win64; x64) AppleWebKit/537.36 (KHTML, like Gecko) Chrome/103.0.0.0 Safari/537.36"
204.137.14.92 - - [25/Feb/2025:14:37:44 +0000] "GET /shop/extarccion-de-resina/prensas-rosin HTTP/1.1" 301 2854 "https://plantamadre.es/shop/extarccion-de-resina/prensas-rosin" "Mozilla/5.0 (Windows NT 6.1; Win64; x64) AppleWebKit/537.36 (KHTML, like Gecko) Chrome/68.0.3427.0 Safari/537.36"
212.102.35.104 - - [25/Feb/2025:14:37:46 +0000] "GET /wp-login.php?registration=disabled HTTP/1.1" 200 5952 "https://plantamadre.es/wp-login.php?action=register" "Mozilla/5.0 (Windows NT 6.3; Win64; x64) AppleWebKit/537.36 (KHTML, like Gecko) Chrome/103.0.0.0 Safari/537.36"
204.137.14.92 - - [25/Feb/2025:14:37:45 +0000] "GET /shop/extarccion-de-resina/prensas-rosin/ HTTP/1.1" 200 139160 "https://plantamadre.es/shop/extarccion-de-resina/prensas-rosin" "Mozilla/5.0 (Windows NT 6.1; Win64; x64) AppleWebKit/537.36 (KHTML, like Gecko) Chrome/68.0.3427.0 Safari/537.36"
204.137.14.92 - - [25/Feb/2025:14:37:49 +0000] "GET /shop/extarccion-de-resina/seco HTTP/1.1" 301 2846 "https://plantamadre.es/shop/extarccion-de-resina/seco" "Mozilla/5.0 (Windows NT 6.1; Win64; x64) AppleWebKit/537.36 (KHTML, like Gecko) Chrome/68.0.3427.0 Safari/537.36"
204.137.14.92 - - [25/Feb/2025:14:37:50 +0000] "GET /shop/extarccion-de-resina/seco/ HTTP/1.1" 200 130749 "https://plantamadre.es/shop/extarccion-de-resina/seco" "Mozilla/5.0 (Windows NT 6.1; Win64; x64) AppleWebKit/537.36 (KHTML, like Gecko) Chrome/68.0.3427.0 Safari/537.36"
146.190.157.162 - - [25/Feb/2025:14:37:54 +0000] "POST /wp-cron.php?doing_wp_cron=1740494274.1921749114990234375000 HTTP/1.1" 200 2850 "-" "WordPress/6.3.5; https://plantamadre.es"
204.137.14.92 - - [25/Feb/2025:14:37:53 +0000] "GET /shop/fertilizantes HTTP/1.1" 301 2833 "https://plantamadre.es/shop/fertilizantes" "Mozilla/5.0 (Windows NT 6.1; Win64; x64) AppleWebKit/537.36 (KHTML, like Gecko) Chrome/68.0.3427.0 Safari/537.36"
204.137.14.92 - - [25/Feb/2025:14:37:55 +0000] "GET /shop/fertilizantes/ HTTP/1.1" 200 136299 "https://plantamadre.es/shop/fertilizantes" "Mozilla/5.0 (Windows NT 6.1; Win64; x64) AppleWebKit/537.36 (KHTML, like Gecko) Chrome/68.0.3427.0 Safari/537.36"
89.110.120.233 - - [25/Feb/2025:14:37:56 +0000] "GET /tienda/advanced-nutrients/advanced-nutrients-mother-earth-organic-tea-grow-4l/ HTTP/1.0" 403 2776 "https://plantamadre.es/tienda/advanced-nutrients/advanced-nutrients-mother-earth-organic-tea-grow-4l/" "Mozilla/5.0 (Windows NT 10.0; Win64; x64) AppleWebKit/537.36 (KHTML, like Gecko) Chrome/129.0.0.0 Safari/537.36"
89.110.120.233 - - [25/Feb/2025:14:37:58 +0000] "GET / HTTP/1.0" 403 2823 "https://plantamadre.es/tienda/advanced-nutrients/advanced-nutrients-mother-earth-organic-tea-grow-4l/" "Mozilla/5.0 (Windows NT 10.0; Win64; x64) AppleWebKit/537.36 (KHTML, like Gecko) Chrome/129.0.0.0 Safari/537.36"
89.110.120.233 - - [25/Feb/2025:14:37:59 +0000] "GET / HTTP/1.0" 403 2823 "https://plantamadre.es/" "Mozilla/5.0 (Windows NT 10.0; Win64; x64) AppleWebKit/537.36 (KHTML, like Gecko) Chrome/129.0.0.0 Safari/537.36"
204.137.14.92 - - [25/Feb/2025:14:38:00 +0000] "GET /shop/fertilizantes/advanced-hidroponics-of-holland HTTP/1.1" 301 2865 "https://plantamadre.es/shop/fertilizantes/advanced-hidroponics-of-holland" "Mozilla/5.0 (Windows NT 6.1; Win64; x64) AppleWebKit/537.36 (KHTML, like Gecko) Chrome/68.0.3427.0 Safari/537.36"
89.110.120.233 - - [25/Feb/2025:14:38:00 +0000] "GET / HTTP/1.0" 403 2823 "https://plantamadre.es/" "Mozilla/5.0 (Windows NT 10.0; Win64; x64) AppleWebKit/537.36 (KHTML, like Gecko) Chrome/129.0.0.0 Safari/537.36"
204.137.14.92 - - [25/Feb/2025:14:38:01 +0000] "GET /shop/fertilizantes/advanced-hidroponics-of-holland/ HTTP/1.1" 200 123233 "https://plantamadre.es/shop/fertilizantes/advanced-hidroponics-of-holland" "Mozilla/5.0 (Windows NT 6.1; Win64; x64) AppleWebKit/537.36 (KHTML, like Gecko) Chrome/68.0.3427.0 Safari/537.36"
88.80.26.2 - - [25/Feb/2025:14:38:04 +0000] "GET /shop/fertilizantes/agrobacterias HTTP/1.1" 301 2847 "https://plantamadre.es/shop/fertilizantes/agrobacterias" "Mozilla/5.0 (Windows NT 6.1; Win64; x64) AppleWebKit/537.36 (KHTML, like Gecko) Chrome/68.0.3427.0 Safari/537.36"
88.80.26.2 - - [25/Feb/2025:14:38:05 +0000] "GET /shop/fertilizantes/agrobacterias/ HTTP/1.1" 200 122791 "https://plantamadre.es/shop/fertilizantes/agrobacterias" "Mozilla/5.0 (Windows NT 6.1; Win64; x64) AppleWebKit/537.36 (KHTML, like Gecko) Chrome/68.0.3427.0 Safari/537.36"
88.80.26.2 - - [25/Feb/2025:14:38:08 +0000] "GET /shop/fertilizantes/atami HTTP/1.1" 301 2839 "https://plantamadre.es/shop/fertilizantes/atami" "Mozilla/5.0 (Windows NT 6.1; Win64; x64) AppleWebKit/537.36 (KHTML, like Gecko) Chrome/68.0.3427.0 Safari/537.36"
88.80.26.2 - - [25/Feb/2025:14:38:09 +0000] "GET /shop/fertilizantes/atami/ HTTP/1.1" 200 122510 "https://plantamadre.es/shop/fertilizantes/atami" "Mozilla/5.0 (Windows NT 6.1; Win64; x64) AppleWebKit/537.36 (KHTML, like Gecko) Chrome/68.0.3427.0 Safari/537.36"
88.80.26.2 - - [25/Feb/2025:14:38:13 +0000] "GET /shop/fertilizantes/b-a-c HTTP/1.1" 301 2839 "https://plantamadre.es/shop/fertilizantes/b-a-c" "Mozilla/5.0 (Windows NT 6.1; Win64; x64) AppleWebKit/537.36 (KHTML, like Gecko) Chrome/68.0.3427.0 Safari/537.36"
88.80.26.2 - - [25/Feb/2025:14:38:14 +0000] "GET /shop/fertilizantes/b-a-c/ HTTP/1.1" 200 122546 "https://plantamadre.es/shop/fertilizantes/b-a-c" "Mozilla/5.0 (Windows NT 6.1; Win64; x64) AppleWebKit/537.36 (KHTML, like Gecko) Chrome/68.0.3427.0 Safari/537.36"
185.220.101.101 - - [25/Feb/2025:14:38:17 +0000] "GET /shop/fertilizantes/bio-tabs HTTP/1.1" 301 2842 "https://plantamadre.es/shop/fertilizantes/bio-tabs" "Mozilla/5.0 (Windows NT 6.1; Win64; x64) AppleWebKit/537.36 (KHTML, like Gecko) Chrome/68.0.3427.0 Safari/537.36"
185.220.101.101 - - [25/Feb/2025:14:38:18 +0000] "GET /shop/fertilizantes/bio-tabs/ HTTP/1.1" 200 122597 "https://plantamadre.es/shop/fertilizantes/bio-tabs" "Mozilla/5.0 (Windows NT 6.1; Win64; x64) AppleWebKit/537.36 (KHTML, like Gecko) Chrome/68.0.3427.0 Safari/537.36"
185.220.101.101 - - [25/Feb/2025:14:38:23 +0000] "GET /shop/fertilizantes/canna HTTP/1.1" 301 2839 "https://plantamadre.es/shop/fertilizantes/canna" "Mozilla/5.0 (Windows NT 6.1; Win64; x64) AppleWebKit/537.36 (KHTML, like Gecko) Chrome/68.0.3427.0 Safari/537.36"
89.110.120.233 - - [25/Feb/2025:14:38:25 +0000] "GET /tienda/semillas-3/venus-genetics-cheesekaberry-3-semilla-fem/ HTTP/1.0" 403 2778 "https://plantamadre.es/tienda/semillas-3/venus-genetics-cheesekaberry-3-semilla-fem/" "Mozilla/5.0 (Windows NT 10.0; Win64; x64) AppleWebKit/537.36 (KHTML, like Gecko) Chrome/129.0.0.0 Safari/537.36"
185.220.101.101 - - [25/Feb/2025:14:38:24 +0000] "GET /shop/fertilizantes/canna/ HTTP/1.1" 200 137942 "https://plantamadre.es/shop/fertilizantes/canna" "Mozilla/5.0 (Windows NT 6.1; Win64; x64) AppleWebKit/537.36 (KHTML, like Gecko) Chrome/68.0.3427.0 Safari/537.36"
89.110.120.233 - - [25/Feb/2025:14:38:26 +0000] "GET / HTTP/1.0" 403 2824 "https://plantamadre.es/tienda/semillas-3/venus-genetics-cheesekaberry-3-semilla-fem/" "Mozilla/5.0 (Windows NT 10.0; Win64; x64) AppleWebKit/537.36 (KHTML, like Gecko) Chrome/129.0.0.0 Safari/537.36"
89.110.120.233 - - [25/Feb/2025:14:38:27 +0000] "GET / HTTP/1.0" 403 2824 "https://plantamadre.es/" "Mozilla/5.0 (Windows NT 10.0; Win64; x64) AppleWebKit/537.36 (KHTML, like Gecko) Chrome/129.0.0.0 Safari/537.36"
45.84.107.55 - - [25/Feb/2025:14:38:27 +0000] "GET /shop/fertilizantes/cannabbiogen HTTP/1.1" 301 2846 "https://plantamadre.es/shop/fertilizantes/cannabbiogen" "Mozilla/5.0 (Windows NT 6.1; Win64; x64) AppleWebKit/537.36 (KHTML, like Gecko) Chrome/68.0.3427.0 Safari/537.36"
89.110.120.233 - - [25/Feb/2025:14:38:28 +0000] "GET / HTTP/1.0" 403 2825 "https://plantamadre.es/" "Mozilla/5.0 (Windows NT 10.0; Win64; x64) AppleWebKit/537.36 (KHTML, like Gecko) Chrome/129.0.0.0 Safari/537.36"
45.84.107.55 - - [25/Feb/2025:14:38:28 +0000] "GET /shop/fertilizantes/cannabbiogen/ HTTP/1.1" 200 122709 "https://plantamadre.es/shop/fertilizantes/cannabbiogen" "Mozilla/5.0 (Windows NT 6.1; Win64; x64) AppleWebKit/537.36 (KHTML, like Gecko) Chrome/68.0.3427.0 Safari/537.36"
146.190.157.162 - - [25/Feb/2025:14:38:32 +0000] "POST /wp-cron.php?doing_wp_cron=1740494312.6303589344024658203125 HTTP/1.1" 200 2849 "-" "WordPress/6.3.5; https://plantamadre.es"
45.84.107.55 - - [25/Feb/2025:14:38:32 +0000] "GET /shop/fertilizantes/green-house HTTP/1.1" 301 2844 "https://plantamadre.es/shop/fertilizantes/green-house" "Mozilla/5.0 (Windows NT 6.1; Win64; x64) AppleWebKit/537.36 (KHTML, like Gecko) Chrome/68.0.3427.0 Safari/537.36"
45.84.107.55 - - [25/Feb/2025:14:38:33 +0000] "GET /shop/fertilizantes/green-house/ HTTP/1.1" 200 122653 "https://plantamadre.es/shop/fertilizantes/green-house" "Mozilla/5.0 (Windows NT 6.1; Win64; x64) AppleWebKit/537.36 (KHTML, like Gecko) Chrome/68.0.3427.0 Safari/537.36"
45.84.107.55 - - [25/Feb/2025:14:38:40 +0000] "GET /shop/fertilizantes/grotek HTTP/1.1" 301 2841 "https://plantamadre.es/shop/fertilizantes/grotek" "Mozilla/5.0 (Windows NT 6.1; Win64; x64) AppleWebKit/537.36 (KHTML, like Gecko) Chrome/68.0.3427.0 Safari/537.36"
45.84.107.55 - - [25/Feb/2025:14:38:41 +0000] "GET /shop/fertilizantes/grotek/ HTTP/1.1" 200 122574 "https://plantamadre.es/shop/fertilizantes/grotek" "Mozilla/5.0 (Windows NT 6.1; Win64; x64) AppleWebKit/537.36 (KHTML, like Gecko) Chrome/68.0.3427.0 Safari/537.36"
45.84.107.74 - - [25/Feb/2025:14:38:45 +0000] "GET /shop/fertilizantes/grow-pro HTTP/1.1" 301 2841 "https://plantamadre.es/shop/fertilizantes/grow-pro" "Mozilla/5.0 (Windows NT 6.1; Win64; x64) AppleWebKit/537.36 (KHTML, like Gecko) Chrome/68.0.3427.0 Safari/537.36"
45.84.107.74 - - [25/Feb/2025:14:38:46 +0000] "GET /shop/fertilizantes/grow-pro/ HTTP/1.1" 200 123172 "https://plantamadre.es/shop/fertilizantes/grow-pro" "Mozilla/5.0 (Windows NT 6.1; Win64; x64) AppleWebKit/537.36 (KHTML, like Gecko) Chrome/68.0.3427.0 Safari/537.36"
45.84.107.74 - - [25/Feb/2025:14:38:50 +0000] "GET /shop/fertilizantes/guanokalong HTTP/1.1" 301 2845 "https://plantamadre.es/shop/fertilizantes/guanokalong" "Mozilla/5.0 (Windows NT 6.1; Win64; x64) AppleWebKit/537.36 (KHTML, like Gecko) Chrome/68.0.3427.0 Safari/537.36"
45.84.107.74 - - [25/Feb/2025:14:38:51 +0000] "GET /shop/fertilizantes/guanokalong/ HTTP/1.1" 200 122702 "https://plantamadre.es/shop/fertilizantes/guanokalong" "Mozilla/5.0 (Windows NT 6.1; Win64; x64) AppleWebKit/537.36 (KHTML, like Gecko) Chrome/68.0.3427.0 Safari/537.36"
171.25.193.78 - - [25/Feb/2025:14:38:55 +0000] "GET /shop/fertilizantes/hesi HTTP/1.1" 301 2838 "https://plantamadre.es/shop/fertilizantes/hesi" "Mozilla/5.0 (Windows NT 6.1; Win64; x64) AppleWebKit/537.36 (KHTML, like Gecko) Chrome/68.0.3427.0 Safari/537.36"
171.25.193.78 - - [25/Feb/2025:14:38:56 +0000] "GET /shop/fertilizantes/hesi/ HTTP/1.1" 200 122494 "https://plantamadre.es/shop/fertilizantes/hesi" "Mozilla/5.0 (Windows NT 6.1; Win64; x64) AppleWebKit/537.36 (KHTML, like Gecko) Chrome/68.0.3427.0 Safari/537.36"
171.25.193.78 - - [25/Feb/2025:14:38:59 +0000] "GET /shop/fertilizantes/hy-pro HTTP/1.1" 301 2839 "https://plantamadre.es/shop/fertilizantes/hy-pro" "Mozilla/5.0 (Windows NT 6.1; Win64; x64) AppleWebKit/537.36 (KHTML, like Gecko) Chrome/68.0.3427.0 Safari/537.36"
171.25.193.78 - - [25/Feb/2025:14:39:00 +0000] "GET /shop/fertilizantes/hy-pro/ HTTP/1.1" 200 122554 "https://plantamadre.es/shop/fertilizantes/hy-pro" "Mozilla/5.0 (Windows NT 6.1; Win64; x64) AppleWebKit/537.36 (KHTML, like Gecko) Chrome/68.0.3427.0 Safari/537.36"
171.25.193.78 - - [25/Feb/2025:14:39:04 +0000] "GET /shop/fertilizantes/nano HTTP/1.1" 301 2839 "https://plantamadre.es/shop/fertilizantes/nano" "Mozilla/5.0 (Windows NT 6.1; Win64; x64) AppleWebKit/537.36 (KHTML, like Gecko) Chrome/68.0.3427.0 Safari/537.36"
171.25.193.78 - - [25/Feb/2025:14:39:06 +0000] "GET /shop/fertilizantes/nano/ HTTP/1.1" 200 136984 "https://plantamadre.es/shop/fertilizantes/nano" "Mozilla/5.0 (Windows NT 6.1; Win64; x64) AppleWebKit/537.36 (KHTML, like Gecko) Chrome/68.0.3427.0 Safari/537.36"
45.84.107.47 - - [25/Feb/2025:14:39:11 +0000] "GET /shop/fertilizantes/plagron HTTP/1.1" 301 2840 "https://plantamadre.es/shop/fertilizantes/plagron" "Mozilla/5.0 (Windows NT 6.1; Win64; x64) AppleWebKit/537.36 (KHTML, like Gecko) Chrome/68.0.3427.0 Safari/537.36"
45.84.107.47 - - [25/Feb/2025:14:39:12 +0000] "GET /shop/fertilizantes/plagron/ HTTP/1.1" 200 122584 "https://plantamadre.es/shop/fertilizantes/plagron" "Mozilla/5.0 (Windows NT 6.1; Win64; x64) AppleWebKit/537.36 (KHTML, like Gecko) Chrome/68.0.3427.0 Safari/537.36"
45.84.107.47 - - [25/Feb/2025:14:39:17 +0000] "GET /shop/fertilizantes/prot-eco HTTP/1.1" 301 2842 "https://plantamadre.es/shop/fertilizantes/prot-eco" "Mozilla/5.0 (Windows NT 6.1; Win64; x64) AppleWebKit/537.36 (KHTML, like Gecko) Chrome/68.0.3427.0 Safari/537.36"
45.84.107.47 - - [25/Feb/2025:14:39:18 +0000] "GET /shop/fertilizantes/prot-eco/ HTTP/1.1" 200 122633 "https://plantamadre.es/shop/fertilizantes/prot-eco" "Mozilla/5.0 (Windows NT 6.1; Win64; x64) AppleWebKit/537.36 (KHTML, like Gecko) Chrome/68.0.3427.0 Safari/537.36"
45.84.107.47 - - [25/Feb/2025:14:39:22 +0000] "GET /shop/fertilizantes/t-one-nutrients HTTP/1.1" 301 2849 "https://plantamadre.es/shop/fertilizantes/t-one-nutrients" "Mozilla/5.0 (Windows NT 6.1; Win64; x64) AppleWebKit/537.36 (KHTML, like Gecko) Chrome/68.0.3427.0 Safari/537.36"
146.190.157.162 - - [25/Feb/2025:14:39:24 +0000] "POST /wp-cron.php?doing_wp_cron=1740494364.1536018848419189453125 HTTP/1.1" 200 2850 "-" "WordPress/6.3.5; https://plantamadre.es"
45.84.107.47 - - [25/Feb/2025:14:39:23 +0000] "GET /shop/fertilizantes/t-one-nutrients/ HTTP/1.1" 200 122886 "https://plantamadre.es/shop/fertilizantes/t-one-nutrients" "Mozilla/5.0 (Windows NT 6.1; Win64; x64) AppleWebKit/537.36 (KHTML, like Gecko) Chrome/68.0.3427.0 Safari/537.36"
191.101.50.190 - - [25/Feb/2025:14:39:26 +0000] "POST /wp-login.php HTTP/1.1" 301 443 "http://plantamadre.es" "Mozilla/5.0 (Macintosh; Intel Mac OS X 14_6) AppleWebKit/605.1.15 (KHTML, like Gecko) Version/17.5 Safari/605.1.15"
191.101.50.190 - - [25/Feb/2025:14:39:26 +0000] "GET /wp-login.php HTTP/1.1" 200 7283 "http://plantamadre.es" "Mozilla/5.0 (Macintosh; Intel Mac OS X 14_6) AppleWebKit/605.1.15 (KHTML, like Gecko) Version/17.5 Safari/605.1.15"
185.173.37.68 - - [25/Feb/2025:14:39:26 +0000] "GET /tienda/advanced-nutrients/advanced-nutrients-b-52-booster-1l/ HTTP/1.1" 403 3017 "-" "Mozilla/5.0 (Windows NT 10.0; WOW64) AppleWebKit/537.36 (KHTML, like Gecko) Chrome/114.0.0.0 Safari/537.36"
185.173.37.68 - - [25/Feb/2025:14:39:28 +0000] "GET / HTTP/1.1" 403 3063 "-" "Mozilla/5.0 (Windows NT 10.0; WOW64) AppleWebKit/537.36 (KHTML, like Gecko) Chrome/114.0.0.0 Safari/537.36"
192.42.116.185 - - [25/Feb/2025:14:39:29 +0000] "GET /shop/fertilizantes/terra-acuatica HTTP/1.1" 301 2847 "https://plantamadre.es/shop/fertilizantes/terra-acuatica" "Mozilla/5.0 (Windows NT 6.1; Win64; x64) AppleWebKit/537.36 (KHTML, like Gecko) Chrome/68.0.3427.0 Safari/537.36"
146.190.157.162 - - [25/Feb/2025:14:39:31 +0000] "POST /wp-cron.php?doing_wp_cron=1740494371.1225750446319580078125 HTTP/1.1" 200 2850 "-" "WordPress/6.3.5; https://plantamadre.es"
192.42.116.185 - - [25/Feb/2025:14:39:30 +0000] "GET /shop/fertilizantes/terra-acuatica/ HTTP/1.1" 200 123136 "https://plantamadre.es/shop/fertilizantes/terra-acuatica" "Mozilla/5.0 (Windows NT 6.1; Win64; x64) AppleWebKit/537.36 (KHTML, like Gecko) Chrome/68.0.3427.0 Safari/537.36"
62.117.170.101 - - [25/Feb/2025:14:39:33 +0000] "POST /wp-admin/admin-ajax.php HTTP/1.1" 200 982 "https://plantamadre.es/wp-admin/post.php?post=25043&action=edit" "Mozilla/5.0 (Windows NT 10.0; Win64; x64) AppleWebKit/537.36 (KHTML, like Gecko) Chrome/133.0.0.0 Safari/537.36"
192.42.116.185 - - [25/Feb/2025:14:39:35 +0000] "GET /shop/fertilizantes/the-hype-company HTTP/1.1" 301 2850 "https://plantamadre.es/shop/fertilizantes/the-hype-company" "Mozilla/5.0 (Windows NT 6.1; Win64; x64) AppleWebKit/537.36 (KHTML, like Gecko) Chrome/68.0.3427.0 Safari/537.36"
192.42.116.185 - - [25/Feb/2025:14:39:36 +0000] "GET /shop/fertilizantes/the-hype-company/ HTTP/1.1" 200 128538 "https://plantamadre.es/shop/fertilizantes/the-hype-company" "Mozilla/5.0 (Windows NT 6.1; Win64; x64) AppleWebKit/537.36 (KHTML, like Gecko) Chrome/68.0.3427.0 Safari/537.36"
185.220.101.161 - - [25/Feb/2025:14:39:40 +0000] "GET /shop/fertilizantes/trabe HTTP/1.1" 301 2839 "https://plantamadre.es/shop/fertilizantes/trabe" "Mozilla/5.0 (Windows NT 6.1; Win64; x64) AppleWebKit/537.36 (KHTML, like Gecko) Chrome/68.0.3427.0 Safari/537.36"
185.220.101.161 - - [25/Feb/2025:14:39:41 +0000] "GET /shop/fertilizantes/trabe/ HTTP/1.1" 200 122594 "https://plantamadre.es/shop/fertilizantes/trabe" "Mozilla/5.0 (Windows NT 6.1; Win64; x64) AppleWebKit/537.36 (KHTML, like Gecko) Chrome/68.0.3427.0 Safari/537.36"
195.47.238.91 - - [25/Feb/2025:14:39:45 +0000] "GET /shop/headshop HTTP/1.1" 301 2828 "https://plantamadre.es/shop/headshop" "Mozilla/5.0 (Windows NT 6.1; Win64; x64) AppleWebKit/537.36 (KHTML, like Gecko) Chrome/68.0.3427.0 Safari/537.36"
195.47.238.91 - - [25/Feb/2025:14:39:46 +0000] "GET /shop/headshop/ HTTP/1.1" 200 139388 "https://plantamadre.es/shop/headshop" "Mozilla/5.0 (Windows NT 6.1; Win64; x64) AppleWebKit/537.36 (KHTML, like Gecko) Chrome/68.0.3427.0 Safari/537.36"
195.47.238.91 - - [25/Feb/2025:14:39:50 +0000] "GET /shop/headshop/libros HTTP/1.1" 301 2834 "https://plantamadre.es/shop/headshop/libros" "Mozilla/5.0 (Windows NT 6.1; Win64; x64) AppleWebKit/537.36 (KHTML, like Gecko) Chrome/68.0.3427.0 Safari/537.36"
114.119.158.146 - - [25/Feb/2025:14:39:51 +0000] "GET /shop/page/27/ HTTP/1.1" 200 25815 "https://plantamadre.es/shop/page/26/" "Mozilla/5.0 (Linux; Android 7.0;) AppleWebKit/537.36 (KHTML, like Gecko) Mobile Safari/537.36 (compatible; PetalBot;+https://webmaster.petalsearch.com/site/petalbot)"
195.47.238.91 - - [25/Feb/2025:14:39:51 +0000] "GET /shop/headshop/libros/ HTTP/1.1" 200 122522 "https://plantamadre.es/shop/headshop/libros" "Mozilla/5.0 (Windows NT 6.1; Win64; x64) AppleWebKit/537.36 (KHTML, like Gecko) Chrome/68.0.3427.0 Safari/537.36"
195.47.238.87 - - [25/Feb/2025:14:39:57 +0000] "GET /shop/headshop/pipas-y-vaporizadores HTTP/1.1" 301 2850 "https://plantamadre.es/shop/headshop/pipas-y-vaporizadores" "Mozilla/5.0 (Windows NT 6.1; Win64; x64) AppleWebKit/537.36 (KHTML, like Gecko) Chrome/68.0.3427.0 Safari/537.36"
195.47.238.87 - - [25/Feb/2025:14:39:58 +0000] "GET /shop/headshop/pipas-y-vaporizadores/ HTTP/1.1" 200 123095 "https://plantamadre.es/shop/headshop/pipas-y-vaporizadores" "Mozilla/5.0 (Windows NT 6.1; Win64; x64) AppleWebKit/537.36 (KHTML, like Gecko) Chrome/68.0.3427.0 Safari/537.36"
195.47.238.87 - - [25/Feb/2025:14:40:02 +0000] "GET /shop/headshop/ropa HTTP/1.1" 301 2833 "https://plantamadre.es/shop/headshop/ropa" "Mozilla/5.0 (Windows NT 6.1; Win64; x64) AppleWebKit/537.36 (KHTML, like Gecko) Chrome/68.0.3427.0 Safari/537.36"
195.47.238.87 - - [25/Feb/2025:14:40:03 +0000] "GET /shop/headshop/ropa/ HTTP/1.1" 200 122491 "https://plantamadre.es/shop/headshop/ropa" "Mozilla/5.0 (Windows NT 6.1; Win64; x64) AppleWebKit/537.36 (KHTML, like Gecko) Chrome/68.0.3427.0 Safari/537.36"
185.129.61.8 - - [25/Feb/2025:14:40:09 +0000] "GET /shop/herramientas HTTP/1.1" 301 2832 "https://plantamadre.es/shop/herramientas" "Mozilla/5.0 (Windows NT 6.1; Win64; x64) AppleWebKit/537.36 (KHTML, like Gecko) Chrome/68.0.3427.0 Safari/537.36"
185.129.61.8 - - [25/Feb/2025:14:40:10 +0000] "GET /shop/herramientas/ HTTP/1.1" 200 128351 "https://plantamadre.es/shop/herramientas" "Mozilla/5.0 (Windows NT 6.1; Win64; x64) AppleWebKit/537.36 (KHTML, like Gecko) Chrome/68.0.3427.0 Safari/537.36"
114.119.130.168 - - [25/Feb/2025:14:40:09 +0000] "GET /wp-content/uploads/2023/04/dog-and-food-bowl.png HTTP/1.1" 404 109060 "https://plantamadre.es/standards/" "Mozilla/5.0 (Linux; Android 7.0;) AppleWebKit/537.36 (KHTML, like Gecko) Mobile Safari/537.36 (compatible; PetalBot;+https://webmaster.petalsearch.com/site/petalbot)"
185.129.61.8 - - [25/Feb/2025:14:40:15 +0000] "GET /shop/herramientas/dosificacion HTTP/1.1" 301 2845 "https://plantamadre.es/shop/herramientas/dosificacion" "Mozilla/5.0 (Windows NT 6.1; Win64; x64) AppleWebKit/537.36 (KHTML, like Gecko) Chrome/68.0.3427.0 Safari/537.36"
185.129.61.8 - - [25/Feb/2025:14:40:16 +0000] "GET /shop/herramientas/dosificacion/ HTTP/1.1" 200 122709 "https://plantamadre.es/shop/herramientas/dosificacion" "Mozilla/5.0 (Windows NT 6.1; Win64; x64) AppleWebKit/537.36 (KHTML, like Gecko) Chrome/68.0.3427.0 Safari/537.36"
185.220.101.7 - - [25/Feb/2025:14:40:20 +0000] "GET /shop/herramientas/e-p-i HTTP/1.1" 301 2839 "https://plantamadre.es/shop/herramientas/e-p-i" "Mozilla/5.0 (Windows NT 6.1; Win64; x64) AppleWebKit/537.36 (KHTML, like Gecko) Chrome/68.0.3427.0 Safari/537.36"
185.220.101.7 - - [25/Feb/2025:14:40:21 +0000] "GET /shop/herramientas/e-p-i/ HTTP/1.1" 200 122582 "https://plantamadre.es/shop/herramientas/e-p-i" "Mozilla/5.0 (Windows NT 6.1; Win64; x64) AppleWebKit/537.36 (KHTML, like Gecko) Chrome/68.0.3427.0 Safari/537.36"
185.220.101.7 - - [25/Feb/2025:14:40:25 +0000] "GET /shop/herramientas/etiquetado HTTP/1.1" 301 2843 "https://plantamadre.es/shop/herramientas/etiquetado" "Mozilla/5.0 (Windows NT 6.1; Win64; x64) AppleWebKit/537.36 (KHTML, like Gecko) Chrome/68.0.3427.0 Safari/537.36"
185.220.101.7 - - [25/Feb/2025:14:40:26 +0000] "GET /shop/herramientas/etiquetado/ HTTP/1.1" 200 122686 "https://plantamadre.es/shop/herramientas/etiquetado" "Mozilla/5.0 (Windows NT 6.1; Win64; x64) AppleWebKit/537.36 (KHTML, like Gecko) Chrome/68.0.3427.0 Safari/537.36"
45.80.158.69 - - [25/Feb/2025:14:40:29 +0000] "GET /shop/herramientas/microscopios HTTP/1.1" 301 2844 "https://plantamadre.es/shop/herramientas/microscopios" "Mozilla/5.0 (Windows NT 6.1; Win64; x64) AppleWebKit/537.36 (KHTML, like Gecko) Chrome/68.0.3427.0 Safari/537.36"
45.80.158.69 - - [25/Feb/2025:14:40:30 +0000] "GET /shop/herramientas/microscopios/ HTTP/1.1" 200 122705 "https://plantamadre.es/shop/herramientas/microscopios" "Mozilla/5.0 (Windows NT 6.1; Win64; x64) AppleWebKit/537.36 (KHTML, like Gecko) Chrome/68.0.3427.0 Safari/537.36"
