45.139.11.161 - - [26/Feb/2025:05:27:59 +0000] "POST /wp-login.php HTTP/1.1" 401 6522 "https://plantamadre.es/wp-login.php" "Mozilla/5.0 (Windows NT 10.0; Win64; x64) AppleWebKit/537.36 (KHTML, like Gecko) Chrome/78.0.3904.108 Safari/537.36"
18.138.1.157 - - [26/Feb/2025:05:28:00 +0000] "GET /wp-login.php HTTP/1.1" 200 12509 "-" "Mozilla/5.0 (Macintosh; Intel Mac OS X 10_10; rv:33.0) Gecko/20100101 Firefox/33.0"
18.138.1.157 - - [26/Feb/2025:05:28:03 +0000] "POST /wp-login.php HTTP/1.1" 401 6319 "https://plantamadre.es/wp-login.php" "Mozilla/5.0 (Macintosh; Intel Mac OS X 10_10; rv:33.0) Gecko/20100101 Firefox/33.0"
46.226.10.70 - - [26/Feb/2025:05:28:06 +0000] "GET /wp-login.php HTTP/1.1" 200 12479 "-" "Mozilla/5.0 (Windows NT 10.0; Win64; x64) AppleWebKit/537.36 (KHTML, like Gecko) Chrome/68.0.3440.106 Safari/537.36"
92.118.56.197 - - [26/Feb/2025:05:28:07 +0000] "GET /wp-login.php HTTP/1.1" 200 14820 "-" "Mozilla/5.0 (Windows NT 6.1; WOW64; rv:18.0) Gecko/20100101 Firefox/18.0"
46.226.10.70 - - [26/Feb/2025:05:28:08 +0000] "POST /wp-login.php HTTP/1.1" 401 6290 "https://plantamadre.es/wp-login.php" "Mozilla/5.0 (Windows NT 10.0; Win64; x64) AppleWebKit/537.36 (KHTML, like Gecko) Chrome/68.0.3440.106 Safari/537.36"
51.68.11.199 - - [26/Feb/2025:05:28:09 +0000] "GET /wp-login.php HTTP/1.1" 200 14705 "-" "Mozilla/5.0 (Windows NT 5.1; rv:7.0.1) Gecko/20100101 Firefox/7.0.1"
89.238.179.12 - - [26/Feb/2025:05:28:15 +0000] "GET /wp-login.php HTTP/1.1" 200 12691 "-" "Mozilla/5.0 (Windows NT 10.0; Win64; x64) AppleWebKit/537.36 (KHTML, like Gecko) Chrome/85.0.4183.102 Safari/537.36"
89.238.179.12 - - [26/Feb/2025:05:28:17 +0000] "POST /wp-login.php HTTP/1.1" 401 6520 "https://plantamadre.es/wp-login.php" "Mozilla/5.0 (Windows NT 10.0; Win64; x64) AppleWebKit/537.36 (KHTML, like Gecko) Chrome/85.0.4183.102 Safari/537.36"
34.76.230.252 - - [26/Feb/2025:05:28:36 +0000] "GET /wp-login.php HTTP/1.1" 200 12690 "-" "Mozilla/5.0 (Windows NT 10.0; Win64; x64) AppleWebKit/537.36 (KHTML, like Gecko) Chrome/86.0.4240.198 Safari/537.36"
146.190.157.162 - - [26/Feb/2025:05:28:38 +0000] "POST /wp-cron.php?doing_wp_cron=1740547718.1490020751953125000000 HTTP/1.1" 200 2850 "-" "WordPress/6.3.5; https://plantamadre.es"
34.76.230.252 - - [26/Feb/2025:05:28:39 +0000] "POST /wp-login.php HTTP/1.1" 401 6521 "https://plantamadre.es/wp-login.php" "Mozilla/5.0 (Windows NT 10.0; Win64; x64) AppleWebKit/537.36 (KHTML, like Gecko) Chrome/86.0.4240.198 Safari/537.36"
46.101.216.118 - - [26/Feb/2025:05:28:45 +0000] "GET /wp-login.php HTTP/1.1" 200 14820 "-" "Mozilla/5.0 (Windows NT 6.1; rv:17.0) Gecko/20100101 Firefox/20.6.14"
146.190.157.162 - - [26/Feb/2025:05:29:56 +0000] "POST /wp-cron.php?doing_wp_cron=1740547796.1701788902282714843750 HTTP/1.1" 200 2850 "-" "WordPress/6.3.5; https://plantamadre.es"
93.157.29.223 - - [26/Feb/2025:05:29:54 +0000] "GET /tienda/otros/ladrillo-coco-prensado-trichoderma-5-kg-70-l/ HTTP/1.1" 404 109107 "-" "Mozilla/5.0 (Windows NT 10.0; Win64; x64; rv:114.0) Gecko/20100101 Firefox/114.0"
93.157.29.223 - - [26/Feb/2025:05:29:59 +0000] "GET / HTTP/1.1" 200 27147 "-" "Mozilla/5.0 (Windows NT 10.0; Win64; x64; rv:114.0) Gecko/20100101 Firefox/114.0"
93.157.29.223 - - [26/Feb/2025:05:30:04 +0000] "GET /product/aire-acondicionado-electrogrow/ HTTP/1.1" 200 32857 "https://plantamadre.es" "Mozilla/5.0 (Windows NT 10.0; Win64; x64; rv:114.0) Gecko/20100101 Firefox/114.0"
77.232.37.35 - - [26/Feb/2025:05:31:35 +0000] "GET /tienda/delicious/critical-sensi-star-feminizada-10-semillas-2/ HTTP/1.0" 403 2776 "-" "Mozilla/5.0 (Windows NT 6.3; Win64; x64) AppleWebKit/537.36 (KHTML, like Gecko) Chrome/75.0.3770.100 Safari/537.36"
146.190.157.162 - - [26/Feb/2025:05:31:37 +0000] "POST /wp-cron.php?doing_wp_cron=1740547897.3283159732818603515625 HTTP/1.1" 200 2850 "-" "WordPress/6.3.5; https://plantamadre.es"
142.93.219.175 - - [26/Feb/2025:05:31:56 +0000] "GET /tienda/extraccion/extractor-rvk-l1-150mm-700m3h/ HTTP/1.1" 404 108916 "-" "-"
142.93.219.175 - - [26/Feb/2025:05:31:57 +0000] "GET /tienda/semillas-3/venus-genetics-aktombe-3-semillas-fem/ HTTP/1.1" 404 106733 "-" "-"
142.93.219.175 - - [26/Feb/2025:05:32:00 +0000] "POST /wp-comments-post.php HTTP/1.1" 200 448 "-" "-"
142.93.219.175 - - [26/Feb/2025:05:32:02 +0000] "POST /wp-comments-post.php HTTP/1.1" 200 448 "-" "-"
142.93.219.175 - - [26/Feb/2025:05:32:02 +0000] "GET /tienda/utensil-de-cosecha/tijeras-podar-metalica-hortiline/ HTTP/1.1" 404 106539 "-" "-"
142.93.219.175 - - [26/Feb/2025:05:31:59 +0000] "GET /tienda/cannabiogen-semillas/cannabiogen-sandstorm-5-sem-fem/ HTTP/1.1" 404 106475 "-" "-"
142.93.219.175 - - [26/Feb/2025:05:32:03 +0000] "GET /tienda/delicious/critical-sensi-star-feminizada-10-semillas-2/ HTTP/1.1" 404 106607 "-" "-"
142.93.219.175 - - [26/Feb/2025:05:32:06 +0000] "POST /wp-comments-post.php HTTP/1.1" 200 2639 "-" "-"
142.93.219.175 - - [26/Feb/2025:05:32:07 +0000] "POST /wp-comments-post.php HTTP/1.1" 200 448 "-" "-"
142.93.219.175 - - [26/Feb/2025:05:32:07 +0000] "POST /wp-comments-post.php HTTP/1.1" 200 448 "-" "-"
146.190.157.162 - - [26/Feb/2025:05:32:46 +0000] "POST /wp-cron.php?doing_wp_cron=1740547966.2041969299316406250000 HTTP/1.1" 200 2850 "-" "WordPress/6.3.5; https://plantamadre.es"
217.24.70.153 - - [26/Feb/2025:05:32:44 +0000] "GET /tienda/otros/ladrillo-coco-prensado-trichoderma-5-kg-70-l/ HTTP/1.1" 404 109105 "-" "Mozilla/5.0 (Macintosh; Intel Mac OS X 12_5) AppleWebKit/605.1.15 (KHTML, like Gecko) Version/15.4 Safari/605.1.15"
217.24.70.153 - - [26/Feb/2025:05:32:51 +0000] "GET / HTTP/1.1" 200 27145 "-" "Mozilla/5.0 (Macintosh; Intel Mac OS X 12_5) AppleWebKit/605.1.15 (KHTML, like Gecko) Version/15.4 Safari/605.1.15"
217.24.70.153 - - [26/Feb/2025:05:33:01 +0000] "GET /wp-login.php?action=register HTTP/1.1" 200 7352 "https://plantamadre.es" "Mozilla/5.0 (Windows NT 6.3; Win64; x64) AppleWebKit/537.36 (KHTML, like Gecko) Chrome/103.0.0.0 Safari/537.36"
146.190.157.162 - - [26/Feb/2025:05:33:02 +0000] "POST /wp-cron.php?doing_wp_cron=1740547982.4686160087585449218750 HTTP/1.1" 200 2851 "-" "WordPress/6.3.5; https://plantamadre.es"
198.12.66.211 - - [26/Feb/2025:05:33:00 +0000] "GET /tienda/ez-test/ez-test-ketamina/ HTTP/1.1" 404 109082 "-" "Mozilla/5.0 (Windows NT 10.0; Win64; x64; rv:114.0) Gecko/20100101 Firefox/114.0"
217.24.70.153 - - [26/Feb/2025:05:33:04 +0000] "GET /wp-login.php?action=register HTTP/1.1" 200 7352 "https://plantamadre.es/wp-login.php?action=register" "Mozilla/5.0 (Windows NT 6.3; Win64; x64) AppleWebKit/537.36 (KHTML, like Gecko) Chrome/103.0.0.0 Safari/537.36"
198.12.66.211 - - [26/Feb/2025:05:33:06 +0000] "GET / HTTP/1.1" 200 27147 "-" "Mozilla/5.0 (Windows NT 10.0; Win64; x64; rv:114.0) Gecko/20100101 Firefox/114.0"
198.12.66.211 - - [26/Feb/2025:05:33:10 +0000] "GET /wp-login.php?action=register HTTP/1.1" 302 3121 "https://plantamadre.es" "Mozilla/5.0 (Windows NT 6.3; Win64; x64) AppleWebKit/537.36 (KHTML, like Gecko) Chrome/103.0.0.0 Safari/537.36"
217.24.70.153 - - [26/Feb/2025:05:33:12 +0000] "POST /wp-login.php?jetpack-protect-recovery=true HTTP/1.1" 200 7317 "https://plantamadre.es/wp-login.php?action=register" "Mozilla/5.0 (Windows NT 6.3; Win64; x64) AppleWebKit/537.36 (KHTML, like Gecko) Chrome/103.0.0.0 Safari/537.36"
198.12.66.211 - - [26/Feb/2025:05:33:13 +0000] "GET /wp-login.php?registration=disabled HTTP/1.1" 200 5953 "https://plantamadre.es/wp-login.php?action=register" "Mozilla/5.0 (Windows NT 6.3; Win64; x64) AppleWebKit/537.36 (KHTML, like Gecko) Chrome/103.0.0.0 Safari/537.36"
66.249.68.5 - - [26/Feb/2025:05:35:00 +0000] "GET /wp-content/uploads/2014/05/WW1.png HTTP/1.1" 404 109062 "-" "Googlebot-Image/1.0"
146.190.157.162 - - [26/Feb/2025:05:35:03 +0000] "POST /wp-cron.php?doing_wp_cron=1740548103.2828819751739501953125 HTTP/1.1" 200 2850 "-" "WordPress/6.3.5; https://plantamadre.es"
146.190.157.162 - - [26/Feb/2025:05:35:42 +0000] "POST /wp-cron.php?doing_wp_cron=1740548142.7144899368286132812500 HTTP/1.1" 200 2849 "-" "WordPress/6.3.5; https://plantamadre.es"
114.119.130.168 - - [26/Feb/2025:05:35:41 +0000] "GET /shop/fertilizantes/?product-page=4 HTTP/1.1" 200 24567 "https://plantamadre.es/shop/fertilizantes/" "Mozilla/5.0 (Linux; Android 7.0;) AppleWebKit/537.36 (KHTML, like Gecko) Mobile Safari/537.36 (compatible; PetalBot;+https://webmaster.petalsearch.com/site/petalbot)"
178.159.37.28 - - [26/Feb/2025:05:38:56 +0000] "GET /tienda/autopot/autopot-estera-coco-prensado-58x51cm/ HTTP/1.0" 404 108820 "https://plantamadre.es/tienda/autopot/autopot-estera-coco-prensado-58x51cm/" "Mozilla/5.0 (Windows NT 5.1) AppleWebKit/537.36 (KHTML, like Gecko) Chrome/49.0.2623.112 Safari/537.36"
146.190.157.162 - - [26/Feb/2025:05:39:00 +0000] "GET / HTTP/1.1" 200 27122 "-" "WordPress/6.3.5; https://plantamadre.es"
146.190.157.162 - - [26/Feb/2025:05:38:58 +0000] "POST /wp-cron.php?doing_wp_cron=1740548338.4333550930023193359375 HTTP/1.1" 200 2851 "-" "WordPress/6.3.5; https://plantamadre.es"
146.190.157.162 - - [26/Feb/2025:05:39:40 +0000] "POST /wp-cron.php?doing_wp_cron=1740548380.0498220920562744140625 HTTP/1.1" 200 2850 "-" "WordPress/6.3.5; https://plantamadre.es"
66.249.68.6 - - [26/Feb/2025:05:39:37 +0000] "GET /wp-content/uploads/2013/09/critical-jack1.png HTTP/1.1" 404 109073 "-" "Googlebot-Image/1.0"
146.190.157.162 - - [26/Feb/2025:05:43:39 +0000] "POST /wp-cron.php?doing_wp_cron=1740548619.5287680625915527343750 HTTP/1.1" 200 2850 "-" "WordPress/6.3.5; https://plantamadre.es"
40.77.167.243 - - [26/Feb/2025:05:43:37 +0000] "GET /tienda/co2/generador-de-co2-4-quemadores/ HTTP/1.1" 404 109134 "-" "Mozilla/5.0 AppleWebKit/537.36 (KHTML, like Gecko; compatible; bingbot/2.0; +http://www.bing.com/bingbot.htm) Chrome/116.0.1938.76 Safari/537.36"
66.249.68.6 - - [26/Feb/2025:05:44:14 +0000] "GET /wp-content/uploads/2025/01/bubba-gift.png HTTP/1.1" 200 160362 "-" "Googlebot-Image/1.0"
146.190.157.162 - - [26/Feb/2025:05:45:44 +0000] "POST /wp-cron.php?doing_wp_cron=1740548744.4827289581298828125000 HTTP/1.1" 200 2850 "-" "WordPress/6.3.5; https://plantamadre.es"
66.249.68.5 - - [26/Feb/2025:05:45:42 +0000] "GET /etiqueta-producto/semillas-auto/page/2/?orderby=popularity HTTP/1.1" 404 109091 "-" "Mozilla/5.0 (Linux; Android 6.0.1; Nexus 5X Build/MMB29P) AppleWebKit/537.36 (KHTML, like Gecko) Chrome/133.0.6943.53 Mobile Safari/537.36 (compatible; Googlebot/2.1; +http://www.google.com/bot.html)"
146.190.157.162 - - [26/Feb/2025:05:47:43 +0000] "POST /wp-cron.php?doing_wp_cron=1740548863.5306389331817626953125 HTTP/1.1" 200 2851 "-" "WordPress/6.3.5; https://plantamadre.es"
212.30.33.224 - - [26/Feb/2025:05:47:42 +0000] "GET /tienda/semillas/l-s-d-feminizada-10-semillas/ HTTP/1.0" 404 108813 "https://plantamadre.es/tienda/semillas/l-s-d-feminizada-10-semillas/" "Mozilla/5.0 (Windows NT 10.0; Win64; x64) AppleWebKit/537.36 (KHTML, like Gecko) Chrome/130.0.0.0 Safari/537.36"
212.30.33.218 - - [26/Feb/2025:05:47:47 +0000] "GET /contacto/ HTTP/1.0" 200 196543 "https://plantamadre.es/contacto/" "Mozilla/5.0 (Windows NT 10.0; Win64; x64) AppleWebKit/537.36 (KHTML, like Gecko) Chrome/130.0.0.0 Safari/537.36"
159.89.104.182 - - [26/Feb/2025:05:47:49 +0000] "GET /wp-login.php HTTP/1.1" 301 462 "-" "Mozilla/5.0 (X11; Fedora; Linux x86_64; rv:94.0) Gecko/20100101 Firefox/95.0"
159.89.104.182 - - [26/Feb/2025:05:47:50 +0000] "GET /wp-login.php HTTP/1.1" 200 7071 "http://plantamadre.es/wp-login.php" "Mozilla/5.0 (X11; Fedora; Linux x86_64; rv:94.0) Gecko/20100101 Firefox/95.0"
159.89.104.182 - - [26/Feb/2025:05:47:52 +0000] "GET /wp-login.php HTTP/1.1" 200 7069 "-" "Mozilla/5.0 (X11; Fedora; Linux x86_64; rv:94.0) Gecko/20100101 Firefox/95.0"
212.30.33.203 - - [26/Feb/2025:05:47:51 +0000] "POST /contacto/ HTTP/1.0" 200 194637 "https://plantamadre.es/contacto/" "Mozilla/5.0 (Windows NT 10.0; Win64; x64) AppleWebKit/537.36 (KHTML, like Gecko) Chrome/130.0.0.0 Safari/537.36"
159.89.104.182 - - [26/Feb/2025:05:47:53 +0000] "POST /wp-login.php HTTP/1.1" 200 7070 "-" "Mozilla/5.0 (X11; Fedora; Linux x86_64; rv:94.0) Gecko/20100101 Firefox/95.0"
146.190.157.162 - - [26/Feb/2025:05:48:24 +0000] "POST /wp-cron.php?doing_wp_cron=1740548904.8182029724121093750000 HTTP/1.1" 200 2850 "-" "WordPress/6.3.5; https://plantamadre.es"
142.93.219.175 - - [26/Feb/2025:05:48:23 +0000] "GET /tienda/eva-seeds/eva-seeds-white-dragon-3-semillas-fem/ HTTP/1.1" 404 108923 "-" "-"
142.93.219.175 - - [26/Feb/2025:05:48:26 +0000] "GET /tienda/bio-tabs/biotabs-mycotrex-100-g/ HTTP/1.1" 404 106716 "-" "-"
142.93.219.175 - - [26/Feb/2025:05:48:28 +0000] "POST /wp-comments-post.php HTTP/1.1" 200 448 "-" "-"
196.197.25.155 - - [26/Feb/2025:05:48:28 +0000] "GET /tienda/ez-test/ez-test-ketamina/ HTTP/1.1" 404 109080 "-" "Mozilla/5.0 (X11; Fedora; Linux x86_64; rv:114.0) Gecko/20100101 Firefox/114.0"
142.93.219.175 - - [26/Feb/2025:05:48:30 +0000] "POST /wp-comments-post.php HTTP/1.1" 200 2639 "-" "-"
142.93.219.175 - - [26/Feb/2025:05:48:29 +0000] "GET /tienda/ripper-seeds/ripper-seeds-black-valley-5%E2%99%80/ HTTP/1.1" 404 106537 "-" "-"
146.190.157.162 - - [26/Feb/2025:05:48:31 +0000] "POST /wp-cron.php?doing_wp_cron=1740548911.4609119892120361328125 HTTP/1.1" 200 2850 "-" "WordPress/6.3.5; https://plantamadre.es"
196.197.25.155 - - [26/Feb/2025:05:48:33 +0000] "GET / HTTP/1.1" 200 27146 "-" "Mozilla/5.0 (X11; Fedora; Linux x86_64; rv:114.0) Gecko/20100101 Firefox/114.0"
142.93.219.175 - - [26/Feb/2025:05:48:35 +0000] "POST /wp-comments-post.php HTTP/1.1" 200 2638 "-" "-"
196.197.25.155 - - [26/Feb/2025:05:48:37 +0000] "GET /wp-login.php?action=register HTTP/1.1" 200 7352 "https://plantamadre.es" "Mozilla/5.0 (Windows NT 6.3; Win64; x64) AppleWebKit/537.36 (KHTML, like Gecko) Chrome/103.0.0.0 Safari/537.36"
196.197.25.155 - - [26/Feb/2025:05:48:39 +0000] "GET /wp-login.php?action=register HTTP/1.1" 200 7353 "https://plantamadre.es/wp-login.php?action=register" "Mozilla/5.0 (Windows NT 6.3; Win64; x64) AppleWebKit/537.36 (KHTML, like Gecko) Chrome/103.0.0.0 Safari/537.36"
196.197.25.155 - - [26/Feb/2025:05:48:48 +0000] "POST /wp-login.php?jetpack-protect-recovery=true HTTP/1.1" 200 7316 "https://plantamadre.es/wp-login.php?action=register" "Mozilla/5.0 (Windows NT 6.3; Win64; x64) AppleWebKit/537.36 (KHTML, like Gecko) Chrome/103.0.0.0 Safari/537.36"
66.249.68.6 - - [26/Feb/2025:05:48:51 +0000] "GET /wp-content/uploads/2013/11/deimos.png HTTP/1.1" 404 109065 "-" "Googlebot-Image/1.0"
195.154.60.83 - - [26/Feb/2025:05:49:05 +0000] "GET /tienda/00-seeds-bank-semillas/00-seeds-00-kush-5und-fem/ HTTP/1.1" 404 109106 "-" "Mozilla/5.0 (X11; Ubuntu; Linux x86_64; rv:114.0) Gecko/20100101 Firefox/114.0"
195.154.60.83 - - [26/Feb/2025:05:49:09 +0000] "GET / HTTP/1.1" 200 27147 "-" "Mozilla/5.0 (X11; Ubuntu; Linux x86_64; rv:114.0) Gecko/20100101 Firefox/114.0"
195.154.60.83 - - [26/Feb/2025:05:49:17 +0000] "GET /wp-login.php?action=register HTTP/1.1" 302 3119 "https://plantamadre.es" "Mozilla/5.0 (Windows NT 6.3; Win64; x64) AppleWebKit/537.36 (KHTML, like Gecko) Chrome/103.0.0.0 Safari/537.36"
195.154.60.83 - - [26/Feb/2025:05:49:20 +0000] "GET /wp-login.php?registration=disabled HTTP/1.1" 200 5952 "https://plantamadre.es/wp-login.php?action=register" "Mozilla/5.0 (Windows NT 6.3; Win64; x64) AppleWebKit/537.36 (KHTML, like Gecko) Chrome/103.0.0.0 Safari/537.36"
85.208.96.212 - - [26/Feb/2025:05:49:51 +0000] "GET /robots.txt HTTP/1.1" 200 3016 "-" "Mozilla/5.0 (compatible; SemrushBot/7~bl; +http://www.semrush.com/bot.html)"
146.190.157.162 - - [26/Feb/2025:05:49:53 +0000] "POST /wp-cron.php?doing_wp_cron=1740548993.1704900264739990234375 HTTP/1.1" 200 2850 "-" "WordPress/6.3.5; https://plantamadre.es"
85.208.96.198 - - [26/Feb/2025:05:49:55 +0000] "GET /product/garden-highpro-ledmaxeco-led-panel-300w/ HTTP/1.1" 200 30516 "-" "Mozilla/5.0 (compatible; SemrushBot/7~bl; +http://www.semrush.com/bot.html)"
77.232.37.35 - - [26/Feb/2025:05:50:25 +0000] "GET /tienda/semillas-3/venus-genetics-aktombe-1semilla-fem/ HTTP/1.0" 403 2777 "-" "Mozilla/5.0 (Windows NT 6.3; Win64; x64) AppleWebKit/537.36 (KHTML, like Gecko) Chrome/75.0.3770.100 Safari/537.36"
77.232.37.35 - - [26/Feb/2025:05:50:25 +0000] "GET /tienda/reflectores/reflector-garden-highpro-pearl-pro-xl/ HTTP/1.0" 403 2777 "-" "Mozilla/5.0 (Windows NT 6.3; Win64; x64) AppleWebKit/537.36 (KHTML, like Gecko) Chrome/75.0.3770.100 Safari/537.36"
146.190.157.162 - - [26/Feb/2025:05:52:25 +0000] "POST /wp-cron.php?doing_wp_cron=1740549145.0671589374542236328125 HTTP/1.1" 200 2850 "-" "WordPress/6.3.5; https://plantamadre.es"
188.239.191.25 - - [26/Feb/2025:05:52:23 +0000] "GET /tienda/advanced-hydroponics-of-holland/advanced-hydro-root-stimulator-1-l/ HTTP/1.0" 404 108843 "https://plantamadre.es/tienda/advanced-hydroponics-of-holland/advanced-hydro-root-stimulator-1-l/" "Mozilla/5.0 (Windows NT 10.0; Win64; x64) AppleWebKit/537.36 (KHTML, like Gecko) Chrome/129.0.0.0 Safari/537.36"
194.38.23.16 - - [26/Feb/2025:05:53:01 +0000] "GET /wp-content/themes/u-design/scripts/admin/uploadify/uploadify.css HTTP/1.1" 301 603 "-" "ALittle Client"
146.190.157.162 - - [26/Feb/2025:05:53:30 +0000] "POST /wp-cron.php?doing_wp_cron=1740549210.4028320312500000000000 HTTP/1.1" 200 2849 "-" "WordPress/6.3.5; https://plantamadre.es"
66.249.68.7 - - [26/Feb/2025:05:53:28 +0000] "GET /wp-content/uploads/2014/01/odorsock.png HTTP/1.1" 404 109066 "-" "Googlebot-Image/1.0"
89.110.95.69 - - [26/Feb/2025:05:53:33 +0000] "GET /tienda/co2/kit-co2-completo-manoreductorbombonaelectrovalvula/ HTTP/1.0" 403 2777 "https://plantamadre.es/tienda/co2/kit-co2-completo-manoreductorbombonaelectrovalvula/" "Mozilla/5.0 (Windows NT 10.0; Win64; x64) AppleWebKit/537.36 (KHTML, like Gecko) Chrome/129.0.0.0 Safari/537.36"
89.110.95.69 - - [26/Feb/2025:05:53:36 +0000] "GET / HTTP/1.0" 403 2824 "https://plantamadre.es/tienda/co2/kit-co2-completo-manoreductorbombonaelectrovalvula/" "Mozilla/5.0 (Windows NT 10.0; Win64; x64) AppleWebKit/537.36 (KHTML, like Gecko) Chrome/129.0.0.0 Safari/537.36"
89.110.95.69 - - [26/Feb/2025:05:53:39 +0000] "GET / HTTP/1.0" 403 2824 "https://plantamadre.es/" "Mozilla/5.0 (Windows NT 10.0; Win64; x64) AppleWebKit/537.36 (KHTML, like Gecko) Chrome/129.0.0.0 Safari/537.36"
89.110.95.69 - - [26/Feb/2025:05:53:41 +0000] "GET / HTTP/1.0" 403 2824 "https://plantamadre.es/" "Mozilla/5.0 (Windows NT 10.0; Win64; x64) AppleWebKit/537.36 (KHTML, like Gecko) Chrome/129.0.0.0 Safari/537.36"
194.38.23.16 - - [26/Feb/2025:05:54:00 +0000] "GET /wp-content/themes/u-design/scripts/admin/uploadify/uploadify.css HTTP/1.1" 404 109516 "-" "ALittle Client"
20.171.207.32 - - [26/Feb/2025:05:54:04 +0000] "GET /tienda/co2/generador-de-co2-4-quemadores/ HTTP/1.1" 404 109043 "-" "Mozilla/5.0 AppleWebKit/537.36 (KHTML, like Gecko; compatible; GPTBot/1.2; +https://openai.com/gptbot)"
146.190.157.162 - - [26/Feb/2025:05:56:21 +0000] "POST /wp-cron.php?doing_wp_cron=1740549381.4764449596405029296875 HTTP/1.1" 200 2851 "-" "WordPress/6.3.5; https://plantamadre.es"
52.167.144.208 - - [26/Feb/2025:05:56:19 +0000] "GET /etiqueta-producto/atomizador-para-hierbas-secas/ HTTP/1.1" 404 109141 "-" "Mozilla/5.0 AppleWebKit/537.36 (KHTML, like Gecko; compatible; bingbot/2.0; +http://www.bing.com/bingbot.htm) Chrome/116.0.1938.76 Safari/537.36"
146.190.157.162 - - [26/Feb/2025:05:56:33 +0000] "POST /wp-cron.php?doing_wp_cron=1740549393.4902191162109375000000 HTTP/1.1" 200 2850 "-" "WordPress/6.3.5; https://plantamadre.es"
20.171.207.32 - - [26/Feb/2025:05:56:32 +0000] "GET /tienda/bongs-y-pipas/bong-cristal-varios-dibujos-14-cm/ HTTP/1.1" 404 109058 "-" "Mozilla/5.0 AppleWebKit/537.36 (KHTML, like Gecko; compatible; GPTBot/1.2; +https://openai.com/gptbot)"
146.190.157.162 - - [26/Feb/2025:05:58:06 +0000] "POST /wp-cron.php?doing_wp_cron=1740549486.9340429306030273437500 HTTP/1.1" 200 2851 "-" "WordPress/6.3.5; https://plantamadre.es"
66.249.68.7 - - [26/Feb/2025:05:58:05 +0000] "GET /wp-content/uploads/2013/09/sharksbread1.png HTTP/1.1" 404 109070 "-" "Googlebot-Image/1.0"
168.228.45.116 - - [26/Feb/2025:05:58:14 +0000] "GET /tienda/600-w/kit-basico-600w-vanguads-hidroponicsbombilla-vanguads-hidroponics-creflo-reflector-pearl-pro-copiar/ HTTP/1.1" 404 109162 "-" "Mozilla/5.0 (X11; Linux x86_64) AppleWebKit/537.36 (KHTML, like Gecko) Chrome/114.0.0.0 Safari/537.36 Vivaldi/5.3.2679.68"
168.228.45.116 - - [26/Feb/2025:05:58:22 +0000] "GET / HTTP/1.1" 200 27147 "-" "Mozilla/5.0 (X11; Linux x86_64) AppleWebKit/537.36 (KHTML, like Gecko) Chrome/114.0.0.0 Safari/537.36 Vivaldi/5.3.2679.68"
168.228.45.116 - - [26/Feb/2025:05:58:27 +0000] "POST /xmlrpc.php HTTP/1.1" 200 3004 "https://plantamadre.es" "PHP/5.2.88"
114.119.148.155 - - [26/Feb/2025:05:58:27 +0000] "GET /shop33/?product-page=7 HTTP/1.1" 200 24578 "https://plantamadre.es/shop33/?product-page=4" "Mozilla/5.0 (Linux; Android 7.0;) AppleWebKit/537.36 (KHTML, like Gecko) Mobile Safari/537.36 (compatible; PetalBot;+https://webmaster.petalsearch.com/site/petalbot)"
146.190.157.162 - - [26/Feb/2025:05:58:31 +0000] "POST /wp-cron.php?doing_wp_cron=1740549511.3188240528106689453125 HTTP/1.1" 200 2851 "-" "WordPress/6.3.5; https://plantamadre.es"
168.228.45.116 - - [26/Feb/2025:05:58:29 +0000] "GET /tienda/600-w/kit-basico-600w-vanguads-hidroponicsbombilla-vanguads-hidroponics-creflo-reflector-pearl-pro-copiar/ HTTP/1.1" 404 109155 "-" "PHP/5.2.88"
195.2.75.64 - - [26/Feb/2025:05:59:47 +0000] "GET /tienda/grinder-madera/grinder-madera-tallado-marihuana/ HTTP/1.0" 403 2777 "https://plantamadre.es/tienda/grinder-madera/grinder-madera-tallado-marihuana/" "Mozilla/5.0 (Windows NT 10.0; Win64; x64) AppleWebKit/537.36 (KHTML, like Gecko) Chrome/129.0.0.0 Safari/537.36"
146.190.157.162 - - [26/Feb/2025:05:59:49 +0000] "POST /wp-cron.php?doing_wp_cron=1740549589.1167829036712646484375 HTTP/1.1" 200 2850 "-" "WordPress/6.3.5; https://plantamadre.es"
195.2.75.64 - - [26/Feb/2025:05:59:50 +0000] "GET / HTTP/1.0" 403 2824 "https://plantamadre.es/tienda/grinder-madera/grinder-madera-tallado-marihuana/" "Mozilla/5.0 (Windows NT 10.0; Win64; x64) AppleWebKit/537.36 (KHTML, like Gecko) Chrome/129.0.0.0 Safari/537.36"
195.2.75.64 - - [26/Feb/2025:05:59:53 +0000] "GET / HTTP/1.0" 403 2823 "https://plantamadre.es/" "Mozilla/5.0 (Windows NT 10.0; Win64; x64) AppleWebKit/537.36 (KHTML, like Gecko) Chrome/129.0.0.0 Safari/537.36"
195.2.75.64 - - [26/Feb/2025:05:59:55 +0000] "GET / HTTP/1.0" 403 2824 "https://plantamadre.es/" "Mozilla/5.0 (Windows NT 10.0; Win64; x64) AppleWebKit/537.36 (KHTML, like Gecko) Chrome/129.0.0.0 Safari/537.36"
195.2.75.64 - - [26/Feb/2025:06:00:33 +0000] "GET /tienda/grinder-madera/grinder-madera-tallado-marihuana/ HTTP/1.0" 403 2776 "https://plantamadre.es/tienda/grinder-madera/grinder-madera-tallado-marihuana/" "Mozilla/5.0 (Windows NT 10.0; Win64; x64) AppleWebKit/537.36 (KHTML, like Gecko) Chrome/131.0.0.0 Safari/537.36"
146.190.157.162 - - [26/Feb/2025:06:00:37 +0000] "POST /wp-cron.php?doing_wp_cron=1740549637.0028409957885742187500 HTTP/1.1" 200 2851 "-" "WordPress/6.3.5; https://plantamadre.es"
195.2.75.64 - - [26/Feb/2025:06:00:39 +0000] "GET / HTTP/1.0" 403 2825 "https://plantamadre.es/tienda/grinder-madera/grinder-madera-tallado-marihuana/" "Mozilla/5.0 (Windows NT 10.0; Win64; x64) AppleWebKit/537.36 (KHTML, like Gecko) Chrome/131.0.0.0 Safari/537.36"
195.2.75.64 - - [26/Feb/2025:06:00:41 +0000] "GET / HTTP/1.0" 403 2824 "https://plantamadre.es/" "Mozilla/5.0 (Windows NT 10.0; Win64; x64) AppleWebKit/537.36 (KHTML, like Gecko) Chrome/131.0.0.0 Safari/537.36"
195.2.75.64 - - [26/Feb/2025:06:00:44 +0000] "GET / HTTP/1.0" 403 2823 "https://plantamadre.es/" "Mozilla/5.0 (Windows NT 10.0; Win64; x64) AppleWebKit/537.36 (KHTML, like Gecko) Chrome/131.0.0.0 Safari/537.36"
40.77.167.14 - - [26/Feb/2025:06:00:48 +0000] "GET /wp-content/uploads/2024/06/01-TABLA-DE-CULTIVO-POWER-FEEDING-HIDRO-COCO-TIERRA.png HTTP/1.1" 200 846228 "-" "Mozilla/5.0 AppleWebKit/537.36 (KHTML, like Gecko; compatible; bingbot/2.0; +http://www.bing.com/bingbot.htm) Chrome/116.0.1938.76 Safari/537.36"
85.10.156.16 - - [26/Feb/2025:06:01:00 +0000] "GET /tienda/otros/lombriz-roja-californiana-1000uds/ HTTP/1.1" 404 109098 "-" "Mozilla/5.0 (Windows NT 10.0; WOW64; x64) AppleWebKit/537.36 (KHTML, like Gecko) Chrome/114.0.0.0 Safari/537.36 OPR/89.0.4447.51"
85.10.156.16 - - [26/Feb/2025:06:01:11 +0000] "GET / HTTP/1.1" 200 27148 "-" "Mozilla/5.0 (Windows NT 10.0; WOW64; x64) AppleWebKit/537.36 (KHTML, like Gecko) Chrome/114.0.0.0 Safari/537.36 OPR/89.0.4447.51"
85.10.156.16 - - [26/Feb/2025:06:01:22 +0000] "GET /wp-login.php?action=register HTTP/1.1" 200 7351 "https://plantamadre.es" "Mozilla/5.0 (Windows NT 6.3; Win64; x64) AppleWebKit/537.36 (KHTML, like Gecko) Chrome/103.0.0.0 Safari/537.36"
85.10.156.16 - - [26/Feb/2025:06:01:25 +0000] "GET /wp-login.php?action=register HTTP/1.1" 200 7351 "https://plantamadre.es/wp-login.php?action=register" "Mozilla/5.0 (Windows NT 6.3; Win64; x64) AppleWebKit/537.36 (KHTML, like Gecko) Chrome/103.0.0.0 Safari/537.36"
85.10.156.16 - - [26/Feb/2025:06:01:36 +0000] "POST /wp-login.php?jetpack-protect-recovery=true HTTP/1.1" 200 7316 "https://plantamadre.es/wp-login.php?action=register" "Mozilla/5.0 (Windows NT 6.3; Win64; x64) AppleWebKit/537.36 (KHTML, like Gecko) Chrome/103.0.0.0 Safari/537.36"
20.171.207.32 - - [26/Feb/2025:06:01:34 +0000] "GET /tienda/bongs-y-pipas/bong-cristal-varios-dibujos-14-cm/ HTTP/1.1" 404 109057 "-" "Mozilla/5.0 AppleWebKit/537.36 (KHTML, like Gecko; compatible; GPTBot/1.2; +https://openai.com/gptbot)"
146.190.157.162 - - [26/Feb/2025:06:01:36 +0000] "POST /wp-cron.php?doing_wp_cron=1740549696.2486679553985595703125 HTTP/1.1" 200 2850 "-" "WordPress/6.3.5; https://plantamadre.es"
146.190.157.162 - - [26/Feb/2025:06:02:21 +0000] "POST /wp-cron.php?doing_wp_cron=1740549741.8247239589691162109375 HTTP/1.1" 200 2851 "-" "WordPress/6.3.5; https://plantamadre.es"
20.171.207.32 - - [26/Feb/2025:06:02:19 +0000] "GET /tienda/bongs-y-pipas/bong-cristal-varios-dibujos-14-cm/ HTTP/1.1" 404 109057 "-" "Mozilla/5.0 AppleWebKit/537.36 (KHTML, like Gecko; compatible; GPTBot/1.2; +https://openai.com/gptbot)"
77.232.37.35 - - [26/Feb/2025:06:02:40 +0000] "GET /tienda/insecticidas/agrobeta-o2-plus-5l/ HTTP/1.0" 403 2777 "-" "Mozilla/5.0 (Windows NT 6.3; Win64; x64) AppleWebKit/537.36 (KHTML, like Gecko) Chrome/75.0.3770.100 Safari/537.36"
146.190.157.162 - - [26/Feb/2025:06:02:42 +0000] "POST /wp-cron.php?doing_wp_cron=1740549762.1522910594940185546875 HTTP/1.1" 200 2850 "-" "WordPress/6.3.5; https://plantamadre.es"
77.232.37.35 - - [26/Feb/2025:06:02:48 +0000] "GET /tienda/vaporizadores/g-pro-herbal-vaporizer-snoop-dogg/ HTTP/1.0" 403 2776 "-" "Mozilla/5.0 (Windows NT 6.3; Win64; x64) AppleWebKit/537.36 (KHTML, like Gecko) Chrome/75.0.3770.100 Safari/537.36"
146.190.157.162 - - [26/Feb/2025:06:02:56 +0000] "POST /wp-cron.php?doing_wp_cron=1740549776.4382369518280029296875 HTTP/1.1" 200 2849 "-" "WordPress/6.3.5; https://plantamadre.es"
114.119.130.168 - - [26/Feb/2025:06:02:54 +0000] "GET /shop/extarccion-de-resina/accesorios/?product-page=1 HTTP/1.1" 200 25131 "https://plantamadre.es/shop/extarccion-de-resina/accesorios/?product-page=2" "Mozilla/5.0 (Linux; Android 7.0;) AppleWebKit/537.36 (KHTML, like Gecko) Mobile Safari/537.36 (compatible; PetalBot;+https://webmaster.petalsearch.com/site/petalbot)"
40.77.167.14 - - [26/Feb/2025:06:02:59 +0000] "GET /shop/headshop/parafernalia-del-fumador/ HTTP/1.1" 200 24923 "-" "Mozilla/5.0 AppleWebKit/537.36 (KHTML, like Gecko; compatible; bingbot/2.0; +http://www.bing.com/bingbot.htm) Chrome/116.0.1938.76 Safari/537.36"
20.171.207.32 - - [26/Feb/2025:06:03:17 +0000] "GET /tienda/bongs-y-pipas/bong-cristal-varios-dibujos-14-cm/ HTTP/1.1" 404 109057 "-" "Mozilla/5.0 AppleWebKit/537.36 (KHTML, like Gecko; compatible; GPTBot/1.2; +https://openai.com/gptbot)"
146.190.157.162 - - [26/Feb/2025:06:04:03 +0000] "POST /wp-cron.php?doing_wp_cron=1740549843.6083810329437255859375 HTTP/1.1" 200 2850 "-" "WordPress/6.3.5; https://plantamadre.es"
20.171.207.32 - - [26/Feb/2025:06:04:01 +0000] "GET /tienda/bongs-y-pipas/bong-cristal-varios-dibujos-14-cm/ HTTP/1.1" 404 109057 "-" "Mozilla/5.0 AppleWebKit/537.36 (KHTML, like Gecko; compatible; GPTBot/1.2; +https://openai.com/gptbot)"
77.232.37.35 - - [26/Feb/2025:06:04:20 +0000] "GET /tienda/semillas-3/reggae-seeds-session-15-semillas-regulares/ HTTP/1.0" 403 2776 "-" "Mozilla/5.0 (Windows NT 6.3; Win64; x64) AppleWebKit/537.36 (KHTML, like Gecko) Chrome/75.0.3770.100 Safari/537.36"
77.232.37.35 - - [26/Feb/2025:06:04:20 +0000] "GET /tienda/advanced-hydroponics-of-holland/advanced-hydro-root-stimulator-1-l/ HTTP/1.0" 403 2778 "-" "Mozilla/5.0 (Windows NT 6.3; Win64; x64) AppleWebKit/537.36 (KHTML, like Gecko) Chrome/75.0.3770.100 Safari/537.36"
20.171.207.32 - - [26/Feb/2025:06:04:20 +0000] "GET /tienda/bongs-y-pipas/bong-cristal-varios-dibujos-14-cm/ HTTP/1.1" 404 109057 "-" "Mozilla/5.0 AppleWebKit/537.36 (KHTML, like Gecko; compatible; GPTBot/1.2; +https://openai.com/gptbot)"
146.190.157.162 - - [26/Feb/2025:06:04:52 +0000] "POST /wp-cron.php?doing_wp_cron=1740549892.4887390136718750000000 HTTP/1.1" 200 2850 "-" "WordPress/6.3.5; https://plantamadre.es"
20.171.207.32 - - [26/Feb/2025:06:04:51 +0000] "GET /tienda/bongs-y-pipas/bong-cristal-varios-dibujos-14-cm/ HTTP/1.1" 404 109056 "-" "Mozilla/5.0 AppleWebKit/537.36 (KHTML, like Gecko; compatible; GPTBot/1.2; +https://openai.com/gptbot)"
146.190.157.162 - - [26/Feb/2025:06:05:33 +0000] "POST /wp-cron.php?doing_wp_cron=1740549933.7060079574584960937500 HTTP/1.1" 200 2850 "-" "WordPress/6.3.5; https://plantamadre.es"
20.171.207.32 - - [26/Feb/2025:06:05:32 +0000] "GET /tienda/bongs-y-pipas/bong-cristal-varios-dibujos-14-cm/ HTTP/1.1" 404 109057 "-" "Mozilla/5.0 AppleWebKit/537.36 (KHTML, like Gecko; compatible; GPTBot/1.2; +https://openai.com/gptbot)"
20.171.207.32 - - [26/Feb/2025:06:06:09 +0000] "GET /tienda/bongs-y-pipas/bong-cristal-varios-dibujos-14-cm/ HTTP/1.1" 404 109058 "-" "Mozilla/5.0 AppleWebKit/537.36 (KHTML, like Gecko; compatible; GPTBot/1.2; +https://openai.com/gptbot)"
146.190.157.162 - - [26/Feb/2025:06:06:41 +0000] "POST /wp-cron.php?doing_wp_cron=1740550001.8014619350433349609375 HTTP/1.1" 200 2850 "-" "WordPress/6.3.5; https://plantamadre.es"
20.171.207.32 - - [26/Feb/2025:06:06:39 +0000] "GET /tienda/bongs-y-pipas/bong-cristal-varios-dibujos-14-cm/ HTTP/1.1" 404 109056 "-" "Mozilla/5.0 AppleWebKit/537.36 (KHTML, like Gecko; compatible; GPTBot/1.2; +https://openai.com/gptbot)"
91.239.187.65 - - [26/Feb/2025:06:06:57 +0000] "GET /shop/control-del-clima HTTP/1.1" 301 2675 "https://plantamadre.es" "Mozilla/5.0 (Windows NT 10.0; Win64; x64) AppleWebKit/537.36 (KHTML, like Gecko) Chrome/62.0.3202.94 Safari/537.36"
91.239.187.65 - - [26/Feb/2025:06:07:00 +0000] "GET /shop/control-del-clima/ HTTP/1.1" 200 24869 "https://plantamadre.es" "Mozilla/5.0 (Windows NT 10.0; Win64; x64) AppleWebKit/537.36 (KHTML, like Gecko) Chrome/62.0.3202.94 Safari/537.36"
91.239.187.65 - - [26/Feb/2025:06:07:04 +0000] "GET /shop/control-del-clima/ HTTP/1.1" 200 24870 "https://plantamadre.es" "Mozilla/5.0 (Windows NT 10.0; Win64; x64) AppleWebKit/537.36 (KHTML, like Gecko) Chrome/62.0.3202.94 Safari/537.36"
146.190.157.162 - - [26/Feb/2025:06:07:15 +0000] "POST /wp-cron.php?doing_wp_cron=1740550035.8527159690856933593750 HTTP/1.1" 200 2850 "-" "WordPress/6.3.5; https://plantamadre.es"
20.171.207.32 - - [26/Feb/2025:06:07:14 +0000] "GET /tienda/bongs-y-pipas/bong-cristal-varios-dibujos-14-cm/ HTTP/1.1" 404 109056 "-" "Mozilla/5.0 AppleWebKit/537.36 (KHTML, like Gecko; compatible; GPTBot/1.2; +https://openai.com/gptbot)"
66.249.68.5 - - [26/Feb/2025:06:07:19 +0000] "GET /wp-content/uploads/2013/10/medidor-ph-tierra.png HTTP/1.1" 404 109075 "-" "Googlebot-Image/1.0"
146.190.157.162 - - [26/Feb/2025:06:07:48 +0000] "POST /wp-cron.php?doing_wp_cron=1740550068.8825058937072753906250 HTTP/1.1" 200 2849 "-" "WordPress/6.3.5; https://plantamadre.es"
20.171.207.32 - - [26/Feb/2025:06:07:47 +0000] "GET /tienda/bongs-y-pipas/bong-cristal-varios-dibujos-14-cm/ HTTP/1.1" 404 105400 "-" "Mozilla/5.0 AppleWebKit/537.36 (KHTML, like Gecko; compatible; GPTBot/1.2; +https://openai.com/gptbot)"
168.228.45.146 - - [26/Feb/2025:06:07:49 +0000] "GET /tienda/600-w/kit-basico-600w-vanguads-hidroponicsbombilla-vanguads-hidroponics-creflo-reflector-pearl-pro-copiar/ HTTP/1.1" 404 109161 "-" "Mozilla/5.0 (X11; Linux x86_64) AppleWebKit/537.36 (KHTML, like Gecko) Chrome/114.0.0.0 Safari/537.36 OPR/89.0.4447.51"
146.190.157.162 - - [26/Feb/2025:06:08:03 +0000] "POST /wp-cron.php?doing_wp_cron=1740550083.8429770469665527343750 HTTP/1.1" 200 2848 "-" "WordPress/6.3.5; https://plantamadre.es"
20.171.207.32 - - [26/Feb/2025:06:08:01 +0000] "GET /tienda/bongs-y-pipas/bong-cristal-varios-dibujos-14-cm/ HTTP/1.1" 404 109057 "-" "Mozilla/5.0 AppleWebKit/537.36 (KHTML, like Gecko; compatible; GPTBot/1.2; +https://openai.com/gptbot)"
37.139.53.208 - - [26/Feb/2025:06:08:20 +0000] "GET /tienda/semillas/l-s-d-feminizada-10-semillas/ HTTP/1.0" 403 2776 "https://plantamadre.es/tienda/semillas/l-s-d-feminizada-10-semillas/#comment-403861" "Mozilla/5.0 (Windows NT 10.0; Win64; x64) AppleWebKit/537.36 (KHTML, like Gecko) Chrome/131.0.0.0 Safari/537.36"
20.171.207.32 - - [26/Feb/2025:06:08:21 +0000] "GET /tienda/bongs-y-pipas/bong-cristal-varios-dibujos-14-cm/ HTTP/1.1" 404 109057 "-" "Mozilla/5.0 AppleWebKit/537.36 (KHTML, like Gecko; compatible; GPTBot/1.2; +https://openai.com/gptbot)"
37.139.53.208 - - [26/Feb/2025:06:08:23 +0000] "GET / HTTP/1.0" 403 2824 "https://plantamadre.es/tienda/semillas/l-s-d-feminizada-10-semillas/#comment-403861" "Mozilla/5.0 (Windows NT 10.0; Win64; x64) AppleWebKit/537.36 (KHTML, like Gecko) Chrome/131.0.0.0 Safari/537.36"
37.139.53.208 - - [26/Feb/2025:06:08:26 +0000] "GET / HTTP/1.0" 403 2825 "https://plantamadre.es/" "Mozilla/5.0 (Windows NT 10.0; Win64; x64) AppleWebKit/537.36 (KHTML, like Gecko) Chrome/131.0.0.0 Safari/537.36"
37.139.53.208 - - [26/Feb/2025:06:08:29 +0000] "GET / HTTP/1.0" 403 2824 "https://plantamadre.es/" "Mozilla/5.0 (Windows NT 10.0; Win64; x64) AppleWebKit/537.36 (KHTML, like Gecko) Chrome/131.0.0.0 Safari/537.36"
146.190.157.162 - - [26/Feb/2025:06:08:31 +0000] "POST /wp-cron.php?doing_wp_cron=1740550111.1957349777221679687500 HTTP/1.1" 200 2850 "-" "WordPress/6.3.5; https://plantamadre.es"
20.171.207.32 - - [26/Feb/2025:06:08:39 +0000] "GET /tienda/bongs-y-pipas/bong-cristal-varios-dibujos-14-cm/ HTTP/1.1" 404 109057 "-" "Mozilla/5.0 AppleWebKit/537.36 (KHTML, like Gecko; compatible; GPTBot/1.2; +https://openai.com/gptbot)"
20.171.207.32 - - [26/Feb/2025:06:09:11 +0000] "GET /tienda/bongs-y-pipas/bong-cristal-varios-dibujos-14-cm/ HTTP/1.1" 404 109057 "-" "Mozilla/5.0 AppleWebKit/537.36 (KHTML, like Gecko; compatible; GPTBot/1.2; +https://openai.com/gptbot)"
146.190.157.162 - - [26/Feb/2025:06:09:29 +0000] "POST /wp-cron.php?doing_wp_cron=1740550169.5780649185180664062500 HTTP/1.1" 200 2851 "-" "WordPress/6.3.5; https://plantamadre.es"
20.171.207.32 - - [26/Feb/2025:06:09:27 +0000] "GET /tienda/bongs-y-pipas/bong-cristal-varios-dibujos-14-cm/ HTTP/1.1" 404 109057 "-" "Mozilla/5.0 AppleWebKit/537.36 (KHTML, like Gecko; compatible; GPTBot/1.2; +https://openai.com/gptbot)"
146.190.157.162 - - [26/Feb/2025:06:09:45 +0000] "POST /wp-cron.php?doing_wp_cron=1740550185.7805280685424804687500 HTTP/1.1" 200 2851 "-" "WordPress/6.3.5; https://plantamadre.es"
20.171.207.32 - - [26/Feb/2025:06:09:44 +0000] "GET /tienda/bongs-y-pipas/bong-cristal-varios-dibujos-14-cm/ HTTP/1.1" 404 109058 "-" "Mozilla/5.0 AppleWebKit/537.36 (KHTML, like Gecko; compatible; GPTBot/1.2; +https://openai.com/gptbot)"
46.147.98.142 - - [26/Feb/2025:06:10:16 +0000] "GET /tienda/productos-especiales/masilla-cicatrizante-lila-balsam-150g/ HTTP/1.0" 301 570 "-" "Mozilla/5.0 (Windows NT 6.3; Win64; x64) AppleWebKit/537.36 (KHTML, like Gecko) Chrome/75.0.3770.100 Safari/537.36"
46.147.98.142 - - [26/Feb/2025:06:10:17 +0000] "GET /tienda/productos-especiales/masilla-cicatrizante-lila-balsam-150g/ HTTP/1.0" 403 2777 "-" "Mozilla/5.0 (Windows NT 6.3; Win64; x64) AppleWebKit/537.36 (KHTML, like Gecko) Chrome/75.0.3770.100 Safari/537.36"
146.190.157.162 - - [26/Feb/2025:06:10:19 +0000] "POST /wp-cron.php?doing_wp_cron=1740550219.3924770355224609375000 HTTP/1.1" 200 2849 "-" "WordPress/6.3.5; https://plantamadre.es"
20.171.207.32 - - [26/Feb/2025:06:10:18 +0000] "GET /tienda/bongs-y-pipas/bong-cristal-varios-dibujos-14-cm/ HTTP/1.1" 404 109007 "-" "Mozilla/5.0 AppleWebKit/537.36 (KHTML, like Gecko; compatible; GPTBot/1.2; +https://openai.com/gptbot)"
146.190.157.162 - - [26/Feb/2025:06:10:37 +0000] "POST /wp-cron.php?doing_wp_cron=1740550236.9893710613250732421875 HTTP/1.1" 200 2849 "-" "WordPress/6.3.5; https://plantamadre.es"
20.171.207.32 - - [26/Feb/2025:06:10:53 +0000] "GET /tienda/bongs-y-pipas/bong-cristal-varios-dibujos-14-cm/ HTTP/1.1" 404 109056 "-" "Mozilla/5.0 AppleWebKit/537.36 (KHTML, like Gecko; compatible; GPTBot/1.2; +https://openai.com/gptbot)"
20.171.207.32 - - [26/Feb/2025:06:11:25 +0000] "GET /tienda/bongs-y-pipas/bong-cristal-varios-dibujos-14-cm/ HTTP/1.1" 404 109058 "-" "Mozilla/5.0 AppleWebKit/537.36 (KHTML, like Gecko; compatible; GPTBot/1.2; +https://openai.com/gptbot)"
37.78.37.14 - - [26/Feb/2025:06:11:28 +0000] "GET /tienda/insecticidas/trampa-campana-gama-nocturna-5und/ HTTP/1.0" 403 2776 "https://a-remonts.ru" "Mozilla/5.0 (Windows NT 10.0; Win64; x64) AppleWebKit/537.36 (KHTML, like Gecko) Chrome/103.0.5060.66 Safari/537.36"
37.78.37.14 - - [26/Feb/2025:06:11:32 +0000] "GET / HTTP/1.0" 403 2824 "https://a-remonts.ru" "Mozilla/5.0 (Windows NT 10.0; Win64; x64) AppleWebKit/537.36 (KHTML, like Gecko) Chrome/103.0.5060.66 Safari/537.36"
146.190.157.162 - - [26/Feb/2025:06:11:33 +0000] "POST /wp-cron.php?doing_wp_cron=1740550293.7813479900360107421875 HTTP/1.1" 200 2850 "-" "WordPress/6.3.5; https://plantamadre.es"
20.171.207.32 - - [26/Feb/2025:06:11:53 +0000] "GET /tienda/bongs-y-pipas/bong-cristal-varios-dibujos-14-cm/ HTTP/1.1" 404 105402 "-" "Mozilla/5.0 AppleWebKit/537.36 (KHTML, like Gecko; compatible; GPTBot/1.2; +https://openai.com/gptbot)"
66.249.68.7 - - [26/Feb/2025:06:11:56 +0000] "GET /wp-content/uploads/2013/10/cones-party1.png HTTP/1.1" 404 109070 "-" "Googlebot-Image/1.0"
146.190.157.162 - - [26/Feb/2025:06:12:24 +0000] "POST /wp-cron.php?doing_wp_cron=1740550344.6361689567565917968750 HTTP/1.1" 200 2849 "-" "WordPress/6.3.5; https://plantamadre.es"
20.171.207.32 - - [26/Feb/2025:06:12:22 +0000] "GET /tienda/bongs-y-pipas/bong-cristal-varios-dibujos-14-cm/ HTTP/1.1" 404 109058 "-" "Mozilla/5.0 AppleWebKit/537.36 (KHTML, like Gecko; compatible; GPTBot/1.2; +https://openai.com/gptbot)"
146.190.157.162 - - [26/Feb/2025:06:12:55 +0000] "POST /wp-cron.php?doing_wp_cron=1740550375.6069691181182861328125 HTTP/1.1" 200 2849 "-" "WordPress/6.3.5; https://plantamadre.es"
20.171.207.32 - - [26/Feb/2025:06:12:54 +0000] "GET /tienda/bongs-y-pipas/bong-cristal-varios-dibujos-14-cm/ HTTP/1.1" 404 109057 "-" "Mozilla/5.0 AppleWebKit/537.36 (KHTML, like Gecko; compatible; GPTBot/1.2; +https://openai.com/gptbot)"
20.171.207.32 - - [26/Feb/2025:06:13:24 +0000] "GET /tienda/bongs-y-pipas/bong-cristal-varios-dibujos-14-cm/ HTTP/1.1" 404 109057 "-" "Mozilla/5.0 AppleWebKit/537.36 (KHTML, like Gecko; compatible; GPTBot/1.2; +https://openai.com/gptbot)"
114.119.130.168 - - [26/Feb/2025:06:13:30 +0000] "GET /wp-content/uploads/2024/12/ventilador-pinza.png HTTP/1.1" 200 53397 "https://plantamadre.es/product/ventilador-profan-clip-fan-garden-highpro-15cm-15w-ac/" "Mozilla/5.0 (Linux; Android 7.0;) AppleWebKit/537.36 (KHTML, like Gecko) Mobile Safari/537.36 (compatible; PetalBot;+https://webmaster.petalsearch.com/site/petalbot)"
204.12.229.65 - - [26/Feb/2025:06:13:36 +0000] "GET /tienda/otros/ladrillo-coco-prensado-trichoderma-5-kg-70-l/ HTTP/1.1" 404 109107 "-" "Mozilla/5.0 (X11; Ubuntu; Linux x86_64; rv:114.0) Gecko/20100101 Firefox/114.0"
146.190.157.162 - - [26/Feb/2025:06:13:38 +0000] "POST /wp-cron.php?doing_wp_cron=1740550418.9280769824981689453125 HTTP/1.1" 200 2850 "-" "WordPress/6.3.5; https://plantamadre.es"
204.12.229.65 - - [26/Feb/2025:06:13:41 +0000] "GET / HTTP/1.1" 200 27148 "-" "Mozilla/5.0 (X11; Ubuntu; Linux x86_64; rv:114.0) Gecko/20100101 Firefox/114.0"
204.12.229.65 - - [26/Feb/2025:06:13:49 +0000] "GET /wp-login.php?action=register HTTP/1.1" 302 3121 "https://plantamadre.es" "Mozilla/5.0 (Windows NT 6.3; Win64; x64) AppleWebKit/537.36 (KHTML, like Gecko) Chrome/103.0.0.0 Safari/537.36"
204.12.229.65 - - [26/Feb/2025:06:13:52 +0000] "GET /wp-login.php?registration=disabled HTTP/1.1" 200 5952 "https://plantamadre.es/wp-login.php?action=register" "Mozilla/5.0 (Windows NT 6.3; Win64; x64) AppleWebKit/537.36 (KHTML, like Gecko) Chrome/103.0.0.0 Safari/537.36"
20.171.207.32 - - [26/Feb/2025:06:13:58 +0000] "GET /tienda/bongs-y-pipas/bong-cristal-varios-dibujos-14-cm/ HTTP/1.1" 404 109057 "-" "Mozilla/5.0 AppleWebKit/537.36 (KHTML, like Gecko; compatible; GPTBot/1.2; +https://openai.com/gptbot)"
146.190.157.162 - - [26/Feb/2025:06:14:26 +0000] "POST /wp-cron.php?doing_wp_cron=1740550466.0081660747528076171875 HTTP/1.1" 200 2850 "-" "WordPress/6.3.5; https://plantamadre.es"
20.171.207.32 - - [26/Feb/2025:06:14:23 +0000] "GET /tienda/bongs-y-pipas/bong-cristal-varios-dibujos-14-cm/ HTTP/1.1" 404 109057 "-" "Mozilla/5.0 AppleWebKit/537.36 (KHTML, like Gecko; compatible; GPTBot/1.2; +https://openai.com/gptbot)"
146.190.157.162 - - [26/Feb/2025:06:14:49 +0000] "POST /wp-cron.php?doing_wp_cron=1740550489.9009160995483398437500 HTTP/1.1" 200 2849 "-" "WordPress/6.3.5; https://plantamadre.es"
20.171.207.32 - - [26/Feb/2025:06:14:48 +0000] "GET /tienda/bongs-y-pipas/bong-cristal-varios-dibujos-14-cm/ HTTP/1.1" 404 109058 "-" "Mozilla/5.0 AppleWebKit/537.36 (KHTML, like Gecko; compatible; GPTBot/1.2; +https://openai.com/gptbot)"
20.171.207.32 - - [26/Feb/2025:06:15:19 +0000] "GET /tienda/bongs-y-pipas/bong-cristal-varios-dibujos-14-cm/ HTTP/1.1" 404 109056 "-" "Mozilla/5.0 AppleWebKit/537.36 (KHTML, like Gecko; compatible; GPTBot/1.2; +https://openai.com/gptbot)"
60.114.159.72 - - [26/Feb/2025:06:10:34 +0000] "GET /tienda/00-seeds-bank-semillas/00-seeds-00-kush-5und-fem/ HTTP/1.1" 404 80229 "-" "Mozilla/5.0 (Macintosh; Intel Mac OS X 12_5) AppleWebKit/537.36 (KHTML, like Gecko) Chrome/114.0.0.0 YaBrowser/22.7.0 Yowser/2.5 Safari/537.36"
60.114.159.72 - - [26/Feb/2025:06:10:37 +0000] "GET /tienda/00-seeds-bank-semillas/00-seeds-00-kush-5und-fem/ HTTP/1.1" 404 80230 "-" "Mozilla/5.0 (Macintosh; Intel Mac OS X 12_5) AppleWebKit/537.36 (KHTML, like Gecko) Chrome/114.0.0.0 YaBrowser/22.7.0 Yowser/2.5 Safari/537.36"
60.114.159.72 - - [26/Feb/2025:06:10:39 +0000] "GET /tienda/00-seeds-bank-semillas/00-seeds-00-kush-5und-fem/ HTTP/1.1" 404 80229 "-" "Mozilla/5.0 (Macintosh; Intel Mac OS X 12_5) AppleWebKit/537.36 (KHTML, like Gecko) Chrome/114.0.0.0 YaBrowser/22.7.0 Yowser/2.5 Safari/537.36"
146.190.157.162 - - [26/Feb/2025:06:15:44 +0000] "POST /wp-cron.php?doing_wp_cron=1740550544.4554369449615478515625 HTTP/1.1" 200 2849 "-" "WordPress/6.3.5; https://plantamadre.es"
108.181.196.60 - - [26/Feb/2025:06:15:42 +0000] "GET /tienda/extraccion/extractor-rvk-l1-150mm-700m3h/ HTTP/1.1" 404 108916 "-" "-"
108.181.196.60 - - [26/Feb/2025:06:15:43 +0000] "GET /tienda/semillas-3/venus-genetics-aktombe-3-semillas-fem/ HTTP/1.1" 404 106733 "-" "-"
20.171.207.32 - - [26/Feb/2025:06:15:46 +0000] "GET /tienda/bongs-y-pipas/bong-cristal-varios-dibujos-14-cm/ HTTP/1.1" 404 109058 "-" "Mozilla/5.0 AppleWebKit/537.36 (KHTML, like Gecko; compatible; GPTBot/1.2; +https://openai.com/gptbot)"
108.181.196.60 - - [26/Feb/2025:06:15:47 +0000] "POST /wp-comments-post.php HTTP/1.1" 200 448 "-" "-"
108.181.196.60 - - [26/Feb/2025:06:15:48 +0000] "POST /wp-comments-post.php HTTP/1.1" 200 448 "-" "-"
108.181.196.60 - - [26/Feb/2025:06:15:47 +0000] "GET /tienda/cannabiogen-semillas/cannabiogen-sandstorm-5-sem-fem/ HTTP/1.1" 404 106475 "-" "-"
108.181.196.60 - - [26/Feb/2025:06:15:52 +0000] "GET /tienda/utensil-de-cosecha/tijeras-podar-metalica-hortiline/ HTTP/1.1" 404 106604 "-" "-"
108.181.196.60 - - [26/Feb/2025:06:15:53 +0000] "GET /tienda/delicious/critical-sensi-star-feminizada-10-semillas-2/ HTTP/1.1" 404 108874 "-" "-"
108.181.196.60 - - [26/Feb/2025:06:15:55 +0000] "POST /wp-comments-post.php HTTP/1.1" 200 448 "-" "-"
108.181.196.60 - - [26/Feb/2025:06:15:55 +0000] "POST /wp-comments-post.php HTTP/1.1" 200 448 "-" "-"
5.3.103.62 - - [26/Feb/2025:06:15:56 +0000] "GET /tienda/papel/bandeja-pequena-raw-oro-negro-edicion-limitada/ HTTP/1.0" 403 2776 "https://plantamadre.es/tienda/papel/bandeja-pequena-raw-oro-negro-edicion-limitada/" "Mozilla/5.0 (Windows NT 10.0; Win64; x64) AppleWebKit/537.36 (KHTML, like Gecko) Chrome/131.0.0.0 Safari/537.36 Avast/131.0.0.0"
108.181.196.60 - - [26/Feb/2025:06:15:57 +0000] "POST /wp-comments-post.php HTTP/1.1" 200 448 "-" "-"
20.171.207.32 - - [26/Feb/2025:06:15:56 +0000] "GET /tienda/bongs-y-pipas/bong-cristal-varios-dibujos-14-cm/ HTTP/1.1" 404 109056 "-" "Mozilla/5.0 AppleWebKit/537.36 (KHTML, like Gecko; compatible; GPTBot/1.2; +https://openai.com/gptbot)"
5.3.103.62 - - [26/Feb/2025:06:15:59 +0000] "GET / HTTP/1.0" 403 2825 "https://plantamadre.es/tienda/papel/bandeja-pequena-raw-oro-negro-edicion-limitada/" "Mozilla/5.0 (Windows NT 10.0; Win64; x64) AppleWebKit/537.36 (KHTML, like Gecko) Chrome/131.0.0.0 Safari/537.36 Avast/131.0.0.0"
5.3.103.62 - - [26/Feb/2025:06:16:02 +0000] "GET / HTTP/1.0" 403 2825 "https://plantamadre.es/" "Mozilla/5.0 (Windows NT 10.0; Win64; x64) AppleWebKit/537.36 (KHTML, like Gecko) Chrome/131.0.0.0 Safari/537.36 Avast/131.0.0.0"
5.3.103.62 - - [26/Feb/2025:06:16:05 +0000] "GET / HTTP/1.0" 403 2824 "https://plantamadre.es/" "Mozilla/5.0 (Windows NT 10.0; Win64; x64) AppleWebKit/537.36 (KHTML, like Gecko) Chrome/131.0.0.0 Safari/537.36 Avast/131.0.0.0"
20.171.207.32 - - [26/Feb/2025:06:16:19 +0000] "GET /tienda/bongs-y-pipas/bong-cristal-varios-dibujos-14-cm/ HTTP/1.1" 404 109057 "-" "Mozilla/5.0 AppleWebKit/537.36 (KHTML, like Gecko; compatible; GPTBot/1.2; +https://openai.com/gptbot)"
37.78.37.14 - - [26/Feb/2025:06:16:24 +0000] "GET /tienda/co2/generador-de-co2-8-quemadores/ HTTP/1.0" 403 2777 "https://go.remonts-spb.ru/remont-holodilnikov/oshibka-h1/" "Mozilla/5.0 (Windows NT 6.3; WOW64) AppleWebKit/537.36 (KHTML, like Gecko) Chrome/103.0.0.0 Safari/537.36"
37.78.37.14 - - [26/Feb/2025:06:16:27 +0000] "GET / HTTP/1.0" 403 2823 "https://go.remonts-spb.ru/remont-holodilnikov/oshibka-h1/" "Mozilla/5.0 (Windows NT 6.3; WOW64) AppleWebKit/537.36 (KHTML, like Gecko) Chrome/103.0.0.0 Safari/537.36"
146.190.157.162 - - [26/Feb/2025:06:16:34 +0000] "POST /wp-cron.php?doing_wp_cron=1740550594.8358159065246582031250 HTTP/1.1" 200 2850 "-" "WordPress/6.3.5; https://plantamadre.es"
66.249.68.5 - - [26/Feb/2025:06:16:33 +0000] "GET /wp-content/uploads/2014/03/big-bud.png HTTP/1.1" 404 109066 "-" "Googlebot-Image/1.0"
20.171.207.32 - - [26/Feb/2025:06:16:40 +0000] "GET /tienda/bongs-y-pipas/bong-cristal-varios-dibujos-14-cm/ HTTP/1.1" 404 109057 "-" "Mozilla/5.0 AppleWebKit/537.36 (KHTML, like Gecko; compatible; GPTBot/1.2; +https://openai.com/gptbot)"
37.78.37.14 - - [26/Feb/2025:06:16:48 +0000] "GET /tienda/semillas-3/thc-seeds-ak-47-1-semilla-fem/ HTTP/1.0" 403 2778 "https://h-centr-spb.ru" "Mozilla/5.0 (Windows NT 6.3; Win64; x64) AppleWebKit/537.36 (KHTML, like Gecko) Chrome/103.0.5060.53 Safari/537.36"
37.78.37.14 - - [26/Feb/2025:06:16:51 +0000] "GET / HTTP/1.0" 403 2823 "https://h-centr-spb.ru" "Mozilla/5.0 (Windows NT 6.3; Win64; x64) AppleWebKit/537.36 (KHTML, like Gecko) Chrome/103.0.5060.53 Safari/537.36"
114.119.130.168 - - [26/Feb/2025:06:18:24 +0000] "GET /wp-content/uploads/2024/12/iceolator-eco-3mllas.png HTTP/1.1" 200 363952 "https://plantamadre.es/product/malla-extractora-eco/" "Mozilla/5.0 (Linux; Android 7.0;) AppleWebKit/537.36 (KHTML, like Gecko) Mobile Safari/537.36 (compatible; PetalBot;+https://webmaster.petalsearch.com/site/petalbot)"
156.59.198.135 - - [26/Feb/2025:06:18:41 +0000] "GET /wp-content/uploads/2016/07/ches%C3%83%C2%A7ese-cacke.jpg HTTP/1.1" 403 2977 "-" "Mozilla/5.0 (Linux; Android 5.0) AppleWebKit/537.36 (KHTML, like Gecko) Mobile Safari/537.36 (compatible; Bytespider; spider-feedback@bytedance.com)"
146.190.157.162 - - [26/Feb/2025:06:18:43 +0000] "POST /wp-cron.php?doing_wp_cron=1740550723.3442990779876708984375 HTTP/1.1" 200 2849 "-" "WordPress/6.3.5; https://plantamadre.es"
212.68.199.233 - - [26/Feb/2025:06:18:56 +0000] "POST /xmlrpc.php HTTP/1.1" 200 3337 "-" "Mozilla/5.0 (Windows NT 6.1; WOW64; rv:41.0) Gecko/20100101 Firefox/41.0"
47.52.209.228 - - [26/Feb/2025:06:18:58 +0000] "POST /xmlrpc.php HTTP/1.1" 200 3133 "-" "Mozilla/5.0 (X11; Linux x86_64) AppleWebKit/537.36 (KHTML, like Gecko) Chrome/91.0.4472.114 Safari/537.36"
185.225.33.2 - - [26/Feb/2025:06:19:03 +0000] "POST /xmlrpc.php HTTP/1.1" 403 2980 "-" "Mozilla/5.0 (Windows NT 10.0; Win64; x64) AppleWebKit/537.36 (KHTML, like Gecko) Chrome/83.0.4103.116 Safari/537.36"
103.51.43.145 - - [26/Feb/2025:06:19:04 +0000] "POST /xmlrpc.php HTTP/1.1" 200 3336 "-" "Mozilla/5.0 (Windows NT 10.0; Win64; x64; rv:66.0) Gecko/20100101 Firefox/66.0"
166.62.89.87 - - [26/Feb/2025:06:19:07 +0000] "POST /xmlrpc.php HTTP/1.1" 200 3336 "-" "Mozilla/5.0 (Windows NT 10.0; Win64; x64) AppleWebKit/537.36 (KHTML, like Gecko) Chrome/80.0.3987.132 Safari/537.36"
167.114.114.133 - - [26/Feb/2025:06:19:13 +0000] "POST /xmlrpc.php HTTP/1.1" 200 3108 "-" "Mozilla/5.0 (Windows NT 5.1; rv:36.0) Gecko/20100101 Firefox/36.0"
213.165.69.184 - - [26/Feb/2025:06:19:19 +0000] "POST /xmlrpc.php HTTP/1.1" 200 3338 "-" "Mozilla/5.0 (Windows NT 10.0; Win64; x64) AppleWebKit/537.36 (KHTML, like Gecko) Chrome/61.0.3163.100 Safari/537.36"
