188.165.237.120 - - [26/Feb/2025:02:37:12 +0000] "GET /tienda/delicious-semillas-autoflorecientes/delicious-seeds-critical-jack-herer-1%E2%99%80/?add-to-cart=642 HTTP/1.1" 404 106586 "-" "Mozilla/5.0 (compatible; MJ12bot/v1.4.8; http://mj12bot.com/)"
77.232.40.204 - - [26/Feb/2025:02:37:15 +0000] "GET /tienda/semillas/l-s-d-feminizada-10-semillas/ HTTP/1.0" 403 2778 "https://plantamadre.es/tienda/semillas/l-s-d-feminizada-10-semillas/#comment-418854" "Mozilla/5.0 (Windows NT 10.0; Win64; x64) AppleWebKit/537.36 (KHTML, like Gecko) Chrome/129.0.0.0 Safari/537.36"
146.190.157.162 - - [26/Feb/2025:02:37:15 +0000] "POST /wp-cron.php?doing_wp_cron=1740537435.7911820411682128906250 HTTP/1.1" 200 2851 "-" "WordPress/6.3.5; https://plantamadre.es"
65.108.227.178 - - [26/Feb/2025:02:37:14 +0000] "GET /tienda/ripper-seeds/ripper-seeds-old-school-1%E2%99%80/feed/ HTTP/1.1" 404 106540 "-" "Mozilla/5.0 (compatible; MJ12bot/v1.4.8; http://mj12bot.com/)"
77.232.40.204 - - [26/Feb/2025:02:37:17 +0000] "GET / HTTP/1.0" 403 2824 "https://plantamadre.es/tienda/semillas/l-s-d-feminizada-10-semillas/#comment-418854" "Mozilla/5.0 (Windows NT 10.0; Win64; x64) AppleWebKit/537.36 (KHTML, like Gecko) Chrome/129.0.0.0 Safari/537.36"
188.165.237.120 - - [26/Feb/2025:02:37:18 +0000] "GET /tienda/delicious-semillas-autoflorecientes/delicious-seeds-critical-jack-herer-1%E2%99%80/?add-to-cart=644 HTTP/1.1" 404 106586 "-" "Mozilla/5.0 (compatible; MJ12bot/v1.4.8; http://mj12bot.com/)"
77.232.40.204 - - [26/Feb/2025:02:37:20 +0000] "GET / HTTP/1.0" 403 2824 "https://plantamadre.es/" "Mozilla/5.0 (Windows NT 10.0; Win64; x64) AppleWebKit/537.36 (KHTML, like Gecko) Chrome/129.0.0.0 Safari/537.36"
77.232.40.204 - - [26/Feb/2025:02:37:22 +0000] "GET / HTTP/1.0" 403 2825 "https://plantamadre.es/" "Mozilla/5.0 (Windows NT 10.0; Win64; x64) AppleWebKit/537.36 (KHTML, like Gecko) Chrome/129.0.0.0 Safari/537.36"
65.108.227.178 - - [26/Feb/2025:02:37:22 +0000] "GET /tienda/ripper-seeds/ripper-seeds-old-school-3%E2%99%80/ HTTP/1.1" 404 106535 "-" "Mozilla/5.0 (compatible; MJ12bot/v1.4.8; http://mj12bot.com/)"
188.165.237.120 - - [26/Feb/2025:02:37:24 +0000] "GET /tienda/delicious-semillas-autoflorecientes/delicious-seeds-critical-jack-herer-1%E2%99%80/?add-to-cart=648 HTTP/1.1" 404 106586 "-" "Mozilla/5.0 (compatible; MJ12bot/v1.4.8; http://mj12bot.com/)"
146.190.157.162 - - [26/Feb/2025:02:37:31 +0000] "POST /wp-cron.php?doing_wp_cron=1740537451.8066449165344238281250 HTTP/1.1" 200 2850 "-" "WordPress/6.3.5; https://plantamadre.es"
188.165.237.120 - - [26/Feb/2025:02:37:30 +0000] "GET /tienda/delicious-semillas-autoflorecientes/delicious-seeds-critical-jack-herer-1%E2%99%80/?add-to-cart=7119 HTTP/1.1" 404 106587 "-" "Mozilla/5.0 (compatible; MJ12bot/v1.4.8; http://mj12bot.com/)"
65.108.227.178 - - [26/Feb/2025:02:37:32 +0000] "GET /tienda/ripper-seeds/ripper-seeds-old-school-3%E2%99%80/feed/ HTTP/1.1" 404 108873 "-" "Mozilla/5.0 (compatible; MJ12bot/v1.4.8; http://mj12bot.com/)"
188.165.237.120 - - [26/Feb/2025:02:37:36 +0000] "GET /tienda/delicious-semillas-autoflorecientes/delicious-seeds-critical-jack-herer-1%E2%99%80/?add-to-cart=7217 HTTP/1.1" 404 106587 "-" "Mozilla/5.0 (compatible; MJ12bot/v1.4.8; http://mj12bot.com/)"
65.108.227.178 - - [26/Feb/2025:02:37:40 +0000] "GET /tienda/ripper-seeds/ripper-seeds-old-school-5%E2%99%80/ HTTP/1.1" 404 106535 "-" "Mozilla/5.0 (compatible; MJ12bot/v1.4.8; http://mj12bot.com/)"
188.165.237.120 - - [26/Feb/2025:02:37:41 +0000] "GET /tienda/delicious-semillas-autoflorecientes/delicious-seeds-critical-jack-herer-1%E2%99%80/?add-to-cart=7219 HTTP/1.1" 404 106587 "-" "Mozilla/5.0 (compatible; MJ12bot/v1.4.8; http://mj12bot.com/)"
188.165.237.120 - - [26/Feb/2025:02:37:48 +0000] "GET /tienda/delicious-semillas-autoflorecientes/delicious-seeds-critical-jack-herer-1%E2%99%80/?add-to-cart=7228 HTTP/1.1" 404 106587 "-" "Mozilla/5.0 (compatible; MJ12bot/v1.4.8; http://mj12bot.com/)"
146.190.157.162 - - [26/Feb/2025:02:37:55 +0000] "POST /wp-cron.php?doing_wp_cron=1740537475.6984469890594482421875 HTTP/1.1" 200 2850 "-" "WordPress/6.3.5; https://plantamadre.es"
65.108.227.178 - - [26/Feb/2025:02:37:53 +0000] "GET /tienda/ripper-seeds/ripper-seeds-old-school-5%E2%99%80/feed/ HTTP/1.1" 404 108872 "-" "Mozilla/5.0 (compatible; MJ12bot/v1.4.8; http://mj12bot.com/)"
188.165.237.120 - - [26/Feb/2025:02:38:00 +0000] "GET /tienda/delicious-semillas-autoflorecientes/delicious-seeds-il-diavolo-5%E2%99%80/?add-to-cart=4796 HTTP/1.1" 404 108910 "-" "Mozilla/5.0 (compatible; MJ12bot/v1.4.8; http://mj12bot.com/)"
188.165.237.120 - - [26/Feb/2025:02:38:05 +0000] "GET /tienda/delicious-semillas-autoflorecientes/delicious-seeds-la-bella-afrodita-5%E2%99%80/?add-to-cart=5771 HTTP/1.1" 404 106585 "-" "Mozilla/5.0 (compatible; MJ12bot/v1.4.8; http://mj12bot.com/)"
154.30.107.250 - - [26/Feb/2025:02:38:06 +0000] "GET /product/aire-acondicionado-electrogrow/ HTTP/1.1" 200 32847 "-" "Mozilla/5.0 (X11; Linux x86_64) AppleWebKit/537.36 (KHTML, like Gecko) Chrome/114.0.0.0 Safari/537.36 OPR/89.0.4447.51"
65.108.227.178 - - [26/Feb/2025:02:38:11 +0000] "GET /tienda/ripper-seeds/ripper-seeds-ripper-haze-1%E2%99%80/ HTTP/1.1" 404 108867 "-" "Mozilla/5.0 (compatible; MJ12bot/v1.4.8; http://mj12bot.com/)"
188.165.237.120 - - [26/Feb/2025:02:38:11 +0000] "GET /tienda/delicious-semillas-autoflorecientes/delicious-seeds-la-diva-1%E2%99%80/?add-to-cart=417 HTTP/1.1" 404 106574 "-" "Mozilla/5.0 (compatible; MJ12bot/v1.4.8; http://mj12bot.com/)"
66.249.68.7 - - [26/Feb/2025:02:38:15 +0000] "GET /wp-content/uploads/2013/10/BIOBOOST5.png HTTP/1.1" 404 109066 "-" "Googlebot-Image/1.0"
188.165.237.120 - - [26/Feb/2025:02:38:17 +0000] "GET /tienda/delicious-semillas-autoflorecientes/delicious-seeds-la-diva-1%E2%99%80/?add-to-cart=4950 HTTP/1.1" 404 106575 "-" "Mozilla/5.0 (compatible; MJ12bot/v1.4.8; http://mj12bot.com/)"
65.108.227.178 - - [26/Feb/2025:02:38:20 +0000] "GET /tienda/ripper-seeds/ripper-seeds-ripper-haze-1%E2%99%80/feed/ HTTP/1.1" 404 108872 "-" "Mozilla/5.0 (compatible; MJ12bot/v1.4.8; http://mj12bot.com/)"
188.165.237.120 - - [26/Feb/2025:02:38:23 +0000] "GET /tienda/delicious-semillas-autoflorecientes/delicious-seeds-la-diva-1%E2%99%80/?add-to-cart=5467 HTTP/1.1" 404 106575 "-" "Mozilla/5.0 (compatible; MJ12bot/v1.4.8; http://mj12bot.com/)"
65.108.227.178 - - [26/Feb/2025:02:38:26 +0000] "GET /tienda/ripper-seeds/ripper-seeds-ripper-haze-3%E2%99%80/ HTTP/1.1" 404 106536 "-" "Mozilla/5.0 (compatible; MJ12bot/v1.4.8; http://mj12bot.com/)"
188.165.237.120 - - [26/Feb/2025:02:38:27 +0000] "GET /tienda/delicious-semillas-autoflorecientes/delicious-seeds-la-diva-1%E2%99%80/?add-to-cart=6328 HTTP/1.1" 404 106575 "-" "Mozilla/5.0 (compatible; MJ12bot/v1.4.8; http://mj12bot.com/)"
146.190.157.162 - - [26/Feb/2025:02:38:34 +0000] "POST /wp-cron.php?doing_wp_cron=1740537514.3130009174346923828125 HTTP/1.1" 200 2851 "-" "WordPress/6.3.5; https://plantamadre.es"
188.165.237.120 - - [26/Feb/2025:02:38:33 +0000] "GET /tienda/delicious-semillas-autoflorecientes/delicious-seeds-la-diva-1%E2%99%80/?add-to-cart=7273 HTTP/1.1" 404 106575 "-" "Mozilla/5.0 (compatible; MJ12bot/v1.4.8; http://mj12bot.com/)"
188.165.237.120 - - [26/Feb/2025:02:38:38 +0000] "GET /tienda/delicious-semillas-autoflorecientes/delicious-seeds-la-diva-3%E2%99%80/?add-to-cart=2122 HTTP/1.1" 404 106575 "-" "Mozilla/5.0 (compatible; MJ12bot/v1.4.8; http://mj12bot.com/)"
65.108.227.178 - - [26/Feb/2025:02:38:39 +0000] "GET /tienda/ripper-seeds/ripper-seeds-ripper-haze-3%E2%99%80/feed/ HTTP/1.1" 404 108872 "-" "Mozilla/5.0 (compatible; MJ12bot/v1.4.8; http://mj12bot.com/)"
188.165.237.120 - - [26/Feb/2025:02:38:43 +0000] "GET /tienda/delicious-semillas-autoflorecientes/delicious-seeds-la-diva-3%E2%99%80/?add-to-cart=2126 HTTP/1.1" 404 106575 "-" "Mozilla/5.0 (compatible; MJ12bot/v1.4.8; http://mj12bot.com/)"
188.165.237.120 - - [26/Feb/2025:02:38:50 +0000] "GET /tienda/delicious-semillas-autoflorecientes/delicious-seeds-la-diva-3%E2%99%80/?add-to-cart=2142 HTTP/1.1" 404 106575 "-" "Mozilla/5.0 (compatible; MJ12bot/v1.4.8; http://mj12bot.com/)"
65.108.227.178 - - [26/Feb/2025:02:38:52 +0000] "GET /tienda/ripper-seeds/ripper-seeds-ripper-haze-5%E2%99%80/ HTTP/1.1" 404 108869 "-" "Mozilla/5.0 (compatible; MJ12bot/v1.4.8; http://mj12bot.com/)"
188.165.237.120 - - [26/Feb/2025:02:38:57 +0000] "GET /tienda/delicious-semillas-autoflorecientes/delicious-seeds-la-diva-3%E2%99%80/?add-to-cart=222 HTTP/1.1" 404 106574 "-" "Mozilla/5.0 (compatible; MJ12bot/v1.4.8; http://mj12bot.com/)"
188.165.237.120 - - [26/Feb/2025:02:39:02 +0000] "GET /tienda/delicious-semillas-autoflorecientes/delicious-seeds-la-diva-3%E2%99%80/?add-to-cart=2229 HTTP/1.1" 404 106575 "-" "Mozilla/5.0 (compatible; MJ12bot/v1.4.8; http://mj12bot.com/)"
65.108.227.178 - - [26/Feb/2025:02:39:04 +0000] "GET /tienda/ripper-seeds/ripper-seeds-ripper-haze-5%E2%99%80/feed/ HTTP/1.1" 404 108874 "-" "Mozilla/5.0 (compatible; MJ12bot/v1.4.8; http://mj12bot.com/)"
188.165.237.120 - - [26/Feb/2025:02:39:08 +0000] "GET /tienda/delicious-semillas-autoflorecientes/delicious-seeds-la-diva-3%E2%99%80/?add-to-cart=2243 HTTP/1.1" 404 106575 "-" "Mozilla/5.0 (compatible; MJ12bot/v1.4.8; http://mj12bot.com/)"
188.165.237.120 - - [26/Feb/2025:02:39:14 +0000] "GET /tienda/delicious-semillas-autoflorecientes/delicious-seeds-la-diva-3%E2%99%80/?add-to-cart=2254 HTTP/1.1" 404 106575 "-" "Mozilla/5.0 (compatible; MJ12bot/v1.4.8; http://mj12bot.com/)"
65.108.227.178 - - [26/Feb/2025:02:39:15 +0000] "GET /tienda/ripper-seeds/ripper-seeds-toxic-1%E2%99%80/ HTTP/1.1" 404 108863 "-" "Mozilla/5.0 (compatible; MJ12bot/v1.4.8; http://mj12bot.com/)"
188.165.237.120 - - [26/Feb/2025:02:39:20 +0000] "GET /tienda/delicious-semillas-autoflorecientes/delicious-seeds-la-diva-3%E2%99%80/?add-to-cart=230 HTTP/1.1" 404 106574 "-" "Mozilla/5.0 (compatible; MJ12bot/v1.4.8; http://mj12bot.com/)"
185.173.36.97 - - [26/Feb/2025:02:39:27 +0000] "GET /tienda/00-seeds-bank/00-seeds-auto-mix-5und/ HTTP/1.0" 403 2777 "https://plantamadre.es/tienda/00-seeds-bank/00-seeds-auto-mix-5und/" "Mozilla/5.0 (Windows NT 10.0; Win64; x64) AppleWebKit/537.36 (KHTML, like Gecko) Chrome/130.0.0.0 Safari/537.36 CCleaner/130.0.0.0"
146.190.157.162 - - [26/Feb/2025:02:39:28 +0000] "POST /wp-cron.php?doing_wp_cron=1740537568.4653210639953613281250 HTTP/1.1" 200 2849 "-" "WordPress/6.3.5; https://plantamadre.es"
188.165.237.120 - - [26/Feb/2025:02:39:27 +0000] "GET /tienda/delicious-semillas-autoflorecientes/delicious-seeds-la-diva-3%E2%99%80/?add-to-cart=2329 HTTP/1.1" 404 106575 "-" "Mozilla/5.0 (compatible; MJ12bot/v1.4.8; http://mj12bot.com/)"
185.173.36.97 - - [26/Feb/2025:02:39:30 +0000] "GET / HTTP/1.0" 403 2824 "https://plantamadre.es/tienda/00-seeds-bank/00-seeds-auto-mix-5und/" "Mozilla/5.0 (Windows NT 10.0; Win64; x64) AppleWebKit/537.36 (KHTML, like Gecko) Chrome/130.0.0.0 Safari/537.36 CCleaner/130.0.0.0"
146.190.157.162 - - [26/Feb/2025:02:39:31 +0000] "POST /wp-cron.php?doing_wp_cron=1740537571.5141620635986328125000 HTTP/1.1" 200 2850 "-" "WordPress/6.3.5; https://plantamadre.es"
65.108.227.178 - - [26/Feb/2025:02:39:30 +0000] "GET /tienda/ripper-seeds/ripper-seeds-toxic-1%E2%99%80/feed/ HTTP/1.1" 404 108867 "-" "Mozilla/5.0 (compatible; MJ12bot/v1.4.8; http://mj12bot.com/)"
185.173.36.97 - - [26/Feb/2025:02:39:33 +0000] "GET / HTTP/1.0" 403 2824 "https://plantamadre.es/" "Mozilla/5.0 (Windows NT 10.0; Win64; x64) AppleWebKit/537.36 (KHTML, like Gecko) Chrome/130.0.0.0 Safari/537.36 CCleaner/130.0.0.0"
188.165.237.120 - - [26/Feb/2025:02:39:33 +0000] "GET /tienda/delicious-semillas-autoflorecientes/delicious-seeds-la-diva-3%E2%99%80/?add-to-cart=2331 HTTP/1.1" 404 106575 "-" "Mozilla/5.0 (compatible; MJ12bot/v1.4.8; http://mj12bot.com/)"
185.173.36.97 - - [26/Feb/2025:02:39:35 +0000] "GET / HTTP/1.0" 403 2824 "https://plantamadre.es/" "Mozilla/5.0 (Windows NT 10.0; Win64; x64) AppleWebKit/537.36 (KHTML, like Gecko) Chrome/130.0.0.0 Safari/537.36 CCleaner/130.0.0.0"
188.165.237.120 - - [26/Feb/2025:02:39:40 +0000] "GET /tienda/delicious-semillas-autoflorecientes/delicious-seeds-la-diva-3%E2%99%80/?add-to-cart=2332 HTTP/1.1" 404 106575 "-" "Mozilla/5.0 (compatible; MJ12bot/v1.4.8; http://mj12bot.com/)"
65.108.227.178 - - [26/Feb/2025:02:39:41 +0000] "GET /tienda/ripper-seeds/ripper-seeds-toxic-3%E2%99%80/ HTTP/1.1" 404 108862 "-" "Mozilla/5.0 (compatible; MJ12bot/v1.4.8; http://mj12bot.com/)"
188.165.237.120 - - [26/Feb/2025:02:39:45 +0000] "GET /tienda/delicious-semillas-autoflorecientes/delicious-seeds-la-diva-3%E2%99%80/?add-to-cart=250 HTTP/1.1" 404 106574 "-" "Mozilla/5.0 (compatible; MJ12bot/v1.4.8; http://mj12bot.com/)"
188.165.237.120 - - [26/Feb/2025:02:39:54 +0000] "GET /tienda/delicious-semillas-autoflorecientes/delicious-seeds-la-diva-3%E2%99%80/?add-to-cart=274 HTTP/1.1" 404 108906 "-" "Mozilla/5.0 (compatible; MJ12bot/v1.4.8; http://mj12bot.com/)"
65.108.227.178 - - [26/Feb/2025:02:39:54 +0000] "GET /tienda/ripper-seeds/ripper-seeds-toxic-3%E2%99%80/feed/ HTTP/1.1" 404 108867 "-" "Mozilla/5.0 (compatible; MJ12bot/v1.4.8; http://mj12bot.com/)"
188.165.237.120 - - [26/Feb/2025:02:40:00 +0000] "GET /tienda/delicious-semillas-autoflorecientes/delicious-seeds-la-diva-3%E2%99%80/?add-to-cart=277 HTTP/1.1" 404 106574 "-" "Mozilla/5.0 (compatible; MJ12bot/v1.4.8; http://mj12bot.com/)"
188.165.237.120 - - [26/Feb/2025:02:40:07 +0000] "GET /tienda/delicious-semillas-autoflorecientes/delicious-seeds-la-diva-3%E2%99%80/?add-to-cart=287 HTTP/1.1" 404 106574 "-" "Mozilla/5.0 (compatible; MJ12bot/v1.4.8; http://mj12bot.com/)"
188.165.237.120 - - [26/Feb/2025:02:40:12 +0000] "GET /tienda/delicious-semillas-autoflorecientes/delicious-seeds-la-diva-3%E2%99%80/?add-to-cart=3017 HTTP/1.1" 404 106575 "-" "Mozilla/5.0 (compatible; MJ12bot/v1.4.8; http://mj12bot.com/)"
65.108.227.178 - - [26/Feb/2025:02:40:12 +0000] "GET /tienda/ripper-seeds/ripper-seeds-toxic-5%E2%99%80/feed/ HTTP/1.1" 404 108867 "-" "Mozilla/5.0 (compatible; MJ12bot/v1.4.8; http://mj12bot.com/)"
188.165.237.120 - - [26/Feb/2025:02:40:19 +0000] "GET /tienda/delicious-semillas-autoflorecientes/delicious-seeds-la-diva-3%E2%99%80/?add-to-cart=306 HTTP/1.1" 404 106574 "-" "Mozilla/5.0 (compatible; MJ12bot/v1.4.8; http://mj12bot.com/)"
188.165.237.120 - - [26/Feb/2025:02:40:25 +0000] "GET /tienda/delicious-semillas-autoflorecientes/delicious-seeds-la-diva-3%E2%99%80/?add-to-cart=310 HTTP/1.1" 404 106574 "-" "Mozilla/5.0 (compatible; MJ12bot/v1.4.8; http://mj12bot.com/)"
146.190.157.162 - - [26/Feb/2025:02:40:35 +0000] "POST /wp-cron.php?doing_wp_cron=1740537635.1987950801849365234375 HTTP/1.1" 200 2851 "-" "WordPress/6.3.5; https://plantamadre.es"
188.165.237.120 - - [26/Feb/2025:02:40:33 +0000] "GET /tienda/delicious-semillas-autoflorecientes/delicious-seeds-la-diva-3%E2%99%80/?add-to-cart=3114 HTTP/1.1" 404 108907 "-" "Mozilla/5.0 (compatible; MJ12bot/v1.4.8; http://mj12bot.com/)"
188.165.237.120 - - [26/Feb/2025:02:40:40 +0000] "GET /tienda/delicious-semillas-autoflorecientes/delicious-seeds-la-diva-3%E2%99%80/?add-to-cart=3126 HTTP/1.1" 404 106575 "-" "Mozilla/5.0 (compatible; MJ12bot/v1.4.8; http://mj12bot.com/)"
188.165.237.120 - - [26/Feb/2025:02:40:48 +0000] "GET /tienda/delicious-semillas-autoflorecientes/delicious-seeds-la-diva-3%E2%99%80/?add-to-cart=3130 HTTP/1.1" 404 106575 "-" "Mozilla/5.0 (compatible; MJ12bot/v1.4.8; http://mj12bot.com/)"
188.165.237.120 - - [26/Feb/2025:02:40:53 +0000] "GET /tienda/delicious-semillas-autoflorecientes/delicious-seeds-la-diva-3%E2%99%80/?add-to-cart=3134 HTTP/1.1" 404 106575 "-" "Mozilla/5.0 (compatible; MJ12bot/v1.4.8; http://mj12bot.com/)"
185.173.36.97 - - [26/Feb/2025:02:40:58 +0000] "GET /tienda/balanzas/peso-fuzion-diablo-00175-gr/ HTTP/1.0" 403 2777 "https://plantamadre.es/tienda/balanzas/peso-fuzion-diablo-00175-gr/" "Mozilla/5.0 (Windows NT 10.0; Win64; x64) AppleWebKit/537.36 (KHTML, like Gecko) Chrome/131.0.0.0 Safari/537.36"
188.165.237.120 - - [26/Feb/2025:02:40:58 +0000] "GET /tienda/delicious-semillas-autoflorecientes/delicious-seeds-la-diva-3%E2%99%80/?add-to-cart=3138 HTTP/1.1" 404 106575 "-" "Mozilla/5.0 (compatible; MJ12bot/v1.4.8; http://mj12bot.com/)"
185.173.36.97 - - [26/Feb/2025:02:41:00 +0000] "GET / HTTP/1.0" 403 2825 "https://plantamadre.es/tienda/balanzas/peso-fuzion-diablo-00175-gr/" "Mozilla/5.0 (Windows NT 10.0; Win64; x64) AppleWebKit/537.36 (KHTML, like Gecko) Chrome/131.0.0.0 Safari/537.36"
185.173.36.97 - - [26/Feb/2025:02:41:02 +0000] "GET / HTTP/1.0" 403 2824 "https://plantamadre.es/" "Mozilla/5.0 (Windows NT 10.0; Win64; x64) AppleWebKit/537.36 (KHTML, like Gecko) Chrome/131.0.0.0 Safari/537.36"
185.173.36.97 - - [26/Feb/2025:02:41:04 +0000] "GET / HTTP/1.0" 403 2824 "https://plantamadre.es/" "Mozilla/5.0 (Windows NT 10.0; Win64; x64) AppleWebKit/537.36 (KHTML, like Gecko) Chrome/131.0.0.0 Safari/537.36"
188.165.237.120 - - [26/Feb/2025:02:41:03 +0000] "GET /tienda/delicious-semillas-autoflorecientes/delicious-seeds-la-diva-3%E2%99%80/?add-to-cart=314 HTTP/1.1" 404 106574 "-" "Mozilla/5.0 (compatible; MJ12bot/v1.4.8; http://mj12bot.com/)"
188.165.237.120 - - [26/Feb/2025:02:41:10 +0000] "GET /tienda/delicious-semillas-autoflorecientes/delicious-seeds-la-diva-3%E2%99%80/?add-to-cart=3555 HTTP/1.1" 404 106575 "-" "Mozilla/5.0 (compatible; MJ12bot/v1.4.8; http://mj12bot.com/)"
188.165.237.120 - - [26/Feb/2025:02:41:15 +0000] "GET /tienda/delicious-semillas-autoflorecientes/delicious-seeds-la-diva-3%E2%99%80/?add-to-cart=3708 HTTP/1.1" 404 106575 "-" "Mozilla/5.0 (compatible; MJ12bot/v1.4.8; http://mj12bot.com/)"
188.165.237.120 - - [26/Feb/2025:02:41:27 +0000] "GET /tienda/delicious-semillas-autoflorecientes/delicious-seeds-la-diva-3%E2%99%80/?add-to-cart=3795 HTTP/1.1" 404 108907 "-" "Mozilla/5.0 (compatible; MJ12bot/v1.4.8; http://mj12bot.com/)"
146.190.157.162 - - [26/Feb/2025:02:41:35 +0000] "POST /wp-cron.php?doing_wp_cron=1740537695.8182780742645263671875 HTTP/1.1" 200 2850 "-" "WordPress/6.3.5; https://plantamadre.es"
188.165.237.120 - - [26/Feb/2025:02:41:34 +0000] "GET /tienda/delicious-semillas-autoflorecientes/delicious-seeds-la-diva-3%E2%99%80/?add-to-cart=3797 HTTP/1.1" 404 106575 "-" "Mozilla/5.0 (compatible; MJ12bot/v1.4.8; http://mj12bot.com/)"
188.165.237.120 - - [26/Feb/2025:02:41:40 +0000] "GET /tienda/delicious-semillas-autoflorecientes/delicious-seeds-la-diva-3%E2%99%80/?add-to-cart=380 HTTP/1.1" 404 106574 "-" "Mozilla/5.0 (compatible; MJ12bot/v1.4.8; http://mj12bot.com/)"
188.165.237.120 - - [26/Feb/2025:02:41:45 +0000] "GET /tienda/delicious-semillas-autoflorecientes/delicious-seeds-la-diva-3%E2%99%80/?add-to-cart=3807 HTTP/1.1" 404 106575 "-" "Mozilla/5.0 (compatible; MJ12bot/v1.4.8; http://mj12bot.com/)"
188.165.237.120 - - [26/Feb/2025:02:41:50 +0000] "GET /tienda/delicious-semillas-autoflorecientes/delicious-seeds-la-diva-3%E2%99%80/?add-to-cart=3814 HTTP/1.1" 404 106575 "-" "Mozilla/5.0 (compatible; MJ12bot/v1.4.8; http://mj12bot.com/)"
188.165.237.120 - - [26/Feb/2025:02:41:57 +0000] "GET /tienda/delicious-semillas-autoflorecientes/delicious-seeds-la-diva-3%E2%99%80/?add-to-cart=393 HTTP/1.1" 404 106574 "-" "Mozilla/5.0 (compatible; MJ12bot/v1.4.8; http://mj12bot.com/)"
188.165.237.120 - - [26/Feb/2025:02:42:02 +0000] "GET /tienda/delicious-semillas-autoflorecientes/delicious-seeds-la-diva-3%E2%99%80/?add-to-cart=3931 HTTP/1.1" 404 106575 "-" "Mozilla/5.0 (compatible; MJ12bot/v1.4.8; http://mj12bot.com/)"
188.165.237.120 - - [26/Feb/2025:02:42:08 +0000] "GET /tienda/delicious-semillas-autoflorecientes/delicious-seeds-la-diva-3%E2%99%80/?add-to-cart=3933 HTTP/1.1" 404 106575 "-" "Mozilla/5.0 (compatible; MJ12bot/v1.4.8; http://mj12bot.com/)"
146.190.157.162 - - [26/Feb/2025:02:42:15 +0000] "POST /wp-cron.php?doing_wp_cron=1740537735.6404149532318115234375 HTTP/1.1" 200 2850 "-" "WordPress/6.3.5; https://plantamadre.es"
188.165.237.120 - - [26/Feb/2025:02:42:14 +0000] "GET /tienda/delicious-semillas-autoflorecientes/delicious-seeds-la-diva-3%E2%99%80/?add-to-cart=394 HTTP/1.1" 404 106574 "-" "Mozilla/5.0 (compatible; MJ12bot/v1.4.8; http://mj12bot.com/)"
188.165.237.120 - - [26/Feb/2025:02:42:20 +0000] "GET /tienda/delicious-semillas-autoflorecientes/delicious-seeds-la-diva-3%E2%99%80/?add-to-cart=3963 HTTP/1.1" 404 106575 "-" "Mozilla/5.0 (compatible; MJ12bot/v1.4.8; http://mj12bot.com/)"
188.165.237.120 - - [26/Feb/2025:02:42:26 +0000] "GET /tienda/delicious-semillas-autoflorecientes/delicious-seeds-la-diva-3%E2%99%80/?add-to-cart=3964 HTTP/1.1" 404 106575 "-" "Mozilla/5.0 (compatible; MJ12bot/v1.4.8; http://mj12bot.com/)"
146.190.157.162 - - [26/Feb/2025:02:42:39 +0000] "POST /wp-cron.php?doing_wp_cron=1740537759.2515289783477783203125 HTTP/1.1" 200 2850 "-" "WordPress/6.3.5; https://plantamadre.es"
188.165.237.120 - - [26/Feb/2025:02:42:38 +0000] "GET /tienda/delicious-semillas-autoflorecientes/delicious-seeds-la-diva-3%E2%99%80/?add-to-cart=3971 HTTP/1.1" 404 108908 "-" "Mozilla/5.0 (compatible; MJ12bot/v1.4.8; http://mj12bot.com/)"
188.165.237.120 - - [26/Feb/2025:02:42:45 +0000] "GET /tienda/delicious-semillas-autoflorecientes/delicious-seeds-la-diva-3%E2%99%80/?add-to-cart=4264 HTTP/1.1" 404 106575 "-" "Mozilla/5.0 (compatible; MJ12bot/v1.4.8; http://mj12bot.com/)"
188.165.237.120 - - [26/Feb/2025:02:42:50 +0000] "GET /tienda/ripper-seeds/ripper-seeds-black-valley-5%E2%99%80/?add-to-cart=3019 HTTP/1.1" 404 106554 "-" "Mozilla/5.0 (compatible; MJ12bot/v1.4.8; http://mj12bot.com/)"
146.190.157.162 - - [26/Feb/2025:02:42:55 +0000] "POST /wp-cron.php?doing_wp_cron=1740537775.6531100273132324218750 HTTP/1.1" 200 2850 "-" "WordPress/6.3.5; https://plantamadre.es"
45.166.207.185 - - [26/Feb/2025:02:42:54 +0000] "GET /tienda/otros/lombricor-humus-de-lombriz-10l-6kg/ HTTP/1.1" 404 108953 "https://plantamadre.es" "Mozilla/5.0 (Windows NT 10.0; Win64; x64) AppleWebKit/537.36 (KHTML, like Gecko) Chrome/62.0.3202.94 Safari/537.36"
188.165.237.120 - - [26/Feb/2025:02:42:56 +0000] "GET /tienda/ripper-seeds/ripper-seeds-black-valley-5%E2%99%80/?add-to-cart=3028 HTTP/1.1" 404 106554 "-" "Mozilla/5.0 (compatible; MJ12bot/v1.4.8; http://mj12bot.com/)"
188.165.237.120 - - [26/Feb/2025:02:43:03 +0000] "GET /tienda/ripper-seeds/ripper-seeds-black-valley-5%E2%99%80/?add-to-cart=303 HTTP/1.1" 404 106553 "-" "Mozilla/5.0 (compatible; MJ12bot/v1.4.8; http://mj12bot.com/)"
188.165.237.120 - - [26/Feb/2025:02:43:08 +0000] "GET /tienda/ripper-seeds/ripper-seeds-black-valley-5%E2%99%80/?add-to-cart=306 HTTP/1.1" 404 106553 "-" "Mozilla/5.0 (compatible; MJ12bot/v1.4.8; http://mj12bot.com/)"
188.165.237.120 - - [26/Feb/2025:02:43:14 +0000] "GET /tienda/ripper-seeds/ripper-seeds-black-valley-5%E2%99%80/?add-to-cart=308 HTTP/1.1" 404 106553 "-" "Mozilla/5.0 (compatible; MJ12bot/v1.4.8; http://mj12bot.com/)"
188.165.237.120 - - [26/Feb/2025:02:43:21 +0000] "GET /tienda/ripper-seeds/ripper-seeds-black-valley-5%E2%99%80/?add-to-cart=310 HTTP/1.1" 404 106553 "-" "Mozilla/5.0 (compatible; MJ12bot/v1.4.8; http://mj12bot.com/)"
188.165.237.120 - - [26/Feb/2025:02:43:26 +0000] "GET /tienda/ripper-seeds/ripper-seeds-black-valley-5%E2%99%80/?add-to-cart=3110 HTTP/1.1" 404 106554 "-" "Mozilla/5.0 (compatible; MJ12bot/v1.4.8; http://mj12bot.com/)"
146.190.157.162 - - [26/Feb/2025:02:43:32 +0000] "POST /wp-cron.php?doing_wp_cron=1740537812.9783589839935302734375 HTTP/1.1" 200 2850 "-" "WordPress/6.3.5; https://plantamadre.es"
188.165.237.120 - - [26/Feb/2025:02:43:31 +0000] "GET /tienda/ripper-seeds/ripper-seeds-black-valley-5%E2%99%80/?add-to-cart=3112 HTTP/1.1" 404 106554 "-" "Mozilla/5.0 (compatible; MJ12bot/v1.4.8; http://mj12bot.com/)"
188.165.237.120 - - [26/Feb/2025:02:43:37 +0000] "GET /tienda/ripper-seeds/ripper-seeds-black-valley-5%E2%99%80/?add-to-cart=3114 HTTP/1.1" 404 106554 "-" "Mozilla/5.0 (compatible; MJ12bot/v1.4.8; http://mj12bot.com/)"
188.165.237.120 - - [26/Feb/2025:02:43:47 +0000] "GET /tienda/ripper-seeds/ripper-seeds-black-valley-5%E2%99%80/?add-to-cart=3120 HTTP/1.1" 404 108885 "-" "Mozilla/5.0 (compatible; MJ12bot/v1.4.8; http://mj12bot.com/)"
188.165.237.120 - - [26/Feb/2025:02:43:53 +0000] "GET /tienda/ripper-seeds/ripper-seeds-black-valley-5%E2%99%80/?add-to-cart=3122 HTTP/1.1" 404 106554 "-" "Mozilla/5.0 (compatible; MJ12bot/v1.4.8; http://mj12bot.com/)"
188.165.237.120 - - [26/Feb/2025:02:43:58 +0000] "GET /tienda/ripper-seeds/ripper-seeds-black-valley-5%E2%99%80/?add-to-cart=3124 HTTP/1.1" 404 106554 "-" "Mozilla/5.0 (compatible; MJ12bot/v1.4.8; http://mj12bot.com/)"
188.165.237.120 - - [26/Feb/2025:02:44:05 +0000] "GET /tienda/ripper-seeds/ripper-seeds-black-valley-5%E2%99%80/?add-to-cart=3126 HTTP/1.1" 404 106554 "-" "Mozilla/5.0 (compatible; MJ12bot/v1.4.8; http://mj12bot.com/)"
188.165.237.120 - - [26/Feb/2025:02:44:09 +0000] "GET /tienda/ripper-seeds/ripper-seeds-black-valley-5%E2%99%80/?add-to-cart=3128 HTTP/1.1" 404 106554 "-" "Mozilla/5.0 (compatible; MJ12bot/v1.4.8; http://mj12bot.com/)"
188.165.237.120 - - [26/Feb/2025:02:44:16 +0000] "GET /tienda/ripper-seeds/ripper-seeds-black-valley-5%E2%99%80/?add-to-cart=3130 HTTP/1.1" 404 106554 "-" "Mozilla/5.0 (compatible; MJ12bot/v1.4.8; http://mj12bot.com/)"
146.190.157.162 - - [26/Feb/2025:02:44:23 +0000] "POST /wp-cron.php?doing_wp_cron=1740537863.5035638809204101562500 HTTP/1.1" 200 2850 "-" "WordPress/6.3.5; https://plantamadre.es"
188.165.237.120 - - [26/Feb/2025:02:44:22 +0000] "GET /tienda/ripper-seeds/ripper-seeds-black-valley-5%E2%99%80/?add-to-cart=3132 HTTP/1.1" 404 106554 "-" "Mozilla/5.0 (compatible; MJ12bot/v1.4.8; http://mj12bot.com/)"
188.165.237.120 - - [26/Feb/2025:02:44:29 +0000] "GET /tienda/ripper-seeds/ripper-seeds-black-valley-5%E2%99%80/?add-to-cart=3138 HTTP/1.1" 404 106554 "-" "Mozilla/5.0 (compatible; MJ12bot/v1.4.8; http://mj12bot.com/)"
146.190.157.162 - - [26/Feb/2025:02:44:37 +0000] "POST /wp-cron.php?doing_wp_cron=1740537877.7527639865875244140625 HTTP/1.1" 200 2851 "-" "WordPress/6.3.5; https://plantamadre.es"
188.165.237.120 - - [26/Feb/2025:02:44:36 +0000] "GET /tienda/ripper-seeds/ripper-seeds-black-valley-5%E2%99%80/?add-to-cart=314 HTTP/1.1" 404 106553 "-" "Mozilla/5.0 (compatible; MJ12bot/v1.4.8; http://mj12bot.com/)"
188.165.237.120 - - [26/Feb/2025:02:44:43 +0000] "GET /tienda/ripper-seeds/ripper-seeds-black-valley-5%E2%99%80/?add-to-cart=316 HTTP/1.1" 404 106553 "-" "Mozilla/5.0 (compatible; MJ12bot/v1.4.8; http://mj12bot.com/)"
188.165.237.120 - - [26/Feb/2025:02:44:48 +0000] "GET /tienda/ripper-seeds/ripper-seeds-black-valley-5%E2%99%80/?add-to-cart=318 HTTP/1.1" 404 106553 "-" "Mozilla/5.0 (compatible; MJ12bot/v1.4.8; http://mj12bot.com/)"
188.165.237.120 - - [26/Feb/2025:02:44:53 +0000] "GET /tienda/ripper-seeds/ripper-seeds-black-valley-5%E2%99%80/?add-to-cart=320 HTTP/1.1" 404 106553 "-" "Mozilla/5.0 (compatible; MJ12bot/v1.4.8; http://mj12bot.com/)"
188.165.237.120 - - [26/Feb/2025:02:45:00 +0000] "GET /tienda/ripper-seeds/ripper-seeds-black-valley-5%E2%99%80/?add-to-cart=322 HTTP/1.1" 404 106553 "-" "Mozilla/5.0 (compatible; MJ12bot/v1.4.8; http://mj12bot.com/)"
188.165.237.120 - - [26/Feb/2025:02:45:06 +0000] "GET /tienda/ripper-seeds/ripper-seeds-black-valley-5%E2%99%80/?add-to-cart=323 HTTP/1.1" 404 106553 "-" "Mozilla/5.0 (compatible; MJ12bot/v1.4.8; http://mj12bot.com/)"
188.165.237.120 - - [26/Feb/2025:02:45:12 +0000] "GET /tienda/ripper-seeds/ripper-seeds-black-valley-5%E2%99%80/?add-to-cart=324 HTTP/1.1" 404 106553 "-" "Mozilla/5.0 (compatible; MJ12bot/v1.4.8; http://mj12bot.com/)"
188.165.237.120 - - [26/Feb/2025:02:45:18 +0000] "GET /tienda/ripper-seeds/ripper-seeds-black-valley-5%E2%99%80/?add-to-cart=325 HTTP/1.1" 404 106553 "-" "Mozilla/5.0 (compatible; MJ12bot/v1.4.8; http://mj12bot.com/)"
146.190.157.162 - - [26/Feb/2025:02:45:25 +0000] "POST /wp-cron.php?doing_wp_cron=1740537925.5452430248260498046875 HTTP/1.1" 200 2851 "-" "WordPress/6.3.5; https://plantamadre.es"
188.165.237.120 - - [26/Feb/2025:02:45:23 +0000] "GET /tienda/ripper-seeds/ripper-seeds-black-valley-5%E2%99%80/?add-to-cart=326 HTTP/1.1" 404 106553 "-" "Mozilla/5.0 (compatible; MJ12bot/v1.4.8; http://mj12bot.com/)"
146.190.157.162 - - [26/Feb/2025:02:45:33 +0000] "POST /wp-cron.php?doing_wp_cron=1740537933.5260210037231445312500 HTTP/1.1" 200 2849 "-" "WordPress/6.3.5; https://plantamadre.es"
188.165.237.120 - - [26/Feb/2025:02:45:32 +0000] "GET /tienda/ripper-seeds/ripper-seeds-black-valley-5%E2%99%80/?add-to-cart=327 HTTP/1.1" 404 106553 "-" "Mozilla/5.0 (compatible; MJ12bot/v1.4.8; http://mj12bot.com/)"
188.165.237.120 - - [26/Feb/2025:02:45:40 +0000] "GET /tienda/ripper-seeds/ripper-seeds-black-valley-5%E2%99%80/?add-to-cart=328 HTTP/1.1" 404 106553 "-" "Mozilla/5.0 (compatible; MJ12bot/v1.4.8; http://mj12bot.com/)"
188.165.237.120 - - [26/Feb/2025:02:45:46 +0000] "GET /tienda/ripper-seeds/ripper-seeds-black-valley-5%E2%99%80/?add-to-cart=329 HTTP/1.1" 404 106553 "-" "Mozilla/5.0 (compatible; MJ12bot/v1.4.8; http://mj12bot.com/)"
188.165.237.120 - - [26/Feb/2025:02:45:52 +0000] "GET /tienda/ripper-seeds/ripper-seeds-black-valley-5%E2%99%80/?add-to-cart=330 HTTP/1.1" 404 106553 "-" "Mozilla/5.0 (compatible; MJ12bot/v1.4.8; http://mj12bot.com/)"
188.165.237.120 - - [26/Feb/2025:02:45:57 +0000] "GET /tienda/ripper-seeds/ripper-seeds-black-valley-5%E2%99%80/?add-to-cart=331 HTTP/1.1" 404 106553 "-" "Mozilla/5.0 (compatible; MJ12bot/v1.4.8; http://mj12bot.com/)"
188.165.237.120 - - [26/Feb/2025:02:46:03 +0000] "GET /tienda/ripper-seeds/ripper-seeds-black-valley-5%E2%99%80/?add-to-cart=332 HTTP/1.1" 404 106553 "-" "Mozilla/5.0 (compatible; MJ12bot/v1.4.8; http://mj12bot.com/)"
188.165.237.120 - - [26/Feb/2025:02:46:09 +0000] "GET /tienda/ripper-seeds/ripper-seeds-black-valley-5%E2%99%80/?add-to-cart=333 HTTP/1.1" 404 106553 "-" "Mozilla/5.0 (compatible; MJ12bot/v1.4.8; http://mj12bot.com/)"
188.165.237.120 - - [26/Feb/2025:02:46:15 +0000] "GET /tienda/ripper-seeds/ripper-seeds-black-valley-5%E2%99%80/?add-to-cart=334 HTTP/1.1" 404 106553 "-" "Mozilla/5.0 (compatible; MJ12bot/v1.4.8; http://mj12bot.com/)"
188.165.237.120 - - [26/Feb/2025:02:46:22 +0000] "GET /tienda/ripper-seeds/ripper-seeds-black-valley-5%E2%99%80/?add-to-cart=335 HTTP/1.1" 404 106553 "-" "Mozilla/5.0 (compatible; MJ12bot/v1.4.8; http://mj12bot.com/)"
146.190.157.162 - - [26/Feb/2025:02:46:35 +0000] "POST /wp-cron.php?doing_wp_cron=1740537995.8401041030883789062500 HTTP/1.1" 200 2850 "-" "WordPress/6.3.5; https://plantamadre.es"
188.165.237.120 - - [26/Feb/2025:02:46:34 +0000] "GET /tienda/ripper-seeds/ripper-seeds-black-valley-5%E2%99%80/?add-to-cart=337 HTTP/1.1" 404 108885 "-" "Mozilla/5.0 (compatible; MJ12bot/v1.4.8; http://mj12bot.com/)"
188.165.237.120 - - [26/Feb/2025:02:46:41 +0000] "GET /tienda/ripper-seeds/ripper-seeds-black-valley-5%E2%99%80/?add-to-cart=3388 HTTP/1.1" 404 106554 "-" "Mozilla/5.0 (compatible; MJ12bot/v1.4.8; http://mj12bot.com/)"
188.165.237.120 - - [26/Feb/2025:02:46:51 +0000] "GET /tienda/ripper-seeds/ripper-seeds-black-valley-5%E2%99%80/?add-to-cart=339 HTTP/1.1" 404 108884 "-" "Mozilla/5.0 (compatible; MJ12bot/v1.4.8; http://mj12bot.com/)"
185.173.36.97 - - [26/Feb/2025:02:46:53 +0000] "GET /tienda/00-seeds-bank/00-seeds-auto-chocolate-skunk-5und/ HTTP/1.0" 403 2778 "https://plantamadre.es/tienda/00-seeds-bank/00-seeds-auto-chocolate-skunk-5und/" "Mozilla/5.0 (Windows NT 10.0; Win64; x64) AppleWebKit/537.36 (KHTML, like Gecko) Chrome/129.0.0.0 Safari/537.36"
185.173.36.97 - - [26/Feb/2025:02:46:55 +0000] "GET / HTTP/1.0" 403 2823 "https://plantamadre.es/tienda/00-seeds-bank/00-seeds-auto-chocolate-skunk-5und/" "Mozilla/5.0 (Windows NT 10.0; Win64; x64) AppleWebKit/537.36 (KHTML, like Gecko) Chrome/129.0.0.0 Safari/537.36"
185.173.36.97 - - [26/Feb/2025:02:46:57 +0000] "GET / HTTP/1.0" 403 2824 "https://plantamadre.es/" "Mozilla/5.0 (Windows NT 10.0; Win64; x64) AppleWebKit/537.36 (KHTML, like Gecko) Chrome/129.0.0.0 Safari/537.36"
185.173.36.97 - - [26/Feb/2025:02:46:59 +0000] "GET / HTTP/1.0" 403 2824 "https://plantamadre.es/" "Mozilla/5.0 (Windows NT 10.0; Win64; x64) AppleWebKit/537.36 (KHTML, like Gecko) Chrome/129.0.0.0 Safari/537.36"
188.165.237.120 - - [26/Feb/2025:02:47:03 +0000] "GET /tienda/ripper-seeds/ripper-seeds-black-valley-5%E2%99%80/?add-to-cart=3390 HTTP/1.1" 404 108886 "-" "Mozilla/5.0 (compatible; MJ12bot/v1.4.8; http://mj12bot.com/)"
188.165.237.120 - - [26/Feb/2025:02:47:09 +0000] "GET /tienda/ripper-seeds/ripper-seeds-black-valley-5%E2%99%80/?add-to-cart=3393 HTTP/1.1" 404 106554 "-" "Mozilla/5.0 (compatible; MJ12bot/v1.4.8; http://mj12bot.com/)"
146.190.157.162 - - [26/Feb/2025:02:47:17 +0000] "POST /wp-cron.php?doing_wp_cron=1740538037.3240799903869628906250 HTTP/1.1" 200 2849 "-" "WordPress/6.3.5; https://plantamadre.es"
188.165.237.120 - - [26/Feb/2025:02:47:15 +0000] "GET /tienda/ripper-seeds/ripper-seeds-black-valley-5%E2%99%80/?add-to-cart=3395 HTTP/1.1" 404 106554 "-" "Mozilla/5.0 (compatible; MJ12bot/v1.4.8; http://mj12bot.com/)"
188.165.237.120 - - [26/Feb/2025:02:47:22 +0000] "GET /tienda/ripper-seeds/ripper-seeds-black-valley-5%E2%99%80/?add-to-cart=3397 HTTP/1.1" 404 106554 "-" "Mozilla/5.0 (compatible; MJ12bot/v1.4.8; http://mj12bot.com/)"
146.190.157.162 - - [26/Feb/2025:02:47:31 +0000] "POST /wp-cron.php?doing_wp_cron=1740538051.3132228851318359375000 HTTP/1.1" 200 2850 "-" "WordPress/6.3.5; https://plantamadre.es"
188.165.237.120 - - [26/Feb/2025:02:47:29 +0000] "GET /tienda/ripper-seeds/ripper-seeds-black-valley-5%E2%99%80/?add-to-cart=3399 HTTP/1.1" 404 106554 "-" "Mozilla/5.0 (compatible; MJ12bot/v1.4.8; http://mj12bot.com/)"
188.165.237.120 - - [26/Feb/2025:02:47:36 +0000] "GET /tienda/ripper-seeds/ripper-seeds-black-valley-5%E2%99%80/?add-to-cart=340 HTTP/1.1" 404 106553 "-" "Mozilla/5.0 (compatible; MJ12bot/v1.4.8; http://mj12bot.com/)"
188.165.237.120 - - [26/Feb/2025:02:47:43 +0000] "GET /tienda/ripper-seeds/ripper-seeds-black-valley-5%E2%99%80/?add-to-cart=3401 HTTP/1.1" 404 106554 "-" "Mozilla/5.0 (compatible; MJ12bot/v1.4.8; http://mj12bot.com/)"
146.190.157.162 - - [26/Feb/2025:02:47:54 +0000] "POST /wp-cron.php?doing_wp_cron=1740538074.6789019107818603515625 HTTP/1.1" 200 2849 "-" "WordPress/6.3.5; https://plantamadre.es"
188.165.237.120 - - [26/Feb/2025:02:47:53 +0000] "GET /tienda/ripper-seeds/ripper-seeds-black-valley-5%E2%99%80/?add-to-cart=3403 HTTP/1.1" 404 108886 "-" "Mozilla/5.0 (compatible; MJ12bot/v1.4.8; http://mj12bot.com/)"
188.165.237.120 - - [26/Feb/2025:02:48:00 +0000] "GET /tienda/ripper-seeds/ripper-seeds-black-valley-5%E2%99%80/?add-to-cart=3404 HTTP/1.1" 404 106554 "-" "Mozilla/5.0 (compatible; MJ12bot/v1.4.8; http://mj12bot.com/)"
188.165.237.120 - - [26/Feb/2025:02:48:05 +0000] "GET /tienda/ripper-seeds/ripper-seeds-black-valley-5%E2%99%80/?add-to-cart=3407 HTTP/1.1" 404 106554 "-" "Mozilla/5.0 (compatible; MJ12bot/v1.4.8; http://mj12bot.com/)"
188.165.237.120 - - [26/Feb/2025:02:48:11 +0000] "GET /tienda/ripper-seeds/ripper-seeds-black-valley-5%E2%99%80/?add-to-cart=341 HTTP/1.1" 404 106553 "-" "Mozilla/5.0 (compatible; MJ12bot/v1.4.8; http://mj12bot.com/)"
188.165.237.120 - - [26/Feb/2025:02:48:21 +0000] "GET /tienda/ripper-seeds/ripper-seeds-black-valley-5%E2%99%80/?add-to-cart=3410 HTTP/1.1" 404 108887 "-" "Mozilla/5.0 (compatible; MJ12bot/v1.4.8; http://mj12bot.com/)"
188.165.237.120 - - [26/Feb/2025:02:48:28 +0000] "GET /tienda/ripper-seeds/ripper-seeds-black-valley-5%E2%99%80/?add-to-cart=3412 HTTP/1.1" 404 106554 "-" "Mozilla/5.0 (compatible; MJ12bot/v1.4.8; http://mj12bot.com/)"
146.190.157.162 - - [26/Feb/2025:02:48:36 +0000] "POST /wp-cron.php?doing_wp_cron=1740538116.7814700603485107421875 HTTP/1.1" 200 2851 "-" "WordPress/6.3.5; https://plantamadre.es"
188.165.237.120 - - [26/Feb/2025:02:48:35 +0000] "GET /tienda/ripper-seeds/ripper-seeds-black-valley-5%E2%99%80/?add-to-cart=3415 HTTP/1.1" 404 106554 "-" "Mozilla/5.0 (compatible; MJ12bot/v1.4.8; http://mj12bot.com/)"
188.165.237.120 - - [26/Feb/2025:02:48:43 +0000] "GET /tienda/ripper-seeds/ripper-seeds-black-valley-5%E2%99%80/?add-to-cart=3417 HTTP/1.1" 404 106554 "-" "Mozilla/5.0 (compatible; MJ12bot/v1.4.8; http://mj12bot.com/)"
188.165.237.120 - - [26/Feb/2025:02:48:53 +0000] "GET /tienda/ripper-seeds/ripper-seeds-black-valley-5%E2%99%80/?add-to-cart=3419 HTTP/1.1" 404 108886 "-" "Mozilla/5.0 (compatible; MJ12bot/v1.4.8; http://mj12bot.com/)"
188.165.237.120 - - [26/Feb/2025:02:49:00 +0000] "GET /tienda/ripper-seeds/ripper-seeds-black-valley-5%E2%99%80/?add-to-cart=342 HTTP/1.1" 404 106553 "-" "Mozilla/5.0 (compatible; MJ12bot/v1.4.8; http://mj12bot.com/)"
188.165.237.120 - - [26/Feb/2025:02:49:09 +0000] "GET /tienda/ripper-seeds/ripper-seeds-black-valley-5%E2%99%80/?add-to-cart=3421 HTTP/1.1" 404 108885 "-" "Mozilla/5.0 (compatible; MJ12bot/v1.4.8; http://mj12bot.com/)"
142.93.219.175 - - [26/Feb/2025:02:49:11 +0000] "GET /tienda/utensil-de-cosecha/tijera-podadora-garden-highpro-recta/ HTTP/1.1" 404 108931 "-" "-"
142.93.219.175 - - [26/Feb/2025:02:49:11 +0000] "GET /tienda/utensil-de-cosecha/tijera-podadora-garden-highpro-recta/ HTTP/1.1" 404 108931 "-" "-"
142.93.219.175 - - [26/Feb/2025:02:49:16 +0000] "POST /wp-comments-post.php HTTP/1.1" 200 448 "-" "-"
142.93.219.175 - - [26/Feb/2025:02:49:17 +0000] "POST /wp-comments-post.php HTTP/1.1" 200 448 "-" "-"
188.165.237.120 - - [26/Feb/2025:02:49:16 +0000] "GET /tienda/ripper-seeds/ripper-seeds-black-valley-5%E2%99%80/?add-to-cart=3423 HTTP/1.1" 404 106554 "-" "Mozilla/5.0 (compatible; MJ12bot/v1.4.8; http://mj12bot.com/)"
146.190.157.162 - - [26/Feb/2025:02:49:24 +0000] "POST /wp-cron.php?doing_wp_cron=1740538164.2174530029296875000000 HTTP/1.1" 200 2850 "-" "WordPress/6.3.5; https://plantamadre.es"
188.165.237.120 - - [26/Feb/2025:02:49:22 +0000] "GET /tienda/ripper-seeds/ripper-seeds-black-valley-5%E2%99%80/?add-to-cart=3425 HTTP/1.1" 404 106554 "-" "Mozilla/5.0 (compatible; MJ12bot/v1.4.8; http://mj12bot.com/)"
188.165.237.120 - - [26/Feb/2025:02:49:28 +0000] "GET /tienda/ripper-seeds/ripper-seeds-black-valley-5%E2%99%80/?add-to-cart=3427 HTTP/1.1" 404 106554 "-" "Mozilla/5.0 (compatible; MJ12bot/v1.4.8; http://mj12bot.com/)"
146.190.157.162 - - [26/Feb/2025:02:49:41 +0000] "POST /wp-cron.php?doing_wp_cron=1740538181.0831689834594726562500 HTTP/1.1" 200 2851 "-" "WordPress/6.3.5; https://plantamadre.es"
188.165.237.120 - - [26/Feb/2025:02:49:39 +0000] "GET /tienda/ripper-seeds/ripper-seeds-black-valley-5%E2%99%80/?add-to-cart=3429 HTTP/1.1" 404 108886 "-" "Mozilla/5.0 (compatible; MJ12bot/v1.4.8; http://mj12bot.com/)"
188.165.237.120 - - [26/Feb/2025:02:49:45 +0000] "GET /tienda/ripper-seeds/ripper-seeds-black-valley-5%E2%99%80/?add-to-cart=343 HTTP/1.1" 404 106553 "-" "Mozilla/5.0 (compatible; MJ12bot/v1.4.8; http://mj12bot.com/)"
188.165.237.120 - - [26/Feb/2025:02:49:50 +0000] "GET /tienda/ripper-seeds/ripper-seeds-black-valley-5%E2%99%80/?add-to-cart=3431 HTTP/1.1" 404 106554 "-" "Mozilla/5.0 (compatible; MJ12bot/v1.4.8; http://mj12bot.com/)"
188.165.237.120 - - [26/Feb/2025:02:49:56 +0000] "GET /tienda/ripper-seeds/ripper-seeds-black-valley-5%E2%99%80/?add-to-cart=3432 HTTP/1.1" 404 106554 "-" "Mozilla/5.0 (compatible; MJ12bot/v1.4.8; http://mj12bot.com/)"
188.165.237.120 - - [26/Feb/2025:02:50:02 +0000] "GET /tienda/ripper-seeds/ripper-seeds-black-valley-5%E2%99%80/?add-to-cart=3435 HTTP/1.1" 404 106554 "-" "Mozilla/5.0 (compatible; MJ12bot/v1.4.8; http://mj12bot.com/)"
188.165.237.120 - - [26/Feb/2025:02:50:10 +0000] "GET /tienda/ripper-seeds/ripper-seeds-black-valley-5%E2%99%80/?add-to-cart=3436 HTTP/1.1" 404 106554 "-" "Mozilla/5.0 (compatible; MJ12bot/v1.4.8; http://mj12bot.com/)"
188.165.237.120 - - [26/Feb/2025:02:50:21 +0000] "GET /tienda/ripper-seeds/ripper-seeds-black-valley-5%E2%99%80/?add-to-cart=344 HTTP/1.1" 404 108885 "-" "Mozilla/5.0 (compatible; MJ12bot/v1.4.8; http://mj12bot.com/)"
188.165.237.120 - - [26/Feb/2025:02:50:28 +0000] "GET /tienda/ripper-seeds/ripper-seeds-black-valley-5%E2%99%80/?add-to-cart=3441 HTTP/1.1" 404 106554 "-" "Mozilla/5.0 (compatible; MJ12bot/v1.4.8; http://mj12bot.com/)"
146.190.157.162 - - [26/Feb/2025:02:50:36 +0000] "POST /wp-cron.php?doing_wp_cron=1740538236.2996640205383300781250 HTTP/1.1" 200 2851 "-" "WordPress/6.3.5; https://plantamadre.es"
188.165.237.120 - - [26/Feb/2025:02:50:34 +0000] "GET /tienda/ripper-seeds/ripper-seeds-black-valley-5%E2%99%80/?add-to-cart=3443 HTTP/1.1" 404 106554 "-" "Mozilla/5.0 (compatible; MJ12bot/v1.4.8; http://mj12bot.com/)"
188.165.237.120 - - [26/Feb/2025:02:50:42 +0000] "GET /tienda/ripper-seeds/ripper-seeds-black-valley-5%E2%99%80/?add-to-cart=3444 HTTP/1.1" 404 106554 "-" "Mozilla/5.0 (compatible; MJ12bot/v1.4.8; http://mj12bot.com/)"
188.165.237.120 - - [26/Feb/2025:02:50:49 +0000] "GET /tienda/ripper-seeds/ripper-seeds-black-valley-5%E2%99%80/?add-to-cart=3445 HTTP/1.1" 404 106554 "-" "Mozilla/5.0 (compatible; MJ12bot/v1.4.8; http://mj12bot.com/)"
188.165.237.120 - - [26/Feb/2025:02:50:55 +0000] "GET /tienda/ripper-seeds/ripper-seeds-black-valley-5%E2%99%80/?add-to-cart=3448 HTTP/1.1" 404 106554 "-" "Mozilla/5.0 (compatible; MJ12bot/v1.4.8; http://mj12bot.com/)"
188.165.237.120 - - [26/Feb/2025:02:51:05 +0000] "GET /tienda/ripper-seeds/ripper-seeds-black-valley-5%E2%99%80/?add-to-cart=3449 HTTP/1.1" 404 108885 "-" "Mozilla/5.0 (compatible; MJ12bot/v1.4.8; http://mj12bot.com/)"
188.165.237.120 - - [26/Feb/2025:02:51:10 +0000] "GET /tienda/ripper-seeds/ripper-seeds-black-valley-5%E2%99%80/?add-to-cart=345 HTTP/1.1" 404 106553 "-" "Mozilla/5.0 (compatible; MJ12bot/v1.4.8; http://mj12bot.com/)"
142.93.219.175 - - [26/Feb/2025:02:51:12 +0000] "GET /tienda/dna-genetics/l-a-confidential-feminizada-3-semillas/ HTTP/1.1" 404 108927 "-" "-"
142.93.219.175 - - [26/Feb/2025:02:51:12 +0000] "GET /tienda/dna-genetics/l-a-confidential-feminizada-3-semillas/ HTTP/1.1" 404 108928 "-" "-"
142.93.219.175 - - [26/Feb/2025:02:51:13 +0000] "GET /tienda/varios/temporizador-6x600w/ HTTP/1.1" 404 108902 "-" "-"
142.93.219.175 - - [26/Feb/2025:02:51:13 +0000] "GET /tienda/varios/temporizador-6x600w/ HTTP/1.1" 404 106711 "-" "-"
188.165.237.120 - - [26/Feb/2025:02:51:17 +0000] "GET /tienda/ripper-seeds/ripper-seeds-black-valley-5%E2%99%80/?add-to-cart=3451 HTTP/1.1" 404 106554 "-" "Mozilla/5.0 (compatible; MJ12bot/v1.4.8; http://mj12bot.com/)"
142.93.219.175 - - [26/Feb/2025:02:51:19 +0000] "POST /wp-comments-post.php HTTP/1.1" 200 448 "-" "-"
142.93.219.175 - - [26/Feb/2025:02:51:19 +0000] "POST /wp-comments-post.php HTTP/1.1" 200 448 "-" "-"
142.93.219.175 - - [26/Feb/2025:02:51:20 +0000] "POST /wp-comments-post.php HTTP/1.1" 200 448 "-" "-"
142.93.219.175 - - [26/Feb/2025:02:51:21 +0000] "POST /wp-comments-post.php HTTP/1.1" 200 448 "-" "-"
188.165.237.120 - - [26/Feb/2025:02:51:25 +0000] "GET /tienda/ripper-seeds/ripper-seeds-black-valley-5%E2%99%80/?add-to-cart=3452 HTTP/1.1" 404 106554 "-" "Mozilla/5.0 (compatible; MJ12bot/v1.4.8; http://mj12bot.com/)"
66.249.68.6 - - [26/Feb/2025:02:51:25 +0000] "GET /wp-content/uploads/2014/05/SPECIAL-KUSH.png HTTP/1.1" 404 109070 "-" "Googlebot-Image/1.0"
146.190.157.162 - - [26/Feb/2025:02:51:33 +0000] "POST /wp-cron.php?doing_wp_cron=1740538293.3292779922485351562500 HTTP/1.1" 200 2851 "-" "WordPress/6.3.5; https://plantamadre.es"
188.165.237.120 - - [26/Feb/2025:02:51:31 +0000] "GET /tienda/ripper-seeds/ripper-seeds-black-valley-5%E2%99%80/?add-to-cart=3453 HTTP/1.1" 404 106554 "-" "Mozilla/5.0 (compatible; MJ12bot/v1.4.8; http://mj12bot.com/)"
188.165.237.120 - - [26/Feb/2025:02:51:39 +0000] "GET /tienda/ripper-seeds/ripper-seeds-black-valley-5%E2%99%80/?add-to-cart=3455 HTTP/1.1" 404 106554 "-" "Mozilla/5.0 (compatible; MJ12bot/v1.4.8; http://mj12bot.com/)"
188.165.237.120 - - [26/Feb/2025:02:51:45 +0000] "GET /tienda/ripper-seeds/ripper-seeds-black-valley-5%E2%99%80/?add-to-cart=3456 HTTP/1.1" 404 106554 "-" "Mozilla/5.0 (compatible; MJ12bot/v1.4.8; http://mj12bot.com/)"
188.165.237.120 - - [26/Feb/2025:02:51:51 +0000] "GET /tienda/ripper-seeds/ripper-seeds-black-valley-5%E2%99%80/?add-to-cart=3457 HTTP/1.1" 404 106554 "-" "Mozilla/5.0 (compatible; MJ12bot/v1.4.8; http://mj12bot.com/)"
188.165.237.120 - - [26/Feb/2025:02:51:56 +0000] "GET /tienda/ripper-seeds/ripper-seeds-black-valley-5%E2%99%80/?add-to-cart=3459 HTTP/1.1" 404 106554 "-" "Mozilla/5.0 (compatible; MJ12bot/v1.4.8; http://mj12bot.com/)"
188.165.237.120 - - [26/Feb/2025:02:52:02 +0000] "GET /tienda/ripper-seeds/ripper-seeds-black-valley-5%E2%99%80/?add-to-cart=346 HTTP/1.1" 404 106553 "-" "Mozilla/5.0 (compatible; MJ12bot/v1.4.8; http://mj12bot.com/)"
188.165.237.120 - - [26/Feb/2025:02:52:09 +0000] "GET /tienda/ripper-seeds/ripper-seeds-black-valley-5%E2%99%80/?add-to-cart=3460 HTTP/1.1" 404 106554 "-" "Mozilla/5.0 (compatible; MJ12bot/v1.4.8; http://mj12bot.com/)"
146.190.157.162 - - [26/Feb/2025:02:52:18 +0000] "POST /wp-cron.php?doing_wp_cron=1740538338.1600880622863769531250 HTTP/1.1" 200 2850 "-" "WordPress/6.3.5; https://plantamadre.es"
188.165.237.120 - - [26/Feb/2025:02:52:16 +0000] "GET /tienda/ripper-seeds/ripper-seeds-black-valley-5%E2%99%80/?add-to-cart=3461 HTTP/1.1" 404 106554 "-" "Mozilla/5.0 (compatible; MJ12bot/v1.4.8; http://mj12bot.com/)"
188.165.237.120 - - [26/Feb/2025:02:52:23 +0000] "GET /tienda/ripper-seeds/ripper-seeds-black-valley-5%E2%99%80/?add-to-cart=3463 HTTP/1.1" 404 106554 "-" "Mozilla/5.0 (compatible; MJ12bot/v1.4.8; http://mj12bot.com/)"
146.190.157.162 - - [26/Feb/2025:02:52:32 +0000] "POST /wp-cron.php?doing_wp_cron=1740538352.5679540634155273437500 HTTP/1.1" 200 2850 "-" "WordPress/6.3.5; https://plantamadre.es"
188.165.237.120 - - [26/Feb/2025:02:52:31 +0000] "GET /tienda/ripper-seeds/ripper-seeds-black-valley-5%E2%99%80/?add-to-cart=3464 HTTP/1.1" 404 106554 "-" "Mozilla/5.0 (compatible; MJ12bot/v1.4.8; http://mj12bot.com/)"
104.129.36.3 - - [26/Feb/2025:02:52:34 +0000] "GET / HTTP/1.1" 200 27147 "-" "Mozilla/5.0 (X11; Linux x86_64) AppleWebKit/537.36 (KHTML, like Gecko) Chrome/114.0.0.0 Safari/537.36 Vivaldi/5.3.2679.68"
188.165.237.120 - - [26/Feb/2025:02:52:41 +0000] "GET /tienda/ripper-seeds/ripper-seeds-black-valley-5%E2%99%80/?add-to-cart=3465 HTTP/1.1" 404 108886 "-" "Mozilla/5.0 (compatible; MJ12bot/v1.4.8; http://mj12bot.com/)"
188.165.237.120 - - [26/Feb/2025:02:52:46 +0000] "GET /tienda/ripper-seeds/ripper-seeds-black-valley-5%E2%99%80/?add-to-cart=3467 HTTP/1.1" 404 106554 "-" "Mozilla/5.0 (compatible; MJ12bot/v1.4.8; http://mj12bot.com/)"
146.190.157.162 - - [26/Feb/2025:02:52:55 +0000] "POST /wp-cron.php?doing_wp_cron=1740538375.2380130290985107421875 HTTP/1.1" 200 2849 "-" "WordPress/6.3.5; https://plantamadre.es"
188.165.237.120 - - [26/Feb/2025:02:52:53 +0000] "GET /tienda/ripper-seeds/ripper-seeds-black-valley-5%E2%99%80/?add-to-cart=3468 HTTP/1.1" 404 106554 "-" "Mozilla/5.0 (compatible; MJ12bot/v1.4.8; http://mj12bot.com/)"
188.165.237.120 - - [26/Feb/2025:02:53:01 +0000] "GET /tienda/ripper-seeds/ripper-seeds-black-valley-5%E2%99%80/?add-to-cart=3469 HTTP/1.1" 404 106554 "-" "Mozilla/5.0 (compatible; MJ12bot/v1.4.8; http://mj12bot.com/)"
188.165.237.120 - - [26/Feb/2025:02:53:07 +0000] "GET /tienda/ripper-seeds/ripper-seeds-black-valley-5%E2%99%80/?add-to-cart=347 HTTP/1.1" 404 106553 "-" "Mozilla/5.0 (compatible; MJ12bot/v1.4.8; http://mj12bot.com/)"
188.165.237.120 - - [26/Feb/2025:02:53:14 +0000] "GET /tienda/ripper-seeds/ripper-seeds-black-valley-5%E2%99%80/?add-to-cart=3471 HTTP/1.1" 404 106554 "-" "Mozilla/5.0 (compatible; MJ12bot/v1.4.8; http://mj12bot.com/)"
188.165.237.120 - - [26/Feb/2025:02:53:19 +0000] "GET /tienda/ripper-seeds/ripper-seeds-black-valley-5%E2%99%80/?add-to-cart=3472 HTTP/1.1" 404 106554 "-" "Mozilla/5.0 (compatible; MJ12bot/v1.4.8; http://mj12bot.com/)"
188.165.237.120 - - [26/Feb/2025:02:53:24 +0000] "GET /tienda/ripper-seeds/ripper-seeds-black-valley-5%E2%99%80/?add-to-cart=3473 HTTP/1.1" 404 106554 "-" "Mozilla/5.0 (compatible; MJ12bot/v1.4.8; http://mj12bot.com/)"
146.190.157.162 - - [26/Feb/2025:02:53:31 +0000] "POST /wp-cron.php?doing_wp_cron=1740538411.4442110061645507812500 HTTP/1.1" 200 2850 "-" "WordPress/6.3.5; https://plantamadre.es"
188.165.237.120 - - [26/Feb/2025:02:53:29 +0000] "GET /tienda/ripper-seeds/ripper-seeds-black-valley-5%E2%99%80/?add-to-cart=3477 HTTP/1.1" 404 106554 "-" "Mozilla/5.0 (compatible; MJ12bot/v1.4.8; http://mj12bot.com/)"
188.165.237.120 - - [26/Feb/2025:02:53:36 +0000] "GET /tienda/ripper-seeds/ripper-seeds-black-valley-5%E2%99%80/?add-to-cart=3478 HTTP/1.1" 404 106554 "-" "Mozilla/5.0 (compatible; MJ12bot/v1.4.8; http://mj12bot.com/)"
188.165.237.120 - - [26/Feb/2025:02:53:43 +0000] "GET /tienda/ripper-seeds/ripper-seeds-black-valley-5%E2%99%80/?add-to-cart=3480 HTTP/1.1" 404 106554 "-" "Mozilla/5.0 (compatible; MJ12bot/v1.4.8; http://mj12bot.com/)"
188.165.237.120 - - [26/Feb/2025:02:53:49 +0000] "GET /tienda/ripper-seeds/ripper-seeds-black-valley-5%E2%99%80/?add-to-cart=3481 HTTP/1.1" 404 106554 "-" "Mozilla/5.0 (compatible; MJ12bot/v1.4.8; http://mj12bot.com/)"
188.165.237.120 - - [26/Feb/2025:02:53:54 +0000] "GET /tienda/ripper-seeds/ripper-seeds-black-valley-5%E2%99%80/?add-to-cart=3483 HTTP/1.1" 404 106554 "-" "Mozilla/5.0 (compatible; MJ12bot/v1.4.8; http://mj12bot.com/)"
188.165.237.120 - - [26/Feb/2025:02:54:05 +0000] "GET /tienda/ripper-seeds/ripper-seeds-black-valley-5%E2%99%80/?add-to-cart=3488 HTTP/1.1" 404 108886 "-" "Mozilla/5.0 (compatible; MJ12bot/v1.4.8; http://mj12bot.com/)"
77.75.78.161 - - [26/Feb/2025:02:54:12 +0000] "GET /contacto/ HTTP/1.1" 200 34441 "-" "Mozilla/5.0 (compatible; SeznamBot/4.0; +https://o-seznam.cz/napoveda/vyhledavani/en/seznambot-crawler/)"
188.165.237.120 - - [26/Feb/2025:02:54:14 +0000] "GET /tienda/ripper-seeds/ripper-seeds-black-valley-5%E2%99%80/?add-to-cart=349 HTTP/1.1" 404 108886 "-" "Mozilla/5.0 (compatible; MJ12bot/v1.4.8; http://mj12bot.com/)"
