149.86.69.205 - - [25/Feb/2025:13:40:27 +0000] "POST /xmlrpc.php HTTP/1.1" 200 3337 "-" "Mozilla/5.0 (Windows NT 6.1; Win64; x64) AppleWebKit/537.36 (KHTML, like Gecko) Chrome/69.0.3497.100 Safari/537.36"
89.110.120.233 - - [25/Feb/2025:13:40:30 +0000] "GET / HTTP/1.0" 403 2823 "https://plantamadre.es/tienda/microscopios/microscopio-mini-45x-con-luz-vdl/" "Mozilla/5.0 (Windows NT 10.0; Win64; x64) AppleWebKit/537.36 (KHTML, like Gecko) Chrome/129.0.0.0 Safari/537.36"
31.131.20.146 - - [25/Feb/2025:13:40:29 +0000] "POST /xmlrpc.php HTTP/1.1" 200 3133 "-" "Mozilla/5.0 (Windows NT 5.1; rv:36.0) Gecko/20100101 Firefox/36.0"
146.190.157.162 - - [25/Feb/2025:13:40:31 +0000] "POST /wp-cron.php?doing_wp_cron=1740490831.3842000961303710937500 HTTP/1.1" 200 2850 "-" "WordPress/6.3.5; https://plantamadre.es"
216.244.66.239 - - [25/Feb/2025:13:39:57 +0000] "GET /product/s-a-d-sweet-afgani-delicious-s1/?add-to-cart=24942 HTTP/1.1" 200 84965 "-" "Mozilla/5.0 (compatible; DotBot/1.2; +https://opensiteexplorer.org/dotbot; help@moz.com)"
89.110.120.233 - - [25/Feb/2025:13:40:32 +0000] "GET / HTTP/1.0" 403 2823 "https://plantamadre.es/" "Mozilla/5.0 (Windows NT 10.0; Win64; x64) AppleWebKit/537.36 (KHTML, like Gecko) Chrome/129.0.0.0 Safari/537.36"
89.110.120.233 - - [25/Feb/2025:13:40:35 +0000] "GET / HTTP/1.0" 403 2824 "https://plantamadre.es/" "Mozilla/5.0 (Windows NT 10.0; Win64; x64) AppleWebKit/537.36 (KHTML, like Gecko) Chrome/129.0.0.0 Safari/537.36"
151.14.41.196 - - [25/Feb/2025:13:40:40 +0000] "POST /xmlrpc.php HTTP/1.1" 200 3336 "-" "Mozilla/5.0 (Windows NT 5.1; rv:7.0.1) Gecko/20100101 Firefox/7.0.1"
8.209.119.5 - - [25/Feb/2025:13:40:47 +0000] "POST /xmlrpc.php HTTP/1.1" 200 3103 "-" "Mozilla/5.0 (Windows NT 6.1; rv:52.0) Gecko/20100101 Firefox/52.0"
146.0.43.40 - - [25/Feb/2025:13:40:53 +0000] "POST /xmlrpc.php HTTP/1.1" 200 3103 "-" "Mozilla/5.0 (Windows NT 10.0; Win64; x64) AppleWebKit/537.36 (KHTML, like Gecko) Chrome/67.0.3396.99 Safari/537.36"
151.14.41.196 - - [25/Feb/2025:13:40:56 +0000] "POST /xmlrpc.php HTTP/1.1" 200 3336 "-" "Mozilla/5.0 (Windows NT 10.0) AppleWebKit/537.36 (KHTML, like Gecko) Chrome/72.0.3626.121 Safari/537.36"
62.117.170.101 - - [25/Feb/2025:13:41:04 +0000] "POST /wp-admin/admin-ajax.php HTTP/1.1" 200 982 "https://plantamadre.es/wp-admin/post.php?post=25043&action=edit" "Mozilla/5.0 (Windows NT 10.0; Win64; x64) AppleWebKit/537.36 (KHTML, like Gecko) Chrome/133.0.0.0 Safari/537.36"
216.244.66.239 - - [25/Feb/2025:13:40:52 +0000] "GET /shop/page/38/?add-to-cart=23210 HTTP/1.1" 200 92205 "-" "Mozilla/5.0 (compatible; DotBot/1.2; +https://opensiteexplorer.org/dotbot; help@moz.com)"
103.98.6.153 - - [25/Feb/2025:13:41:23 +0000] "POST /xmlrpc.php HTTP/1.1" 200 3335 "-" "Mozilla/5.0 (Windows NT 5.1; Win64; x64) AppleWebKit/537.36 (KHTML, like Gecko) Chrome/60.0.3112.90 Safari/537.36"
66.249.68.5 - - [25/Feb/2025:13:41:27 +0000] "GET /wp-content/uploads/2013/12/PIPA-TORNILLO.png HTTP/1.1" 404 109072 "-" "Googlebot-Image/1.0"
146.190.157.162 - - [25/Feb/2025:13:41:44 +0000] "POST /wp-cron.php?doing_wp_cron=1740490904.6644110679626464843750 HTTP/1.1" 200 2851 "-" "WordPress/6.3.5; https://plantamadre.es"
216.244.66.239 - - [25/Feb/2025:13:41:42 +0000] "GET /shop/page/6/?add-to-cart=23181 HTTP/1.1" 200 146588 "-" "Mozilla/5.0 (compatible; DotBot/1.2; +https://opensiteexplorer.org/dotbot; help@moz.com)"
146.190.157.162 - - [25/Feb/2025:13:42:47 +0000] "POST /wp-cron.php?doing_wp_cron=1740490967.8346281051635742187500 HTTP/1.1" 200 2850 "-" "WordPress/6.3.5; https://plantamadre.es"
111.119.206.149 - - [25/Feb/2025:13:42:46 +0000] "GET /tienda/otros/canna-slab-de-coco-1-mtr?add-to-cart=3359 HTTP/1.1" 404 109100 "https://plantamadre.es/tienda/otros/canna-slab-de-coco-1-mtr?add-to-cart=3359" "Mozilla/5.0 (Macintosh; Intel Mac OS X 10_15_7) AppleWebKit/537.36 (KHTML, like Gecko) Chrome/120.0.0.0 Safari/537.36"
83.221.16.200 - - [25/Feb/2025:13:42:51 +0000] "GET /tienda/blim-burn-seeds/blim-burn-mamba-negra-3-semillas-feminizada/ HTTP/1.0" 403 2778 "https://plantamadre.es/tienda/blim-burn-seeds/blim-burn-mamba-negra-3-semillas-feminizada/" "Mozilla/5.0 (Windows NT 10.0; Win64; x64) AppleWebKit/537.36 (KHTML, like Gecko) Chrome/130.0.0.0 Safari/537.36"
83.221.16.200 - - [25/Feb/2025:13:42:54 +0000] "GET / HTTP/1.0" 403 2823 "https://plantamadre.es/tienda/blim-burn-seeds/blim-burn-mamba-negra-3-semillas-feminizada/" "Mozilla/5.0 (Windows NT 10.0; Win64; x64) AppleWebKit/537.36 (KHTML, like Gecko) Chrome/130.0.0.0 Safari/537.36"
146.190.157.162 - - [25/Feb/2025:13:42:55 +0000] "POST /wp-cron.php?doing_wp_cron=1740490975.7029070854187011718750 HTTP/1.1" 200 2851 "-" "WordPress/6.3.5; https://plantamadre.es"
83.221.16.200 - - [25/Feb/2025:13:42:57 +0000] "GET / HTTP/1.0" 403 2824 "https://plantamadre.es/" "Mozilla/5.0 (Windows NT 10.0; Win64; x64) AppleWebKit/537.36 (KHTML, like Gecko) Chrome/130.0.0.0 Safari/537.36"
83.221.16.200 - - [25/Feb/2025:13:42:59 +0000] "GET / HTTP/1.0" 403 2823 "https://plantamadre.es/" "Mozilla/5.0 (Windows NT 10.0; Win64; x64) AppleWebKit/537.36 (KHTML, like Gecko) Chrome/130.0.0.0 Safari/537.36"
62.117.170.101 - - [25/Feb/2025:13:43:05 +0000] "POST /wp-admin/admin-ajax.php HTTP/1.1" 200 982 "https://plantamadre.es/wp-admin/post.php?post=25043&action=edit" "Mozilla/5.0 (Windows NT 10.0; Win64; x64) AppleWebKit/537.36 (KHTML, like Gecko) Chrome/133.0.0.0 Safari/537.36"
146.190.157.162 - - [25/Feb/2025:13:44:48 +0000] "POST /wp-cron.php?doing_wp_cron=1740491088.9371769428253173828125 HTTP/1.1" 200 2850 "-" "WordPress/6.3.5; https://plantamadre.es"
181.10.103.192 - - [25/Feb/2025:13:44:47 +0000] "GET /tienda/bongs-y-pipas/bong-cristal-varios-dibujos-14-cm/ HTTP/1.0" 404 108823 "https://plantamadre.es/tienda/bongs-y-pipas/bong-cristal-varios-dibujos-14-cm/" "Mozilla/5.0 (Windows NT 10.0; Win64; x64) AppleWebKit/537.36 (KHTML, like Gecko) Chrome/130.0.0.0 Safari/537.36 CCleaner/130.0.0.0"
62.117.170.101 - - [25/Feb/2025:13:45:06 +0000] "POST /wp-admin/admin-ajax.php HTTP/1.1" 200 982 "https://plantamadre.es/wp-admin/post.php?post=25043&action=edit" "Mozilla/5.0 (Windows NT 10.0; Win64; x64) AppleWebKit/537.36 (KHTML, like Gecko) Chrome/133.0.0.0 Safari/537.36"
66.249.68.6 - - [25/Feb/2025:13:46:12 +0000] "GET /wp-content/uploads/2019/01/bho-xxl.png HTTP/1.1" 404 109064 "-" "Googlebot-Image/1.0"
146.190.157.162 - - [25/Feb/2025:13:46:14 +0000] "POST /wp-cron.php?doing_wp_cron=1740491174.2547829151153564453125 HTTP/1.1" 200 2851 "-" "WordPress/6.3.5; https://plantamadre.es"
62.117.170.101 - - [25/Feb/2025:13:47:07 +0000] "POST /wp-admin/admin-ajax.php HTTP/1.1" 200 982 "https://plantamadre.es/wp-admin/post.php?post=25043&action=edit" "Mozilla/5.0 (Windows NT 10.0; Win64; x64) AppleWebKit/537.36 (KHTML, like Gecko) Chrome/133.0.0.0 Safari/537.36"
146.190.157.162 - - [25/Feb/2025:13:47:09 +0000] "POST /wp-cron.php?doing_wp_cron=1740491229.6739220619201660156250 HTTP/1.1" 200 2851 "-" "WordPress/6.3.5; https://plantamadre.es"
62.117.170.101 - - [25/Feb/2025:13:49:08 +0000] "POST /wp-admin/admin-ajax.php HTTP/1.1" 200 982 "https://plantamadre.es/wp-admin/post.php?post=25043&action=edit" "Mozilla/5.0 (Windows NT 10.0; Win64; x64) AppleWebKit/537.36 (KHTML, like Gecko) Chrome/133.0.0.0 Safari/537.36"
146.190.157.162 - - [25/Feb/2025:13:49:10 +0000] "POST /wp-cron.php?doing_wp_cron=1740491350.2389938831329345703125 HTTP/1.1" 200 2850 "-" "WordPress/6.3.5; https://plantamadre.es"
146.190.157.162 - - [25/Feb/2025:13:50:58 +0000] "POST /wp-cron.php?doing_wp_cron=1740491458.5048708915710449218750 HTTP/1.1" 200 2850 "-" "WordPress/6.3.5; https://plantamadre.es"
66.249.68.7 - - [25/Feb/2025:13:50:56 +0000] "GET /wp-content/uploads/2013/12/pure-lights.png HTTP/1.1" 404 109069 "-" "Googlebot-Image/1.0"
62.117.170.101 - - [25/Feb/2025:13:51:09 +0000] "POST /wp-admin/admin-ajax.php HTTP/1.1" 200 982 "https://plantamadre.es/wp-admin/post.php?post=25043&action=edit" "Mozilla/5.0 (Windows NT 10.0; Win64; x64) AppleWebKit/537.36 (KHTML, like Gecko) Chrome/133.0.0.0 Safari/537.36"
62.117.170.101 - - [25/Feb/2025:13:53:10 +0000] "POST /wp-admin/admin-ajax.php HTTP/1.1" 200 982 "https://plantamadre.es/wp-admin/post.php?post=25043&action=edit" "Mozilla/5.0 (Windows NT 10.0; Win64; x64) AppleWebKit/537.36 (KHTML, like Gecko) Chrome/133.0.0.0 Safari/537.36"
146.190.157.162 - - [25/Feb/2025:13:53:12 +0000] "POST /wp-cron.php?doing_wp_cron=1740491591.9959208965301513671875 HTTP/1.1" 200 2851 "-" "WordPress/6.3.5; https://plantamadre.es"
146.190.157.162 - - [25/Feb/2025:13:53:38 +0000] "POST /wp-cron.php?doing_wp_cron=1740491618.2435109615325927734375 HTTP/1.1" 200 2850 "-" "WordPress/6.3.5; https://plantamadre.es"
40.77.167.17 - - [25/Feb/2025:13:53:36 +0000] "GET /shop/ HTTP/1.1" 200 25552 "-" "Mozilla/5.0 AppleWebKit/537.36 (KHTML, like Gecko; compatible; bingbot/2.0; +http://www.bing.com/bingbot.htm) Chrome/116.0.1938.76 Safari/537.36"
62.117.170.101 - - [25/Feb/2025:13:55:11 +0000] "POST /wp-admin/admin-ajax.php HTTP/1.1" 200 982 "https://plantamadre.es/wp-admin/post.php?post=25043&action=edit" "Mozilla/5.0 (Windows NT 10.0; Win64; x64) AppleWebKit/537.36 (KHTML, like Gecko) Chrome/133.0.0.0 Safari/537.36"
146.190.157.162 - - [25/Feb/2025:13:55:13 +0000] "POST /wp-cron.php?doing_wp_cron=1740491713.1726539134979248046875 HTTP/1.1" 200 2849 "-" "WordPress/6.3.5; https://plantamadre.es"
146.190.157.162 - - [25/Feb/2025:13:55:15 +0000] "POST /wp-admin/admin-ajax.php?action=wp_1_wc_privacy_cleanup&nonce=2a8d806198 HTTP/1.1" 200 2985 "-" "WordPress/6.3.5; https://plantamadre.es"
66.249.68.6 - - [25/Feb/2025:13:55:40 +0000] "GET /wp-content/uploads/2024/12/ROOT-RIOT-1.png HTTP/1.1" 301 559 "-" "Googlebot-Image/1.0"
66.249.68.6 - - [25/Feb/2025:13:55:40 +0000] "GET /wp-content/uploads/2024/12/ROOT-RIOT-1.png HTTP/1.1" 200 137039 "-" "Googlebot-Image/1.0"
62.117.170.101 - - [25/Feb/2025:13:57:12 +0000] "POST /wp-admin/admin-ajax.php HTTP/1.1" 200 982 "https://plantamadre.es/wp-admin/post.php?post=25043&action=edit" "Mozilla/5.0 (Windows NT 10.0; Win64; x64) AppleWebKit/537.36 (KHTML, like Gecko) Chrome/133.0.0.0 Safari/537.36"
146.190.157.162 - - [25/Feb/2025:13:57:14 +0000] "POST /wp-cron.php?doing_wp_cron=1740491834.0531458854675292968750 HTTP/1.1" 200 2849 "-" "WordPress/6.3.5; https://plantamadre.es"
62.117.170.101 - - [25/Feb/2025:13:59:13 +0000] "POST /wp-admin/admin-ajax.php HTTP/1.1" 200 982 "https://plantamadre.es/wp-admin/post.php?post=25043&action=edit" "Mozilla/5.0 (Windows NT 10.0; Win64; x64) AppleWebKit/537.36 (KHTML, like Gecko) Chrome/133.0.0.0 Safari/537.36"
146.190.157.162 - - [25/Feb/2025:13:59:15 +0000] "POST /wp-cron.php?doing_wp_cron=1740491955.0776989459991455078125 HTTP/1.1" 200 2851 "-" "WordPress/6.3.5; https://plantamadre.es"
146.190.157.162 - - [25/Feb/2025:14:00:26 +0000] "POST /wp-cron.php?doing_wp_cron=1740492026.1056780815124511718750 HTTP/1.1" 200 2850 "-" "WordPress/6.3.5; https://plantamadre.es"
66.249.68.5 - - [25/Feb/2025:14:00:24 +0000] "GET /wp-content/uploads/2014/07/guanoliquido-crecimiento.png HTTP/1.1" 404 109082 "-" "Googlebot-Image/1.0"
62.117.170.101 - - [25/Feb/2025:14:01:14 +0000] "POST /wp-admin/admin-ajax.php HTTP/1.1" 200 982 "https://plantamadre.es/wp-admin/post.php?post=25043&action=edit" "Mozilla/5.0 (Windows NT 10.0; Win64; x64) AppleWebKit/537.36 (KHTML, like Gecko) Chrome/133.0.0.0 Safari/537.36"
146.190.157.162 - - [25/Feb/2025:14:01:16 +0000] "POST /wp-cron.php?doing_wp_cron=1740492076.1951029300689697265625 HTTP/1.1" 200 2849 "-" "WordPress/6.3.5; https://plantamadre.es"
89.110.120.233 - - [25/Feb/2025:14:01:31 +0000] "GET /tienda/dinafem/white-siberian-feminizada-1-semilla-2/ HTTP/1.0" 403 2777 "https://plantamadre.es/tienda/dinafem/white-siberian-feminizada-1-semilla-2/" "Mozilla/5.0 (Windows NT 10.0; Win64; x64) AppleWebKit/537.36 (KHTML, like Gecko) Chrome/130.0.0.0 Safari/537.36"
146.190.157.162 - - [25/Feb/2025:14:01:32 +0000] "POST /wp-cron.php?doing_wp_cron=1740492092.5970571041107177734375 HTTP/1.1" 200 2850 "-" "WordPress/6.3.5; https://plantamadre.es"
89.110.120.233 - - [25/Feb/2025:14:01:34 +0000] "GET / HTTP/1.0" 403 2825 "https://plantamadre.es/tienda/dinafem/white-siberian-feminizada-1-semilla-2/" "Mozilla/5.0 (Windows NT 10.0; Win64; x64) AppleWebKit/537.36 (KHTML, like Gecko) Chrome/130.0.0.0 Safari/537.36"
89.110.120.233 - - [25/Feb/2025:14:01:36 +0000] "GET / HTTP/1.0" 403 2825 "https://plantamadre.es/" "Mozilla/5.0 (Windows NT 10.0; Win64; x64) AppleWebKit/537.36 (KHTML, like Gecko) Chrome/130.0.0.0 Safari/537.36"
89.110.120.233 - - [25/Feb/2025:14:01:37 +0000] "GET / HTTP/1.0" 403 2823 "https://plantamadre.es/" "Mozilla/5.0 (Windows NT 10.0; Win64; x64) AppleWebKit/537.36 (KHTML, like Gecko) Chrome/130.0.0.0 Safari/537.36"
62.117.170.101 - - [25/Feb/2025:14:03:15 +0000] "POST /wp-admin/admin-ajax.php HTTP/1.1" 200 982 "https://plantamadre.es/wp-admin/post.php?post=25043&action=edit" "Mozilla/5.0 (Windows NT 10.0; Win64; x64) AppleWebKit/537.36 (KHTML, like Gecko) Chrome/133.0.0.0 Safari/537.36"
146.190.157.162 - - [25/Feb/2025:14:03:16 +0000] "POST /wp-cron.php?doing_wp_cron=1740492196.9548220634460449218750 HTTP/1.1" 200 2850 "-" "WordPress/6.3.5; https://plantamadre.es"
146.190.157.162 - - [25/Feb/2025:14:04:21 +0000] "POST /wp-cron.php?doing_wp_cron=1740492261.6429638862609863281250 HTTP/1.1" 200 2850 "-" "WordPress/6.3.5; https://plantamadre.es"
114.119.149.171 - - [25/Feb/2025:14:04:20 +0000] "GET /product/gas-atomic-400ml-2/ HTTP/1.1" 200 32517 "https://plantamadre.es/shop/extarccion-de-resina/?product-page=2" "Mozilla/5.0 (Linux; Android 7.0;) AppleWebKit/537.36 (KHTML, like Gecko) Mobile Safari/537.36 (compatible; PetalBot;+https://webmaster.petalsearch.com/site/petalbot)"
109.236.93.77 - - [25/Feb/2025:14:04:32 +0000] "GET /tienda/ez-test/ez-test-ketamina HTTP/1.0" 403 2814 "-" "Mozilla/5.0 (Windows NT 10.0; Win64; x64) AppleWebKit/537.36 (KHTML, like Gecko) Chrome/118.0.0.0 Safari/537.36"
146.190.157.162 - - [25/Feb/2025:14:04:33 +0000] "POST /wp-cron.php?doing_wp_cron=1740492273.8282799720764160156250 HTTP/1.1" 200 2851 "-" "WordPress/6.3.5; https://plantamadre.es"
66.249.68.5 - - [25/Feb/2025:14:05:08 +0000] "GET /wp-content/uploads/2013/09/dutch-cheese1.png HTTP/1.1" 404 109071 "-" "Googlebot-Image/1.0"
62.117.170.101 - - [25/Feb/2025:14:05:16 +0000] "POST /wp-admin/admin-ajax.php HTTP/1.1" 200 982 "https://plantamadre.es/wp-admin/post.php?post=25043&action=edit" "Mozilla/5.0 (Windows NT 10.0; Win64; x64) AppleWebKit/537.36 (KHTML, like Gecko) Chrome/133.0.0.0 Safari/537.36"
147.53.122.73 - - [25/Feb/2025:14:05:15 +0000] "GET /tienda/00-seeds-bank-semillas/00-seeds-00-kush-5und-fem/ HTTP/1.1" 404 109105 "-" "Mozilla/5.0 (X11; Linux x86_64) AppleWebKit/537.36 (KHTML, like Gecko) Chrome/114.0.0.0 Safari/537.36"
147.53.122.73 - - [25/Feb/2025:14:05:19 +0000] "GET / HTTP/1.1" 200 27145 "-" "Mozilla/5.0 (X11; Linux x86_64) AppleWebKit/537.36 (KHTML, like Gecko) Chrome/114.0.0.0 Safari/537.36"
216.244.66.239 - - [25/Feb/2025:14:05:27 +0000] "GET /robots.txt HTTP/1.1" 301 439 "-" "Mozilla/5.0 (compatible; DotBot/1.2; +https://opensiteexplorer.org/dotbot; help@moz.com)"
216.244.66.239 - - [25/Feb/2025:14:05:28 +0000] "GET /robots.txt HTTP/1.1" 200 2886 "-" "Mozilla/5.0 (compatible; DotBot/1.2; +https://opensiteexplorer.org/dotbot; help@moz.com)"
112.92.71.103 - - [25/Feb/2025:14:07:00 +0000] "GET /tienda/otros/ladrillo-coco-prensado-trichoderma-5-kg-70-l/ HTTP/1.1" 403 2759 "-" "Mozilla/5.0 (Windows NT 6.1; WOW64) AppleWebKit/537.36 (KHTML, like Gecko) Chrome/34.0.1847.131 Safari/537.36"
146.190.157.162 - - [25/Feb/2025:14:07:01 +0000] "POST /wp-cron.php?doing_wp_cron=1740492421.6715879440307617187500 HTTP/1.1" 200 2850 "-" "WordPress/6.3.5; https://plantamadre.es"
146.190.157.162 - - [25/Feb/2025:14:07:16 +0000] "POST /wp-cron.php?doing_wp_cron=1740492436.7647318840026855468750 HTTP/1.1" 200 2851 "-" "WordPress/6.3.5; https://plantamadre.es"
66.249.68.6 - - [25/Feb/2025:14:07:15 +0000] "GET /etiqueta-producto/sustrato-atami-janeco-light-mix/ HTTP/1.1" 404 109084 "-" "Mozilla/5.0 (Linux; Android 6.0.1; Nexus 5X Build/MMB29P) AppleWebKit/537.36 (KHTML, like Gecko) Chrome/133.0.6943.53 Mobile Safari/537.36 (compatible; Googlebot/2.1; +http://www.google.com/bot.html)"
62.117.170.101 - - [25/Feb/2025:14:07:17 +0000] "POST /wp-admin/admin-ajax.php HTTP/1.1" 200 982 "https://plantamadre.es/wp-admin/post.php?post=25043&action=edit" "Mozilla/5.0 (Windows NT 10.0; Win64; x64) AppleWebKit/537.36 (KHTML, like Gecko) Chrome/133.0.0.0 Safari/537.36"
20.171.207.207 - - [25/Feb/2025:14:07:17 +0000] "GET /wp-content/uploads/2013/09/conie-chunk1-300x300.png HTTP/1.1" 404 109053 "-" "Mozilla/5.0 AppleWebKit/537.36 (KHTML, like Gecko; compatible; GPTBot/1.2; +https://openai.com/gptbot)"
89.110.120.233 - - [25/Feb/2025:14:07:26 +0000] "GET /tienda/top-crop/top-crop-harina-de-lava-top-vulcan-700gr/ HTTP/1.0" 403 2777 "https://plantamadre.es/tienda/top-crop/top-crop-harina-de-lava-top-vulcan-700gr/" "Mozilla/5.0 (Windows NT 10.0; Win64; x64) AppleWebKit/537.36 (KHTML, like Gecko) Chrome/131.0.0.0 Safari/537.36"
89.110.120.233 - - [25/Feb/2025:14:07:28 +0000] "GET / HTTP/1.0" 403 2823 "https://plantamadre.es/tienda/top-crop/top-crop-harina-de-lava-top-vulcan-700gr/" "Mozilla/5.0 (Windows NT 10.0; Win64; x64) AppleWebKit/537.36 (KHTML, like Gecko) Chrome/131.0.0.0 Safari/537.36"
178.159.37.28 - - [25/Feb/2025:14:07:28 +0000] "GET /tienda/papel/papel-raw-king-size-slim/ HTTP/1.0" 404 108806 "https://plantamadre.es/tienda/papel/papel-raw-king-size-slim/" "Mozilla/5.0 (Windows NT 6.0; Win64; rv:35.0) Gecko/20100101 Firefox/35.0"
89.110.120.233 - - [25/Feb/2025:14:07:31 +0000] "GET / HTTP/1.0" 403 2825 "https://plantamadre.es/" "Mozilla/5.0 (Windows NT 10.0; Win64; x64) AppleWebKit/537.36 (KHTML, like Gecko) Chrome/131.0.0.0 Safari/537.36"
146.190.157.162 - - [25/Feb/2025:14:07:32 +0000] "POST /wp-cron.php?doing_wp_cron=1740492452.3451149463653564453125 HTTP/1.1" 200 2849 "-" "WordPress/6.3.5; https://plantamadre.es"
89.110.120.233 - - [25/Feb/2025:14:07:34 +0000] "GET / HTTP/1.0" 403 2823 "https://plantamadre.es/" "Mozilla/5.0 (Windows NT 10.0; Win64; x64) AppleWebKit/537.36 (KHTML, like Gecko) Chrome/131.0.0.0 Safari/537.36"
146.190.157.162 - - [25/Feb/2025:14:08:52 +0000] "POST /wp-cron.php?doing_wp_cron=1740492532.3941829204559326171875 HTTP/1.1" 301 556 "-" "WordPress/6.3.5; http://plantamadre.es"
195.191.219.132 - - [25/Feb/2025:14:08:50 +0000] "GET /robots.txt HTTP/1.1" 301 272 "-" "Mozilla/5.0 (compatible; MJ12bot/v1.4.8; http://mj12bot.com/)"
195.191.219.132 - - [25/Feb/2025:14:08:53 +0000] "GET /robots.txt HTTP/1.1" 301 495 "-" "Mozilla/5.0 (compatible; MJ12bot/v1.4.8; http://mj12bot.com/)"
195.191.219.132 - - [25/Feb/2025:14:08:54 +0000] "GET /robots.txt HTTP/1.1" 200 2844 "-" "Mozilla/5.0 (compatible; MJ12bot/v1.4.8; http://mj12bot.com/)"
195.191.219.132 - - [25/Feb/2025:14:08:58 +0000] "GET / HTTP/1.1" 301 252 "-" "Mozilla/5.0 (compatible; MJ12bot/v1.4.8; http://mj12bot.com/)"
195.191.219.132 - - [25/Feb/2025:14:09:02 +0000] "GET / HTTP/1.1" 301 419 "-" "Mozilla/5.0 (compatible; MJ12bot/v1.4.8; http://mj12bot.com/)"
195.191.219.132 - - [25/Feb/2025:14:09:04 +0000] "GET / HTTP/1.1" 200 26883 "-" "Mozilla/5.0 (compatible; MJ12bot/v1.4.8; http://mj12bot.com/)"
62.117.170.101 - - [25/Feb/2025:14:09:18 +0000] "POST /wp-admin/admin-ajax.php HTTP/1.1" 200 982 "https://plantamadre.es/wp-admin/post.php?post=25043&action=edit" "Mozilla/5.0 (Windows NT 10.0; Win64; x64) AppleWebKit/537.36 (KHTML, like Gecko) Chrome/133.0.0.0 Safari/537.36"
109.228.57.19 - - [25/Feb/2025:14:09:51 +0000] "GET /wp-login.php HTTP/1.1" 301 443 "-" "GRequests/0.10"
109.228.57.19 - - [25/Feb/2025:14:09:51 +0000] "GET /wp-login.php HTTP/1.1" 200 7268 "http://plantamadre.es/wp-login.php" "GRequests/0.10"
109.228.57.19 - - [25/Feb/2025:14:09:53 +0000] "POST /wp-login.php HTTP/1.1" 301 443 "-" "GRequests/0.10"
109.228.57.19 - - [25/Feb/2025:14:09:54 +0000] "GET /wp-login.php HTTP/1.1" 200 7269 "http://plantamadre.es/wp-login.php" "GRequests/0.10"
109.228.57.19 - - [25/Feb/2025:14:09:55 +0000] "GET /wp-admin/ HTTP/1.1" 301 437 "-" "GRequests/0.10"
146.190.157.162 - - [25/Feb/2025:14:09:54 +0000] "POST /wp-cron.php?doing_wp_cron=1740492594.8882739543914794921875 HTTP/1.1" 200 2849 "-" "WordPress/6.3.5; https://plantamadre.es"
66.249.68.5 - - [25/Feb/2025:14:09:53 +0000] "GET /wp-content/uploads/2014/01/lumagny-100.png HTTP/1.1" 404 109069 "-" "Googlebot-Image/1.0"
109.228.57.19 - - [25/Feb/2025:14:09:55 +0000] "GET /wp-admin/ HTTP/1.1" 302 386 "http://plantamadre.es/wp-admin/" "GRequests/0.10"
109.228.57.19 - - [25/Feb/2025:14:09:57 +0000] "GET /wp-login.php?redirect_to=https%3A%2F%2Fplantamadre.es%2Fwp-admin%2F&reauth=1 HTTP/1.1" 200 4751 "https://plantamadre.es/wp-admin/" "GRequests/0.10"
89.110.120.233 - - [25/Feb/2025:14:11:00 +0000] "GET /tienda/sin-categorizar/probelte-azufre-micronizado-500-gr/ HTTP/1.0" 403 2778 "https://plantamadre.es/tienda/sin-categorizar/probelte-azufre-micronizado-500-gr/" "Mozilla/5.0 (Windows NT 10.0; Win64; x64) AppleWebKit/537.36 (KHTML, like Gecko) Chrome/131.0.0.0 Safari/537.36 Avast/131.0.0.0"
146.190.157.162 - - [25/Feb/2025:14:11:02 +0000] "POST /wp-cron.php?doing_wp_cron=1740492662.0634500980377197265625 HTTP/1.1" 200 2850 "-" "WordPress/6.3.5; https://plantamadre.es"
89.110.120.233 - - [25/Feb/2025:14:11:03 +0000] "GET / HTTP/1.0" 403 2824 "https://plantamadre.es/tienda/sin-categorizar/probelte-azufre-micronizado-500-gr/" "Mozilla/5.0 (Windows NT 10.0; Win64; x64) AppleWebKit/537.36 (KHTML, like Gecko) Chrome/131.0.0.0 Safari/537.36 Avast/131.0.0.0"
89.110.120.233 - - [25/Feb/2025:14:11:06 +0000] "GET / HTTP/1.0" 403 2824 "https://plantamadre.es/" "Mozilla/5.0 (Windows NT 10.0; Win64; x64) AppleWebKit/537.36 (KHTML, like Gecko) Chrome/131.0.0.0 Safari/537.36 Avast/131.0.0.0"
89.110.120.233 - - [25/Feb/2025:14:11:08 +0000] "GET / HTTP/1.0" 403 2824 "https://plantamadre.es/" "Mozilla/5.0 (Windows NT 10.0; Win64; x64) AppleWebKit/537.36 (KHTML, like Gecko) Chrome/131.0.0.0 Safari/537.36 Avast/131.0.0.0"
62.117.170.101 - - [25/Feb/2025:14:11:19 +0000] "POST /wp-admin/admin-ajax.php HTTP/1.1" 200 982 "https://plantamadre.es/wp-admin/post.php?post=25043&action=edit" "Mozilla/5.0 (Windows NT 10.0; Win64; x64) AppleWebKit/537.36 (KHTML, like Gecko) Chrome/133.0.0.0 Safari/537.36"
146.190.157.162 - - [25/Feb/2025:14:12:35 +0000] "POST /wp-cron.php?doing_wp_cron=1740492755.8088529109954833984375 HTTP/1.1" 200 2851 "-" "WordPress/6.3.5; https://plantamadre.es"
95.164.67.6 - - [25/Feb/2025:14:12:34 +0000] "GET /tienda/semillas/l-s-d-feminizada-10-semillas/ HTTP/1.1" 404 109093 "-" "Mozilla/5.0 (X11; Linux i686) AppleWebKit/537.36 (KHTML, like Gecko) Chrome/114.0.0.0 Safari/537.36 Vivaldi/5.3.2679.68"
95.164.67.6 - - [25/Feb/2025:14:12:39 +0000] "GET / HTTP/1.1" 200 27145 "-" "Mozilla/5.0 (X11; Linux i686) AppleWebKit/537.36 (KHTML, like Gecko) Chrome/114.0.0.0 Safari/537.36 Vivaldi/5.3.2679.68"
95.164.67.6 - - [25/Feb/2025:14:12:47 +0000] "GET /wp-login.php?action=register HTTP/1.1" 403 3017 "https://plantamadre.es" "Mozilla/5.0 (Windows NT 6.3; Win64; x64) AppleWebKit/537.36 (KHTML, like Gecko) Chrome/103.0.0.0 Safari/537.36"
95.164.67.6 - - [25/Feb/2025:14:12:50 +0000] "GET /wp-login.php?action=register HTTP/1.1" 403 3017 "https://plantamadre.es/wp-login.php?action=register" "Mozilla/5.0 (Windows NT 6.3; Win64; x64) AppleWebKit/537.36 (KHTML, like Gecko) Chrome/103.0.0.0 Safari/537.36"
146.190.157.162 - - [25/Feb/2025:14:12:54 +0000] "POST /wp-cron.php?doing_wp_cron=1740492774.5255730152130126953125 HTTP/1.1" 200 2851 "-" "WordPress/6.3.5; https://plantamadre.es"
95.164.67.6 - - [25/Feb/2025:14:12:52 +0000] "GET /tienda/semillas/l-s-d-feminizada-10-semillas/ HTTP/1.1" 404 109088 "https://plantamadre.es/tienda/semillas/l-s-d-feminizada-10-semillas/" "PHP/{5|6|7}.{3|2}.{1|2|3|4|5|6|7|8|9|0}{1|2|3|4|5|6|7|8|9|0}"
95.164.67.6 - - [25/Feb/2025:14:12:57 +0000] "POST /xmlrpc.php HTTP/1.1" 403 3017 "https://plantamadre.es/tienda/semillas/l-s-d-feminizada-10-semillas/" "PHP/6.3.33"
95.164.67.6 - - [25/Feb/2025:14:12:59 +0000] "GET /tienda/semillas/l-s-d-feminizada-10-semillas/ HTTP/1.1" 404 109087 "-" "PHP/6.3.33"
62.117.170.101 - - [25/Feb/2025:14:13:20 +0000] "POST /wp-admin/admin-ajax.php HTTP/1.1" 200 982 "https://plantamadre.es/wp-admin/post.php?post=25043&action=edit" "Mozilla/5.0 (Windows NT 10.0; Win64; x64) AppleWebKit/537.36 (KHTML, like Gecko) Chrome/133.0.0.0 Safari/537.36"
146.190.157.162 - - [25/Feb/2025:14:13:40 +0000] "POST /wp-cron.php?doing_wp_cron=1740492820.7704710960388183593750 HTTP/1.1" 200 2851 "-" "WordPress/6.3.5; https://plantamadre.es"
35.90.176.55 - - [25/Feb/2025:14:13:39 +0000] "GET /wp-content/uploads/2013/10/eco-diamond.png HTTP/1.1" 404 109068 "https://plantamadre.es/" "Mozilla/5.0 (Macintosh; Intel Mac OS X 10_15_4) AppleWebKit/537.36 (KHTML, like Gecko) Chrome/81.0.4044.122 Safari/537.36"
35.90.176.55 - - [25/Feb/2025:14:13:43 +0000] "GET /wp-content/uploads/2013/10/eco-diamond.png HTTP/1.1" 404 109066 "https://plantamadre.es/" "Mozilla/5.0 (iPad; CPU OS 13_4 like Mac OS X) AppleWebKit/605.1.15 (KHTML, like Gecko) Version/13.1 Mobile/15E148 Safari/604.1"
35.90.176.55 - - [25/Feb/2025:14:13:45 +0000] "GET /wp-content/uploads/2013/10/eco-diamond.png HTTP/1.1" 404 109070 "https://plantamadre.es/" "Mozilla/5.0 (Linux; Android 9; SM-G960F Build/PPR1.180610.011) AppleWebKit/537.36 (KHTML, like Gecko) Chrome/67.0.3396.87 Mobile Safari/537.36"
35.90.176.55 - - [25/Feb/2025:14:13:48 +0000] "GET /wp-content/uploads/2013/10/eco-diamond.png HTTP/1.1" 404 109070 "https://plantamadre.es/" "Mozilla/5.0 (Windows NT 10.0; Win64; x64) AppleWebKit/537.36 (KHTML, like Gecko) Chrome/58.0.3029.110 Safari/537.36"
95.164.67.6 - - [25/Feb/2025:14:14:06 +0000] "GET /tienda/semillas/l-s-d-feminizada-10-semillas/ HTTP/1.1" 404 109095 "-" "Mozilla/5.0 (X11; Linux x86_64) AppleWebKit/537.36 (KHTML, like Gecko) Chrome/114.0.0.0 Safari/537.36 OPR/89.0.4447.51"
66.249.68.5 - - [25/Feb/2025:14:14:07 +0000] "GET / HTTP/1.1" 200 27126 "-" "Mozilla/5.0 (compatible; Googlebot/2.1; +http://www.google.com/bot.html)"
66.249.68.6 - - [25/Feb/2025:14:14:13 +0000] "GET /wp-content/plugins/woocommerce/packages/woocommerce-blocks/build/add-to-cart-form.css?ver=10.6.6 HTTP/1.1" 200 3275 "https://plantamadre.es/" "Mozilla/5.0 AppleWebKit/537.36 (KHTML, like Gecko; compatible; Googlebot/2.1; +http://www.google.com/bot.html) Chrome/133.0.6943.53 Safari/537.36"
66.249.68.6 - - [25/Feb/2025:14:14:14 +0000] "GET /wp-content/plugins/woocommerce/packages/woocommerce-blocks/build/featured-product.css?ver=10.6.6 HTTP/1.1" 200 1379 "https://plantamadre.es/" "Mozilla/5.0 AppleWebKit/537.36 (KHTML, like Gecko; compatible; Googlebot/2.1; +http://www.google.com/bot.html) Chrome/133.0.6943.53 Safari/537.36"
66.249.68.6 - - [25/Feb/2025:14:14:15 +0000] "GET /wp-content/plugins/woocommerce/packages/woocommerce-blocks/build/single-product.css?ver=10.6.6 HTTP/1.1" 200 738 "https://plantamadre.es/" "Mozilla/5.0 AppleWebKit/537.36 (KHTML, like Gecko; compatible; Googlebot/2.1; +http://www.google.com/bot.html) Chrome/133.0.6943.53 Safari/537.36"
66.249.68.6 - - [25/Feb/2025:14:14:15 +0000] "GET /wp-content/plugins/woocommerce-menu-bar-cart/assets/css/wpmenucart-icons.min.css?ver=2.14.0 HTTP/1.1" 200 597 "https://plantamadre.es/" "Mozilla/5.0 AppleWebKit/537.36 (KHTML, like Gecko; compatible; Googlebot/2.1; +http://www.google.com/bot.html) Chrome/133.0.6943.53 Safari/537.36"
66.249.68.5 - - [25/Feb/2025:14:14:16 +0000] "GET /wp-content/plugins/woocommerce/packages/woocommerce-blocks/build/product-image-gallery.css?ver=10.6.6 HTTP/1.1" 200 3217 "https://plantamadre.es/" "Mozilla/5.0 AppleWebKit/537.36 (KHTML, like Gecko; compatible; Googlebot/2.1; +http://www.google.com/bot.html) Chrome/133.0.6943.53 Safari/537.36"
66.249.68.5 - - [25/Feb/2025:14:14:16 +0000] "GET /wp-includes/css/dashicons.min.css?ver=6.3.5 HTTP/1.1" 200 36206 "https://plantamadre.es/" "Mozilla/5.0 AppleWebKit/537.36 (KHTML, like Gecko; compatible; Googlebot/2.1; +http://www.google.com/bot.html) Chrome/133.0.6943.53 Safari/537.36"
66.249.68.5 - - [25/Feb/2025:14:14:17 +0000] "GET /wp-includes/js/jquery/ui/mouse.min.js?ver=1.13.2 HTTP/1.1" 200 1434 "https://plantamadre.es/" "Mozilla/5.0 AppleWebKit/537.36 (KHTML, like Gecko; compatible; Googlebot/2.1; +http://www.google.com/bot.html) Chrome/133.0.6943.53 Safari/537.36"
66.249.68.5 - - [25/Feb/2025:14:14:17 +0000] "GET /wp-includes/js/dist/vendor/regenerator-runtime.min.js?ver=0.13.11 HTTP/1.1" 200 2849 "https://plantamadre.es/" "Mozilla/5.0 AppleWebKit/537.36 (KHTML, like Gecko; compatible; Googlebot/2.1; +http://www.google.com/bot.html) Chrome/133.0.6943.53 Safari/537.36"
66.249.68.5 - - [25/Feb/2025:14:14:18 +0000] "GET /wp-includes/js/imagesloaded.min.js?ver=4.1.4 HTTP/1.1" 200 2184 "https://plantamadre.es/" "Mozilla/5.0 AppleWebKit/537.36 (KHTML, like Gecko; compatible; Googlebot/2.1; +http://www.google.com/bot.html) Chrome/133.0.6943.53 Safari/537.36"
66.249.68.5 - - [25/Feb/2025:14:14:19 +0000] "GET /wp-content/plugins/woocommerce/assets/js/photoswipe/photoswipe.min.js?ver=4.1.1-wc.8.0.3 HTTP/1.1" 200 12459 "https://plantamadre.es/" "Mozilla/5.0 AppleWebKit/537.36 (KHTML, like Gecko; compatible; Googlebot/2.1; +http://www.google.com/bot.html) Chrome/133.0.6943.53 Safari/537.36"
66.249.68.5 - - [25/Feb/2025:14:14:19 +0000] "GET /wp-content/plugins/age-gate/dist/age-gate.js?ver=3.5.2 HTTP/1.1" 200 30406 "https://plantamadre.es/" "Mozilla/5.0 AppleWebKit/537.36 (KHTML, like Gecko; compatible; Googlebot/2.1; +http://www.google.com/bot.html) Chrome/133.0.6943.53 Safari/537.36"
66.249.68.5 - - [25/Feb/2025:14:14:21 +0000] "POST /?wc-ajax=get_refreshed_fragments HTTP/1.1" 200 1022 "https://plantamadre.es/" "Mozilla/5.0 AppleWebKit/537.36 (KHTML, like Gecko; compatible; Googlebot/2.1; +http://www.google.com/bot.html) Chrome/133.0.6943.53 Safari/537.36"
146.190.157.162 - - [25/Feb/2025:14:14:25 +0000] "POST /wp-cron.php?doing_wp_cron=1740492865.3615028858184814453125 HTTP/1.1" 200 2849 "-" "WordPress/6.3.5; https://plantamadre.es"
172.245.222.117 - - [25/Feb/2025:14:14:23 +0000] "GET /tienda/ez-test/ez-test-ketamina/ HTTP/1.1" 404 109082 "-" "Mozilla/5.0 (Windows NT 10.0; WOW64) AppleWebKit/537.36 (KHTML, like Gecko) Chrome/114.0.0.0 YaBrowser/22.7.0 Yowser/2.5 Safari/537.36"
172.245.222.117 - - [25/Feb/2025:14:14:28 +0000] "GET / HTTP/1.1" 200 27148 "-" "Mozilla/5.0 (Windows NT 10.0; WOW64) AppleWebKit/537.36 (KHTML, like Gecko) Chrome/114.0.0.0 YaBrowser/22.7.0 Yowser/2.5 Safari/537.36"
52.167.144.219 - - [25/Feb/2025:14:14:29 +0000] "GET /tienda/insecticidas/sbm-protect-home-insecticida-rastreros-500ml/ HTTP/1.1" 404 109159 "-" "Mozilla/5.0 AppleWebKit/537.36 (KHTML, like Gecko; compatible; bingbot/2.0; +http://www.bing.com/bingbot.htm) Chrome/116.0.1938.76 Safari/537.36"
172.245.222.117 - - [25/Feb/2025:14:14:33 +0000] "GET /wp-login.php?action=register HTTP/1.1" 302 3120 "https://plantamadre.es" "Mozilla/5.0 (Windows NT 6.3; Win64; x64) AppleWebKit/537.36 (KHTML, like Gecko) Chrome/103.0.0.0 Safari/537.36"
146.190.157.162 - - [25/Feb/2025:14:14:35 +0000] "POST /wp-cron.php?doing_wp_cron=1740492875.1895630359649658203125 HTTP/1.1" 200 2850 "-" "WordPress/6.3.5; https://plantamadre.es"
172.245.222.117 - - [25/Feb/2025:14:14:37 +0000] "GET /wp-login.php?registration=disabled HTTP/1.1" 200 6168 "https://plantamadre.es/wp-login.php?action=register" "Mozilla/5.0 (Windows NT 6.3; Win64; x64) AppleWebKit/537.36 (KHTML, like Gecko) Chrome/103.0.0.0 Safari/537.36"
66.249.68.5 - - [25/Feb/2025:14:14:37 +0000] "GET /wp-content/uploads/2014/06/redskunk.png HTTP/1.1" 404 109066 "-" "Googlebot-Image/1.0"
66.249.68.5 - - [25/Feb/2025:14:14:42 +0000] "GET /wp-content/uploads/2015/01/logoPLANTA.png HTTP/1.1" 404 106513 "-" "Googlebot-Image/1.0"
62.117.170.101 - - [25/Feb/2025:14:15:21 +0000] "POST /wp-admin/admin-ajax.php HTTP/1.1" 200 982 "https://plantamadre.es/wp-admin/post.php?post=25043&action=edit" "Mozilla/5.0 (Windows NT 10.0; Win64; x64) AppleWebKit/537.36 (KHTML, like Gecko) Chrome/133.0.0.0 Safari/537.36"
103.163.214.43 - - [25/Feb/2025:14:15:29 +0000] "POST /wp-login.php HTTP/1.1" 301 443 "http://plantamadre.es" "Mozilla/5.0 (Windows NT 10.0; Win64; x64) AppleWebKit/537.36 (KHTML, like Gecko) Chrome/113.0.5672.126 Safari/537.36 Edg/113.0.1774.50"
103.163.214.43 - - [25/Feb/2025:14:15:30 +0000] "GET /wp-login.php HTTP/1.1" 200 7284 "http://plantamadre.es" "Mozilla/5.0 (Windows NT 10.0; Win64; x64) AppleWebKit/537.36 (KHTML, like Gecko) Chrome/113.0.5672.126 Safari/537.36 Edg/113.0.1774.50"
62.117.170.101 - - [25/Feb/2025:14:17:22 +0000] "POST /wp-admin/admin-ajax.php HTTP/1.1" 200 982 "https://plantamadre.es/wp-admin/post.php?post=25043&action=edit" "Mozilla/5.0 (Windows NT 10.0; Win64; x64) AppleWebKit/537.36 (KHTML, like Gecko) Chrome/133.0.0.0 Safari/537.36"
146.190.157.162 - - [25/Feb/2025:14:17:25 +0000] "POST /wp-cron.php?doing_wp_cron=1740493045.8230710029602050781250 HTTP/1.1" 200 2850 "-" "WordPress/6.3.5; https://plantamadre.es"
62.117.170.101 - - [25/Feb/2025:14:19:23 +0000] "POST /wp-admin/admin-ajax.php HTTP/1.1" 200 3228 "https://plantamadre.es/wp-admin/post.php?post=25043&action=edit" "Mozilla/5.0 (Windows NT 10.0; Win64; x64) AppleWebKit/537.36 (KHTML, like Gecko) Chrome/133.0.0.0 Safari/537.36"
146.190.157.162 - - [25/Feb/2025:14:19:26 +0000] "POST /wp-cron.php?doing_wp_cron=1740493166.3471360206604003906250 HTTP/1.1" 200 2851 "-" "WordPress/6.3.5; https://plantamadre.es"
146.190.157.162 - - [25/Feb/2025:14:19:55 +0000] "POST /wp-cron.php?doing_wp_cron=1740493195.8257489204406738281250 HTTP/1.1" 200 2849 "-" "WordPress/6.3.5; https://plantamadre.es"
114.119.148.155 - - [25/Feb/2025:14:19:54 +0000] "GET /shop33/?product-page=38 HTTP/1.1" 200 24636 "https://plantamadre.es/shop33/?product-page=19" "Mozilla/5.0 (Linux; Android 7.0;) AppleWebKit/537.36 (KHTML, like Gecko) Mobile Safari/537.36 (compatible; PetalBot;+https://webmaster.petalsearch.com/site/petalbot)"
66.249.68.5 - - [25/Feb/2025:14:20:14 +0000] "GET /wp-content/uploads/2014/01/escarola-doble-rizada.png HTTP/1.1" 404 109079 "-" "Googlebot-Image/1.0"
146.190.157.162 - - [25/Feb/2025:14:21:03 +0000] "POST /wp-cron.php?doing_wp_cron=1740493263.9773459434509277343750 HTTP/1.1" 200 2850 "-" "WordPress/6.3.5; https://plantamadre.es"
38.61.6.190 - - [25/Feb/2025:14:21:02 +0000] "GET /tienda/00-seeds-bank-semillas/00-seeds-00-kush-5und-fem/ HTTP/1.1" 404 109113 "-" "python-requests/2.31.0"
38.61.6.190 - - [25/Feb/2025:14:21:05 +0000] "POST /wp-comments-post.php HTTP/1.1" 200 2886 "-" "python-requests/2.31.0"
146.190.157.162 - - [25/Feb/2025:14:21:07 +0000] "POST /wp-cron.php?doing_wp_cron=1740493267.0816779136657714843750 HTTP/1.1" 200 2849 "-" "WordPress/6.3.5; https://plantamadre.es"
62.117.170.101 - - [25/Feb/2025:14:21:24 +0000] "POST /wp-admin/admin-ajax.php HTTP/1.1" 200 982 "https://plantamadre.es/wp-admin/post.php?post=25043&action=edit" "Mozilla/5.0 (Windows NT 10.0; Win64; x64) AppleWebKit/537.36 (KHTML, like Gecko) Chrome/133.0.0.0 Safari/537.36"
37.78.37.14 - - [25/Feb/2025:14:23:04 +0000] "GET /tienda/dinafem-semillas-autoflorecientes/dinafem-cheese-auto-5-sem/ HTTP/1.0" 403 2777 "https://brandt.remonts-spb.ru/remont-holodilnikov/dvertsa/" "Mozilla/5.0 (Windows NT 6.1) AppleWebKit/537.36 (KHTML, like Gecko) Chrome/103.0.5060.114 Safari/537.36"
146.190.157.162 - - [25/Feb/2025:14:23:06 +0000] "POST /wp-cron.php?doing_wp_cron=1740493386.1067690849304199218750 HTTP/1.1" 200 2849 "-" "WordPress/6.3.5; https://plantamadre.es"
37.78.37.14 - - [25/Feb/2025:14:23:08 +0000] "GET / HTTP/1.0" 403 2825 "https://brandt.remonts-spb.ru/remont-holodilnikov/dvertsa/" "Mozilla/5.0 (Windows NT 6.1) AppleWebKit/537.36 (KHTML, like Gecko) Chrome/103.0.5060.114 Safari/537.36"
62.117.170.101 - - [25/Feb/2025:14:23:25 +0000] "POST /wp-admin/admin-ajax.php HTTP/1.1" 200 982 "https://plantamadre.es/wp-admin/post.php?post=25043&action=edit" "Mozilla/5.0 (Windows NT 10.0; Win64; x64) AppleWebKit/537.36 (KHTML, like Gecko) Chrome/133.0.0.0 Safari/537.36"
89.110.120.233 - - [25/Feb/2025:14:23:43 +0000] "GET /tienda/dr-underground-semillas/dr-underground-pain-killer-8-semillas-fem/ HTTP/1.0" 403 2777 "https://plantamadre.es/tienda/dr-underground-semillas/dr-underground-pain-killer-8-semillas-fem/" "Mozilla/5.0 (Windows NT 10.0; Win64; x64) AppleWebKit/537.36 (KHTML, like Gecko) Chrome/130.0.0.0 Safari/537.36"
146.190.157.162 - - [25/Feb/2025:14:23:45 +0000] "POST /wp-cron.php?doing_wp_cron=1740493425.1312820911407470703125 HTTP/1.1" 200 2851 "-" "WordPress/6.3.5; https://plantamadre.es"
89.110.120.233 - - [25/Feb/2025:14:23:46 +0000] "GET / HTTP/1.0" 403 2824 "https://plantamadre.es/tienda/dr-underground-semillas/dr-underground-pain-killer-8-semillas-fem/" "Mozilla/5.0 (Windows NT 10.0; Win64; x64) AppleWebKit/537.36 (KHTML, like Gecko) Chrome/130.0.0.0 Safari/537.36"
89.110.120.233 - - [25/Feb/2025:14:23:49 +0000] "GET / HTTP/1.0" 403 2823 "https://plantamadre.es/" "Mozilla/5.0 (Windows NT 10.0; Win64; x64) AppleWebKit/537.36 (KHTML, like Gecko) Chrome/130.0.0.0 Safari/537.36"
89.110.120.233 - - [25/Feb/2025:14:23:51 +0000] "GET / HTTP/1.0" 403 2824 "https://plantamadre.es/" "Mozilla/5.0 (Windows NT 10.0; Win64; x64) AppleWebKit/537.36 (KHTML, like Gecko) Chrome/130.0.0.0 Safari/537.36"
51.222.253.12 - - [25/Feb/2025:14:23:55 +0000] "GET /categoria-producto/parafernalia/cajas/?add-to-cart=2695 HTTP/1.1" 404 109058 "-" "Mozilla/5.0 (compatible; AhrefsBot/7.0; +http://ahrefs.com/robot/)"
146.190.157.162 - - [25/Feb/2025:14:24:54 +0000] "POST /wp-cron.php?doing_wp_cron=1740493494.8450770378112792968750 HTTP/1.1" 200 2850 "-" "WordPress/6.3.5; https://plantamadre.es"
114.119.132.11 - - [25/Feb/2025:14:24:52 +0000] "GET /shop/poda-y-cosecha/conservacion/ HTTP/1.1" 200 25017 "https://plantamadre.es/product/deposito-polipropileno-2/" "Mozilla/5.0 (Linux; Android 7.0;) AppleWebKit/537.36 (KHTML, like Gecko) Mobile Safari/537.36 (compatible; PetalBot;+https://webmaster.petalsearch.com/site/petalbot)"
216.244.66.239 - - [25/Feb/2025:14:25:06 +0000] "GET /product/jack-47/?add-to-cart=24955 HTTP/1.1" 200 247989 "-" "Mozilla/5.0 (compatible; DotBot/1.2; +https://opensiteexplorer.org/dotbot; help@moz.com)"
62.117.170.101 - - [25/Feb/2025:14:25:26 +0000] "POST /wp-admin/admin-ajax.php HTTP/1.1" 200 982 "https://plantamadre.es/wp-admin/post.php?post=25043&action=edit" "Mozilla/5.0 (Windows NT 10.0; Win64; x64) AppleWebKit/537.36 (KHTML, like Gecko) Chrome/133.0.0.0 Safari/537.36"
146.190.157.162 - - [25/Feb/2025:14:25:31 +0000] "POST /wp-cron.php?doing_wp_cron=1740493531.6795101165771484375000 HTTP/1.1" 200 2849 "-" "WordPress/6.3.5; https://plantamadre.es"
216.244.66.239 - - [25/Feb/2025:14:25:29 +0000] "GET /product/mango-blimburn-seeds/?add-to-cart=24944 HTTP/1.1" 200 251408 "-" "Mozilla/5.0 (compatible; DotBot/1.2; +https://opensiteexplorer.org/dotbot; help@moz.com)"
66.249.68.6 - - [25/Feb/2025:14:25:52 +0000] "GET /wp-content/uploads/2013/12/voodoo-juice1.png HTTP/1.1" 404 109072 "-" "Googlebot-Image/1.0"
216.244.66.239 - - [25/Feb/2025:14:25:55 +0000] "GET /product/ogs-kush/?add-to-cart=24895 HTTP/1.1" 200 251488 "-" "Mozilla/5.0 (compatible; DotBot/1.2; +https://opensiteexplorer.org/dotbot; help@moz.com)"
167.71.233.39 - - [25/Feb/2025:14:26:19 +0000] "GET /wp-login.php HTTP/1.1" 301 462 "-" "Mozilla/5.0 (X11; Fedora; Linux x86_64; rv:94.0) Gecko/20100101 Firefox/95.0"
216.244.66.239 - - [25/Feb/2025:14:26:18 +0000] "GET /product/sweet-amnesia-haze/?add-to-cart=23833 HTTP/1.1" 200 249142 "-" "Mozilla/5.0 (compatible; DotBot/1.2; +https://opensiteexplorer.org/dotbot; help@moz.com)"
146.190.157.162 - - [25/Feb/2025:14:26:38 +0000] "POST /wp-cron.php?doing_wp_cron=1740493598.6836829185485839843750 HTTP/1.1" 200 2850 "-" "WordPress/6.3.5; https://plantamadre.es"
216.244.66.239 - - [25/Feb/2025:14:26:37 +0000] "GET /product/blue-dream-blimburn-seeds/?add-to-cart=24946 HTTP/1.1" 200 251124 "-" "Mozilla/5.0 (compatible; DotBot/1.2; +https://opensiteexplorer.org/dotbot; help@moz.com)"
167.71.233.39 - - [25/Feb/2025:14:26:49 +0000] "POST /wp-login.php HTTP/1.1" 301 462 "-" "Mozilla/5.0 (X11; Fedora; Linux x86_64; rv:94.0) Gecko/20100101 Firefox/95.0"
62.117.170.101 - - [25/Feb/2025:14:27:27 +0000] "POST /wp-admin/admin-ajax.php HTTP/1.1" 200 982 "https://plantamadre.es/wp-admin/post.php?post=25043&action=edit" "Mozilla/5.0 (Windows NT 10.0; Win64; x64) AppleWebKit/537.36 (KHTML, like Gecko) Chrome/133.0.0.0 Safari/537.36"
146.190.157.162 - - [25/Feb/2025:14:27:29 +0000] "POST /wp-cron.php?doing_wp_cron=1740493649.0585939884185791015625 HTTP/1.1" 200 2850 "-" "WordPress/6.3.5; https://plantamadre.es"
62.117.170.101 - - [25/Feb/2025:14:29:28 +0000] "POST /wp-admin/admin-ajax.php HTTP/1.1" 200 982 "https://plantamadre.es/wp-admin/post.php?post=25043&action=edit" "Mozilla/5.0 (Windows NT 10.0; Win64; x64) AppleWebKit/537.36 (KHTML, like Gecko) Chrome/133.0.0.0 Safari/537.36"
146.190.157.162 - - [25/Feb/2025:14:29:30 +0000] "POST /wp-cron.php?doing_wp_cron=1740493770.2501940727233886718750 HTTP/1.1" 200 2849 "-" "WordPress/6.3.5; https://plantamadre.es"
114.119.149.171 - - [25/Feb/2025:14:29:52 +0000] "GET /shop/page/34/ HTTP/1.1" 200 25792 "https://plantamadre.es/shop/page/37/" "Mozilla/5.0 (Linux; Android 7.0;) AppleWebKit/537.36 (KHTML, like Gecko) Mobile Safari/537.36 (compatible; PetalBot;+https://webmaster.petalsearch.com/site/petalbot)"
62.117.170.101 - - [25/Feb/2025:14:31:29 +0000] "POST /wp-admin/admin-ajax.php HTTP/1.1" 200 982 "https://plantamadre.es/wp-admin/post.php?post=25043&action=edit" "Mozilla/5.0 (Windows NT 10.0; Win64; x64) AppleWebKit/537.36 (KHTML, like Gecko) Chrome/133.0.0.0 Safari/537.36"
66.249.68.6 - - [25/Feb/2025:14:31:29 +0000] "GET /wp-content/uploads/2013/09/skun112.png HTTP/1.1" 404 109066 "-" "Googlebot-Image/1.0"
146.190.157.162 - - [25/Feb/2025:14:31:31 +0000] "POST /wp-cron.php?doing_wp_cron=1740493891.2349569797515869140625 HTTP/1.1" 200 2851 "-" "WordPress/6.3.5; https://plantamadre.es"
65.21.232.254 - - [25/Feb/2025:14:33:14 +0000] "GET /robots.txt HTTP/1.1" 200 2807 "-" "Mozilla/5.0 (compatible; MJ12bot/v1.4.8; http://mj12bot.com/)"
146.190.157.162 - - [25/Feb/2025:14:33:16 +0000] "POST /wp-cron.php?doing_wp_cron=1740493996.6505179405212402343750 HTTP/1.1" 200 2850 "-" "WordPress/6.3.5; https://plantamadre.es"
65.21.232.254 - - [25/Feb/2025:14:33:20 +0000] "GET /tienda/delicious-semillas-autoflorecientes/delicious-seeds-la-diva-3%E2%99%80/?add-to-cart=4951 HTTP/1.1" 404 108926 "-" "Mozilla/5.0 (compatible; MJ12bot/v1.4.8; http://mj12bot.com/)"
62.117.170.101 - - [25/Feb/2025:14:33:30 +0000] "POST /wp-admin/admin-ajax.php HTTP/1.1" 200 982 "https://plantamadre.es/wp-admin/post.php?post=25043&action=edit" "Mozilla/5.0 (Windows NT 10.0; Win64; x64) AppleWebKit/537.36 (KHTML, like Gecko) Chrome/133.0.0.0 Safari/537.36"
146.190.157.162 - - [25/Feb/2025:14:33:32 +0000] "POST /wp-cron.php?doing_wp_cron=1740494012.3070399761199951171875 HTTP/1.1" 200 2851 "-" "WordPress/6.3.5; https://plantamadre.es"
112.92.71.103 - - [25/Feb/2025:14:33:34 +0000] "GET /tienda/otros/ladrillo-coco-prensado-trichoderma-5-kg-70-l/ HTTP/1.1" 403 2757 "-" "Mozilla/5.0 (Windows NT 6.1; WOW64) AppleWebKit/537.36 (KHTML, like Gecko) Chrome/34.0.1847.131 Safari/537.36"
45.141.215.40 - - [25/Feb/2025:14:33:39 +0000] "GET / HTTP/1.1" 301 419 "plantamadre.es" "Mozilla/5.0 (Windows NT 6.1; Win64; x64) AppleWebKit/537.36 (KHTML, like Gecko) Chrome/68.0.3427.0 Safari/537.36"
195.80.151.242 - - [25/Feb/2025:14:33:40 +0000] "GET / HTTP/1.1" 200 146662 "plantamadre.es" "Mozilla/5.0 (Windows NT 6.1; Win64; x64) AppleWebKit/537.36 (KHTML, like Gecko) Chrome/68.0.3427.0 Safari/537.36"
185.107.112.188 - - [25/Feb/2025:14:33:42 +0000] "GET /wp-login.php HTTP/1.1" 200 12692 "-" "Mozilla/5.0 (Windows NT 10.0; Win64; x64) AppleWebKit/537.36 (KHTML, like Gecko) Chrome/70.0.3538.102 Safari/537.36"
185.107.112.188 - - [25/Feb/2025:14:33:45 +0000] "POST /wp-login.php HTTP/1.1" 401 6521 "https://plantamadre.es/wp-login.php" "Mozilla/5.0 (Windows NT 10.0; Win64; x64) AppleWebKit/537.36 (KHTML, like Gecko) Chrome/70.0.3538.102 Safari/537.36"
178.159.37.95 - - [25/Feb/2025:14:33:45 +0000] "GET /tienda/co2/generador-de-co2-4-quemadores/ HTTP/1.0" 404 108809 "https://plantamadre.es/tienda/co2/generador-de-co2-4-quemadores/" "Mozilla/5.0 (Windows NT 10.0; WOW64) AppleWebKit/537.36 (KHTML, like Gecko) Chrome/103.0.0.0 Safari/537.36"
167.99.90.71 - - [25/Feb/2025:14:33:49 +0000] "GET /wp-login.php HTTP/1.1" 200 14638 "-" "Mozilla/5.0 (Windows NT 10.0; Win64; x64; rv:63.0) Gecko/20100101 Firefox/63.0"
195.80.151.242 - - [25/Feb/2025:14:33:50 +0000] "GET / HTTP/1.1" 200 146662 "https://plantamadre.es" "Mozilla/5.0 (Windows NT 6.1; Win64; x64) AppleWebKit/537.36 (KHTML, like Gecko) Chrome/68.0.3427.0 Safari/537.36"
178.159.37.95 - - [25/Feb/2025:14:33:50 +0000] "GET / HTTP/1.0" 200 146440 "https://plantamadre.es/" "Mozilla/5.0 (Windows NT 10.0; WOW64) AppleWebKit/537.36 (KHTML, like Gecko) Chrome/103.0.0.0 Safari/537.36"
185.220.101.7 - - [25/Feb/2025:14:33:54 +0000] "GET /?add-to-cart=25005 HTTP/1.1" 200 148980 "https://plantamadre.es/?add-to-cart=25005" "Mozilla/5.0 (Windows NT 6.1; Win64; x64) AppleWebKit/537.36 (KHTML, like Gecko) Chrome/68.0.3427.0 Safari/537.36"
178.159.37.95 - - [25/Feb/2025:14:33:55 +0000] "GET /contacto/ HTTP/1.0" 200 196541 "https://plantamadre.es/contacto/" "Mozilla/5.0 (Windows NT 10.0; WOW64) AppleWebKit/537.36 (KHTML, like Gecko) Chrome/103.0.0.0 Safari/537.36"
158.101.231.239 - - [25/Feb/2025:14:33:57 +0000] "GET /wp-login.php HTTP/1.1" 200 14823 "-" "Mozilla/5.0 (Linux; Android 10; SM-G960U) AppleWebKit/537.36 (KHTML, like Gecko) Chrome/91.0.4472.114 Mobile Safari/537.36"
178.159.37.95 - - [25/Feb/2025:14:33:59 +0000] "POST /contacto/ HTTP/1.0" 200 194637 "https://plantamadre.es/contacto/" "Mozilla/5.0 (Windows NT 10.0; WOW64) AppleWebKit/537.36 (KHTML, like Gecko) Chrome/103.0.0.0 Safari/537.36"
185.2.5.77 - - [25/Feb/2025:14:34:00 +0000] "GET /wp-login.php HTTP/1.1" 200 12481 "-" "Mozilla/5.0 (Linux; Android 10; LM-X420) AppleWebKit/537.36 (KHTML, like Gecko) Chrome/91.0.4472.114 Mobile Safari/537.36"
185.220.101.7 - - [25/Feb/2025:14:33:59 +0000] "GET /?add-to-cart=25022 HTTP/1.1" 200 149004 "https://plantamadre.es/?add-to-cart=25022" "Mozilla/5.0 (Windows NT 6.1; Win64; x64) AppleWebKit/537.36 (KHTML, like Gecko) Chrome/68.0.3427.0 Safari/537.36"
194.74.100.18 - - [25/Feb/2025:14:34:01 +0000] "GET /wp-login.php HTTP/1.1" 200 12479 "-" "Mozilla/5.0 (Windows NT 6.0; rv:34.0) Gecko/20100101 Firefox/34.0"
170.199.229.12 - - [25/Feb/2025:14:34:00 +0000] "GET /tienda/vapeadores/smok-vape-pen-22-1650mah/ HTTP/1.1" 404 109093 "-" "Mozilla/5.0 (Windows NT 10.0; WOW64; x64) AppleWebKit/537.36 (KHTML, like Gecko) Chrome/114.0.0.0 Safari/537.36 OPR/89.0.4447.51"
185.2.5.77 - - [25/Feb/2025:14:34:04 +0000] "POST /wp-login.php HTTP/1.1" 401 6290 "https://plantamadre.es/wp-login.php" "Mozilla/5.0 (Linux; Android 10; LM-X420) AppleWebKit/537.36 (KHTML, like Gecko) Chrome/91.0.4472.114 Mobile Safari/537.36"
194.74.100.18 - - [25/Feb/2025:14:34:04 +0000] "POST /wp-login.php HTTP/1.1" 401 6290 "https://plantamadre.es/wp-login.php" "Mozilla/5.0 (Windows NT 6.0; rv:34.0) Gecko/20100101 Firefox/34.0"
148.72.144.38 - - [25/Feb/2025:14:34:06 +0000] "GET /wp-login.php HTTP/1.1" 200 14819 "-" "Mozilla/5.0 (Windows NT 10.0; WOW64; rv:50.0) Gecko/20100101 Firefox/50.0"
185.220.100.241 - - [25/Feb/2025:14:34:05 +0000] "GET /?add-to-cart=25039 HTTP/1.1" 200 148918 "https://plantamadre.es/?add-to-cart=25039" "Mozilla/5.0 (Windows NT 6.1; Win64; x64) AppleWebKit/537.36 (KHTML, like Gecko) Chrome/68.0.3427.0 Safari/537.36"
170.199.229.12 - - [25/Feb/2025:14:34:05 +0000] "GET / HTTP/1.1" 200 27146 "-" "Mozilla/5.0 (Windows NT 10.0; WOW64; x64) AppleWebKit/537.36 (KHTML, like Gecko) Chrome/114.0.0.0 Safari/537.36 OPR/89.0.4447.51"
5.63.10.3 - - [25/Feb/2025:14:34:09 +0000] "GET /wp-login.php HTTP/1.1" 200 12691 "-" "Mozilla/5.0 (Windows NT 10.0; Win64; x64; rv:59.0) Gecko/20100101 Firefox/59.0"
185.220.100.241 - - [25/Feb/2025:14:34:09 +0000] "GET /accesibilidad HTTP/1.1" 301 2875 "https://plantamadre.es/accesibilidad" "Mozilla/5.0 (Windows NT 6.1; Win64; x64) AppleWebKit/537.36 (KHTML, like Gecko) Chrome/68.0.3427.0 Safari/537.36"
5.63.10.3 - - [25/Feb/2025:14:34:12 +0000] "POST /wp-login.php HTTP/1.1" 401 6521 "https://plantamadre.es/wp-login.php" "Mozilla/5.0 (Windows NT 10.0; Win64; x64; rv:59.0) Gecko/20100101 Firefox/59.0"
185.220.100.241 - - [25/Feb/2025:14:34:11 +0000] "GET /accesibilidad/ HTTP/1.1" 200 179389 "https://plantamadre.es/accesibilidad" "Mozilla/5.0 (Windows NT 6.1; Win64; x64) AppleWebKit/537.36 (KHTML, like Gecko) Chrome/68.0.3427.0 Safari/537.36"
188.132.200.165 - - [25/Feb/2025:14:34:13 +0000] "GET /wp-login.php HTTP/1.1" 200 12690 "-" "Mozilla/5.0 (Windows NT 10.0; Win64; x64) AppleWebKit/537.36 (KHTML, like Gecko) Chrome/79.0.3945.130 Safari/537.36"
188.132.200.165 - - [25/Feb/2025:14:34:16 +0000] "POST /wp-login.php HTTP/1.1" 401 6522 "https://plantamadre.es/wp-login.php" "Mozilla/5.0 (Windows NT 10.0; Win64; x64) AppleWebKit/537.36 (KHTML, like Gecko) Chrome/79.0.3945.130 Safari/537.36"
185.220.100.246 - - [25/Feb/2025:14:34:17 +0000] "GET /cart HTTP/1.1" 301 2971 "https://plantamadre.es/cart" "Mozilla/5.0 (Windows NT 6.1; Win64; x64) AppleWebKit/537.36 (KHTML, like Gecko) Chrome/68.0.3427.0 Safari/537.36"
185.220.100.246 - - [25/Feb/2025:14:34:19 +0000] "GET /cart/ HTTP/1.1" 200 92672 "https://plantamadre.es/cart" "Mozilla/5.0 (Windows NT 6.1; Win64; x64) AppleWebKit/537.36 (KHTML, like Gecko) Chrome/68.0.3427.0 Safari/537.36"
34.155.237.151 - - [25/Feb/2025:14:34:24 +0000] "GET /wp-login.php HTTP/1.1" 200 14821 "-" "Mozilla/5.0 (Windows NT 10.0; Win64; x64) AppleWebKit/537.36 (KHTML, like Gecko) Chrome/90.0.4430.93 Safari/537.36"
