188.165.237.120 - - [26/Feb/2025:02:54:18 +0000] "GET /tienda/ripper-seeds/ripper-seeds-black-valley-5%E2%99%80/?add-to-cart=3491 HTTP/1.1" 404 106554 "-" "Mozilla/5.0 (compatible; MJ12bot/v1.4.8; http://mj12bot.com/)"
146.190.157.162 - - [26/Feb/2025:02:54:25 +0000] "POST /wp-cron.php?doing_wp_cron=1740538465.8025150299072265625000 HTTP/1.1" 200 2850 "-" "WordPress/6.3.5; https://plantamadre.es"
188.165.237.120 - - [26/Feb/2025:02:54:24 +0000] "GET /tienda/ripper-seeds/ripper-seeds-black-valley-5%E2%99%80/?add-to-cart=3493 HTTP/1.1" 404 106554 "-" "Mozilla/5.0 (compatible; MJ12bot/v1.4.8; http://mj12bot.com/)"
146.190.157.162 - - [26/Feb/2025:02:54:31 +0000] "POST /wp-cron.php?doing_wp_cron=1740538471.6272919178009033203125 HTTP/1.1" 200 2849 "-" "WordPress/6.3.5; https://plantamadre.es"
188.165.237.120 - - [26/Feb/2025:02:54:30 +0000] "GET /tienda/ripper-seeds/ripper-seeds-black-valley-5%E2%99%80/?add-to-cart=3498 HTTP/1.1" 404 106554 "-" "Mozilla/5.0 (compatible; MJ12bot/v1.4.8; http://mj12bot.com/)"
188.165.237.120 - - [26/Feb/2025:02:54:36 +0000] "GET /tienda/ripper-seeds/ripper-seeds-black-valley-5%E2%99%80/?add-to-cart=350 HTTP/1.1" 404 106553 "-" "Mozilla/5.0 (compatible; MJ12bot/v1.4.8; http://mj12bot.com/)"
188.165.237.120 - - [26/Feb/2025:02:54:41 +0000] "GET /tienda/ripper-seeds/ripper-seeds-black-valley-5%E2%99%80/?add-to-cart=3500 HTTP/1.1" 404 106554 "-" "Mozilla/5.0 (compatible; MJ12bot/v1.4.8; http://mj12bot.com/)"
188.165.237.120 - - [26/Feb/2025:02:54:50 +0000] "GET /tienda/ripper-seeds/ripper-seeds-black-valley-5%E2%99%80/?add-to-cart=3502 HTTP/1.1" 404 108886 "-" "Mozilla/5.0 (compatible; MJ12bot/v1.4.8; http://mj12bot.com/)"
188.165.237.120 - - [26/Feb/2025:02:54:55 +0000] "GET /tienda/ripper-seeds/ripper-seeds-black-valley-5%E2%99%80/?add-to-cart=3503 HTTP/1.1" 404 106554 "-" "Mozilla/5.0 (compatible; MJ12bot/v1.4.8; http://mj12bot.com/)"
188.165.237.120 - - [26/Feb/2025:02:55:01 +0000] "GET /tienda/ripper-seeds/ripper-seeds-black-valley-5%E2%99%80/?add-to-cart=3508 HTTP/1.1" 404 106554 "-" "Mozilla/5.0 (compatible; MJ12bot/v1.4.8; http://mj12bot.com/)"
188.165.237.120 - - [26/Feb/2025:02:55:07 +0000] "GET /tienda/ripper-seeds/ripper-seeds-black-valley-5%E2%99%80/?add-to-cart=351 HTTP/1.1" 404 106553 "-" "Mozilla/5.0 (compatible; MJ12bot/v1.4.8; http://mj12bot.com/)"
188.165.237.120 - - [26/Feb/2025:02:55:13 +0000] "GET /tienda/ripper-seeds/ripper-seeds-black-valley-5%E2%99%80/?add-to-cart=3510 HTTP/1.1" 404 106554 "-" "Mozilla/5.0 (compatible; MJ12bot/v1.4.8; http://mj12bot.com/)"
188.165.237.120 - - [26/Feb/2025:02:55:18 +0000] "GET /tienda/ripper-seeds/ripper-seeds-black-valley-5%E2%99%80/?add-to-cart=3512 HTTP/1.1" 404 106554 "-" "Mozilla/5.0 (compatible; MJ12bot/v1.4.8; http://mj12bot.com/)"
188.165.237.120 - - [26/Feb/2025:02:55:23 +0000] "GET /tienda/ripper-seeds/ripper-seeds-black-valley-5%E2%99%80/?add-to-cart=3514 HTTP/1.1" 404 106554 "-" "Mozilla/5.0 (compatible; MJ12bot/v1.4.8; http://mj12bot.com/)"
188.165.237.120 - - [26/Feb/2025:02:55:28 +0000] "GET /tienda/ripper-seeds/ripper-seeds-black-valley-5%E2%99%80/?add-to-cart=3516 HTTP/1.1" 404 106554 "-" "Mozilla/5.0 (compatible; MJ12bot/v1.4.8; http://mj12bot.com/)"
146.190.157.162 - - [26/Feb/2025:02:55:34 +0000] "POST /wp-cron.php?doing_wp_cron=1740538534.7530009746551513671875 HTTP/1.1" 200 2850 "-" "WordPress/6.3.5; https://plantamadre.es"
188.165.237.120 - - [26/Feb/2025:02:55:32 +0000] "GET /tienda/ripper-seeds/ripper-seeds-black-valley-5%E2%99%80/?add-to-cart=3518 HTTP/1.1" 404 106554 "-" "Mozilla/5.0 (compatible; MJ12bot/v1.4.8; http://mj12bot.com/)"
188.165.237.120 - - [26/Feb/2025:02:55:41 +0000] "GET /tienda/ripper-seeds/ripper-seeds-black-valley-5%E2%99%80/?add-to-cart=352 HTTP/1.1" 404 106553 "-" "Mozilla/5.0 (compatible; MJ12bot/v1.4.8; http://mj12bot.com/)"
188.165.237.120 - - [26/Feb/2025:02:55:46 +0000] "GET /tienda/ripper-seeds/ripper-seeds-black-valley-5%E2%99%80/?add-to-cart=3520 HTTP/1.1" 404 106554 "-" "Mozilla/5.0 (compatible; MJ12bot/v1.4.8; http://mj12bot.com/)"
188.165.237.120 - - [26/Feb/2025:02:55:53 +0000] "GET /tienda/ripper-seeds/ripper-seeds-black-valley-5%E2%99%80/?add-to-cart=3522 HTTP/1.1" 404 106554 "-" "Mozilla/5.0 (compatible; MJ12bot/v1.4.8; http://mj12bot.com/)"
188.165.237.120 - - [26/Feb/2025:02:56:00 +0000] "GET /tienda/ripper-seeds/ripper-seeds-black-valley-5%E2%99%80/?add-to-cart=3524 HTTP/1.1" 404 106554 "-" "Mozilla/5.0 (compatible; MJ12bot/v1.4.8; http://mj12bot.com/)"
188.165.237.120 - - [26/Feb/2025:02:56:06 +0000] "GET /tienda/ripper-seeds/ripper-seeds-black-valley-5%E2%99%80/?add-to-cart=3527 HTTP/1.1" 404 106554 "-" "Mozilla/5.0 (compatible; MJ12bot/v1.4.8; http://mj12bot.com/)"
188.165.237.120 - - [26/Feb/2025:02:56:11 +0000] "GET /tienda/ripper-seeds/ripper-seeds-black-valley-5%E2%99%80/?add-to-cart=353 HTTP/1.1" 404 106553 "-" "Mozilla/5.0 (compatible; MJ12bot/v1.4.8; http://mj12bot.com/)"
188.165.237.120 - - [26/Feb/2025:02:56:15 +0000] "GET /tienda/ripper-seeds/ripper-seeds-black-valley-5%E2%99%80/?add-to-cart=3531 HTTP/1.1" 404 106554 "-" "Mozilla/5.0 (compatible; MJ12bot/v1.4.8; http://mj12bot.com/)"
147.45.139.42 - - [26/Feb/2025:02:56:20 +0000] "GET /tienda/semillas/l-s-d-feminizada-10-semillas/ HTTP/1.0" 403 2777 "https://plantamadre.es/tienda/semillas/l-s-d-feminizada-10-semillas/#comment-428290" "Mozilla/5.0 (Windows NT 10.0; Win64; x64) AppleWebKit/537.36 (KHTML, like Gecko) Chrome/131.0.0.0 Safari/537.36"
147.45.139.42 - - [26/Feb/2025:02:56:22 +0000] "GET / HTTP/1.0" 403 2823 "https://plantamadre.es/tienda/semillas/l-s-d-feminizada-10-semillas/#comment-428290" "Mozilla/5.0 (Windows NT 10.0; Win64; x64) AppleWebKit/537.36 (KHTML, like Gecko) Chrome/131.0.0.0 Safari/537.36"
188.165.237.120 - - [26/Feb/2025:02:56:22 +0000] "GET /tienda/ripper-seeds/ripper-seeds-black-valley-5%E2%99%80/?add-to-cart=3533 HTTP/1.1" 404 106554 "-" "Mozilla/5.0 (compatible; MJ12bot/v1.4.8; http://mj12bot.com/)"
147.45.139.42 - - [26/Feb/2025:02:56:25 +0000] "GET / HTTP/1.0" 403 2823 "https://plantamadre.es/" "Mozilla/5.0 (Windows NT 10.0; Win64; x64) AppleWebKit/537.36 (KHTML, like Gecko) Chrome/131.0.0.0 Safari/537.36"
147.45.139.42 - - [26/Feb/2025:02:56:27 +0000] "GET / HTTP/1.0" 403 2825 "https://plantamadre.es/" "Mozilla/5.0 (Windows NT 10.0; Win64; x64) AppleWebKit/537.36 (KHTML, like Gecko) Chrome/131.0.0.0 Safari/537.36"
188.165.237.120 - - [26/Feb/2025:02:56:27 +0000] "GET /tienda/ripper-seeds/ripper-seeds-black-valley-5%E2%99%80/?add-to-cart=3535 HTTP/1.1" 404 106554 "-" "Mozilla/5.0 (compatible; MJ12bot/v1.4.8; http://mj12bot.com/)"
146.190.157.162 - - [26/Feb/2025:02:56:33 +0000] "POST /wp-cron.php?doing_wp_cron=1740538593.9339640140533447265625 HTTP/1.1" 200 2851 "-" "WordPress/6.3.5; https://plantamadre.es"
188.165.237.120 - - [26/Feb/2025:02:56:32 +0000] "GET /tienda/ripper-seeds/ripper-seeds-black-valley-5%E2%99%80/?add-to-cart=3537 HTTP/1.1" 404 106554 "-" "Mozilla/5.0 (compatible; MJ12bot/v1.4.8; http://mj12bot.com/)"
188.165.237.120 - - [26/Feb/2025:02:56:38 +0000] "GET /tienda/ripper-seeds/ripper-seeds-black-valley-5%E2%99%80/?add-to-cart=3539 HTTP/1.1" 404 106554 "-" "Mozilla/5.0 (compatible; MJ12bot/v1.4.8; http://mj12bot.com/)"
188.165.237.120 - - [26/Feb/2025:02:56:43 +0000] "GET /tienda/ripper-seeds/ripper-seeds-black-valley-5%E2%99%80/?add-to-cart=354 HTTP/1.1" 404 106553 "-" "Mozilla/5.0 (compatible; MJ12bot/v1.4.8; http://mj12bot.com/)"
188.165.237.120 - - [26/Feb/2025:02:56:51 +0000] "GET /tienda/ripper-seeds/ripper-seeds-black-valley-5%E2%99%80/?add-to-cart=3541 HTTP/1.1" 404 106554 "-" "Mozilla/5.0 (compatible; MJ12bot/v1.4.8; http://mj12bot.com/)"
185.173.36.97 - - [26/Feb/2025:02:56:57 +0000] "GET /tienda/bongs-y-pipas/bong-cristal-varios-dibujos-14-cm/ HTTP/1.0" 403 2778 "https://plantamadre.es/tienda/bongs-y-pipas/bong-cristal-varios-dibujos-14-cm/" "Mozilla/5.0 (Windows NT 10.0; Win64; x64) AppleWebKit/537.36 (KHTML, like Gecko) Chrome/131.0.0.0 Safari/537.36 Avast/131.0.0.0"
188.165.237.120 - - [26/Feb/2025:02:56:57 +0000] "GET /tienda/ripper-seeds/ripper-seeds-black-valley-5%E2%99%80/?add-to-cart=3545 HTTP/1.1" 404 106554 "-" "Mozilla/5.0 (compatible; MJ12bot/v1.4.8; http://mj12bot.com/)"
185.173.36.97 - - [26/Feb/2025:02:56:59 +0000] "GET / HTTP/1.0" 403 2825 "https://plantamadre.es/tienda/bongs-y-pipas/bong-cristal-varios-dibujos-14-cm/" "Mozilla/5.0 (Windows NT 10.0; Win64; x64) AppleWebKit/537.36 (KHTML, like Gecko) Chrome/131.0.0.0 Safari/537.36 Avast/131.0.0.0"
185.173.36.97 - - [26/Feb/2025:02:57:01 +0000] "GET / HTTP/1.0" 403 2823 "https://plantamadre.es/" "Mozilla/5.0 (Windows NT 10.0; Win64; x64) AppleWebKit/537.36 (KHTML, like Gecko) Chrome/131.0.0.0 Safari/537.36 Avast/131.0.0.0"
185.173.36.97 - - [26/Feb/2025:02:57:03 +0000] "GET / HTTP/1.0" 403 2825 "https://plantamadre.es/" "Mozilla/5.0 (Windows NT 10.0; Win64; x64) AppleWebKit/537.36 (KHTML, like Gecko) Chrome/131.0.0.0 Safari/537.36 Avast/131.0.0.0"
188.165.237.120 - - [26/Feb/2025:02:57:07 +0000] "GET /tienda/ripper-seeds/ripper-seeds-black-valley-5%E2%99%80/?add-to-cart=3547 HTTP/1.1" 404 108885 "-" "Mozilla/5.0 (compatible; MJ12bot/v1.4.8; http://mj12bot.com/)"
146.190.157.162 - - [26/Feb/2025:02:57:16 +0000] "POST /wp-cron.php?doing_wp_cron=1740538636.7455649375915527343750 HTTP/1.1" 200 2850 "-" "WordPress/6.3.5; https://plantamadre.es"
188.165.237.120 - - [26/Feb/2025:02:57:15 +0000] "GET /tienda/ripper-seeds/ripper-seeds-black-valley-5%E2%99%80/?add-to-cart=3549 HTTP/1.1" 404 106554 "-" "Mozilla/5.0 (compatible; MJ12bot/v1.4.8; http://mj12bot.com/)"
188.165.237.120 - - [26/Feb/2025:02:57:21 +0000] "GET /tienda/ripper-seeds/ripper-seeds-black-valley-5%E2%99%80/?add-to-cart=355 HTTP/1.1" 404 106553 "-" "Mozilla/5.0 (compatible; MJ12bot/v1.4.8; http://mj12bot.com/)"
212.34.135.220 - - [26/Feb/2025:02:57:25 +0000] "GET /tienda/insecticidas/sbm-bayer-garden-fungicida-botritis-teldor-huerta-20g/ HTTP/1.0" 301 586 "http://plantamadre.es/tienda/insecticidas/sbm-bayer-garden-fungicida-botritis-teldor-huerta-20g/" "Mozilla/5.0 (Windows NT 10.0; Win64; x64) AppleWebKit/537.36 (KHTML, like Gecko) Chrome/130.0.0.0 Safari/537.36 CCleaner/130.0.0.0"
212.34.135.220 - - [26/Feb/2025:02:57:25 +0000] "GET /tienda/insecticidas/sbm-bayer-garden-fungicida-botritis-teldor-huerta-20g/ HTTP/1.0" 404 108841 "https://plantamadre.es/tienda/insecticidas/sbm-bayer-garden-fungicida-botritis-teldor-huerta-20g/" "Mozilla/5.0 (Windows NT 10.0; Win64; x64) AppleWebKit/537.36 (KHTML, like Gecko) Chrome/130.0.0.0 Safari/537.36 CCleaner/130.0.0.0"
212.34.135.220 - - [26/Feb/2025:02:57:28 +0000] "GET /contacto/ HTTP/1.0" 200 196542 "https://plantamadre.es/contacto/" "Mozilla/5.0 (Windows NT 10.0; Win64; x64) AppleWebKit/537.36 (KHTML, like Gecko) Chrome/130.0.0.0 Safari/537.36 CCleaner/130.0.0.0"
188.165.237.120 - - [26/Feb/2025:02:57:32 +0000] "GET /tienda/ripper-seeds/ripper-seeds-black-valley-5%E2%99%80/?add-to-cart=3553 HTTP/1.1" 404 108886 "-" "Mozilla/5.0 (compatible; MJ12bot/v1.4.8; http://mj12bot.com/)"
146.190.157.162 - - [26/Feb/2025:02:57:33 +0000] "POST /wp-cron.php?doing_wp_cron=1740538653.6395809650421142578125 HTTP/1.1" 200 2848 "-" "WordPress/6.3.5; https://plantamadre.es"
212.34.135.220 - - [26/Feb/2025:02:57:32 +0000] "POST /contacto/ HTTP/1.0" 200 194637 "https://plantamadre.es/contacto/" "Mozilla/5.0 (Windows NT 10.0; Win64; x64) AppleWebKit/537.36 (KHTML, like Gecko) Chrome/130.0.0.0 Safari/537.36 CCleaner/130.0.0.0"
188.165.237.120 - - [26/Feb/2025:02:57:39 +0000] "GET /tienda/ripper-seeds/ripper-seeds-black-valley-5%E2%99%80/?add-to-cart=3555 HTTP/1.1" 404 106554 "-" "Mozilla/5.0 (compatible; MJ12bot/v1.4.8; http://mj12bot.com/)"
188.165.237.120 - - [26/Feb/2025:02:57:44 +0000] "GET /tienda/ripper-seeds/ripper-seeds-black-valley-5%E2%99%80/?add-to-cart=3557 HTTP/1.1" 404 106554 "-" "Mozilla/5.0 (compatible; MJ12bot/v1.4.8; http://mj12bot.com/)"
188.165.237.120 - - [26/Feb/2025:02:57:49 +0000] "GET /tienda/ripper-seeds/ripper-seeds-black-valley-5%E2%99%80/?add-to-cart=3559 HTTP/1.1" 404 106554 "-" "Mozilla/5.0 (compatible; MJ12bot/v1.4.8; http://mj12bot.com/)"
146.190.157.162 - - [26/Feb/2025:02:57:56 +0000] "POST /wp-cron.php?doing_wp_cron=1740538675.9882080554962158203125 HTTP/1.1" 200 2851 "-" "WordPress/6.3.5; https://plantamadre.es"
188.165.237.120 - - [26/Feb/2025:02:57:54 +0000] "GET /tienda/ripper-seeds/ripper-seeds-black-valley-5%E2%99%80/?add-to-cart=3561 HTTP/1.1" 404 106554 "-" "Mozilla/5.0 (compatible; MJ12bot/v1.4.8; http://mj12bot.com/)"
188.165.237.120 - - [26/Feb/2025:02:58:00 +0000] "GET /tienda/ripper-seeds/ripper-seeds-black-valley-5%E2%99%80/?add-to-cart=3565 HTTP/1.1" 404 106554 "-" "Mozilla/5.0 (compatible; MJ12bot/v1.4.8; http://mj12bot.com/)"
66.249.68.7 - - [26/Feb/2025:02:58:05 +0000] "GET /wp-content/uploads/2014/03/cheese-auto.png HTTP/1.1" 404 109069 "-" "Googlebot-Image/1.0"
188.165.237.120 - - [26/Feb/2025:02:58:07 +0000] "GET /tienda/ripper-seeds/ripper-seeds-black-valley-5%E2%99%80/?add-to-cart=3567 HTTP/1.1" 404 106554 "-" "Mozilla/5.0 (compatible; MJ12bot/v1.4.8; http://mj12bot.com/)"
188.165.237.120 - - [26/Feb/2025:02:58:12 +0000] "GET /tienda/ripper-seeds/ripper-seeds-black-valley-5%E2%99%80/?add-to-cart=3569 HTTP/1.1" 404 106554 "-" "Mozilla/5.0 (compatible; MJ12bot/v1.4.8; http://mj12bot.com/)"
188.165.237.120 - - [26/Feb/2025:02:58:16 +0000] "GET /tienda/ripper-seeds/ripper-seeds-black-valley-5%E2%99%80/?add-to-cart=357 HTTP/1.1" 404 106553 "-" "Mozilla/5.0 (compatible; MJ12bot/v1.4.8; http://mj12bot.com/)"
188.165.237.120 - - [26/Feb/2025:02:58:21 +0000] "GET /tienda/ripper-seeds/ripper-seeds-black-valley-5%E2%99%80/?add-to-cart=3571 HTTP/1.1" 404 106554 "-" "Mozilla/5.0 (compatible; MJ12bot/v1.4.8; http://mj12bot.com/)"
188.165.237.120 - - [26/Feb/2025:02:58:27 +0000] "GET /tienda/ripper-seeds/ripper-seeds-black-valley-5%E2%99%80/?add-to-cart=3573 HTTP/1.1" 404 106554 "-" "Mozilla/5.0 (compatible; MJ12bot/v1.4.8; http://mj12bot.com/)"
146.190.157.162 - - [26/Feb/2025:02:58:33 +0000] "POST /wp-cron.php?doing_wp_cron=1740538713.4954910278320312500000 HTTP/1.1" 200 2849 "-" "WordPress/6.3.5; https://plantamadre.es"
188.165.237.120 - - [26/Feb/2025:02:58:32 +0000] "GET /tienda/ripper-seeds/ripper-seeds-black-valley-5%E2%99%80/?add-to-cart=358 HTTP/1.1" 404 106553 "-" "Mozilla/5.0 (compatible; MJ12bot/v1.4.8; http://mj12bot.com/)"
188.165.237.120 - - [26/Feb/2025:02:58:37 +0000] "GET /tienda/ripper-seeds/ripper-seeds-black-valley-5%E2%99%80/?add-to-cart=359 HTTP/1.1" 404 106553 "-" "Mozilla/5.0 (compatible; MJ12bot/v1.4.8; http://mj12bot.com/)"
188.165.237.120 - - [26/Feb/2025:02:58:42 +0000] "GET /tienda/ripper-seeds/ripper-seeds-black-valley-5%E2%99%80/?add-to-cart=360 HTTP/1.1" 404 106553 "-" "Mozilla/5.0 (compatible; MJ12bot/v1.4.8; http://mj12bot.com/)"
188.165.237.120 - - [26/Feb/2025:02:58:48 +0000] "GET /tienda/ripper-seeds/ripper-seeds-black-valley-5%E2%99%80/?add-to-cart=363 HTTP/1.1" 404 106553 "-" "Mozilla/5.0 (compatible; MJ12bot/v1.4.8; http://mj12bot.com/)"
188.165.237.120 - - [26/Feb/2025:02:58:53 +0000] "GET /tienda/ripper-seeds/ripper-seeds-black-valley-5%E2%99%80/?add-to-cart=364 HTTP/1.1" 404 106553 "-" "Mozilla/5.0 (compatible; MJ12bot/v1.4.8; http://mj12bot.com/)"
188.165.237.120 - - [26/Feb/2025:02:58:58 +0000] "GET /tienda/ripper-seeds/ripper-seeds-black-valley-5%E2%99%80/?add-to-cart=365 HTTP/1.1" 404 106553 "-" "Mozilla/5.0 (compatible; MJ12bot/v1.4.8; http://mj12bot.com/)"
188.165.237.120 - - [26/Feb/2025:02:59:03 +0000] "GET /tienda/ripper-seeds/ripper-seeds-black-valley-5%E2%99%80/?add-to-cart=366 HTTP/1.1" 404 106553 "-" "Mozilla/5.0 (compatible; MJ12bot/v1.4.8; http://mj12bot.com/)"
188.165.237.120 - - [26/Feb/2025:02:59:10 +0000] "GET /tienda/ripper-seeds/ripper-seeds-black-valley-5%E2%99%80/?add-to-cart=3678 HTTP/1.1" 404 106554 "-" "Mozilla/5.0 (compatible; MJ12bot/v1.4.8; http://mj12bot.com/)"
188.165.237.120 - - [26/Feb/2025:02:59:16 +0000] "GET /tienda/ripper-seeds/ripper-seeds-black-valley-5%E2%99%80/?add-to-cart=3689 HTTP/1.1" 404 106554 "-" "Mozilla/5.0 (compatible; MJ12bot/v1.4.8; http://mj12bot.com/)"
188.165.237.120 - - [26/Feb/2025:02:59:21 +0000] "GET /tienda/ripper-seeds/ripper-seeds-black-valley-5%E2%99%80/?add-to-cart=369 HTTP/1.1" 404 106553 "-" "Mozilla/5.0 (compatible; MJ12bot/v1.4.8; http://mj12bot.com/)"
146.190.157.162 - - [26/Feb/2025:02:59:26 +0000] "POST /wp-cron.php?doing_wp_cron=1740538766.9374620914459228515625 HTTP/1.1" 200 2850 "-" "WordPress/6.3.5; https://plantamadre.es"
188.165.237.120 - - [26/Feb/2025:02:59:25 +0000] "GET /tienda/ripper-seeds/ripper-seeds-black-valley-5%E2%99%80/?add-to-cart=422 HTTP/1.1" 404 106553 "-" "Mozilla/5.0 (compatible; MJ12bot/v1.4.8; http://mj12bot.com/)"
146.190.157.162 - - [26/Feb/2025:02:59:33 +0000] "POST /wp-cron.php?doing_wp_cron=1740538773.5483129024505615234375 HTTP/1.1" 200 2850 "-" "WordPress/6.3.5; https://plantamadre.es"
188.165.237.120 - - [26/Feb/2025:02:59:32 +0000] "GET /tienda/ripper-seeds/ripper-seeds-black-valley-5%E2%99%80/?add-to-cart=4224 HTTP/1.1" 404 106554 "-" "Mozilla/5.0 (compatible; MJ12bot/v1.4.8; http://mj12bot.com/)"
188.165.237.120 - - [26/Feb/2025:02:59:38 +0000] "GET /tienda/ripper-seeds/ripper-seeds-black-valley-5%E2%99%80/?add-to-cart=4227 HTTP/1.1" 404 106554 "-" "Mozilla/5.0 (compatible; MJ12bot/v1.4.8; http://mj12bot.com/)"
188.165.237.120 - - [26/Feb/2025:02:59:42 +0000] "GET /tienda/ripper-seeds/ripper-seeds-black-valley-5%E2%99%80/?add-to-cart=4229 HTTP/1.1" 404 106554 "-" "Mozilla/5.0 (compatible; MJ12bot/v1.4.8; http://mj12bot.com/)"
188.165.237.120 - - [26/Feb/2025:02:59:49 +0000] "GET /tienda/ripper-seeds/ripper-seeds-black-valley-5%E2%99%80/?add-to-cart=4231 HTTP/1.1" 404 106554 "-" "Mozilla/5.0 (compatible; MJ12bot/v1.4.8; http://mj12bot.com/)"
188.165.237.120 - - [26/Feb/2025:02:59:54 +0000] "GET /tienda/ripper-seeds/ripper-seeds-black-valley-5%E2%99%80/?add-to-cart=4232 HTTP/1.1" 404 106554 "-" "Mozilla/5.0 (compatible; MJ12bot/v1.4.8; http://mj12bot.com/)"
188.165.237.120 - - [26/Feb/2025:03:00:00 +0000] "GET /tienda/ripper-seeds/ripper-seeds-black-valley-5%E2%99%80/?add-to-cart=4259 HTTP/1.1" 404 106554 "-" "Mozilla/5.0 (compatible; MJ12bot/v1.4.8; http://mj12bot.com/)"
188.165.237.120 - - [26/Feb/2025:03:00:05 +0000] "GET /tienda/ripper-seeds/ripper-seeds-black-valley-5%E2%99%80/?add-to-cart=426 HTTP/1.1" 404 106553 "-" "Mozilla/5.0 (compatible; MJ12bot/v1.4.8; http://mj12bot.com/)"
146.190.157.162 - - [26/Feb/2025:03:00:14 +0000] "POST /wp-cron.php?doing_wp_cron=1740538814.3309390544891357421875 HTTP/1.1" 200 2850 "-" "WordPress/6.3.5; https://plantamadre.es"
188.165.237.120 - - [26/Feb/2025:03:00:12 +0000] "GET /tienda/ripper-seeds/ripper-seeds-black-valley-5%E2%99%80/?add-to-cart=4260 HTTP/1.1" 404 106554 "-" "Mozilla/5.0 (compatible; MJ12bot/v1.4.8; http://mj12bot.com/)"
188.165.237.120 - - [26/Feb/2025:03:00:20 +0000] "GET /tienda/ripper-seeds/ripper-seeds-black-valley-5%E2%99%80/?add-to-cart=4262 HTTP/1.1" 404 106554 "-" "Mozilla/5.0 (compatible; MJ12bot/v1.4.8; http://mj12bot.com/)"
188.165.237.120 - - [26/Feb/2025:03:00:26 +0000] "GET /tienda/ripper-seeds/ripper-seeds-black-valley-5%E2%99%80/?add-to-cart=4264 HTTP/1.1" 404 106554 "-" "Mozilla/5.0 (compatible; MJ12bot/v1.4.8; http://mj12bot.com/)"
146.190.157.162 - - [26/Feb/2025:03:00:33 +0000] "POST /wp-cron.php?doing_wp_cron=1740538833.1510319709777832031250 HTTP/1.1" 200 2851 "-" "WordPress/6.3.5; https://plantamadre.es"
188.165.237.120 - - [26/Feb/2025:03:00:31 +0000] "GET /tienda/ripper-seeds/ripper-seeds-black-valley-5%E2%99%80/?add-to-cart=4265 HTTP/1.1" 404 106554 "-" "Mozilla/5.0 (compatible; MJ12bot/v1.4.8; http://mj12bot.com/)"
188.165.237.120 - - [26/Feb/2025:03:00:38 +0000] "GET /tienda/ripper-seeds/ripper-seeds-black-valley-5%E2%99%80/?add-to-cart=4266 HTTP/1.1" 404 106554 "-" "Mozilla/5.0 (compatible; MJ12bot/v1.4.8; http://mj12bot.com/)"
188.165.237.120 - - [26/Feb/2025:03:00:43 +0000] "GET /tienda/ripper-seeds/ripper-seeds-black-valley-5%E2%99%80/?add-to-cart=4267 HTTP/1.1" 404 106554 "-" "Mozilla/5.0 (compatible; MJ12bot/v1.4.8; http://mj12bot.com/)"
188.165.237.120 - - [26/Feb/2025:03:00:48 +0000] "GET /tienda/ripper-seeds/ripper-seeds-black-valley-5%E2%99%80/?add-to-cart=427 HTTP/1.1" 404 106553 "-" "Mozilla/5.0 (compatible; MJ12bot/v1.4.8; http://mj12bot.com/)"
188.165.237.120 - - [26/Feb/2025:03:00:52 +0000] "GET /tienda/ripper-seeds/ripper-seeds-black-valley-5%E2%99%80/?add-to-cart=4270 HTTP/1.1" 404 106554 "-" "Mozilla/5.0 (compatible; MJ12bot/v1.4.8; http://mj12bot.com/)"
188.165.237.120 - - [26/Feb/2025:03:00:57 +0000] "GET /tienda/ripper-seeds/ripper-seeds-black-valley-5%E2%99%80/?add-to-cart=4271 HTTP/1.1" 404 106554 "-" "Mozilla/5.0 (compatible; MJ12bot/v1.4.8; http://mj12bot.com/)"
188.165.237.120 - - [26/Feb/2025:03:01:02 +0000] "GET /tienda/ripper-seeds/ripper-seeds-black-valley-5%E2%99%80/?add-to-cart=4272 HTTP/1.1" 404 106554 "-" "Mozilla/5.0 (compatible; MJ12bot/v1.4.8; http://mj12bot.com/)"
188.165.237.120 - - [26/Feb/2025:03:01:07 +0000] "GET /tienda/ripper-seeds/ripper-seeds-black-valley-5%E2%99%80/?add-to-cart=4274 HTTP/1.1" 404 106554 "-" "Mozilla/5.0 (compatible; MJ12bot/v1.4.8; http://mj12bot.com/)"
188.165.237.120 - - [26/Feb/2025:03:01:12 +0000] "GET /tienda/ripper-seeds/ripper-seeds-black-valley-5%E2%99%80/?add-to-cart=4275 HTTP/1.1" 404 106554 "-" "Mozilla/5.0 (compatible; MJ12bot/v1.4.8; http://mj12bot.com/)"
188.165.237.120 - - [26/Feb/2025:03:01:17 +0000] "GET /tienda/ripper-seeds/ripper-seeds-black-valley-5%E2%99%80/?add-to-cart=4276 HTTP/1.1" 404 106554 "-" "Mozilla/5.0 (compatible; MJ12bot/v1.4.8; http://mj12bot.com/)"
188.165.237.120 - - [26/Feb/2025:03:01:21 +0000] "GET /tienda/ripper-seeds/ripper-seeds-black-valley-5%E2%99%80/?add-to-cart=4278 HTTP/1.1" 404 106554 "-" "Mozilla/5.0 (compatible; MJ12bot/v1.4.8; http://mj12bot.com/)"
188.165.237.120 - - [26/Feb/2025:03:01:26 +0000] "GET /tienda/ripper-seeds/ripper-seeds-black-valley-5%E2%99%80/?add-to-cart=4279 HTTP/1.1" 404 106554 "-" "Mozilla/5.0 (compatible; MJ12bot/v1.4.8; http://mj12bot.com/)"
146.190.157.162 - - [26/Feb/2025:03:01:33 +0000] "POST /wp-cron.php?doing_wp_cron=1740538893.9318099021911621093750 HTTP/1.1" 200 2851 "-" "WordPress/6.3.5; https://plantamadre.es"
188.165.237.120 - - [26/Feb/2025:03:01:32 +0000] "GET /tienda/ripper-seeds/ripper-seeds-black-valley-5%E2%99%80/?add-to-cart=428 HTTP/1.1" 404 106553 "-" "Mozilla/5.0 (compatible; MJ12bot/v1.4.8; http://mj12bot.com/)"
188.165.237.120 - - [26/Feb/2025:03:01:38 +0000] "GET /tienda/ripper-seeds/ripper-seeds-black-valley-5%E2%99%80/?add-to-cart=4280 HTTP/1.1" 404 106554 "-" "Mozilla/5.0 (compatible; MJ12bot/v1.4.8; http://mj12bot.com/)"
188.165.237.120 - - [26/Feb/2025:03:01:45 +0000] "GET /tienda/ripper-seeds/ripper-seeds-black-valley-5%E2%99%80/?add-to-cart=4282 HTTP/1.1" 404 106554 "-" "Mozilla/5.0 (compatible; MJ12bot/v1.4.8; http://mj12bot.com/)"
68.71.243.14 - - [26/Feb/2025:03:01:48 +0000] "GET /tienda/bongs-y-pipas/bong-cristal-varios-dibujos-14-cm/ HTTP/1.1" 404 109104 "-" "Mozilla/5.0 (X11; Linux x86_64) AppleWebKit/537.36 (KHTML, like Gecko) Chrome/114.0.0.0 Safari/537.36 Vivaldi/5.3.2679.68"
188.165.237.120 - - [26/Feb/2025:03:01:51 +0000] "GET /tienda/ripper-seeds/ripper-seeds-black-valley-5%E2%99%80/?add-to-cart=4283 HTTP/1.1" 404 106554 "-" "Mozilla/5.0 (compatible; MJ12bot/v1.4.8; http://mj12bot.com/)"
188.165.237.120 - - [26/Feb/2025:03:01:56 +0000] "GET /tienda/ripper-seeds/ripper-seeds-black-valley-5%E2%99%80/?add-to-cart=4287 HTTP/1.1" 404 106554 "-" "Mozilla/5.0 (compatible; MJ12bot/v1.4.8; http://mj12bot.com/)"
188.165.237.120 - - [26/Feb/2025:03:02:02 +0000] "GET /tienda/ripper-seeds/ripper-seeds-black-valley-5%E2%99%80/?add-to-cart=4289 HTTP/1.1" 404 106554 "-" "Mozilla/5.0 (compatible; MJ12bot/v1.4.8; http://mj12bot.com/)"
188.165.237.120 - - [26/Feb/2025:03:02:09 +0000] "GET /tienda/ripper-seeds/ripper-seeds-black-valley-5%E2%99%80/?add-to-cart=4296 HTTP/1.1" 404 106554 "-" "Mozilla/5.0 (compatible; MJ12bot/v1.4.8; http://mj12bot.com/)"
146.190.157.162 - - [26/Feb/2025:03:02:16 +0000] "POST /wp-cron.php?doing_wp_cron=1740538936.7511339187622070312500 HTTP/1.1" 200 2849 "-" "WordPress/6.3.5; https://plantamadre.es"
188.165.237.120 - - [26/Feb/2025:03:02:14 +0000] "GET /tienda/ripper-seeds/ripper-seeds-black-valley-5%E2%99%80/?add-to-cart=4297 HTTP/1.1" 404 106554 "-" "Mozilla/5.0 (compatible; MJ12bot/v1.4.8; http://mj12bot.com/)"
188.165.237.120 - - [26/Feb/2025:03:02:28 +0000] "GET /tienda/ripper-seeds/ripper-seeds-black-valley-5%E2%99%80/?add-to-cart=4298 HTTP/1.1" 404 108886 "-" "Mozilla/5.0 (compatible; MJ12bot/v1.4.8; http://mj12bot.com/)"
146.190.157.162 - - [26/Feb/2025:03:02:49 +0000] "POST /wp-cron.php?doing_wp_cron=1740538969.0880460739135742187500 HTTP/1.1" 200 2850 "-" "WordPress/6.3.5; https://plantamadre.es"
188.165.237.120 - - [26/Feb/2025:03:02:47 +0000] "GET /tienda/ripper-seeds/ripper-seeds-black-valley-5%E2%99%80/?add-to-cart=430 HTTP/1.1" 404 108886 "-" "Mozilla/5.0 (compatible; MJ12bot/v1.4.8; http://mj12bot.com/)"
146.190.157.162 - - [26/Feb/2025:03:02:56 +0000] "POST /wp-cron.php?doing_wp_cron=1740538976.8862919807434082031250 HTTP/1.1" 200 2850 "-" "WordPress/6.3.5; https://plantamadre.es"
188.165.237.120 - - [26/Feb/2025:03:02:55 +0000] "GET /tienda/ripper-seeds/ripper-seeds-black-valley-5%E2%99%80/?add-to-cart=4300 HTTP/1.1" 404 106554 "-" "Mozilla/5.0 (compatible; MJ12bot/v1.4.8; http://mj12bot.com/)"
188.165.237.120 - - [26/Feb/2025:03:03:14 +0000] "GET /tienda/ripper-seeds/ripper-seeds-black-valley-5%E2%99%80/?add-to-cart=4301 HTTP/1.1" 404 108886 "-" "Mozilla/5.0 (compatible; MJ12bot/v1.4.8; http://mj12bot.com/)"
188.165.237.120 - - [26/Feb/2025:03:03:21 +0000] "GET /tienda/ripper-seeds/ripper-seeds-black-valley-5%E2%99%80/?add-to-cart=4302 HTTP/1.1" 404 106554 "-" "Mozilla/5.0 (compatible; MJ12bot/v1.4.8; http://mj12bot.com/)"
188.165.237.120 - - [26/Feb/2025:03:03:29 +0000] "GET /tienda/ripper-seeds/ripper-seeds-black-valley-5%E2%99%80/?add-to-cart=4304 HTTP/1.1" 404 106554 "-" "Mozilla/5.0 (compatible; MJ12bot/v1.4.8; http://mj12bot.com/)"
146.190.157.162 - - [26/Feb/2025:03:03:37 +0000] "POST /wp-cron.php?doing_wp_cron=1740539017.1278889179229736328125 HTTP/1.1" 200 2850 "-" "WordPress/6.3.5; https://plantamadre.es"
188.165.237.120 - - [26/Feb/2025:03:03:35 +0000] "GET /tienda/ripper-seeds/ripper-seeds-black-valley-5%E2%99%80/?add-to-cart=4305 HTTP/1.1" 404 106554 "-" "Mozilla/5.0 (compatible; MJ12bot/v1.4.8; http://mj12bot.com/)"
188.165.237.120 - - [26/Feb/2025:03:03:42 +0000] "GET /tienda/ripper-seeds/ripper-seeds-black-valley-5%E2%99%80/?add-to-cart=431 HTTP/1.1" 404 106553 "-" "Mozilla/5.0 (compatible; MJ12bot/v1.4.8; http://mj12bot.com/)"
188.165.237.120 - - [26/Feb/2025:03:03:56 +0000] "GET /tienda/ripper-seeds/ripper-seeds-black-valley-5%E2%99%80/?add-to-cart=4310 HTTP/1.1" 404 108885 "-" "Mozilla/5.0 (compatible; MJ12bot/v1.4.8; http://mj12bot.com/)"
188.165.237.120 - - [26/Feb/2025:03:04:09 +0000] "GET /tienda/ripper-seeds/ripper-seeds-black-valley-5%E2%99%80/?add-to-cart=4312 HTTP/1.1" 404 108887 "-" "Mozilla/5.0 (compatible; MJ12bot/v1.4.8; http://mj12bot.com/)"
188.165.237.120 - - [26/Feb/2025:03:04:20 +0000] "GET /tienda/ripper-seeds/ripper-seeds-black-valley-5%E2%99%80/?add-to-cart=4327 HTTP/1.1" 404 108885 "-" "Mozilla/5.0 (compatible; MJ12bot/v1.4.8; http://mj12bot.com/)"
188.165.237.120 - - [26/Feb/2025:03:04:26 +0000] "GET /tienda/ripper-seeds/ripper-seeds-black-valley-5%E2%99%80/?add-to-cart=4329 HTTP/1.1" 404 106554 "-" "Mozilla/5.0 (compatible; MJ12bot/v1.4.8; http://mj12bot.com/)"
142.93.219.175 - - [26/Feb/2025:03:04:25 +0000] "GET /tienda/utensil-de-cosecha/tijera-podadora-garden-highpro-recta/ HTTP/1.1" 404 108930 "-" "-"
146.190.157.162 - - [26/Feb/2025:03:04:27 +0000] "POST /wp-cron.php?doing_wp_cron=1740539067.1531500816345214843750 HTTP/1.1" 200 2849 "-" "WordPress/6.3.5; https://plantamadre.es"
142.93.219.175 - - [26/Feb/2025:03:04:32 +0000] "POST /wp-comments-post.php HTTP/1.1" 200 448 "-" "-"
146.190.157.162 - - [26/Feb/2025:03:04:34 +0000] "POST /wp-cron.php?doing_wp_cron=1740539074.2665948867797851562500 HTTP/1.1" 200 2851 "-" "WordPress/6.3.5; https://plantamadre.es"
188.165.237.120 - - [26/Feb/2025:03:04:38 +0000] "GET /tienda/ripper-seeds/ripper-seeds-black-valley-5%E2%99%80/?add-to-cart=4330 HTTP/1.1" 404 108885 "-" "Mozilla/5.0 (compatible; MJ12bot/v1.4.8; http://mj12bot.com/)"
188.165.237.120 - - [26/Feb/2025:03:04:45 +0000] "GET /tienda/ripper-seeds/ripper-seeds-black-valley-5%E2%99%80/?add-to-cart=435 HTTP/1.1" 404 106553 "-" "Mozilla/5.0 (compatible; MJ12bot/v1.4.8; http://mj12bot.com/)"
66.249.68.5 - - [26/Feb/2025:03:04:46 +0000] "GET /wp-content/uploads/2014/02/blue-cheese.png HTTP/1.1" 404 109069 "-" "Googlebot-Image/1.0"
142.93.219.175 - - [26/Feb/2025:03:04:50 +0000] "GET /tienda/utensil-de-cosecha/tijera-podadora-garden-highpro-recta/ HTTP/1.1" 404 108932 "-" "-"
188.165.237.120 - - [26/Feb/2025:03:04:52 +0000] "GET /tienda/ripper-seeds/ripper-seeds-black-valley-5%E2%99%80/?add-to-cart=436 HTTP/1.1" 404 106553 "-" "Mozilla/5.0 (compatible; MJ12bot/v1.4.8; http://mj12bot.com/)"
142.93.219.175 - - [26/Feb/2025:03:04:57 +0000] "POST /wp-comments-post.php HTTP/1.1" 200 448 "-" "-"
188.165.237.120 - - [26/Feb/2025:03:04:58 +0000] "GET /tienda/ripper-seeds/ripper-seeds-black-valley-5%E2%99%80/?add-to-cart=437 HTTP/1.1" 404 106553 "-" "Mozilla/5.0 (compatible; MJ12bot/v1.4.8; http://mj12bot.com/)"
188.165.237.120 - - [26/Feb/2025:03:05:05 +0000] "GET /tienda/ripper-seeds/ripper-seeds-black-valley-5%E2%99%80/?add-to-cart=438 HTTP/1.1" 404 106553 "-" "Mozilla/5.0 (compatible; MJ12bot/v1.4.8; http://mj12bot.com/)"
188.165.237.120 - - [26/Feb/2025:03:05:12 +0000] "GET /tienda/ripper-seeds/ripper-seeds-black-valley-5%E2%99%80/?add-to-cart=4399 HTTP/1.1" 404 106554 "-" "Mozilla/5.0 (compatible; MJ12bot/v1.4.8; http://mj12bot.com/)"
188.165.237.120 - - [26/Feb/2025:03:05:17 +0000] "GET /tienda/ripper-seeds/ripper-seeds-black-valley-5%E2%99%80/?add-to-cart=440 HTTP/1.1" 404 106553 "-" "Mozilla/5.0 (compatible; MJ12bot/v1.4.8; http://mj12bot.com/)"
188.165.237.120 - - [26/Feb/2025:03:05:28 +0000] "GET /tienda/ripper-seeds/ripper-seeds-black-valley-5%E2%99%80/?add-to-cart=4401 HTTP/1.1" 404 108886 "-" "Mozilla/5.0 (compatible; MJ12bot/v1.4.8; http://mj12bot.com/)"
146.190.157.162 - - [26/Feb/2025:03:05:35 +0000] "POST /wp-cron.php?doing_wp_cron=1740539135.9238600730895996093750 HTTP/1.1" 200 2850 "-" "WordPress/6.3.5; https://plantamadre.es"
188.165.237.120 - - [26/Feb/2025:03:05:34 +0000] "GET /tienda/ripper-seeds/ripper-seeds-black-valley-5%E2%99%80/?add-to-cart=4402 HTTP/1.1" 404 106554 "-" "Mozilla/5.0 (compatible; MJ12bot/v1.4.8; http://mj12bot.com/)"
188.165.237.120 - - [26/Feb/2025:03:05:41 +0000] "GET /tienda/ripper-seeds/ripper-seeds-black-valley-5%E2%99%80/?add-to-cart=4403 HTTP/1.1" 404 106554 "-" "Mozilla/5.0 (compatible; MJ12bot/v1.4.8; http://mj12bot.com/)"
181.214.211.120 - - [26/Feb/2025:03:05:44 +0000] "GET /tienda/600-w/kit-basico-600w-vanguads-hidroponicsbombilla-vanguads-hidroponics-creflo-reflector-pearl-pro-copiar/ HTTP/1.1" 404 109159 "-" "Mozilla/5.0 (Macintosh; Intel Mac OS X 12_5) AppleWebKit/537.36 (KHTML, like Gecko) Chrome/114.0.0.0 Safari/537.36 Vivaldi/5.3.2679.68"
181.214.211.120 - - [26/Feb/2025:03:05:48 +0000] "GET / HTTP/1.1" 200 27146 "-" "Mozilla/5.0 (Macintosh; Intel Mac OS X 12_5) AppleWebKit/537.36 (KHTML, like Gecko) Chrome/114.0.0.0 Safari/537.36 Vivaldi/5.3.2679.68"
188.165.237.120 - - [26/Feb/2025:03:05:51 +0000] "GET /tienda/ripper-seeds/ripper-seeds-black-valley-5%E2%99%80/?add-to-cart=4405 HTTP/1.1" 404 108886 "-" "Mozilla/5.0 (compatible; MJ12bot/v1.4.8; http://mj12bot.com/)"
181.214.211.120 - - [26/Feb/2025:03:05:56 +0000] "GET /wp-login.php?action=register HTTP/1.1" 302 3121 "https://plantamadre.es" "Mozilla/5.0 (Windows NT 6.3; Win64; x64) AppleWebKit/537.36 (KHTML, like Gecko) Chrome/103.0.0.0 Safari/537.36"
181.214.211.120 - - [26/Feb/2025:03:05:59 +0000] "GET /wp-login.php?registration=disabled HTTP/1.1" 200 5953 "https://plantamadre.es/wp-login.php?action=register" "Mozilla/5.0 (Windows NT 6.3; Win64; x64) AppleWebKit/537.36 (KHTML, like Gecko) Chrome/103.0.0.0 Safari/537.36"
188.165.237.120 - - [26/Feb/2025:03:06:04 +0000] "GET /tienda/ripper-seeds/ripper-seeds-black-valley-5%E2%99%80/?add-to-cart=4406 HTTP/1.1" 404 108885 "-" "Mozilla/5.0 (compatible; MJ12bot/v1.4.8; http://mj12bot.com/)"
188.165.237.120 - - [26/Feb/2025:03:06:10 +0000] "GET /tienda/ripper-seeds/ripper-seeds-black-valley-5%E2%99%80/?add-to-cart=4407 HTTP/1.1" 404 106554 "-" "Mozilla/5.0 (compatible; MJ12bot/v1.4.8; http://mj12bot.com/)"
188.165.237.120 - - [26/Feb/2025:03:06:19 +0000] "GET /tienda/ripper-seeds/ripper-seeds-black-valley-5%E2%99%80/?add-to-cart=441 HTTP/1.1" 404 108885 "-" "Mozilla/5.0 (compatible; MJ12bot/v1.4.8; http://mj12bot.com/)"
188.165.237.120 - - [26/Feb/2025:03:06:25 +0000] "GET /tienda/ripper-seeds/ripper-seeds-black-valley-5%E2%99%80/?add-to-cart=4410 HTTP/1.1" 404 106554 "-" "Mozilla/5.0 (compatible; MJ12bot/v1.4.8; http://mj12bot.com/)"
142.93.219.175 - - [26/Feb/2025:03:06:27 +0000] "GET /tienda/varios/temporizador-6x600w/ HTTP/1.1" 404 108902 "-" "-"
142.93.219.175 - - [26/Feb/2025:03:06:28 +0000] "GET /tienda/dna-genetics/l-a-confidential-feminizada-3-semillas/ HTTP/1.1" 404 108926 "-" "-"
146.190.157.162 - - [26/Feb/2025:03:06:32 +0000] "POST /wp-cron.php?doing_wp_cron=1740539192.8377211093902587890625 HTTP/1.1" 200 2850 "-" "WordPress/6.3.5; https://plantamadre.es"
188.165.237.120 - - [26/Feb/2025:03:06:31 +0000] "GET /tienda/ripper-seeds/ripper-seeds-black-valley-5%E2%99%80/?add-to-cart=4420 HTTP/1.1" 404 106554 "-" "Mozilla/5.0 (compatible; MJ12bot/v1.4.8; http://mj12bot.com/)"
142.93.219.175 - - [26/Feb/2025:03:06:34 +0000] "POST /wp-comments-post.php HTTP/1.1" 200 448 "-" "-"
142.93.219.175 - - [26/Feb/2025:03:06:34 +0000] "POST /wp-comments-post.php HTTP/1.1" 200 448 "-" "-"
45.166.207.185 - - [26/Feb/2025:03:06:44 +0000] "GET /tienda/insecticidas/prot-eco-citroprot-100-ml/ HTTP/1.1" 404 108950 "https://plantamadre.es" "Mozilla/5.0 (Windows NT 10.0; Win64; x64) AppleWebKit/537.36 (KHTML, like Gecko) Chrome/62.0.3202.94 Safari/537.36"
188.165.237.120 - - [26/Feb/2025:03:06:46 +0000] "GET /tienda/ripper-seeds/ripper-seeds-black-valley-5%E2%99%80/?add-to-cart=4431 HTTP/1.1" 404 108886 "-" "Mozilla/5.0 (compatible; MJ12bot/v1.4.8; http://mj12bot.com/)"
142.93.219.175 - - [26/Feb/2025:03:06:56 +0000] "GET /tienda/dna-genetics/l-a-confidential-feminizada-3-semillas/ HTTP/1.1" 404 108926 "-" "-"
188.165.237.120 - - [26/Feb/2025:03:06:56 +0000] "GET /tienda/ripper-seeds/ripper-seeds-black-valley-5%E2%99%80/?add-to-cart=4448 HTTP/1.1" 404 108886 "-" "Mozilla/5.0 (compatible; MJ12bot/v1.4.8; http://mj12bot.com/)"
142.93.219.175 - - [26/Feb/2025:03:06:57 +0000] "GET /tienda/varios/temporizador-6x600w/ HTTP/1.1" 404 108901 "-" "-"
142.93.219.175 - - [26/Feb/2025:03:07:02 +0000] "POST /wp-comments-post.php HTTP/1.1" 200 448 "-" "-"
188.165.237.120 - - [26/Feb/2025:03:07:03 +0000] "GET /tienda/ripper-seeds/ripper-seeds-black-valley-5%E2%99%80/?add-to-cart=4453 HTTP/1.1" 404 106554 "-" "Mozilla/5.0 (compatible; MJ12bot/v1.4.8; http://mj12bot.com/)"
142.93.219.175 - - [26/Feb/2025:03:07:08 +0000] "POST /wp-comments-post.php HTTP/1.1" 200 2639 "-" "-"
37.78.37.14 - - [26/Feb/2025:03:07:10 +0000] "GET /tienda/kaya-spain-quality/kaya-spain-quality-seeds-puro-hachis-3-semillas-fem/ HTTP/1.0" 403 2777 "http://volgograd.candy-rems.ru/sitemap/" "Mozilla/5.0 (Windows NT 6.3; Win64; x64) AppleWebKit/537.36 (KHTML, like Gecko) Chrome/103.0.0.0 Safari/537.36"
188.165.237.120 - - [26/Feb/2025:03:07:09 +0000] "GET /tienda/ripper-seeds/ripper-seeds-black-valley-5%E2%99%80/?add-to-cart=4467 HTTP/1.1" 404 106554 "-" "Mozilla/5.0 (compatible; MJ12bot/v1.4.8; http://mj12bot.com/)"
37.78.37.14 - - [26/Feb/2025:03:07:11 +0000] "GET /tienda/medical-seeds/medical-seeds-bluehell-5-semillas/ HTTP/1.0" 403 2777 "http://nn.candy-rems.ru/sitemap/" "Mozilla/5.0 (Windows NT 10.0; Win64; x64) AppleWebKit/537.36 (KHTML, like Gecko) Chrome/103.0.5042.0 Safari/537.36"
37.78.37.14 - - [26/Feb/2025:03:07:14 +0000] "GET / HTTP/1.0" 403 2825 "http://nn.candy-rems.ru/sitemap/" "Mozilla/5.0 (Windows NT 10.0; Win64; x64) AppleWebKit/537.36 (KHTML, like Gecko) Chrome/103.0.5042.0 Safari/537.36"
37.78.37.14 - - [26/Feb/2025:03:07:13 +0000] "GET / HTTP/1.0" 403 2824 "http://volgograd.candy-rems.ru/sitemap/" "Mozilla/5.0 (Windows NT 6.3; Win64; x64) AppleWebKit/537.36 (KHTML, like Gecko) Chrome/103.0.0.0 Safari/537.36"
146.190.157.162 - - [26/Feb/2025:03:07:14 +0000] "POST /wp-cron.php?doing_wp_cron=1740539234.5767970085144042968750 HTTP/1.1" 200 2850 "-" "WordPress/6.3.5; https://plantamadre.es"
188.165.237.120 - - [26/Feb/2025:03:07:15 +0000] "GET /tienda/ripper-seeds/ripper-seeds-black-valley-5%E2%99%80/?add-to-cart=4472 HTTP/1.1" 404 106554 "-" "Mozilla/5.0 (compatible; MJ12bot/v1.4.8; http://mj12bot.com/)"
188.165.237.120 - - [26/Feb/2025:03:07:27 +0000] "GET /tienda/ripper-seeds/ripper-seeds-black-valley-5%E2%99%80/?add-to-cart=4523 HTTP/1.1" 404 108885 "-" "Mozilla/5.0 (compatible; MJ12bot/v1.4.8; http://mj12bot.com/)"
146.190.157.162 - - [26/Feb/2025:03:07:35 +0000] "POST /wp-cron.php?doing_wp_cron=1740539255.4785139560699462890625 HTTP/1.1" 200 2850 "-" "WordPress/6.3.5; https://plantamadre.es"
188.165.237.120 - - [26/Feb/2025:03:07:34 +0000] "GET /tienda/ripper-seeds/ripper-seeds-black-valley-5%E2%99%80/?add-to-cart=4556 HTTP/1.1" 404 106554 "-" "Mozilla/5.0 (compatible; MJ12bot/v1.4.8; http://mj12bot.com/)"
188.165.237.120 - - [26/Feb/2025:03:07:45 +0000] "GET /tienda/ripper-seeds/ripper-seeds-black-valley-5%E2%99%80/?add-to-cart=4561 HTTP/1.1" 404 108887 "-" "Mozilla/5.0 (compatible; MJ12bot/v1.4.8; http://mj12bot.com/)"
188.165.237.120 - - [26/Feb/2025:03:07:52 +0000] "GET /tienda/ripper-seeds/ripper-seeds-black-valley-5%E2%99%80/?add-to-cart=4562 HTTP/1.1" 404 106554 "-" "Mozilla/5.0 (compatible; MJ12bot/v1.4.8; http://mj12bot.com/)"
146.190.157.162 - - [26/Feb/2025:03:08:04 +0000] "POST /wp-cron.php?doing_wp_cron=1740539284.2487530708312988281250 HTTP/1.1" 200 2851 "-" "WordPress/6.3.5; https://plantamadre.es"
188.165.237.120 - - [26/Feb/2025:03:08:02 +0000] "GET /tienda/ripper-seeds/ripper-seeds-black-valley-5%E2%99%80/?add-to-cart=4614 HTTP/1.1" 404 108886 "-" "Mozilla/5.0 (compatible; MJ12bot/v1.4.8; http://mj12bot.com/)"
146.190.157.162 - - [26/Feb/2025:03:08:46 +0000] "POST /wp-cron.php?doing_wp_cron=1740539325.9948930740356445312500 HTTP/1.1" 200 2851 "-" "WordPress/6.3.5; https://plantamadre.es"
114.119.148.155 - - [26/Feb/2025:03:08:44 +0000] "GET /productos/?product-page=38 HTTP/1.1" 200 33228 "https://plantamadre.es/productos/?product-page=19" "Mozilla/5.0 (Linux; Android 7.0;) AppleWebKit/537.36 (KHTML, like Gecko) Mobile Safari/537.36 (compatible; PetalBot;+https://webmaster.petalsearch.com/site/petalbot)"
146.190.157.162 - - [26/Feb/2025:03:11:27 +0000] "POST /wp-cron.php?doing_wp_cron=1740539487.3368248939514160156250 HTTP/1.1" 200 2851 "-" "WordPress/6.3.5; https://plantamadre.es"
66.249.68.6 - - [26/Feb/2025:03:11:25 +0000] "GET /wp-content/uploads/2013/10/supersize.png HTTP/1.1" 404 109067 "-" "Googlebot-Image/1.0"
146.190.157.162 - - [26/Feb/2025:03:13:48 +0000] "POST /wp-cron.php?doing_wp_cron=1740539628.8081829547882080078125 HTTP/1.1" 200 2849 "-" "WordPress/6.3.5; https://plantamadre.es"
114.119.148.155 - - [26/Feb/2025:03:13:47 +0000] "GET /shop/control-del-clima/?product-page=2 HTTP/1.1" 200 25017 "https://plantamadre.es/shop/control-del-clima/" "Mozilla/5.0 (Linux; Android 7.0;) AppleWebKit/537.36 (KHTML, like Gecko) Mobile Safari/537.36 (compatible; PetalBot;+https://webmaster.petalsearch.com/site/petalbot)"
112.92.71.103 - - [26/Feb/2025:03:15:01 +0000] "GET /tienda/otros/ladrillo-coco-prensado-trichoderma-5-kg-70-l/ HTTP/1.1" 403 2757 "-" "Mozilla/5.0 (Windows NT 6.1; WOW64) AppleWebKit/537.36 (KHTML, like Gecko) Chrome/34.0.1847.131 Safari/537.36"
146.190.157.162 - - [26/Feb/2025:03:15:03 +0000] "POST /wp-cron.php?doing_wp_cron=1740539703.7820720672607421875000 HTTP/1.1" 200 2850 "-" "WordPress/6.3.5; https://plantamadre.es"
147.53.125.98 - - [26/Feb/2025:03:15:25 +0000] "GET /tienda/00-seeds-bank-semillas/00-seeds-00-kush-5und-fem/ HTTP/1.1" 404 109107 "-" "Mozilla/5.0 (Windows NT 10.0; WOW64) AppleWebKit/537.36 (KHTML, like Gecko) Chrome/114.0.0.0 Safari/537.36 Vivaldi/5.3.2679.68"
147.53.125.98 - - [26/Feb/2025:03:15:28 +0000] "GET / HTTP/1.1" 200 27148 "-" "Mozilla/5.0 (Windows NT 10.0; WOW64) AppleWebKit/537.36 (KHTML, like Gecko) Chrome/114.0.0.0 Safari/537.36 Vivaldi/5.3.2679.68"
142.93.219.175 - - [26/Feb/2025:03:17:13 +0000] "GET /tienda/vapeadores/vaporizador-80tc-traveler/ HTTP/1.1" 404 108911 "-" "-"
66.249.68.5 - - [26/Feb/2025:03:17:14 +0000] "GET /tienda/atami-fertilizantes/atami-organics-box/ HTTP/1.1" 404 109079 "-" "Mozilla/5.0 (Linux; Android 6.0.1; Nexus 5X Build/MMB29P) AppleWebKit/537.36 (KHTML, like Gecko) Chrome/133.0.6943.53 Mobile Safari/537.36 (compatible; Googlebot/2.1; +http://www.google.com/bot.html)"
142.93.219.175 - - [26/Feb/2025:03:17:13 +0000] "GET /tienda/buddha-seeds/pulsar-feminizada-5-semillas/ HTTP/1.1" 404 108917 "-" "-"
146.190.157.162 - - [26/Feb/2025:03:17:15 +0000] "POST /wp-cron.php?doing_wp_cron=1740539835.2479379177093505859375 HTTP/1.1" 200 2850 "-" "WordPress/6.3.5; https://plantamadre.es"
142.93.219.175 - - [26/Feb/2025:03:17:16 +0000] "GET /tienda/buddha-seeds/pulsar-feminizada-5-semillas/ HTTP/1.1" 404 108917 "-" "-"
142.93.219.175 - - [26/Feb/2025:03:17:17 +0000] "GET /tienda/vapeadores/vaporizador-80tc-traveler/ HTTP/1.1" 404 108912 "-" "-"
142.93.219.175 - - [26/Feb/2025:03:17:18 +0000] "POST /wp-comments-post.php HTTP/1.1" 200 448 "-" "-"
142.93.219.175 - - [26/Feb/2025:03:17:19 +0000] "POST /wp-comments-post.php HTTP/1.1" 200 448 "-" "-"
142.93.219.175 - - [26/Feb/2025:03:17:24 +0000] "POST /wp-comments-post.php HTTP/1.1" 200 448 "-" "-"
142.93.219.175 - - [26/Feb/2025:03:17:25 +0000] "POST /wp-comments-post.php HTTP/1.1" 200 448 "-" "-"
45.166.207.185 - - [26/Feb/2025:03:17:27 +0000] "GET /tienda/b-a-c/b-a-c-final-solution-60ml/ HTTP/1.1" 404 108944 "https://plantamadre.es" "Mozilla/5.0 (Windows NT 10.0; Win64; x64) AppleWebKit/537.36 (KHTML, like Gecko) Chrome/62.0.3202.94 Safari/537.36"
146.190.157.162 - - [26/Feb/2025:03:17:55 +0000] "POST /wp-cron.php?doing_wp_cron=1740539875.7896211147308349609375 HTTP/1.1" 200 2849 "-" "WordPress/6.3.5; https://plantamadre.es"
178.159.37.28 - - [26/Feb/2025:03:17:54 +0000] "GET /tienda/papel/papel-raw-king-size-slim/ HTTP/1.0" 404 108806 "https://plantamadre.es/tienda/papel/papel-raw-king-size-slim/" "Mozilla/5.0 (Windows NT 10.0; WOW64; rv:45.0) Gecko/20100101 Firefox/45.0"
146.190.157.162 - - [26/Feb/2025:03:18:49 +0000] "POST /wp-cron.php?doing_wp_cron=1740539929.5431149005889892578125 HTTP/1.1" 200 2849 "-" "WordPress/6.3.5; https://plantamadre.es"
114.119.151.80 - - [26/Feb/2025:03:18:47 +0000] "GET /productos/?product-page=16 HTTP/1.1" 200 33347 "https://plantamadre.es/productos/?product-page=19" "Mozilla/5.0 (Linux; Android 7.0;) AppleWebKit/537.36 (KHTML, like Gecko) Mobile Safari/537.36 (compatible; PetalBot;+https://webmaster.petalsearch.com/site/petalbot)"
81.167.26.57 - - [26/Feb/2025:03:19:31 +0000] "GET /robots.txt HTTP/1.1" 200 2845 "-" "Mozilla/5.0 (compatible; MJ12bot/v1.4.8; http://mj12bot.com/)"
146.190.157.162 - - [26/Feb/2025:03:19:33 +0000] "POST /wp-cron.php?doing_wp_cron=1740539973.0380249023437500000000 HTTP/1.1" 200 2850 "-" "WordPress/6.3.5; https://plantamadre.es"
81.167.26.57 - - [26/Feb/2025:03:19:36 +0000] "GET /etiqueta-producto/raw-double-barrel-1-%C2%BC/ HTTP/1.1" 404 106525 "-" "Mozilla/5.0 (compatible; MJ12bot/v1.4.8; http://mj12bot.com/)"
81.167.26.57 - - [26/Feb/2025:03:19:40 +0000] "GET /etiqueta-producto/raw-double-barrel-1-%C2%BC/feed/ HTTP/1.1" 404 106628 "-" "Mozilla/5.0 (compatible; MJ12bot/v1.4.8; http://mj12bot.com/)"
81.167.26.57 - - [26/Feb/2025:03:19:44 +0000] "GET /tienda/balanzas/%EE%A3%BF-fuzion-tank-20g-x-0-001g-fuzion-tank-20g-x-0-001g/ HTTP/1.1" 404 106556 "-" "Mozilla/5.0 (compatible; MJ12bot/v1.4.8; http://mj12bot.com/)"
81.167.26.57 - - [26/Feb/2025:03:19:48 +0000] "GET /tienda/balanzas/%EE%A3%BF-fuzion-tank-20g-x-0-001g-fuzion-tank-20g-x-0-001g/feed/ HTTP/1.1" 404 106561 "-" "Mozilla/5.0 (compatible; MJ12bot/v1.4.8; http://mj12bot.com/)"
81.167.26.57 - - [26/Feb/2025:03:19:53 +0000] "GET /tienda/botes-al-vacio/%EE%A3%BF-bote-de-vacio-qnubu-california-550ml/ HTTP/1.1" 404 106549 "-" "Mozilla/5.0 (compatible; MJ12bot/v1.4.8; http://mj12bot.com/)"
81.167.26.57 - - [26/Feb/2025:03:19:57 +0000] "GET /tienda/botes-al-vacio/%EE%A3%BF-bote-de-vacio-qnubu-california-550ml/feed/ HTTP/1.1" 404 106554 "-" "Mozilla/5.0 (compatible; MJ12bot/v1.4.8; http://mj12bot.com/)"
81.167.26.57 - - [26/Feb/2025:03:20:01 +0000] "GET /tienda/delicious-semillas-autoflorecientes/delicious-seeds-cheese-candy-auto-1%E2%99%80/ HTTP/1.1" 404 106568 "-" "Mozilla/5.0 (compatible; MJ12bot/v1.4.8; http://mj12bot.com/)"
81.167.26.57 - - [26/Feb/2025:03:20:07 +0000] "GET /tienda/delicious-semillas-autoflorecientes/delicious-seeds-cheese-candy-auto-1%E2%99%80/feed/ HTTP/1.1" 404 106573 "-" "Mozilla/5.0 (compatible; MJ12bot/v1.4.8; http://mj12bot.com/)"
81.167.26.57 - - [26/Feb/2025:03:20:11 +0000] "GET /tienda/delicious-semillas-autoflorecientes/delicious-seeds-cheese-candy-auto-10%E2%99%80/ HTTP/1.1" 404 106569 "-" "Mozilla/5.0 (compatible; MJ12bot/v1.4.8; http://mj12bot.com/)"
81.167.26.57 - - [26/Feb/2025:03:20:15 +0000] "GET /tienda/delicious-semillas-autoflorecientes/delicious-seeds-cheese-candy-auto-10%E2%99%80/feed/ HTTP/1.1" 404 106574 "-" "Mozilla/5.0 (compatible; MJ12bot/v1.4.8; http://mj12bot.com/)"
81.167.26.57 - - [26/Feb/2025:03:20:20 +0000] "GET /tienda/delicious-semillas-autoflorecientes/delicious-seeds-cheese-candy-auto-3%E2%99%80/ HTTP/1.1" 404 106568 "-" "Mozilla/5.0 (compatible; MJ12bot/v1.4.8; http://mj12bot.com/)"
81.167.26.57 - - [26/Feb/2025:03:20:24 +0000] "GET /tienda/delicious-semillas-autoflorecientes/delicious-seeds-cheese-candy-auto-3%E2%99%80/feed/ HTTP/1.1" 404 106573 "-" "Mozilla/5.0 (compatible; MJ12bot/v1.4.8; http://mj12bot.com/)"
81.167.26.57 - - [26/Feb/2025:03:20:29 +0000] "GET /tienda/delicious-semillas-autoflorecientes/delicious-seeds-cheese-candy-auto-3%E2%99%80/?add-to-cart=2229 HTTP/1.1" 404 106585 "-" "Mozilla/5.0 (compatible; MJ12bot/v1.4.8; http://mj12bot.com/)"
146.190.157.162 - - [26/Feb/2025:03:20:34 +0000] "POST /wp-cron.php?doing_wp_cron=1740540034.7843289375305175781250 HTTP/1.1" 200 2849 "-" "WordPress/6.3.5; https://plantamadre.es"
81.167.26.57 - - [26/Feb/2025:03:20:33 +0000] "GET /tienda/delicious-semillas-autoflorecientes/delicious-seeds-cheese-candy-auto-3%E2%99%80/?add-to-cart=2259 HTTP/1.1" 404 106585 "-" "Mozilla/5.0 (compatible; MJ12bot/v1.4.8; http://mj12bot.com/)"
81.167.26.57 - - [26/Feb/2025:03:20:38 +0000] "GET /tienda/delicious-semillas-autoflorecientes/delicious-seeds-cheese-candy-auto-3%E2%99%80/?add-to-cart=277 HTTP/1.1" 404 106584 "-" "Mozilla/5.0 (compatible; MJ12bot/v1.4.8; http://mj12bot.com/)"
81.167.26.57 - - [26/Feb/2025:03:20:42 +0000] "GET /tienda/delicious-semillas-autoflorecientes/delicious-seeds-cheese-candy-auto-3%E2%99%80/?add-to-cart=279 HTTP/1.1" 404 106584 "-" "Mozilla/5.0 (compatible; MJ12bot/v1.4.8; http://mj12bot.com/)"
81.167.26.57 - - [26/Feb/2025:03:20:47 +0000] "GET /tienda/delicious-semillas-autoflorecientes/delicious-seeds-cheese-candy-auto-5%E2%99%80/ HTTP/1.1" 404 106568 "-" "Mozilla/5.0 (compatible; MJ12bot/v1.4.8; http://mj12bot.com/)"
81.167.26.57 - - [26/Feb/2025:03:20:52 +0000] "GET /tienda/delicious-semillas-autoflorecientes/delicious-seeds-cheese-candy-auto-5%E2%99%80/feed/ HTTP/1.1" 404 106573 "-" "Mozilla/5.0 (compatible; MJ12bot/v1.4.8; http://mj12bot.com/)"
81.167.26.57 - - [26/Feb/2025:03:20:56 +0000] "GET /tienda/delicious-semillas-autoflorecientes/delicious-seeds-cheese-candy-auto-5%E2%99%80/?add-to-cart=7303 HTTP/1.1" 404 106585 "-" "Mozilla/5.0 (compatible; MJ12bot/v1.4.8; http://mj12bot.com/)"
81.167.26.57 - - [26/Feb/2025:03:21:00 +0000] "GET /tienda/delicious-semillas-autoflorecientes/delicious-seeds-critical-jack-herer-1%E2%99%80/?add-to-cart=2122 HTTP/1.1" 404 106587 "-" "Mozilla/5.0 (compatible; MJ12bot/v1.4.8; http://mj12bot.com/)"
81.167.26.57 - - [26/Feb/2025:03:21:05 +0000] "GET /tienda/delicious-semillas-autoflorecientes/delicious-seeds-critical-jack-herer-1%E2%99%80/?add-to-cart=2132 HTTP/1.1" 404 106587 "-" "Mozilla/5.0 (compatible; MJ12bot/v1.4.8; http://mj12bot.com/)"
81.167.26.57 - - [26/Feb/2025:03:21:10 +0000] "GET /tienda/delicious-semillas-autoflorecientes/delicious-seeds-critical-jack-herer-1%E2%99%80/?add-to-cart=2145 HTTP/1.1" 404 106587 "-" "Mozilla/5.0 (compatible; MJ12bot/v1.4.8; http://mj12bot.com/)"
81.167.26.57 - - [26/Feb/2025:03:21:14 +0000] "GET /tienda/delicious-semillas-autoflorecientes/delicious-seeds-critical-jack-herer-1%E2%99%80/?add-to-cart=2236 HTTP/1.1" 404 106587 "-" "Mozilla/5.0 (compatible; MJ12bot/v1.4.8; http://mj12bot.com/)"
81.167.26.57 - - [26/Feb/2025:03:21:18 +0000] "GET /tienda/delicious-semillas-autoflorecientes/delicious-seeds-critical-jack-herer-1%E2%99%80/?add-to-cart=241 HTTP/1.1" 404 106586 "-" "Mozilla/5.0 (compatible; MJ12bot/v1.4.8; http://mj12bot.com/)"
81.167.26.57 - - [26/Feb/2025:03:21:22 +0000] "GET /tienda/delicious-semillas-autoflorecientes/delicious-seeds-critical-jack-herer-1%E2%99%80/?add-to-cart=3996 HTTP/1.1" 404 106587 "-" "Mozilla/5.0 (compatible; MJ12bot/v1.4.8; http://mj12bot.com/)"
81.167.26.57 - - [26/Feb/2025:03:21:27 +0000] "GET /tienda/delicious-semillas-autoflorecientes/delicious-seeds-critical-jack-herer-1%E2%99%80/?add-to-cart=465 HTTP/1.1" 404 106586 "-" "Mozilla/5.0 (compatible; MJ12bot/v1.4.8; http://mj12bot.com/)"
