66.249.68.7 - - [26/Feb/2025:03:52:46 +0000] "GET /tienda/advanced-hydroponics-of-holland/advanced-hydro-growthbloom-excellerator-1-l/ HTTP/1.1" 404 109115 "-" "Mozilla/5.0 (Linux; Android 6.0.1; Nexus 5X Build/MMB29P) AppleWebKit/537.36 (KHTML, like Gecko) Chrome/133.0.6943.53 Mobile Safari/537.36 (compatible; Googlebot/2.1; +http://www.google.com/bot.html)"
88.210.52.60 - - [26/Feb/2025:03:55:05 +0000] "GET /tienda/00-seeds-bank-semillas/00-seeds-caramel-kush-5und-fem/ HTTP/1.0" 403 2777 "https://plantamadre.es/tienda/00-seeds-bank-semillas/00-seeds-caramel-kush-5und-fem/" "Mozilla/5.0 (Windows NT 10.0; Win64; x64) AppleWebKit/537.36 (KHTML, like Gecko) Chrome/129.0.0.0 Safari/537.36"
146.190.157.162 - - [26/Feb/2025:03:55:07 +0000] "POST /wp-cron.php?doing_wp_cron=1740542107.8433299064636230468750 HTTP/1.1" 200 2849 "-" "WordPress/6.3.5; https://plantamadre.es"
88.210.52.60 - - [26/Feb/2025:03:55:09 +0000] "GET / HTTP/1.0" 403 2823 "https://plantamadre.es/tienda/00-seeds-bank-semillas/00-seeds-caramel-kush-5und-fem/" "Mozilla/5.0 (Windows NT 10.0; Win64; x64) AppleWebKit/537.36 (KHTML, like Gecko) Chrome/129.0.0.0 Safari/537.36"
88.210.52.60 - - [26/Feb/2025:03:55:12 +0000] "GET / HTTP/1.0" 403 2824 "https://plantamadre.es/" "Mozilla/5.0 (Windows NT 10.0; Win64; x64) AppleWebKit/537.36 (KHTML, like Gecko) Chrome/129.0.0.0 Safari/537.36"
88.210.52.60 - - [26/Feb/2025:03:55:14 +0000] "GET / HTTP/1.0" 403 2825 "https://plantamadre.es/" "Mozilla/5.0 (Windows NT 10.0; Win64; x64) AppleWebKit/537.36 (KHTML, like Gecko) Chrome/129.0.0.0 Safari/537.36"
88.210.52.60 - - [26/Feb/2025:03:57:09 +0000] "GET /tienda/00-seeds-bank/00-seeds-auto-mix-5und/ HTTP/1.0" 403 2776 "https://plantamadre.es/tienda/00-seeds-bank/00-seeds-auto-mix-5und/" "Mozilla/5.0 (Windows NT 10.0; Win64; x64) AppleWebKit/537.36 (KHTML, like Gecko) Chrome/130.0.0.0 Safari/537.36 CCleaner/130.0.0.0"
146.190.157.162 - - [26/Feb/2025:03:57:11 +0000] "POST /wp-cron.php?doing_wp_cron=1740542231.0572249889373779296875 HTTP/1.1" 200 2851 "-" "WordPress/6.3.5; https://plantamadre.es"
88.210.52.60 - - [26/Feb/2025:03:57:12 +0000] "GET / HTTP/1.0" 403 2824 "https://plantamadre.es/tienda/00-seeds-bank/00-seeds-auto-mix-5und/" "Mozilla/5.0 (Windows NT 10.0; Win64; x64) AppleWebKit/537.36 (KHTML, like Gecko) Chrome/130.0.0.0 Safari/537.36 CCleaner/130.0.0.0"
146.190.157.162 - - [26/Feb/2025:03:57:14 +0000] "POST /wp-cron.php?doing_wp_cron=1740542234.3086340427398681640625 HTTP/1.1" 200 2850 "-" "WordPress/6.3.5; https://plantamadre.es"
88.210.52.60 - - [26/Feb/2025:03:57:16 +0000] "GET / HTTP/1.0" 403 2823 "https://plantamadre.es/" "Mozilla/5.0 (Windows NT 10.0; Win64; x64) AppleWebKit/537.36 (KHTML, like Gecko) Chrome/130.0.0.0 Safari/537.36 CCleaner/130.0.0.0"
88.210.52.60 - - [26/Feb/2025:03:57:18 +0000] "GET / HTTP/1.0" 403 2825 "https://plantamadre.es/" "Mozilla/5.0 (Windows NT 10.0; Win64; x64) AppleWebKit/537.36 (KHTML, like Gecko) Chrome/130.0.0.0 Safari/537.36 CCleaner/130.0.0.0"
88.210.52.60 - - [26/Feb/2025:03:57:25 +0000] "GET /tienda/balanzas/peso-fuzion-diablo-00175-gr/ HTTP/1.0" 403 2777 "https://plantamadre.es/tienda/balanzas/peso-fuzion-diablo-00175-gr/" "Mozilla/5.0 (Windows NT 10.0; Win64; x64) AppleWebKit/537.36 (KHTML, like Gecko) Chrome/131.0.0.0 Safari/537.36 Avast/131.0.0.0"
88.210.52.60 - - [26/Feb/2025:03:57:27 +0000] "GET / HTTP/1.0" 403 2824 "https://plantamadre.es/tienda/balanzas/peso-fuzion-diablo-00175-gr/" "Mozilla/5.0 (Windows NT 10.0; Win64; x64) AppleWebKit/537.36 (KHTML, like Gecko) Chrome/131.0.0.0 Safari/537.36 Avast/131.0.0.0"
88.210.52.60 - - [26/Feb/2025:03:57:30 +0000] "GET / HTTP/1.0" 403 2825 "https://plantamadre.es/" "Mozilla/5.0 (Windows NT 10.0; Win64; x64) AppleWebKit/537.36 (KHTML, like Gecko) Chrome/131.0.0.0 Safari/537.36 Avast/131.0.0.0"
146.190.157.162 - - [26/Feb/2025:03:57:32 +0000] "POST /wp-cron.php?doing_wp_cron=1740542252.2987089157104492187500 HTTP/1.1" 200 2850 "-" "WordPress/6.3.5; https://plantamadre.es"
88.210.52.60 - - [26/Feb/2025:03:57:34 +0000] "GET / HTTP/1.0" 403 2824 "https://plantamadre.es/" "Mozilla/5.0 (Windows NT 10.0; Win64; x64) AppleWebKit/537.36 (KHTML, like Gecko) Chrome/131.0.0.0 Safari/537.36 Avast/131.0.0.0"
146.190.157.162 - - [26/Feb/2025:03:58:07 +0000] "POST /wp-cron.php?doing_wp_cron=1740542287.8487300872802734375000 HTTP/1.1" 200 2850 "-" "WordPress/6.3.5; https://plantamadre.es"
66.249.68.5 - - [26/Feb/2025:03:58:06 +0000] "GET /wp-content/uploads/2019/02/ESQUEJES.png HTTP/1.1" 404 109066 "-" "Googlebot-Image/1.0"
40.77.167.219 - - [26/Feb/2025:03:58:27 +0000] "GET /robots.txt HTTP/1.1" 301 2971 "-" "Mozilla/5.0 AppleWebKit/537.36 (KHTML, like Gecko; compatible; bingbot/2.0; +http://www.bing.com/bingbot.htm) Chrome/116.0.1938.76 Safari/537.36"
40.77.167.219 - - [26/Feb/2025:03:58:29 +0000] "GET /robots.txt HTTP/1.1" 200 3157 "-" "Mozilla/5.0 AppleWebKit/537.36 (KHTML, like Gecko; compatible; bingbot/2.0; +http://www.bing.com/bingbot.htm) Chrome/116.0.1938.76 Safari/537.36"
146.190.157.162 - - [26/Feb/2025:03:58:31 +0000] "POST /wp-cron.php?doing_wp_cron=1740542311.4032819271087646484375 HTTP/1.1" 200 2851 "-" "WordPress/6.3.5; https://plantamadre.es"
88.210.52.60 - - [26/Feb/2025:03:58:38 +0000] "GET /tienda/00-seeds-bank/00-seeds-auto-chocolate-skunk-5und/ HTTP/1.0" 403 2778 "https://plantamadre.es/tienda/00-seeds-bank/00-seeds-auto-chocolate-skunk-5und/" "Mozilla/5.0 (Windows NT 10.0; Win64; x64) AppleWebKit/537.36 (KHTML, like Gecko) Chrome/131.0.0.0 Safari/537.36 Avast/131.0.0.0"
212.34.135.220 - - [26/Feb/2025:03:58:42 +0000] "GET /tienda/insecticidas/sbm-bayer-garden-fungicida-botritis-teldor-huerta-20g/ HTTP/1.0" 301 586 "http://plantamadre.es/tienda/insecticidas/sbm-bayer-garden-fungicida-botritis-teldor-huerta-20g/" "Mozilla/5.0 (Windows NT 10.0; Win64; x64) AppleWebKit/537.36 (KHTML, like Gecko) Chrome/129.0.0.0 Safari/537.36"
88.210.52.60 - - [26/Feb/2025:03:58:40 +0000] "GET / HTTP/1.0" 403 2823 "https://plantamadre.es/tienda/00-seeds-bank/00-seeds-auto-chocolate-skunk-5und/" "Mozilla/5.0 (Windows NT 10.0; Win64; x64) AppleWebKit/537.36 (KHTML, like Gecko) Chrome/131.0.0.0 Safari/537.36 Avast/131.0.0.0"
52.167.144.157 - - [26/Feb/2025:03:58:40 +0000] "GET /categoria-producto/semillas-3/semillas-autoflorecientes/dr-underground/ HTTP/1.1" 301 3070 "-" "Mozilla/5.0 AppleWebKit/537.36 (KHTML, like Gecko; compatible; bingbot/2.0; +http://www.bing.com/bingbot.htm) Chrome/116.0.1938.76 Safari/537.36"
88.210.52.60 - - [26/Feb/2025:03:58:43 +0000] "GET / HTTP/1.0" 403 2825 "https://plantamadre.es/" "Mozilla/5.0 (Windows NT 10.0; Win64; x64) AppleWebKit/537.36 (KHTML, like Gecko) Chrome/131.0.0.0 Safari/537.36 Avast/131.0.0.0"
212.34.135.220 - - [26/Feb/2025:03:58:42 +0000] "GET /tienda/insecticidas/sbm-bayer-garden-fungicida-botritis-teldor-huerta-20g/ HTTP/1.0" 404 108841 "https://plantamadre.es/tienda/insecticidas/sbm-bayer-garden-fungicida-botritis-teldor-huerta-20g/" "Mozilla/5.0 (Windows NT 10.0; Win64; x64) AppleWebKit/537.36 (KHTML, like Gecko) Chrome/129.0.0.0 Safari/537.36"
88.210.52.60 - - [26/Feb/2025:03:58:45 +0000] "GET / HTTP/1.0" 403 2823 "https://plantamadre.es/" "Mozilla/5.0 (Windows NT 10.0; Win64; x64) AppleWebKit/537.36 (KHTML, like Gecko) Chrome/131.0.0.0 Safari/537.36 Avast/131.0.0.0"
212.34.135.220 - - [26/Feb/2025:03:58:45 +0000] "GET /contacto/ HTTP/1.0" 200 196541 "https://plantamadre.es/contacto/" "Mozilla/5.0 (Windows NT 10.0; Win64; x64) AppleWebKit/537.36 (KHTML, like Gecko) Chrome/129.0.0.0 Safari/537.36"
212.34.135.220 - - [26/Feb/2025:03:58:49 +0000] "POST /contacto/ HTTP/1.0" 200 194636 "https://plantamadre.es/contacto/" "Mozilla/5.0 (Windows NT 10.0; Win64; x64) AppleWebKit/537.36 (KHTML, like Gecko) Chrome/129.0.0.0 Safari/537.36"
146.190.157.162 - - [26/Feb/2025:04:03:11 +0000] "POST /wp-cron.php?doing_wp_cron=1740542591.9248430728912353515625 HTTP/1.1" 200 2850 "-" "WordPress/6.3.5; https://plantamadre.es"
66.249.68.5 - - [26/Feb/2025:04:03:10 +0000] "GET /wp-content/uploads/2014/01/judia-enana.png HTTP/1.1" 404 109070 "-" "Googlebot-Image/1.0"
147.45.139.42 - - [26/Feb/2025:04:04:46 +0000] "GET /tienda/canna-fertilizantes/canna-star-05l/ HTTP/1.0" 403 2777 "https://plantamadre.es/tienda/canna-fertilizantes/canna-star-05l/#comment-429016" "Mozilla/5.0 (Windows NT 10.0; Win64; x64) AppleWebKit/537.36 (KHTML, like Gecko) Chrome/130.0.0.0 Safari/537.36"
146.190.157.162 - - [26/Feb/2025:04:04:47 +0000] "POST /wp-cron.php?doing_wp_cron=1740542687.3978900909423828125000 HTTP/1.1" 200 2850 "-" "WordPress/6.3.5; https://plantamadre.es"
147.45.139.42 - - [26/Feb/2025:04:04:49 +0000] "GET / HTTP/1.0" 403 2824 "https://plantamadre.es/tienda/canna-fertilizantes/canna-star-05l/#comment-429016" "Mozilla/5.0 (Windows NT 10.0; Win64; x64) AppleWebKit/537.36 (KHTML, like Gecko) Chrome/130.0.0.0 Safari/537.36"
147.45.139.42 - - [26/Feb/2025:04:04:51 +0000] "GET / HTTP/1.0" 403 2823 "https://plantamadre.es/" "Mozilla/5.0 (Windows NT 10.0; Win64; x64) AppleWebKit/537.36 (KHTML, like Gecko) Chrome/130.0.0.0 Safari/537.36"
147.45.139.42 - - [26/Feb/2025:04:04:53 +0000] "GET / HTTP/1.0" 403 2824 "https://plantamadre.es/" "Mozilla/5.0 (Windows NT 10.0; Win64; x64) AppleWebKit/537.36 (KHTML, like Gecko) Chrome/130.0.0.0 Safari/537.36"
147.45.139.42 - - [26/Feb/2025:04:05:10 +0000] "GET /tienda/00-seeds-bank/00-seeds-auto-northern-lights-5und/ HTTP/1.0" 403 2778 "https://plantamadre.es/tienda/00-seeds-bank/00-seeds-auto-northern-lights-5und/#comment-429017" "Mozilla/5.0 (Windows NT 10.0; Win64; x64) AppleWebKit/537.36 (KHTML, like Gecko) Chrome/129.0.0.0 Safari/537.36"
147.45.139.42 - - [26/Feb/2025:04:05:12 +0000] "GET / HTTP/1.0" 403 2825 "https://plantamadre.es/tienda/00-seeds-bank/00-seeds-auto-northern-lights-5und/#comment-429017" "Mozilla/5.0 (Windows NT 10.0; Win64; x64) AppleWebKit/537.36 (KHTML, like Gecko) Chrome/129.0.0.0 Safari/537.36"
147.45.139.42 - - [26/Feb/2025:04:05:15 +0000] "GET / HTTP/1.0" 403 2825 "https://plantamadre.es/" "Mozilla/5.0 (Windows NT 10.0; Win64; x64) AppleWebKit/537.36 (KHTML, like Gecko) Chrome/129.0.0.0 Safari/537.36"
147.45.139.42 - - [26/Feb/2025:04:05:17 +0000] "GET / HTTP/1.0" 403 2825 "https://plantamadre.es/" "Mozilla/5.0 (Windows NT 10.0; Win64; x64) AppleWebKit/537.36 (KHTML, like Gecko) Chrome/129.0.0.0 Safari/537.36"
146.190.157.162 - - [26/Feb/2025:04:05:38 +0000] "POST /wp-cron.php?doing_wp_cron=1740542738.4840579032897949218750 HTTP/1.1" 200 2850 "-" "WordPress/6.3.5; https://plantamadre.es"
180.254.225.65 - - [26/Feb/2025:04:05:36 +0000] "GET /tienda/extraccion/extractor-sunon-100mm/ HTTP/1.1" 404 109089 "-" "Mozilla/5.0 (X11; Linux x86_64) AppleWebKit/537.36 (KHTML, like Gecko) Chrome/114.0.0.0 Safari/537.36 OPR/89.0.4447.51"
180.254.225.65 - - [26/Feb/2025:04:05:44 +0000] "GET / HTTP/1.1" 200 27146 "-" "Mozilla/5.0 (X11; Linux x86_64) AppleWebKit/537.36 (KHTML, like Gecko) Chrome/114.0.0.0 Safari/537.36 OPR/89.0.4447.51"
180.254.225.65 - - [26/Feb/2025:04:05:50 +0000] "GET /product/aire-acondicionado-electrogrow/ HTTP/1.1" 200 32895 "https://plantamadre.es" "Mozilla/5.0 (X11; Linux x86_64) AppleWebKit/537.36 (KHTML, like Gecko) Chrome/114.0.0.0 Safari/537.36 OPR/89.0.4447.51"
109.236.93.77 - - [26/Feb/2025:04:07:17 +0000] "GET /tienda/600-w/kit-basico-600w-vanguads-hidroponicsbombilla-vanguads-hidroponics-creflo-reflector-pearl-pro-copiar HTTP/1.0" 403 2814 "-" "Mozilla/5.0 (Windows NT 10.0; Win64; x64) AppleWebKit/537.36 (KHTML, like Gecko) Chrome/118.0.0.0 Safari/537.36"
146.190.157.162 - - [26/Feb/2025:04:07:19 +0000] "POST /wp-cron.php?doing_wp_cron=1740542839.0695140361785888671875 HTTP/1.1" 200 2850 "-" "WordPress/6.3.5; https://plantamadre.es"
66.249.68.5 - - [26/Feb/2025:04:07:19 +0000] "GET /wp-content/uploads/2013/10/oleatbiogrow.png HTTP/1.1" 404 109071 "-" "Googlebot-Image/1.0"
146.190.157.162 - - [26/Feb/2025:04:09:56 +0000] "POST /wp-cron.php?doing_wp_cron=1740542996.6866641044616699218750 HTTP/1.1" 200 2850 "-" "WordPress/6.3.5; https://plantamadre.es"
114.119.151.80 - - [26/Feb/2025:04:09:55 +0000] "GET /shop/page/21/ HTTP/1.1" 200 25806 "https://plantamadre.es/shop/page/20/" "Mozilla/5.0 (Linux; Android 7.0;) AppleWebKit/537.36 (KHTML, like Gecko) Mobile Safari/537.36 (compatible; PetalBot;+https://webmaster.petalsearch.com/site/petalbot)"
146.190.157.162 - - [26/Feb/2025:04:11:57 +0000] "POST /wp-cron.php?doing_wp_cron=1740543117.8681209087371826171875 HTTP/1.1" 200 2850 "-" "WordPress/6.3.5; https://plantamadre.es"
66.249.68.7 - - [26/Feb/2025:04:11:56 +0000] "GET /wp-content/uploads/2019/02/AUTOPOT-COCO.png HTTP/1.1" 404 109071 "-" "Googlebot-Image/1.0"
216.244.66.239 - - [26/Feb/2025:04:13:28 +0000] "GET /robots.txt HTTP/1.1" 301 439 "-" "Mozilla/5.0 (compatible; DotBot/1.2; +https://opensiteexplorer.org/dotbot; help@moz.com)"
216.244.66.239 - - [26/Feb/2025:04:13:28 +0000] "GET /robots.txt HTTP/1.1" 200 2886 "-" "Mozilla/5.0 (compatible; DotBot/1.2; +https://opensiteexplorer.org/dotbot; help@moz.com)"
146.190.157.162 - - [26/Feb/2025:04:13:30 +0000] "POST /wp-cron.php?doing_wp_cron=1740543210.0848300457000732421875 HTTP/1.1" 200 2851 "-" "WordPress/6.3.5; https://plantamadre.es"
146.190.157.162 - - [26/Feb/2025:04:14:29 +0000] "POST /wp-cron.php?doing_wp_cron=1740543269.3538179397583007812500 HTTP/1.1" 200 2851 "-" "WordPress/6.3.5; https://plantamadre.es"
46.1.155.5 - - [26/Feb/2025:04:14:27 +0000] "GET /tienda/bombas-de-aire/bomba-sumergible-multi-4000-4000-lh-conex-1/ HTTP/1.1" 404 109108 "-" "-"
146.190.157.162 - - [26/Feb/2025:04:14:53 +0000] "POST /wp-cron.php?doing_wp_cron=1740543292.9965839385986328125000 HTTP/1.1" 200 2850 "-" "WordPress/6.3.5; https://plantamadre.es"
114.119.132.11 - - [26/Feb/2025:04:14:51 +0000] "GET /shop/fertilizantes/grotek/ HTTP/1.1" 200 23723 "https://plantamadre.es/shop/page/6/" "Mozilla/5.0 (Linux; Android 7.0;) AppleWebKit/537.36 (KHTML, like Gecko) Mobile Safari/537.36 (compatible; PetalBot;+https://webmaster.petalsearch.com/site/petalbot)"
85.208.98.23 - - [26/Feb/2025:04:14:57 +0000] "GET /robots.txt HTTP/1.1" 301 439 "-" "Mozilla/5.0 (compatible; SemrushBot-BA; +http://www.semrush.com/bot.html)"
85.208.98.23 - - [26/Feb/2025:04:14:57 +0000] "GET /robots.txt HTTP/1.1" 200 2980 "http://plantamadre.es/robots.txt" "Mozilla/5.0 (compatible; SemrushBot-BA; +http://www.semrush.com/bot.html)"
85.208.98.19 - - [26/Feb/2025:04:15:24 +0000] "GET /tienda/ph-y-ec/milwaukee-medidor-ectdstemperatura-waterproof-ec59/ HTTP/1.1" 404 109037 "-" "Mozilla/5.0 (compatible; SemrushBot-BA; +http://www.semrush.com/bot.html)"
146.190.157.162 - - [26/Feb/2025:04:16:36 +0000] "POST /wp-cron.php?doing_wp_cron=1740543396.1040649414062500000000 HTTP/1.1" 200 2850 "-" "WordPress/6.3.5; https://plantamadre.es"
135.181.15.80 - - [26/Feb/2025:04:16:34 +0000] "GET /tienda/semillas-3/sensi-seeds-skunk-1-25-semillas-fem/ HTTP/1.0" 404 108823 "https://plantamadre.es/tienda/semillas-3/sensi-seeds-skunk-1-25-semillas-fem/" "Mozilla/5.0 (Windows NT 10.0; Win64; x64) AppleWebKit/537.36 (KHTML, like Gecko) Chrome/130.0.0.0 Safari/537.36"
89.110.95.69 - - [26/Feb/2025:04:17:09 +0000] "GET /tienda/insecticidas/sbm-protect-home-insecticida-rastreros-500ml/ HTTP/1.0" 403 2776 "https://plantamadre.es/tienda/insecticidas/sbm-protect-home-insecticida-rastreros-500ml/" "Mozilla/5.0 (Windows NT 10.0; Win64; x64) AppleWebKit/537.36 (KHTML, like Gecko) Chrome/130.0.0.0 Safari/537.36 CCleaner/130.0.0.0"
89.110.95.69 - - [26/Feb/2025:04:17:12 +0000] "GET / HTTP/1.0" 403 2824 "https://plantamadre.es/tienda/insecticidas/sbm-protect-home-insecticida-rastreros-500ml/" "Mozilla/5.0 (Windows NT 10.0; Win64; x64) AppleWebKit/537.36 (KHTML, like Gecko) Chrome/130.0.0.0 Safari/537.36 CCleaner/130.0.0.0"
146.190.157.162 - - [26/Feb/2025:04:17:14 +0000] "POST /wp-cron.php?doing_wp_cron=1740543434.5149350166320800781250 HTTP/1.1" 200 2850 "-" "WordPress/6.3.5; https://plantamadre.es"
89.110.95.69 - - [26/Feb/2025:04:17:16 +0000] "GET / HTTP/1.0" 403 2825 "https://plantamadre.es/" "Mozilla/5.0 (Windows NT 10.0; Win64; x64) AppleWebKit/537.36 (KHTML, like Gecko) Chrome/130.0.0.0 Safari/537.36 CCleaner/130.0.0.0"
89.110.95.69 - - [26/Feb/2025:04:17:18 +0000] "GET / HTTP/1.0" 403 2823 "https://plantamadre.es/" "Mozilla/5.0 (Windows NT 10.0; Win64; x64) AppleWebKit/537.36 (KHTML, like Gecko) Chrome/130.0.0.0 Safari/537.36 CCleaner/130.0.0.0"
146.190.157.162 - - [26/Feb/2025:04:17:33 +0000] "POST /wp-cron.php?doing_wp_cron=1740543453.3336610794067382812500 HTTP/1.1" 200 2851 "-" "WordPress/6.3.5; https://plantamadre.es"
91.124.85.52 - - [26/Feb/2025:04:17:31 +0000] "GET /tienda/otros/ladrillo-coco-prensado-trichoderma-5-kg-70-l/ HTTP/1.1" 404 109108 "-" "Mozilla/5.0 (Linux x86_64; rv:114.0) Gecko/20100101 Firefox/114.0"
91.124.85.52 - - [26/Feb/2025:04:17:39 +0000] "GET / HTTP/1.1" 200 27147 "-" "Mozilla/5.0 (Linux x86_64; rv:114.0) Gecko/20100101 Firefox/114.0"
91.124.85.52 - - [26/Feb/2025:04:17:48 +0000] "GET /wp-login.php?action=register HTTP/1.1" 200 7352 "https://plantamadre.es" "Mozilla/5.0 (Windows NT 6.3; Win64; x64) AppleWebKit/537.36 (KHTML, like Gecko) Chrome/103.0.0.0 Safari/537.36"
91.124.85.52 - - [26/Feb/2025:04:17:52 +0000] "GET /wp-login.php?action=register HTTP/1.1" 200 7350 "https://plantamadre.es/wp-login.php?action=register" "Mozilla/5.0 (Windows NT 6.3; Win64; x64) AppleWebKit/537.36 (KHTML, like Gecko) Chrome/103.0.0.0 Safari/537.36"
91.124.85.52 - - [26/Feb/2025:04:18:04 +0000] "POST /wp-login.php?jetpack-protect-recovery=true HTTP/1.1" 200 7315 "https://plantamadre.es/wp-login.php?action=register" "Mozilla/5.0 (Windows NT 6.3; Win64; x64) AppleWebKit/537.36 (KHTML, like Gecko) Chrome/103.0.0.0 Safari/537.36"
85.208.96.205 - - [26/Feb/2025:04:18:37 +0000] "GET /robots.txt HTTP/1.1" 200 3015 "-" "Mozilla/5.0 (compatible; SemrushBot/7~bl; +http://www.semrush.com/bot.html)"
146.190.157.162 - - [26/Feb/2025:04:18:39 +0000] "POST /wp-cron.php?doing_wp_cron=1740543519.6341369152069091796875 HTTP/1.1" 200 2850 "-" "WordPress/6.3.5; https://plantamadre.es"
85.208.96.207 - - [26/Feb/2025:04:18:41 +0000] "GET /shop/extarccion-de-resina/ HTTP/1.1" 200 25029 "-" "Mozilla/5.0 (compatible; SemrushBot/7~bl; +http://www.semrush.com/bot.html)"
146.190.157.162 - - [26/Feb/2025:04:19:24 +0000] "POST /wp-cron.php?doing_wp_cron=1740543564.0526800155639648437500 HTTP/1.1" 200 2850 "-" "WordPress/6.3.5; https://plantamadre.es"
191.102.129.213 - - [26/Feb/2025:04:19:22 +0000] "GET /tienda/otros/ladrillo-coco-prensado-trichoderma-5-kg-70-l/ HTTP/1.1" 404 109109 "-" "Mozilla/5.0 (Windows NT 10.0; WOW64) AppleWebKit/537.36 (KHTML, like Gecko) Chrome/114.0.0.0 Safari/537.36 Vivaldi/5.3.2679.68"
191.102.129.213 - - [26/Feb/2025:04:19:27 +0000] "GET / HTTP/1.1" 200 27149 "-" "Mozilla/5.0 (Windows NT 10.0; WOW64) AppleWebKit/537.36 (KHTML, like Gecko) Chrome/114.0.0.0 Safari/537.36 Vivaldi/5.3.2679.68"
146.190.157.162 - - [26/Feb/2025:04:19:33 +0000] "POST /wp-cron.php?doing_wp_cron=1740543573.0034210681915283203125 HTTP/1.1" 200 2850 "-" "WordPress/6.3.5; https://plantamadre.es"
191.102.129.213 - - [26/Feb/2025:04:19:31 +0000] "GET /product/aire-acondicionado-electrogrow/ HTTP/1.1" 200 32825 "https://plantamadre.es" "Mozilla/5.0 (Windows NT 10.0; WOW64) AppleWebKit/537.36 (KHTML, like Gecko) Chrome/114.0.0.0 Safari/537.36 Vivaldi/5.3.2679.68"
4.227.36.108 - - [26/Feb/2025:04:20:04 +0000] "GET /robots.txt HTTP/1.1" 301 2824 "-" "Mozilla/5.0 AppleWebKit/537.36 (KHTML, like Gecko; compatible; GPTBot/1.2; +https://openai.com/gptbot)"
114.119.148.155 - - [26/Feb/2025:04:20:07 +0000] "GET /product/23418/ HTTP/1.1" 200 27551 "https://plantamadre.es/product/armario-garden-highpro-probox-master/" "Mozilla/5.0 (Linux; Android 7.0;) AppleWebKit/537.36 (KHTML, like Gecko) Mobile Safari/537.36 (compatible; PetalBot;+https://webmaster.petalsearch.com/site/petalbot)"
4.227.36.108 - - [26/Feb/2025:04:20:12 +0000] "GET /robots.txt HTTP/1.1" 200 3011 "https://www.plantamadre.es/robots.txt" "Mozilla/5.0 AppleWebKit/537.36 (KHTML, like Gecko; compatible; GPTBot/1.2; +https://openai.com/gptbot)"
20.171.207.149 - - [26/Feb/2025:04:20:14 +0000] "GET / HTTP/1.1" 301 2862 "-" "Mozilla/5.0 AppleWebKit/537.36 (KHTML, like Gecko; compatible; GPTBot/1.2; +https://openai.com/gptbot)"
146.190.157.162 - - [26/Feb/2025:04:20:37 +0000] "POST /wp-cron.php?doing_wp_cron=1740543637.2188549041748046875000 HTTP/1.1" 200 2849 "-" "WordPress/6.3.5; https://plantamadre.es"
40.77.167.132 - - [26/Feb/2025:04:20:35 +0000] "GET /etiqueta-producto/semillas-de-tomate-ace-55/ HTTP/1.1" 404 109137 "-" "Mozilla/5.0 AppleWebKit/537.36 (KHTML, like Gecko; compatible; bingbot/2.0; +http://www.bing.com/bingbot.htm) Chrome/116.0.1938.76 Safari/537.36"
66.249.68.6 - - [26/Feb/2025:04:21:10 +0000] "GET /wp-content/uploads/2024/12/BOLSA-QNUBU2.png HTTP/1.1" 301 561 "-" "Googlebot-Image/1.0"
112.92.71.103 - - [26/Feb/2025:04:21:08 +0000] "GET /tienda/otros/ladrillo-coco-prensado-trichoderma-5-kg-70-l/ HTTP/1.1" 403 2757 "-" "Mozilla/5.0 (Windows NT 6.1; WOW64) AppleWebKit/537.36 (KHTML, like Gecko) Chrome/34.0.1847.131 Safari/537.36"
66.249.68.5 - - [26/Feb/2025:04:21:10 +0000] "GET /wp-content/uploads/2024/12/BOLSA-QNUBU2.png HTTP/1.1" 200 125880 "-" "Googlebot-Image/1.0"
4.227.36.31 - - [26/Feb/2025:04:21:25 +0000] "GET /robots.txt HTTP/1.1" 200 3011 "-" "Mozilla/5.0 AppleWebKit/537.36 (KHTML, like Gecko; compatible; GPTBot/1.2; +https://openai.com/gptbot)"
20.171.207.32 - - [26/Feb/2025:04:21:27 +0000] "GET / HTTP/1.1" 200 27103 "-" "Mozilla/5.0 AppleWebKit/537.36 (KHTML, like Gecko; compatible; GPTBot/1.2; +https://openai.com/gptbot)"
147.45.139.42 - - [26/Feb/2025:04:25:16 +0000] "GET /tienda/atami-fertilizantes/atami-bio-bloombastic-500ml/ HTTP/1.0" 403 2777 "https://plantamadre.es/tienda/atami-fertilizantes/atami-bio-bloombastic-500ml/#comment-429049" "Mozilla/5.0 (Windows NT 10.0; Win64; x64) AppleWebKit/537.36 (KHTML, like Gecko) Chrome/130.0.0.0 Safari/537.36 CCleaner/130.0.0.0"
146.190.157.162 - - [26/Feb/2025:04:25:17 +0000] "POST /wp-cron.php?doing_wp_cron=1740543917.8680000305175781250000 HTTP/1.1" 200 2850 "-" "WordPress/6.3.5; https://plantamadre.es"
147.45.139.42 - - [26/Feb/2025:04:25:19 +0000] "GET / HTTP/1.0" 403 2824 "https://plantamadre.es/tienda/atami-fertilizantes/atami-bio-bloombastic-500ml/#comment-429049" "Mozilla/5.0 (Windows NT 10.0; Win64; x64) AppleWebKit/537.36 (KHTML, like Gecko) Chrome/130.0.0.0 Safari/537.36 CCleaner/130.0.0.0"
147.45.139.42 - - [26/Feb/2025:04:25:21 +0000] "GET / HTTP/1.0" 403 2825 "https://plantamadre.es/" "Mozilla/5.0 (Windows NT 10.0; Win64; x64) AppleWebKit/537.36 (KHTML, like Gecko) Chrome/130.0.0.0 Safari/537.36 CCleaner/130.0.0.0"
147.45.139.42 - - [26/Feb/2025:04:25:23 +0000] "GET / HTTP/1.0" 403 2825 "https://plantamadre.es/" "Mozilla/5.0 (Windows NT 10.0; Win64; x64) AppleWebKit/537.36 (KHTML, like Gecko) Chrome/130.0.0.0 Safari/537.36 CCleaner/130.0.0.0"
146.190.157.162 - - [26/Feb/2025:04:31:05 +0000] "POST /wp-cron.php?doing_wp_cron=1740544265.9334199428558349609375 HTTP/1.1" 200 2850 "-" "WordPress/6.3.5; https://plantamadre.es"
212.8.248.108 - - [26/Feb/2025:04:31:04 +0000] "GET /tienda/ez-test/ez-test-ketamina HTTP/1.0" 404 108799 "-" "Mozilla/5.0 (Windows NT 10.0; Win64; x64) AppleWebKit/537.36 (KHTML, like Gecko) Chrome/118.0.0.0 Safari/537.36"
146.190.157.162 - - [26/Feb/2025:04:32:35 +0000] "POST /wp-cron.php?doing_wp_cron=1740544355.4520199298858642578125 HTTP/1.1" 200 2849 "-" "WordPress/6.3.5; https://plantamadre.es"
20.171.207.32 - - [26/Feb/2025:04:32:34 +0000] "GET /?add-to-cart=25022 HTTP/1.1" 200 28540 "-" "Mozilla/5.0 AppleWebKit/537.36 (KHTML, like Gecko; compatible; GPTBot/1.2; +https://openai.com/gptbot)"
45.166.207.185 - - [26/Feb/2025:04:32:35 +0000] "GET /tienda/alta-presion-de-sodio-crecimiento-y-floracion/bombilla-sylvania-grolux-250w/ HTTP/1.1" 404 108988 "https://plantamadre.es" "Mozilla/5.0 (Windows NT 10.0; Win64; x64) AppleWebKit/537.36 (KHTML, like Gecko) Chrome/62.0.3202.94 Safari/537.36"
20.171.207.32 - - [26/Feb/2025:04:32:37 +0000] "GET /?add-to-cart=25005 HTTP/1.1" 200 25951 "-" "Mozilla/5.0 AppleWebKit/537.36 (KHTML, like Gecko; compatible; GPTBot/1.2; +https://openai.com/gptbot)"
45.166.207.185 - - [26/Feb/2025:04:32:40 +0000] "GET /tienda/alta-presion-de-sodio-crecimiento-y-floracion/bombilla-sylvania-grolux-250w/ HTTP/1.1" 404 108987 "https://plantamadre.es" "Mozilla/5.0 (Windows NT 10.0; Win64; x64) AppleWebKit/537.36 (KHTML, like Gecko) Chrome/62.0.3202.94 Safari/537.36"
20.171.207.32 - - [26/Feb/2025:04:32:41 +0000] "GET /home/feed/ HTTP/1.1" 200 1030 "-" "Mozilla/5.0 AppleWebKit/537.36 (KHTML, like Gecko; compatible; GPTBot/1.2; +https://openai.com/gptbot)"
20.171.207.32 - - [26/Feb/2025:04:32:45 +0000] "GET /?add-to-cart=25039 HTTP/1.1" 200 25926 "-" "Mozilla/5.0 AppleWebKit/537.36 (KHTML, like Gecko; compatible; GPTBot/1.2; +https://openai.com/gptbot)"
20.171.207.32 - - [26/Feb/2025:04:32:48 +0000] "GET /wp-json/wp/v2/pages/20023 HTTP/1.1" 200 24359 "-" "Mozilla/5.0 AppleWebKit/537.36 (KHTML, like Gecko; compatible; GPTBot/1.2; +https://openai.com/gptbot)"
45.166.207.185 - - [26/Feb/2025:04:32:47 +0000] "GET /tienda/alta-presion-de-sodio-crecimiento-y-floracion/bombilla-sylvania-grolux-250w/ HTTP/1.1" 404 108987 "https://plantamadre.es" "Mozilla/5.0 (Windows NT 10.0; Win64; x64) AppleWebKit/537.36 (KHTML, like Gecko) Chrome/62.0.3202.94 Safari/537.36"
20.171.207.32 - - [26/Feb/2025:04:32:51 +0000] "GET /wp-json/oembed/1.0/embed?format=xml&url=https%3A%2F%2Fplantamadre.es%2F HTTP/1.1" 200 1853 "-" "Mozilla/5.0 AppleWebKit/537.36 (KHTML, like Gecko; compatible; GPTBot/1.2; +https://openai.com/gptbot)"
20.171.207.32 - - [26/Feb/2025:04:32:53 +0000] "GET /wp-content/et-cache/20023/et-core-unified-tb-20099-20023-17386084428238.min.css HTTP/1.1" 200 2045 "-" "Mozilla/5.0 AppleWebKit/537.36 (KHTML, like Gecko; compatible; GPTBot/1.2; +https://openai.com/gptbot)"
146.190.157.162 - - [26/Feb/2025:04:32:54 +0000] "POST /wp-cron.php?doing_wp_cron=1740544374.0003271102905273437500 HTTP/1.1" 200 2851 "-" "WordPress/6.3.5; https://plantamadre.es"
20.171.207.32 - - [26/Feb/2025:04:32:56 +0000] "GET /wp-content/et-cache/20023/et-core-unified-20023-17386084428238.min.css HTTP/1.1" 200 9065 "-" "Mozilla/5.0 AppleWebKit/537.36 (KHTML, like Gecko; compatible; GPTBot/1.2; +https://openai.com/gptbot)"
45.166.207.185 - - [26/Feb/2025:04:32:52 +0000] "GET /tienda/alta-presion-de-sodio-crecimiento-y-floracion/bombilla-sylvania-grolux-250w/ HTTP/1.1" 404 108987 "https://plantamadre.es" "Mozilla/5.0 (Windows NT 10.0; Win64; x64) AppleWebKit/537.36 (KHTML, like Gecko) Chrome/62.0.3202.94 Safari/537.36"
195.178.110.125 - - [26/Feb/2025:04:33:04 +0000] "GET /dump/.env HTTP/1.1" 404 109067 "-" "Mozilla/5.0"
146.190.157.162 - - [26/Feb/2025:04:34:21 +0000] "POST /wp-cron.php?doing_wp_cron=1740544461.4899990558624267578125 HTTP/1.1" 200 2849 "-" "WordPress/6.3.5; https://plantamadre.es"
38.152.207.117 - - [26/Feb/2025:04:34:19 +0000] "GET / HTTP/1.1" 200 27147 "-" "Mozilla/5.0 (X11; Linux x86_64) AppleWebKit/537.36 (KHTML, like Gecko) Chrome/114.0.0.0 Safari/537.36 Vivaldi/5.3.2679.68"
146.190.157.162 - - [26/Feb/2025:04:35:03 +0000] "POST /wp-cron.php?doing_wp_cron=1740544503.2059969902038574218750 HTTP/1.1" 200 2850 "-" "WordPress/6.3.5; https://plantamadre.es"
66.249.68.5 - - [26/Feb/2025:04:35:01 +0000] "GET /wp-content/uploads/2013/09/blueberry1.png HTTP/1.1" 404 109069 "-" "Googlebot-Image/1.0"
37.78.37.14 - - [26/Feb/2025:04:36:26 +0000] "GET /tienda/blim-burn-seeds/blim-burn-santa-muerte-6-semillas-feminizadas/ HTTP/1.0" 403 2777 "https://bo.remonts-spb.ru/remont-pylesosov/vyklyuchaetsya-vo-vremya-raboty/" "Mozilla/5.0 (Windows NT 10.0; Win64; x64) AppleWebKit/537.36 (KHTML, like Gecko) Chrome/103.0.5042.0 Safari/537.36"
146.190.157.162 - - [26/Feb/2025:04:36:27 +0000] "POST /wp-cron.php?doing_wp_cron=1740544587.4033689498901367187500 HTTP/1.1" 200 2849 "-" "WordPress/6.3.5; https://plantamadre.es"
37.78.37.14 - - [26/Feb/2025:04:36:29 +0000] "GET / HTTP/1.0" 403 2824 "https://bo.remonts-spb.ru/remont-pylesosov/vyklyuchaetsya-vo-vremya-raboty/" "Mozilla/5.0 (Windows NT 10.0; Win64; x64) AppleWebKit/537.36 (KHTML, like Gecko) Chrome/103.0.5042.0 Safari/537.36"
146.190.157.162 - - [26/Feb/2025:04:36:31 +0000] "POST /wp-cron.php?doing_wp_cron=1740544591.1962449550628662109375 HTTP/1.1" 200 2849 "-" "WordPress/6.3.5; https://plantamadre.es"
216.244.66.239 - - [26/Feb/2025:04:36:39 +0000] "GET /shop/page/5/?add-to-cart=24885 HTTP/1.1" 200 146809 "-" "Mozilla/5.0 (compatible; DotBot/1.2; +https://opensiteexplorer.org/dotbot; help@moz.com)"
216.244.66.239 - - [26/Feb/2025:04:36:46 +0000] "GET /shop/page/8/?add-to-cart=24962 HTTP/1.1" 200 148128 "-" "Mozilla/5.0 (compatible; DotBot/1.2; +https://opensiteexplorer.org/dotbot; help@moz.com)"
146.190.157.162 - - [26/Feb/2025:04:38:59 +0000] "POST /wp-cron.php?doing_wp_cron=1740544739.7764561176300048828125 HTTP/1.1" 200 2851 "-" "WordPress/6.3.5; https://plantamadre.es"
114.119.149.171 - - [26/Feb/2025:04:38:58 +0000] "GET /shop/instrumentos-de-medida/aire/ HTTP/1.1" 200 23804 "https://plantamadre.es/shop/page/6/" "Mozilla/5.0 (Linux; Android 7.0;) AppleWebKit/537.36 (KHTML, like Gecko) Mobile Safari/537.36 (compatible; PetalBot;+https://webmaster.petalsearch.com/site/petalbot)"
109.236.93.77 - - [26/Feb/2025:04:39:29 +0000] "HEAD /tienda/vapeadores/smok-vape-pen-22-1650mah HTTP/1.1" 403 2688 "https://plantamadre.es" "Mozilla/5.0 (Windows NT 10.0; Win64; x64) AppleWebKit/537.36 (KHTML, like Gecko) Chrome/100.0.4896.127 Safari/537.36"
146.190.157.162 - - [26/Feb/2025:04:39:31 +0000] "POST /wp-cron.php?doing_wp_cron=1740544771.0894110202789306640625 HTTP/1.1" 200 2851 "-" "WordPress/6.3.5; https://plantamadre.es"
109.236.93.77 - - [26/Feb/2025:04:39:32 +0000] "GET /tienda/vapeadores/smok-vape-pen-22-1650mah HTTP/1.1" 403 452 "https://plantamadre.es" "Mozilla/5.0 (Windows NT 10.0; Win64; x64) AppleWebKit/537.36 (KHTML, like Gecko) Chrome/100.0.4896.127 Safari/537.36"
154.30.109.107 - - [26/Feb/2025:04:39:32 +0000] "GET /product/aire-acondicionado-electrogrow/ HTTP/1.1" 200 32888 "-" "Mozilla/5.0 (X11; Linux x86_64) AppleWebKit/537.36 (KHTML, like Gecko) Chrome/114.0.0.0 Safari/537.36 OPR/89.0.4447.51"
66.249.68.5 - - [26/Feb/2025:04:39:37 +0000] "GET /wp-content/uploads/2019/02/CREAM-MANDARINE.png HTTP/1.1" 404 109073 "-" "Googlebot-Image/1.0"
37.78.37.14 - - [26/Feb/2025:04:39:41 +0000] "GET /tienda/ph-y-ec/milwaukee-kit-controlador-ph-bomba-dosificadora-mc720-apto-para-inyectar-corrector-ph-y-ph/ HTTP/1.0" 403 2777 "https://zanussi.remonts-spb.ru/remont-stiralnyh-mashin/zwsg-6100-v/" "Mozilla/5.0 (Windows NT 10.0; Win64; x64) AppleWebKit/537.36 (KHTML, like Gecko) Chrome/103.0.5060.114 Safari/537.36"
37.78.37.14 - - [26/Feb/2025:04:39:43 +0000] "GET / HTTP/1.0" 403 2824 "https://zanussi.remonts-spb.ru/remont-stiralnyh-mashin/zwsg-6100-v/" "Mozilla/5.0 (Windows NT 10.0; Win64; x64) AppleWebKit/537.36 (KHTML, like Gecko) Chrome/103.0.5060.114 Safari/537.36"
89.110.95.69 - - [26/Feb/2025:04:40:12 +0000] "GET /tienda/microscopios/microscopio-mini-45x-con-luz-vdl/ HTTP/1.0" 403 2778 "https://plantamadre.es/tienda/microscopios/microscopio-mini-45x-con-luz-vdl/" "Mozilla/5.0 (Windows NT 10.0; Win64; x64) AppleWebKit/537.36 (KHTML, like Gecko) Chrome/129.0.0.0 Safari/537.36"
89.110.95.69 - - [26/Feb/2025:04:40:14 +0000] "GET / HTTP/1.0" 403 2824 "https://plantamadre.es/tienda/microscopios/microscopio-mini-45x-con-luz-vdl/" "Mozilla/5.0 (Windows NT 10.0; Win64; x64) AppleWebKit/537.36 (KHTML, like Gecko) Chrome/129.0.0.0 Safari/537.36"
89.110.95.69 - - [26/Feb/2025:04:40:17 +0000] "GET / HTTP/1.0" 403 2823 "https://plantamadre.es/" "Mozilla/5.0 (Windows NT 10.0; Win64; x64) AppleWebKit/537.36 (KHTML, like Gecko) Chrome/129.0.0.0 Safari/537.36"
89.110.95.69 - - [26/Feb/2025:04:40:19 +0000] "GET / HTTP/1.0" 403 2824 "https://plantamadre.es/" "Mozilla/5.0 (Windows NT 10.0; Win64; x64) AppleWebKit/537.36 (KHTML, like Gecko) Chrome/129.0.0.0 Safari/537.36"
146.190.157.162 - - [26/Feb/2025:04:40:43 +0000] "POST /wp-cron.php?doing_wp_cron=1740544843.0520040988922119140625 HTTP/1.1" 200 2850 "-" "WordPress/6.3.5; https://plantamadre.es"
40.77.167.30 - - [26/Feb/2025:04:40:41 +0000] "GET /tienda/insecticidas/sbm-protect-home-insecticida-descarga-total-150ml/ HTTP/1.1" 404 109162 "-" "Mozilla/5.0 AppleWebKit/537.36 (KHTML, like Gecko; compatible; bingbot/2.0; +http://www.bing.com/bingbot.htm) Chrome/116.0.1938.76 Safari/537.36"
137.74.53.200 - - [26/Feb/2025:04:40:52 +0000] "GET /tienda/humedad/pure-factory-humidificador-8l/ HTTP/1.1" 404 109095 "-" "Mozilla/5.0 (X11; Ubuntu; Linux x86_64; rv:114.0) Gecko/20100101 Firefox/114.0"
137.74.53.200 - - [26/Feb/2025:04:40:58 +0000] "GET / HTTP/1.1" 200 27146 "-" "Mozilla/5.0 (X11; Ubuntu; Linux x86_64; rv:114.0) Gecko/20100101 Firefox/114.0"
137.74.53.200 - - [26/Feb/2025:04:41:06 +0000] "GET /wp-login.php?action=register HTTP/1.1" 302 3119 "https://plantamadre.es" "Mozilla/5.0 (Windows NT 6.3; Win64; x64) AppleWebKit/537.36 (KHTML, like Gecko) Chrome/103.0.0.0 Safari/537.36"
137.74.53.200 - - [26/Feb/2025:04:41:09 +0000] "GET /wp-login.php?registration=disabled HTTP/1.1" 200 6169 "https://plantamadre.es/wp-login.php?action=register" "Mozilla/5.0 (Windows NT 6.3; Win64; x64) AppleWebKit/537.36 (KHTML, like Gecko) Chrome/103.0.0.0 Safari/537.36"
146.190.157.162 - - [26/Feb/2025:04:41:39 +0000] "POST /wp-cron.php?doing_wp_cron=1740544899.4308040142059326171875 HTTP/1.1" 200 2850 "-" "WordPress/6.3.5; https://plantamadre.es"
131.108.19.205 - - [26/Feb/2025:04:41:38 +0000] "GET /tienda/00-seeds-bank-semillas/00-seeds-00-kush-5und-fem/ HTTP/1.1" 404 109107 "-" "Mozilla/5.0 (Windows NT 10.0; Win64; x64) AppleWebKit/537.36 (KHTML, like Gecko) Chrome/114.0.0.0 Safari/537.36 Vivaldi/5.3.2679.68"
131.108.19.205 - - [26/Feb/2025:04:41:43 +0000] "GET / HTTP/1.1" 200 27148 "-" "Mozilla/5.0 (Windows NT 10.0; Win64; x64) AppleWebKit/537.36 (KHTML, like Gecko) Chrome/114.0.0.0 Safari/537.36 Vivaldi/5.3.2679.68"
131.108.19.205 - - [26/Feb/2025:04:41:52 +0000] "GET /wp-login.php?action=register HTTP/1.1" 302 3119 "https://plantamadre.es" "Mozilla/5.0 (Windows NT 6.3; Win64; x64) AppleWebKit/537.36 (KHTML, like Gecko) Chrome/103.0.0.0 Safari/537.36"
131.108.19.205 - - [26/Feb/2025:04:41:55 +0000] "GET /wp-login.php?registration=disabled HTTP/1.1" 200 5953 "https://plantamadre.es/wp-login.php?action=register" "Mozilla/5.0 (Windows NT 6.3; Win64; x64) AppleWebKit/537.36 (KHTML, like Gecko) Chrome/103.0.0.0 Safari/537.36"
37.78.37.14 - - [26/Feb/2025:04:42:36 +0000] "GET /tienda/agrobacterias/agrobacterias-oidio-killer-60-ml/ HTTP/1.0" 403 2777 "https://zanussi.remonts-spb.ru/remont-stiralnyh-mashin/zwq-61216-wa/" "Mozilla/5.0 (Windows NT 10.0; Win64; x64) AppleWebKit/537.36 (KHTML, like Gecko) Chrome/103.0.5060.134 Safari/537.36"
146.190.157.162 - - [26/Feb/2025:04:42:37 +0000] "POST /wp-cron.php?doing_wp_cron=1740544957.9187779426574707031250 HTTP/1.1" 200 2851 "-" "WordPress/6.3.5; https://plantamadre.es"
37.78.37.14 - - [26/Feb/2025:04:42:39 +0000] "GET / HTTP/1.0" 403 2825 "https://zanussi.remonts-spb.ru/remont-stiralnyh-mashin/zwq-61216-wa/" "Mozilla/5.0 (Windows NT 10.0; Win64; x64) AppleWebKit/537.36 (KHTML, like Gecko) Chrome/103.0.5060.134 Safari/537.36"
37.78.37.14 - - [26/Feb/2025:04:43:13 +0000] "GET /tienda/agrobacterias/agrobacterias-snake-killer-50-gr/ HTTP/1.0" 403 2777 "https://daewoo.remonts-spb.ru/kontakty_rnd/" "Mozilla/5.0 (Windows NT 6.3; Win64; x64) AppleWebKit/537.36 (KHTML, like Gecko) Chrome/103.0.5060.53 Safari/537.36"
146.190.157.162 - - [26/Feb/2025:04:43:14 +0000] "POST /wp-cron.php?doing_wp_cron=1740544994.5646409988403320312500 HTTP/1.1" 200 2850 "-" "WordPress/6.3.5; https://plantamadre.es"
66.249.68.5 - - [26/Feb/2025:04:43:17 +0000] "GET /wp-content/uploads/2024/12/PRENSA-20T.png HTTP/1.1" 200 232629 "-" "Googlebot-Image/1.0"
37.78.37.14 - - [26/Feb/2025:04:43:16 +0000] "GET / HTTP/1.0" 403 2823 "https://daewoo.remonts-spb.ru/kontakty_rnd/" "Mozilla/5.0 (Windows NT 6.3; Win64; x64) AppleWebKit/537.36 (KHTML, like Gecko) Chrome/103.0.5060.53 Safari/537.36"
146.190.157.162 - - [26/Feb/2025:04:43:53 +0000] "POST /wp-cron.php?doing_wp_cron=1740545032.9734060764312744140625 HTTP/1.1" 200 2851 "-" "WordPress/6.3.5; https://plantamadre.es"
116.202.116.111 - - [26/Feb/2025:04:43:51 +0000] "GET /tienda/bongs-y-pipas/bong-cristal-varios-dibujos-14-cm/ HTTP/1.0" 404 108824 "https://plantamadre.es/tienda/bongs-y-pipas/bong-cristal-varios-dibujos-14-cm/#comment-466919" "Mozilla/5.0 (Windows NT 6.3) AppleWebKit/537.36 (KHTML, like Gecko) Chrome/103.0.0.0 Safari/537.36"
116.202.116.111 - - [26/Feb/2025:04:43:56 +0000] "GET / HTTP/1.0" 200 146441 "https://plantamadre.es/" "Mozilla/5.0 (Windows NT 6.3) AppleWebKit/537.36 (KHTML, like Gecko) Chrome/103.0.0.0 Safari/537.36"
37.78.37.14 - - [26/Feb/2025:04:45:40 +0000] "GET /tienda/grinder-madera/grinder-madera-tallado-marihuana/ HTTP/1.0" 403 2778 "https://kh.tytmastera.ru/remont-stiralnyh-mashin/" "Mozilla/5.0 (Windows NT 6.3) AppleWebKit/537.36 (KHTML, like Gecko) Chrome/103.0.0.0 Safari/537.36"
146.190.157.162 - - [26/Feb/2025:04:45:42 +0000] "POST /wp-cron.php?doing_wp_cron=1740545142.5301890373229980468750 HTTP/1.1" 200 2849 "-" "WordPress/6.3.5; https://plantamadre.es"
37.78.37.14 - - [26/Feb/2025:04:45:45 +0000] "GET / HTTP/1.0" 403 2824 "https://kh.tytmastera.ru/remont-stiralnyh-mashin/" "Mozilla/5.0 (Windows NT 6.3) AppleWebKit/537.36 (KHTML, like Gecko) Chrome/103.0.0.0 Safari/537.36"
89.110.95.69 - - [26/Feb/2025:04:45:51 +0000] "GET /tienda/green-house-fertilizantes/feeding-mostly-indica-10-gr-floracion-corta/ HTTP/1.0" 403 2778 "https://plantamadre.es/tienda/green-house-fertilizantes/feeding-mostly-indica-10-gr-floracion-corta/" "Mozilla/5.0 (Windows NT 10.0; Win64; x64) AppleWebKit/537.36 (KHTML, like Gecko) Chrome/129.0.0.0 Safari/537.36"
89.110.95.69 - - [26/Feb/2025:04:45:52 +0000] "GET /tienda/inciensos/portainciensos-torre-grande-de-madera/ HTTP/1.0" 403 2777 "https://plantamadre.es/tienda/inciensos/portainciensos-torre-grande-de-madera/" "Mozilla/5.0 (Windows NT 10.0; Win64; x64) AppleWebKit/537.36 (KHTML, like Gecko) Chrome/131.0.0.0 Safari/537.36 Avast/131.0.0.0"
89.110.95.69 - - [26/Feb/2025:04:45:53 +0000] "GET / HTTP/1.0" 403 2824 "https://plantamadre.es/tienda/green-house-fertilizantes/feeding-mostly-indica-10-gr-floracion-corta/" "Mozilla/5.0 (Windows NT 10.0; Win64; x64) AppleWebKit/537.36 (KHTML, like Gecko) Chrome/129.0.0.0 Safari/537.36"
89.110.95.69 - - [26/Feb/2025:04:45:54 +0000] "GET / HTTP/1.0" 403 2825 "https://plantamadre.es/tienda/inciensos/portainciensos-torre-grande-de-madera/" "Mozilla/5.0 (Windows NT 10.0; Win64; x64) AppleWebKit/537.36 (KHTML, like Gecko) Chrome/131.0.0.0 Safari/537.36 Avast/131.0.0.0"
89.110.95.69 - - [26/Feb/2025:04:45:56 +0000] "GET / HTTP/1.0" 403 2824 "https://plantamadre.es/" "Mozilla/5.0 (Windows NT 10.0; Win64; x64) AppleWebKit/537.36 (KHTML, like Gecko) Chrome/129.0.0.0 Safari/537.36"
89.110.95.69 - - [26/Feb/2025:04:45:57 +0000] "GET / HTTP/1.0" 403 2824 "https://plantamadre.es/" "Mozilla/5.0 (Windows NT 10.0; Win64; x64) AppleWebKit/537.36 (KHTML, like Gecko) Chrome/131.0.0.0 Safari/537.36 Avast/131.0.0.0"
89.110.95.69 - - [26/Feb/2025:04:45:58 +0000] "GET / HTTP/1.0" 403 2823 "https://plantamadre.es/" "Mozilla/5.0 (Windows NT 10.0; Win64; x64) AppleWebKit/537.36 (KHTML, like Gecko) Chrome/129.0.0.0 Safari/537.36"
89.110.95.69 - - [26/Feb/2025:04:45:59 +0000] "GET / HTTP/1.0" 403 2825 "https://plantamadre.es/" "Mozilla/5.0 (Windows NT 10.0; Win64; x64) AppleWebKit/537.36 (KHTML, like Gecko) Chrome/131.0.0.0 Safari/537.36 Avast/131.0.0.0"
52.167.144.214 - - [26/Feb/2025:04:47:34 +0000] "GET /shop/tratamientos-de-olores/accesorios-filtros/ HTTP/1.1" 301 513 "-" "Mozilla/5.0 AppleWebKit/537.36 (KHTML, like Gecko; compatible; bingbot/2.0; +http://www.bing.com/bingbot.htm) Chrome/116.0.1938.76 Safari/537.36"
185.98.5.138 - - [26/Feb/2025:04:48:16 +0000] "POST /xmlrpc.php HTTP/1.1" 200 3334 "-" "Mozilla/5.0 (Windows NT 10.0; WOW64) AppleWebKit/537.36 (KHTML, like Gecko) Chrome/91.0.4472.114 Safari/537.36"
166.62.89.87 - - [26/Feb/2025:04:48:16 +0000] "POST /xmlrpc.php HTTP/1.1" 200 3335 "-" "Mozilla/5.0 (Windows NT 5.1; rv:30.0) Gecko/20100101 Firefox/30.0"
146.190.157.162 - - [26/Feb/2025:04:48:18 +0000] "POST /wp-cron.php?doing_wp_cron=1740545298.4130649566650390625000 HTTP/1.1" 200 2850 "-" "WordPress/6.3.5; https://plantamadre.es"
193.207.56.130 - - [26/Feb/2025:04:48:36 +0000] "POST /xmlrpc.php HTTP/1.1" 200 3107 "-" "Mozilla/5.0 (Windows NT 10.0; Win64; x64) AppleWebKit/537.36 (KHTML, like Gecko) Chrome/79.0.3945.130 Safari/537.36"
146.190.157.162 - - [26/Feb/2025:04:48:37 +0000] "POST /wp-cron.php?doing_wp_cron=1740545317.9490048885345458984375 HTTP/1.1" 200 2850 "-" "WordPress/6.3.5; https://plantamadre.es"
166.62.89.87 - - [26/Feb/2025:04:48:38 +0000] "POST /xmlrpc.php HTTP/1.1" 200 3336 "-" "Mozilla/5.0 (Windows NT 6.1; rv:17.0) Gecko/20100101 Firefox/20.6.14"
150.109.10.35 - - [26/Feb/2025:04:48:42 +0000] "POST /xmlrpc.php HTTP/1.1" 200 3337 "-" "Mozilla/5.0 (Windows NT 6.1; WOW64; rv:17.0) Gecko/20100101 Firefox/17.0"
185.141.134.205 - - [26/Feb/2025:04:48:42 +0000] "POST /xmlrpc.php HTTP/1.1" 200 3339 "-" "Mozilla/5.0 (Windows NT 10.0; WOW64) AppleWebKit/537.36 (KHTML, like Gecko) Chrome/91.0.4472.114 Safari/537.36"
66.249.68.5 - - [26/Feb/2025:04:48:51 +0000] "GET /wp-content/uploads/2013/12/WEMBLEY.png HTTP/1.1" 404 109065 "-" "Googlebot-Image/1.0"
144.24.146.249 - - [26/Feb/2025:04:48:53 +0000] "POST /xmlrpc.php HTTP/1.1" 200 3320 "-" "Mozilla/5.0 (iPad; CPU OS 14_6 like Mac OS X) AppleWebKit/605.1.15 (KHTML, like Gecko) CriOS/91.0.4472.80 Mobile/15E148 Safari/604.1"
162.253.17.204 - - [26/Feb/2025:04:49:02 +0000] "POST /xmlrpc.php HTTP/1.1" 200 3135 "-" "Mozilla/5.0 (Windows NT 10.0; Win64; x64) AppleWebKit/537.36 (KHTML, like Gecko) Chrome/91.0.4472.114 Safari/537.36"
52.220.241.45 - - [26/Feb/2025:04:49:09 +0000] "POST /xmlrpc.php HTTP/1.1" 200 3134 "-" "Mozilla/5.0 (Windows NT 5.1; rv:40.0) Gecko/20100101 Firefox/40.0"
154.85.196.130 - - [26/Feb/2025:04:49:13 +0000] "POST /xmlrpc.php HTTP/1.1" 200 3136 "-" "Mozilla/5.0 (Windows NT 10.0; WOW64) AppleWebKit/537.36 (KHTML, like Gecko) Chrome/91.0.4472.114 Safari/537.36"
37.78.37.14 - - [26/Feb/2025:04:49:56 +0000] "GET /tienda/vaporizadores/snoop-dogg-g-pen-herbal-vaporizador-portatil/ HTTP/1.0" 403 2777 "https://whirpool.remonts-spb.ru/remont-holodilnikov/arg-18082-a/" "Mozilla/5.0 (Windows NT 6.1; Win64; x64) AppleWebKit/537.36 (KHTML, like Gecko) Chrome/103.0.0.0 Safari/537.36"
146.190.157.162 - - [26/Feb/2025:04:49:58 +0000] "POST /wp-cron.php?doing_wp_cron=1740545398.1201090812683105468750 HTTP/1.1" 200 2850 "-" "WordPress/6.3.5; https://plantamadre.es"
37.78.37.14 - - [26/Feb/2025:04:50:00 +0000] "GET / HTTP/1.0" 403 2824 "https://whirpool.remonts-spb.ru/remont-holodilnikov/arg-18082-a/" "Mozilla/5.0 (Windows NT 6.1; Win64; x64) AppleWebKit/537.36 (KHTML, like Gecko) Chrome/103.0.0.0 Safari/537.36"
146.190.157.162 - - [26/Feb/2025:04:52:07 +0000] "POST /wp-cron.php?doing_wp_cron=1740545527.8137719631195068359375 HTTP/1.1" 200 2851 "-" "WordPress/6.3.5; https://plantamadre.es"
45.166.207.185 - - [26/Feb/2025:04:52:06 +0000] "GET /tienda/otros/lombricor-humus-de-lombriz-10l-6kg/ HTTP/1.1" 404 108953 "https://plantamadre.es" "Mozilla/5.0 (Windows NT 10.0; Win64; x64) AppleWebKit/537.36 (KHTML, like Gecko) Chrome/62.0.3202.94 Safari/537.36"
146.190.157.162 - - [26/Feb/2025:04:52:19 +0000] "POST /wp-cron.php?doing_wp_cron=1740545539.8164710998535156250000 HTTP/1.1" 200 2850 "-" "WordPress/6.3.5; https://plantamadre.es"
45.166.207.185 - - [26/Feb/2025:04:52:18 +0000] "GET /tienda/otros/lombricor-humus-de-lombriz-10l-6kg/ HTTP/1.1" 404 108952 "https://plantamadre.es" "Mozilla/5.0 (Windows NT 10.0; Win64; x64) AppleWebKit/537.36 (KHTML, like Gecko) Chrome/62.0.3202.94 Safari/537.36"
45.166.207.185 - - [26/Feb/2025:04:52:24 +0000] "GET /tienda/otros/lombricor-humus-de-lombriz-10l-6kg/ HTTP/1.1" 404 108953 "https://plantamadre.es" "Mozilla/5.0 (Windows NT 10.0; Win64; x64) AppleWebKit/537.36 (KHTML, like Gecko) Chrome/62.0.3202.94 Safari/537.36"
20.171.207.32 - - [26/Feb/2025:04:52:28 +0000] "GET /embed/ HTTP/1.1" 301 2861 "-" "Mozilla/5.0 AppleWebKit/537.36 (KHTML, like Gecko; compatible; GPTBot/1.2; +https://openai.com/gptbot)"
146.190.157.162 - - [26/Feb/2025:04:52:33 +0000] "POST /wp-cron.php?doing_wp_cron=1740545553.1956200599670410156250 HTTP/1.1" 200 2850 "-" "WordPress/6.3.5; https://plantamadre.es"
20.171.207.32 - - [26/Feb/2025:04:52:31 +0000] "GET /author/admin/ HTTP/1.1" 200 17582 "-" "Mozilla/5.0 AppleWebKit/537.36 (KHTML, like Gecko; compatible; GPTBot/1.2; +https://openai.com/gptbot)"
146.190.157.162 - - [26/Feb/2025:04:54:36 +0000] "POST /wp-cron.php?doing_wp_cron=1740545676.7462639808654785156250 HTTP/1.1" 200 2850 "-" "WordPress/6.3.5; https://plantamadre.es"
45.166.207.185 - - [26/Feb/2025:04:54:35 +0000] "GET /tienda/co2/co2-boost-cubo-y-bomba-co2boost/ HTTP/1.1" 404 108948 "https://plantamadre.es" "Mozilla/5.0 (Windows NT 10.0; Win64; x64) AppleWebKit/537.36 (KHTML, like Gecko) Chrome/62.0.3202.94 Safari/537.36"
45.166.207.185 - - [26/Feb/2025:04:54:40 +0000] "GET /tienda/co2/co2-boost-cubo-y-bomba-co2boost/ HTTP/1.1" 404 108948 "https://plantamadre.es" "Mozilla/5.0 (Windows NT 10.0; Win64; x64) AppleWebKit/537.36 (KHTML, like Gecko) Chrome/62.0.3202.94 Safari/537.36"
191.96.168.219 - - [26/Feb/2025:04:55:04 +0000] "GET /tienda/ez-test/ez-test-ketamina/ HTTP/1.1" 404 109081 "-" "Mozilla/5.0 (X11; Linux x86_64) AppleWebKit/537.36 (KHTML, like Gecko) Chrome/114.0.0.0 Safari/537.36 OPR/89.0.4447.51"
185.207.250.205 - - [26/Feb/2025:04:57:26 +0000] "GET /robots.txt HTTP/1.1" 200 2843 "-" "Mozilla/5.0 (compatible; MJ12bot/v1.4.8; http://mj12bot.com/)"
146.190.157.162 - - [26/Feb/2025:04:57:27 +0000] "POST /wp-cron.php?doing_wp_cron=1740545847.4566769599914550781250 HTTP/1.1" 200 2849 "-" "WordPress/6.3.5; https://plantamadre.es"
146.190.157.162 - - [26/Feb/2025:04:57:35 +0000] "POST /wp-cron.php?doing_wp_cron=1740545855.7226059436798095703125 HTTP/1.1" 200 2850 "-" "WordPress/6.3.5; https://plantamadre.es"
185.207.250.205 - - [26/Feb/2025:04:57:34 +0000] "GET /tienda/delicious-semillas-autoflorecientes/delicious-seeds-la-diva-3%E2%99%80/?add-to-cart=570 HTTP/1.1" 404 106574 "-" "Mozilla/5.0 (compatible; MJ12bot/v1.4.8; http://mj12bot.com/)"
185.207.250.205 - - [26/Feb/2025:04:57:40 +0000] "GET /tienda/delicious-semillas-autoflorecientes/delicious-seeds-la-diva-3%E2%99%80/?add-to-cart=572 HTTP/1.1" 404 106574 "-" "Mozilla/5.0 (compatible; MJ12bot/v1.4.8; http://mj12bot.com/)"
185.207.250.205 - - [26/Feb/2025:04:57:49 +0000] "GET /tienda/delicious-semillas-autoflorecientes/delicious-seeds-la-diva-3%E2%99%80/?add-to-cart=574 HTTP/1.1" 404 108906 "-" "Mozilla/5.0 (compatible; MJ12bot/v1.4.8; http://mj12bot.com/)"
146.190.157.162 - - [26/Feb/2025:04:57:56 +0000] "POST /wp-cron.php?doing_wp_cron=1740545876.7132360935211181640625 HTTP/1.1" 200 2850 "-" "WordPress/6.3.5; https://plantamadre.es"
185.207.250.205 - - [26/Feb/2025:04:57:55 +0000] "GET /tienda/delicious-semillas-autoflorecientes/delicious-seeds-la-diva-3%E2%99%80/?add-to-cart=575 HTTP/1.1" 404 106574 "-" "Mozilla/5.0 (compatible; MJ12bot/v1.4.8; http://mj12bot.com/)"
51.222.253.19 - - [26/Feb/2025:04:57:54 +0000] "GET /tienda/insecticidas/prot-eco-bio-neem-300-ml/ HTTP/1.1" 404 98153 "-" "Mozilla/5.0 (compatible; AhrefsBot/7.0; +http://ahrefs.com/robot/)"
185.207.250.205 - - [26/Feb/2025:04:58:04 +0000] "GET /tienda/delicious-semillas-autoflorecientes/delicious-seeds-la-diva-3%E2%99%80/?add-to-cart=576 HTTP/1.1" 404 108906 "-" "Mozilla/5.0 (compatible; MJ12bot/v1.4.8; http://mj12bot.com/)"
185.207.250.205 - - [26/Feb/2025:04:58:11 +0000] "GET /tienda/delicious-semillas-autoflorecientes/delicious-seeds-la-diva-3%E2%99%80/?add-to-cart=5764 HTTP/1.1" 404 106575 "-" "Mozilla/5.0 (compatible; MJ12bot/v1.4.8; http://mj12bot.com/)"
185.207.250.205 - - [26/Feb/2025:04:58:23 +0000] "GET /tienda/delicious-semillas-autoflorecientes/delicious-seeds-la-diva-3%E2%99%80/?add-to-cart=5774 HTTP/1.1" 404 108908 "-" "Mozilla/5.0 (compatible; MJ12bot/v1.4.8; http://mj12bot.com/)"
146.190.157.162 - - [26/Feb/2025:04:58:34 +0000] "POST /wp-cron.php?doing_wp_cron=1740545914.3669579029083251953125 HTTP/1.1" 200 2851 "-" "WordPress/6.3.5; https://plantamadre.es"
185.207.250.205 - - [26/Feb/2025:04:58:32 +0000] "GET /tienda/delicious-semillas-autoflorecientes/delicious-seeds-la-diva-3%E2%99%80/?add-to-cart=5776 HTTP/1.1" 404 108907 "-" "Mozilla/5.0 (compatible; MJ12bot/v1.4.8; http://mj12bot.com/)"
185.207.250.205 - - [26/Feb/2025:04:58:40 +0000] "GET /tienda/delicious-semillas-autoflorecientes/delicious-seeds-la-diva-3%E2%99%80/?add-to-cart=578 HTTP/1.1" 404 106574 "-" "Mozilla/5.0 (compatible; MJ12bot/v1.4.8; http://mj12bot.com/)"
185.207.250.205 - - [26/Feb/2025:04:58:45 +0000] "GET /tienda/delicious-semillas-autoflorecientes/delicious-seeds-la-diva-3%E2%99%80/?add-to-cart=579 HTTP/1.1" 404 106574 "-" "Mozilla/5.0 (compatible; MJ12bot/v1.4.8; http://mj12bot.com/)"
185.207.250.205 - - [26/Feb/2025:04:58:50 +0000] "GET /tienda/delicious-semillas-autoflorecientes/delicious-seeds-la-diva-3%E2%99%80/?add-to-cart=5807 HTTP/1.1" 404 106575 "-" "Mozilla/5.0 (compatible; MJ12bot/v1.4.8; http://mj12bot.com/)"
185.207.250.205 - - [26/Feb/2025:04:58:55 +0000] "GET /tienda/delicious-semillas-autoflorecientes/delicious-seeds-la-diva-3%E2%99%80/?add-to-cart=5809 HTTP/1.1" 404 106575 "-" "Mozilla/5.0 (compatible; MJ12bot/v1.4.8; http://mj12bot.com/)"
185.207.250.205 - - [26/Feb/2025:04:59:01 +0000] "GET /tienda/delicious-semillas-autoflorecientes/delicious-seeds-la-diva-3%E2%99%80/?add-to-cart=5814 HTTP/1.1" 404 106575 "-" "Mozilla/5.0 (compatible; MJ12bot/v1.4.8; http://mj12bot.com/)"
