108.181.196.60 - - [25/Feb/2025:19:01:20 +0000] "GET /tienda/semillas-3/venus-genetics-aktombe-3-semillas-fem/ HTTP/1.1" 404 106733 "-" "-"
108.181.196.60 - - [25/Feb/2025:19:01:25 +0000] "POST /wp-comments-post.php HTTP/1.1" 200 448 "-" "-"
108.181.196.60 - - [25/Feb/2025:19:01:26 +0000] "POST /wp-comments-post.php HTTP/1.1" 200 448 "-" "-"
108.181.196.60 - - [25/Feb/2025:19:01:26 +0000] "GET /tienda/utensil-de-cosecha/tijeras-podar-metalica-hortiline/ HTTP/1.1" 404 106539 "-" "-"
146.190.157.162 - - [25/Feb/2025:19:01:32 +0000] "POST /wp-cron.php?doing_wp_cron=1740510092.2746539115905761718750 HTTP/1.1" 200 2849 "-" "WordPress/6.3.5; https://plantamadre.es"
108.181.196.60 - - [25/Feb/2025:19:01:25 +0000] "GET /tienda/cannabiogen-semillas/cannabiogen-sandstorm-5-sem-fem/ HTTP/1.1" 404 106475 "-" "-"
108.181.196.60 - - [25/Feb/2025:19:01:29 +0000] "GET /tienda/delicious/critical-sensi-star-feminizada-10-semillas-2/ HTTP/1.1" 404 106607 "-" "-"
108.181.196.60 - - [25/Feb/2025:19:01:33 +0000] "POST /wp-comments-post.php HTTP/1.1" 200 2640 "-" "-"
108.181.196.60 - - [25/Feb/2025:19:01:35 +0000] "POST /wp-comments-post.php HTTP/1.1" 200 448 "-" "-"
108.181.196.60 - - [25/Feb/2025:19:01:39 +0000] "POST /wp-comments-post.php HTTP/1.1" 200 2638 "-" "-"
62.117.170.101 - - [25/Feb/2025:19:01:42 +0000] "POST /wp-admin/admin-ajax.php HTTP/1.1" 200 982 "https://plantamadre.es/wp-admin/post.php?post=25043&action=edit" "Mozilla/5.0 (Windows NT 10.0; Win64; x64) AppleWebKit/537.36 (KHTML, like Gecko) Chrome/133.0.0.0 Safari/537.36"
77.232.37.35 - - [25/Feb/2025:19:02:01 +0000] "GET /tienda/microscopios/microscopio-mini-45x-con-luz-vdl/ HTTP/1.0" 403 2776 "-" "Mozilla/5.0 (Windows NT 6.3; Win64; x64) AppleWebKit/537.36 (KHTML, like Gecko) Chrome/75.0.3770.100 Safari/537.36"
146.190.157.162 - - [25/Feb/2025:19:02:45 +0000] "POST /wp-cron.php?doing_wp_cron=1740510165.2915298938751220703125 HTTP/1.1" 200 2850 "-" "WordPress/6.3.5; https://plantamadre.es"
82.213.251.63 - - [25/Feb/2025:19:02:43 +0000] "GET / HTTP/1.1" 200 27147 "-" "Mozilla/5.0 (Windows NT 10.0; Win64; x64) AppleWebKit/537.36 (KHTML, like Gecko) Chrome/114.0.0.0 Safari/537.36 OPR/89.0.4447.51"
77.232.37.35 - - [25/Feb/2025:19:02:51 +0000] "GET /tienda/inciensos/portainciensos-torre-grande-de-madera/ HTTP/1.0" 403 2777 "-" "Mozilla/5.0 (Windows NT 6.3; Win64; x64) AppleWebKit/537.36 (KHTML, like Gecko) Chrome/75.0.3770.100 Safari/537.36"
77.232.37.35 - - [25/Feb/2025:19:02:52 +0000] "GET /tienda/green-house-fertilizantes/feeding-mostly-indica-10-gr-floracion-corta/ HTTP/1.0" 403 2778 "-" "Mozilla/5.0 (Windows NT 6.3; Win64; x64) AppleWebKit/537.36 (KHTML, like Gecko) Chrome/75.0.3770.100 Safari/537.36"
146.190.157.162 - - [25/Feb/2025:19:02:54 +0000] "POST /wp-cron.php?doing_wp_cron=1740510174.2469329833984375000000 HTTP/1.1" 200 2850 "-" "WordPress/6.3.5; https://plantamadre.es"
13.79.186.222 - - [25/Feb/2025:19:03:02 +0000] "GET /dropdown.php HTTP/1.1" 301 443 "-" "-"
13.79.186.222 - - [25/Feb/2025:19:03:02 +0000] "GET /dropdown.php HTTP/1.1" 404 108824 "-" "-"
13.79.186.222 - - [25/Feb/2025:19:03:06 +0000] "GET /makeasmtp.php HTTP/1.1" 301 445 "-" "-"
13.79.186.222 - - [25/Feb/2025:19:03:06 +0000] "GET /makeasmtp.php HTTP/1.1" 404 106493 "-" "-"
13.79.186.222 - - [25/Feb/2025:19:03:09 +0000] "GET /wp-sigunq.php HTTP/1.1" 301 445 "-" "-"
13.79.186.222 - - [25/Feb/2025:19:03:09 +0000] "GET /wp-sigunq.php HTTP/1.1" 404 106493 "-" "-"
13.79.186.222 - - [25/Feb/2025:19:03:13 +0000] "GET /wso112233.php HTTP/1.1" 301 445 "-" "-"
13.79.186.222 - - [25/Feb/2025:19:03:13 +0000] "GET /wso112233.php HTTP/1.1" 404 106493 "-" "-"
13.79.186.222 - - [25/Feb/2025:19:03:16 +0000] "GET /alfanew.php HTTP/1.1" 301 441 "-" "-"
114.119.146.252 - - [25/Feb/2025:19:03:15 +0000] "GET /blog/ HTTP/1.1" 200 34168 "https://plantamadre.es/blog/" "Mozilla/5.0 (Linux; Android 7.0;) AppleWebKit/537.36 (KHTML, like Gecko) Mobile Safari/537.36 (compatible; PetalBot;+https://webmaster.petalsearch.com/site/petalbot)"
13.79.186.222 - - [25/Feb/2025:19:03:17 +0000] "GET /alfanew.php HTTP/1.1" 404 106491 "-" "-"
13.79.186.222 - - [25/Feb/2025:19:03:20 +0000] "GET /fw.php HTTP/1.1" 301 431 "-" "-"
13.79.186.222 - - [25/Feb/2025:19:03:20 +0000] "GET /fw.php HTTP/1.1" 404 106486 "-" "-"
13.79.186.222 - - [25/Feb/2025:19:03:24 +0000] "GET /install.php HTTP/1.1" 301 441 "-" "-"
13.79.186.222 - - [25/Feb/2025:19:03:24 +0000] "GET /install.php HTTP/1.1" 404 106491 "-" "-"
13.79.186.222 - - [25/Feb/2025:19:03:28 +0000] "GET /wp-login.php HTTP/1.1" 301 443 "-" "-"
13.79.186.222 - - [25/Feb/2025:19:03:28 +0000] "GET /wp-login.php HTTP/1.1" 200 9574 "-" "-"
13.79.186.222 - - [25/Feb/2025:19:03:33 +0000] "GET /chosen.php HTTP/1.1" 301 439 "-" "-"
146.190.157.162 - - [25/Feb/2025:19:03:31 +0000] "POST /wp-cron.php?doing_wp_cron=1740510211.9256548881530761718750 HTTP/1.1" 200 2850 "-" "WordPress/6.3.5; https://plantamadre.es"
13.79.186.222 - - [25/Feb/2025:19:03:33 +0000] "GET /chosen.php HTTP/1.1" 404 106490 "-" "-"
13.79.186.222 - - [25/Feb/2025:19:03:37 +0000] "GET /simple.php HTTP/1.1" 301 439 "-" "-"
13.79.186.222 - - [25/Feb/2025:19:03:37 +0000] "GET /simple.php HTTP/1.1" 404 106490 "-" "-"
13.79.186.222 - - [25/Feb/2025:19:03:41 +0000] "GET /inputs.php HTTP/1.1" 301 439 "-" "-"
13.79.186.222 - - [25/Feb/2025:19:03:41 +0000] "GET /inputs.php HTTP/1.1" 404 106490 "-" "-"
13.79.186.222 - - [25/Feb/2025:19:03:44 +0000] "GET /classsmtps.php HTTP/1.1" 301 447 "-" "-"
62.117.170.101 - - [25/Feb/2025:19:03:44 +0000] "POST /wp-admin/admin-ajax.php HTTP/1.1" 200 982 "https://plantamadre.es/wp-admin/post.php?post=25043&action=edit" "Mozilla/5.0 (Windows NT 10.0; Win64; x64) AppleWebKit/537.36 (KHTML, like Gecko) Chrome/133.0.0.0 Safari/537.36"
13.79.186.222 - - [25/Feb/2025:19:03:44 +0000] "GET /classsmtps.php HTTP/1.1" 404 106494 "-" "-"
13.79.186.222 - - [25/Feb/2025:19:03:47 +0000] "GET /wp-blog-header.php HTTP/1.1" 301 455 "-" "-"
13.79.186.222 - - [25/Feb/2025:19:03:47 +0000] "GET /wp-blog-header.php HTTP/1.1" 404 260 "-" "-"
13.79.186.222 - - [25/Feb/2025:19:03:50 +0000] "GET /wp-trackback.php HTTP/1.1" 301 451 "-" "-"
13.79.186.222 - - [25/Feb/2025:19:03:50 +0000] "GET /wp-trackback.php HTTP/1.1" 404 397 "-" "-"
13.79.186.222 - - [25/Feb/2025:19:03:53 +0000] "GET /wp-signup.php HTTP/1.1" 301 445 "-" "-"
13.79.186.222 - - [25/Feb/2025:19:03:53 +0000] "GET /wp-signup.php HTTP/1.1" 302 345 "-" "-"
13.79.186.222 - - [25/Feb/2025:19:03:56 +0000] "GET /wp-login.php?action=register HTTP/1.1" 302 501 "-" "-"
13.79.186.222 - - [25/Feb/2025:19:03:58 +0000] "GET /wp-login.php?registration=disabled HTTP/1.1" 200 9751 "-" "-"
13.79.186.222 - - [25/Feb/2025:19:04:00 +0000] "GET /wp-comments-post.php HTTP/1.1" 301 459 "-" "-"
13.79.186.222 - - [25/Feb/2025:19:04:01 +0000] "GET /wp-comments-post.php HTTP/1.1" 405 189 "-" "-"
13.79.186.222 - - [25/Feb/2025:19:04:01 +0000] "GET /wp-cron.php HTTP/1.1" 301 441 "-" "-"
13.79.186.222 - - [25/Feb/2025:19:04:01 +0000] "GET /wp-cron.php HTTP/1.1" 200 253 "-" "-"
13.79.186.222 - - [25/Feb/2025:19:04:03 +0000] "GET /wp-load.php HTTP/1.1" 301 441 "-" "-"
13.79.186.222 - - [25/Feb/2025:19:04:03 +0000] "GET /wp-load.php HTTP/1.1" 200 160 "-" "-"
13.79.186.222 - - [25/Feb/2025:19:04:06 +0000] "GET /wp-mail.php HTTP/1.1" 301 441 "-" "-"
13.79.186.222 - - [25/Feb/2025:19:04:06 +0000] "GET /wp-mail.php HTTP/1.1" 403 2854 "-" "-"
13.79.186.222 - - [25/Feb/2025:19:04:09 +0000] "GET /edit.php HTTP/1.1" 301 435 "-" "-"
13.79.186.222 - - [25/Feb/2025:19:04:09 +0000] "GET /edit.php HTTP/1.1" 404 106488 "-" "-"
13.79.186.222 - - [25/Feb/2025:19:04:12 +0000] "GET /wp-activate.php HTTP/1.1" 301 449 "-" "-"
13.79.186.222 - - [25/Feb/2025:19:04:12 +0000] "GET /wp-activate.php HTTP/1.1" 302 345 "-" "-"
13.79.186.222 - - [25/Feb/2025:19:04:14 +0000] "GET /wp-login.php?action=register HTTP/1.1" 302 501 "-" "-"
13.79.186.222 - - [25/Feb/2025:19:04:15 +0000] "GET /wp-login.php?registration=disabled HTTP/1.1" 200 9751 "-" "-"
13.79.186.222 - - [25/Feb/2025:19:04:17 +0000] "GET /plugins.php HTTP/1.1" 301 441 "-" "-"
13.79.186.222 - - [25/Feb/2025:19:04:17 +0000] "GET /plugins.php HTTP/1.1" 404 106491 "-" "-"
13.79.186.222 - - [25/Feb/2025:19:04:20 +0000] "GET /post.php HTTP/1.1" 301 435 "-" "-"
13.79.186.222 - - [25/Feb/2025:19:04:20 +0000] "GET /post.php HTTP/1.1" 404 106488 "-" "-"
13.79.186.222 - - [25/Feb/2025:19:04:23 +0000] "GET /admin.php HTTP/1.1" 301 437 "-" "-"
13.79.186.222 - - [25/Feb/2025:19:04:23 +0000] "GET /admin.php HTTP/1.1" 404 106489 "-" "-"
146.190.157.162 - - [25/Feb/2025:19:04:25 +0000] "POST /wp-cron.php?doing_wp_cron=1740510265.5155670642852783203125 HTTP/1.1" 200 2850 "-" "WordPress/6.3.5; https://plantamadre.es"
13.79.186.222 - - [25/Feb/2025:19:04:28 +0000] "GET /about.php HTTP/1.1" 301 437 "-" "-"
91.137.27.140 - - [25/Feb/2025:19:04:27 +0000] "GET /robots.txt HTTP/1.1" 200 2843 "-" "Mozilla/5.0 (compatible; MJ12bot/v1.4.8; http://mj12bot.com/)"
13.79.186.222 - - [25/Feb/2025:19:04:28 +0000] "GET /about.php HTTP/1.1" 404 106489 "-" "-"
13.79.186.222 - - [25/Feb/2025:19:04:32 +0000] "GET /wp-2019.php HTTP/1.1" 301 441 "-" "-"
91.137.27.140 - - [25/Feb/2025:19:04:32 +0000] "GET /tienda/delicious-semillas-autoflorecientes/delicious-seeds-la-diva-3%E2%99%80/?add-to-cart=234 HTTP/1.1" 404 106574 "-" "Mozilla/5.0 (compatible; MJ12bot/v1.4.8; http://mj12bot.com/)"
146.190.157.162 - - [25/Feb/2025:19:04:34 +0000] "POST /wp-cron.php?doing_wp_cron=1740510274.0668530464172363281250 HTTP/1.1" 200 2850 "-" "WordPress/6.3.5; https://plantamadre.es"
13.79.186.222 - - [25/Feb/2025:19:04:32 +0000] "GET /wp-2019.php HTTP/1.1" 404 106491 "-" "-"
13.79.186.222 - - [25/Feb/2025:19:04:37 +0000] "GET /geju.php HTTP/1.1" 301 435 "-" "-"
13.79.186.222 - - [25/Feb/2025:19:04:37 +0000] "GET /geju.php HTTP/1.1" 404 106488 "-" "-"
13.79.186.222 - - [25/Feb/2025:19:04:42 +0000] "GET /wp.php HTTP/1.1" 301 431 "-" "-"
91.137.27.140 - - [25/Feb/2025:19:04:38 +0000] "GET /tienda/delicious-semillas-autoflorecientes/delicious-seeds-la-diva-3%E2%99%80/?add-to-cart=261 HTTP/1.1" 404 106574 "-" "Mozilla/5.0 (compatible; MJ12bot/v1.4.8; http://mj12bot.com/)"
95.164.67.6 - - [25/Feb/2025:19:04:38 +0000] "GET /tienda/semillas/l-s-d-feminizada-10-semillas/ HTTP/1.1" 404 109096 "-" "Mozilla/5.0 (Windows NT 10.0; Win64; x64) AppleWebKit/537.36 (KHTML, like Gecko) Chrome/114.0.0.0 Safari/537.36 OPR/89.0.4447.51"
13.79.186.222 - - [25/Feb/2025:19:04:42 +0000] "GET /wp.php HTTP/1.1" 404 106486 "-" "-"
13.79.186.222 - - [25/Feb/2025:19:04:46 +0000] "GET /hoot.php HTTP/1.1" 301 435 "-" "-"
46.232.114.251 - - [25/Feb/2025:19:04:44 +0000] "HEAD /tienda/cultivo-indoor/masterclean-5l-alcohol-isopropilico-999/ HTTP/1.1" 404 2696 "https://plantamadre.es" "Mozilla/5.0 (Windows NT 10.0; Win64; x64) AppleWebKit/537.36 (KHTML, like Gecko) Chrome/97.0.4692.71 Safari/537.36"
95.164.67.6 - - [25/Feb/2025:19:04:44 +0000] "GET / HTTP/1.1" 200 27147 "-" "Mozilla/5.0 (Windows NT 10.0; Win64; x64) AppleWebKit/537.36 (KHTML, like Gecko) Chrome/114.0.0.0 Safari/537.36 OPR/89.0.4447.51"
91.137.27.140 - - [25/Feb/2025:19:04:44 +0000] "GET /tienda/delicious-semillas-autoflorecientes/delicious-seeds-la-diva-3%E2%99%80/?add-to-cart=263 HTTP/1.1" 404 106574 "-" "Mozilla/5.0 (compatible; MJ12bot/v1.4.8; http://mj12bot.com/)"
13.79.186.222 - - [25/Feb/2025:19:04:47 +0000] "GET /hoot.php HTTP/1.1" 404 106488 "-" "-"
13.79.186.222 - - [25/Feb/2025:19:04:51 +0000] "GET /about.php HTTP/1.1" 301 437 "-" "-"
91.231.142.105 - - [25/Feb/2025:19:04:48 +0000] "HEAD /tienda/cultivo-indoor/masterclean-5l-alcohol-isopropilico-999/ HTTP/1.1" 404 2697 "https://plantamadre.es" "Mozilla/5.0 (Windows NT 10.0; Win64; x64) AppleWebKit/537.36 (KHTML, like Gecko) Chrome/97.0.4692.71 Safari/537.36"
13.79.186.222 - - [25/Feb/2025:19:04:51 +0000] "GET /about.php HTTP/1.1" 404 106489 "-" "-"
91.137.27.140 - - [25/Feb/2025:19:04:51 +0000] "GET /tienda/delicious-semillas-autoflorecientes/delicious-seeds-la-diva-3%E2%99%80/?add-to-cart=267 HTTP/1.1" 404 106574 "-" "Mozilla/5.0 (compatible; MJ12bot/v1.4.8; http://mj12bot.com/)"
13.79.186.222 - - [25/Feb/2025:19:04:55 +0000] "GET /admin.php HTTP/1.1" 301 437 "-" "-"
95.164.67.6 - - [25/Feb/2025:19:04:55 +0000] "GET /wp-login.php?action=register HTTP/1.1" 403 3016 "https://plantamadre.es" "Mozilla/5.0 (Windows NT 6.3; Win64; x64) AppleWebKit/537.36 (KHTML, like Gecko) Chrome/103.0.0.0 Safari/537.36"
13.79.186.222 - - [25/Feb/2025:19:04:55 +0000] "GET /admin.php HTTP/1.1" 404 106489 "-" "-"
13.79.186.222 - - [25/Feb/2025:19:05:04 +0000] "GET /css.php HTTP/1.1" 301 433 "-" "-"
91.137.27.140 - - [25/Feb/2025:19:04:56 +0000] "GET /tienda/delicious-semillas-autoflorecientes/delicious-seeds-la-diva-3%E2%99%80/?add-to-cart=275 HTTP/1.1" 404 106574 "-" "Mozilla/5.0 (compatible; MJ12bot/v1.4.8; http://mj12bot.com/)"
13.79.186.222 - - [25/Feb/2025:19:05:04 +0000] "GET /css.php HTTP/1.1" 404 106487 "-" "-"
193.33.66.81 - - [25/Feb/2025:19:05:05 +0000] "HEAD /tienda/trabe/trabe-radical-flower-500ml/ HTTP/1.1" 404 2696 "https://plantamadre.es" "Mozilla/5.0 (Windows NT 10.0; Win64; x64) AppleWebKit/537.36 (KHTML, like Gecko) Chrome/97.0.4692.71 Safari/537.36"
13.79.186.222 - - [25/Feb/2025:19:05:12 +0000] "GET /simple.php HTTP/1.1" 301 439 "-" "-"
91.137.27.140 - - [25/Feb/2025:19:05:11 +0000] "GET /tienda/delicious-semillas-autoflorecientes/delicious-seeds-la-diva-3%E2%99%80/?add-to-cart=303 HTTP/1.1" 404 106574 "-" "Mozilla/5.0 (compatible; MJ12bot/v1.4.8; http://mj12bot.com/)"
194.56.255.209 - - [25/Feb/2025:19:05:12 +0000] "HEAD /tienda/trabe/trabe-radical-flower-500ml/ HTTP/1.1" 404 2696 "https://plantamadre.es" "Mozilla/5.0 (Windows NT 10.0; Win64; x64) AppleWebKit/537.36 (KHTML, like Gecko) Chrome/97.0.4692.71 Safari/537.36"
13.79.186.222 - - [25/Feb/2025:19:05:13 +0000] "GET /simple.php HTTP/1.1" 404 106490 "-" "-"
13.79.186.222 - - [25/Feb/2025:19:05:17 +0000] "GET /log.php HTTP/1.1" 301 433 "-" "-"
13.79.186.222 - - [25/Feb/2025:19:05:18 +0000] "GET /log.php HTTP/1.1" 404 106487 "-" "-"
13.79.186.222 - - [25/Feb/2025:19:05:22 +0000] "GET /mail.php HTTP/1.1" 301 435 "-" "-"
91.137.27.140 - - [25/Feb/2025:19:05:18 +0000] "GET /tienda/delicious-semillas-autoflorecientes/delicious-seeds-la-diva-3%E2%99%80/?add-to-cart=328 HTTP/1.1" 404 106574 "-" "Mozilla/5.0 (compatible; MJ12bot/v1.4.8; http://mj12bot.com/)"
13.79.186.222 - - [25/Feb/2025:19:05:22 +0000] "GET /mail.php HTTP/1.1" 404 106488 "-" "-"
13.79.186.222 - - [25/Feb/2025:19:05:26 +0000] "GET /bak.php HTTP/1.1" 301 433 "-" "-"
91.137.27.140 - - [25/Feb/2025:19:05:24 +0000] "GET /tienda/delicious-semillas-autoflorecientes/delicious-seeds-la-diva-3%E2%99%80/?add-to-cart=335 HTTP/1.1" 404 106574 "-" "Mozilla/5.0 (compatible; MJ12bot/v1.4.8; http://mj12bot.com/)"
13.79.186.222 - - [25/Feb/2025:19:05:26 +0000] "GET /bak.php HTTP/1.1" 404 106487 "-" "-"
13.79.186.222 - - [25/Feb/2025:19:05:30 +0000] "GET /content.php HTTP/1.1" 301 441 "-" "-"
13.79.186.222 - - [25/Feb/2025:19:05:30 +0000] "GET /content.php HTTP/1.1" 404 106491 "-" "-"
13.79.186.222 - - [25/Feb/2025:19:05:34 +0000] "GET /upfile.php HTTP/1.1" 301 439 "-" "-"
91.137.27.140 - - [25/Feb/2025:19:05:30 +0000] "GET /tienda/delicious-semillas-autoflorecientes/delicious-seeds-la-diva-3%E2%99%80/?add-to-cart=3388 HTTP/1.1" 404 106575 "-" "Mozilla/5.0 (compatible; MJ12bot/v1.4.8; http://mj12bot.com/)"
146.190.157.162 - - [25/Feb/2025:19:05:32 +0000] "POST /wp-cron.php?doing_wp_cron=1740510332.1959280967712402343750 HTTP/1.1" 200 2850 "-" "WordPress/6.3.5; https://plantamadre.es"
13.79.186.222 - - [25/Feb/2025:19:05:34 +0000] "GET /upfile.php HTTP/1.1" 404 106490 "-" "-"
13.79.186.222 - - [25/Feb/2025:19:05:39 +0000] "GET /wp.php HTTP/1.1" 301 431 "-" "-"
52.167.144.17 - - [25/Feb/2025:19:05:38 +0000] "GET /?s=2024 HTTP/1.1" 200 22427 "-" "Mozilla/5.0 AppleWebKit/537.36 (KHTML, like Gecko; compatible; bingbot/2.0; +http://www.bing.com/bingbot.htm) Chrome/116.0.1938.76 Safari/537.36"
91.137.27.140 - - [25/Feb/2025:19:05:37 +0000] "GET /tienda/delicious-semillas-autoflorecientes/delicious-seeds-la-diva-3%E2%99%80/?add-to-cart=3397 HTTP/1.1" 404 106575 "-" "Mozilla/5.0 (compatible; MJ12bot/v1.4.8; http://mj12bot.com/)"
13.79.186.222 - - [25/Feb/2025:19:05:39 +0000] "GET /wp.php HTTP/1.1" 404 106486 "-" "-"
13.79.186.222 - - [25/Feb/2025:19:05:44 +0000] "GET /wp-conflg.php HTTP/1.1" 301 445 "-" "-"
62.117.170.101 - - [25/Feb/2025:19:05:44 +0000] "POST /wp-admin/admin-ajax.php HTTP/1.1" 200 982 "https://plantamadre.es/wp-admin/post.php?post=25043&action=edit" "Mozilla/5.0 (Windows NT 10.0; Win64; x64) AppleWebKit/537.36 (KHTML, like Gecko) Chrome/133.0.0.0 Safari/537.36"
13.79.186.222 - - [25/Feb/2025:19:05:44 +0000] "GET /wp-conflg.php HTTP/1.1" 404 106493 "-" "-"
91.137.27.140 - - [25/Feb/2025:19:05:44 +0000] "GET /tienda/delicious-semillas-autoflorecientes/delicious-seeds-la-diva-3%E2%99%80/?add-to-cart=3469 HTTP/1.1" 404 106575 "-" "Mozilla/5.0 (compatible; MJ12bot/v1.4.8; http://mj12bot.com/)"
13.79.186.222 - - [25/Feb/2025:19:05:49 +0000] "GET /bypass.php HTTP/1.1" 301 439 "-" "-"
13.79.186.222 - - [25/Feb/2025:19:05:49 +0000] "GET /bypass.php HTTP/1.1" 404 106490 "-" "-"
13.79.186.222 - - [25/Feb/2025:19:05:56 +0000] "GET /404.php HTTP/1.1" 301 433 "-" "-"
91.137.27.140 - - [25/Feb/2025:19:05:51 +0000] "GET /tienda/delicious-semillas-autoflorecientes/delicious-seeds-la-diva-3%E2%99%80/?add-to-cart=4033 HTTP/1.1" 404 106575 "-" "Mozilla/5.0 (compatible; MJ12bot/v1.4.8; http://mj12bot.com/)"
13.79.186.222 - - [25/Feb/2025:19:05:56 +0000] "GET /404.php HTTP/1.1" 404 106487 "-" "-"
13.79.186.222 - - [25/Feb/2025:19:06:00 +0000] "GET /updates.php HTTP/1.1" 301 441 "-" "-"
91.137.27.140 - - [25/Feb/2025:19:05:59 +0000] "GET /tienda/ripper-seeds/ripper-seeds-black-valley-5%E2%99%80/?add-to-cart=2257 HTTP/1.1" 404 106554 "-" "Mozilla/5.0 (compatible; MJ12bot/v1.4.8; http://mj12bot.com/)"
13.79.186.222 - - [25/Feb/2025:19:06:01 +0000] "GET /updates.php HTTP/1.1" 404 106491 "-" "-"
13.79.186.222 - - [25/Feb/2025:19:06:05 +0000] "GET /radio.php HTTP/1.1" 301 437 "-" "-"
13.79.186.222 - - [25/Feb/2025:19:06:05 +0000] "GET /radio.php HTTP/1.1" 404 106489 "-" "-"
13.79.186.222 - - [25/Feb/2025:19:06:09 +0000] "GET /xmrlpc.php HTTP/1.1" 301 439 "-" "-"
13.79.186.222 - - [25/Feb/2025:19:06:09 +0000] "GET /xmrlpc.php HTTP/1.1" 404 106490 "-" "-"
13.79.186.222 - - [25/Feb/2025:19:06:13 +0000] "GET /ae.php HTTP/1.1" 301 431 "-" "-"
108.181.196.60 - - [25/Feb/2025:19:06:12 +0000] "GET /tienda/extraccion/extractor-rvk-l1-150mm-700m3h/ HTTP/1.1" 404 108915 "-" "-"
108.181.196.60 - - [25/Feb/2025:19:06:14 +0000] "GET /tienda/semillas-3/venus-genetics-aktombe-3-semillas-fem/ HTTP/1.1" 404 106733 "-" "-"
13.79.186.222 - - [25/Feb/2025:19:06:13 +0000] "GET /ae.php HTTP/1.1" 404 106486 "-" "-"
13.79.186.222 - - [25/Feb/2025:19:06:20 +0000] "GET /moon.php HTTP/1.1" 301 435 "-" "-"
108.181.196.60 - - [25/Feb/2025:19:06:19 +0000] "POST /wp-comments-post.php HTTP/1.1" 200 448 "-" "-"
108.181.196.60 - - [25/Feb/2025:19:06:20 +0000] "POST /wp-comments-post.php HTTP/1.1" 200 448 "-" "-"
108.181.196.60 - - [25/Feb/2025:19:06:20 +0000] "GET /tienda/utensil-de-cosecha/tijeras-podar-metalica-hortiline/ HTTP/1.1" 404 106539 "-" "-"
85.208.98.23 - - [25/Feb/2025:19:06:26 +0000] "GET /robots.txt HTTP/1.1" 301 439 "-" "Mozilla/5.0 (compatible; SemrushBot-BA; +http://www.semrush.com/bot.html)"
13.79.186.222 - - [25/Feb/2025:19:06:20 +0000] "GET /moon.php HTTP/1.1" 404 106488 "-" "-"
13.79.186.222 - - [25/Feb/2025:19:06:27 +0000] "GET /blog.php HTTP/1.1" 301 435 "-" "-"
108.181.196.60 - - [25/Feb/2025:19:06:19 +0000] "GET /tienda/cannabiogen-semillas/cannabiogen-sandstorm-5-sem-fem/ HTTP/1.1" 404 106475 "-" "-"
108.181.196.60 - - [25/Feb/2025:19:06:24 +0000] "GET /tienda/delicious/critical-sensi-star-feminizada-10-semillas-2/ HTTP/1.1" 404 106607 "-" "-"
85.208.98.23 - - [25/Feb/2025:19:06:31 +0000] "GET /robots.txt HTTP/1.1" 301 439 "-" "Mozilla/5.0 (compatible; SemrushBot-BA; +http://www.semrush.com/bot.html)"
108.181.196.60 - - [25/Feb/2025:19:06:27 +0000] "POST /wp-comments-post.php HTTP/1.1" 200 2640 "-" "-"
85.208.98.23 - - [25/Feb/2025:19:06:26 +0000] "GET /robots.txt HTTP/1.1" 200 2979 "http://plantamadre.es/robots.txt" "Mozilla/5.0 (compatible; SemrushBot-BA; +http://www.semrush.com/bot.html)"
108.181.196.60 - - [25/Feb/2025:19:06:29 +0000] "POST /wp-comments-post.php HTTP/1.1" 200 448 "-" "-"
108.181.196.60 - - [25/Feb/2025:19:06:30 +0000] "POST /wp-comments-post.php HTTP/1.1" 200 448 "-" "-"
13.79.186.222 - - [25/Feb/2025:19:06:27 +0000] "GET /blog.php HTTP/1.1" 404 106488 "-" "-"
13.79.186.222 - - [25/Feb/2025:19:06:34 +0000] "GET /themes.php HTTP/1.1" 301 439 "-" "-"
146.190.157.162 - - [25/Feb/2025:19:06:31 +0000] "POST /wp-cron.php?doing_wp_cron=1740510391.4956030845642089843750 HTTP/1.1" 200 2849 "-" "WordPress/6.3.5; https://plantamadre.es"
85.208.98.23 - - [25/Feb/2025:19:06:31 +0000] "GET /robots.txt HTTP/1.1" 200 2981 "http://plantamadre.es/robots.txt" "Mozilla/5.0 (compatible; SemrushBot-BA; +http://www.semrush.com/bot.html)"
13.79.186.222 - - [25/Feb/2025:19:06:34 +0000] "GET /themes.php HTTP/1.1" 404 106490 "-" "-"
13.79.186.222 - - [25/Feb/2025:19:06:40 +0000] "GET /ini.php HTTP/1.1" 301 433 "-" "-"
13.79.186.222 - - [25/Feb/2025:19:06:40 +0000] "GET /ini.php HTTP/1.1" 404 106487 "-" "-"
13.79.186.222 - - [25/Feb/2025:19:06:44 +0000] "GET /as.php HTTP/1.1" 301 431 "-" "-"
13.79.186.222 - - [25/Feb/2025:19:06:44 +0000] "GET /as.php HTTP/1.1" 404 106486 "-" "-"
13.79.186.222 - - [25/Feb/2025:19:06:48 +0000] "GET /shell.php HTTP/1.1" 301 437 "-" "-"
13.79.186.222 - - [25/Feb/2025:19:06:48 +0000] "GET /shell.php HTTP/1.1" 404 106489 "-" "-"
13.79.186.222 - - [25/Feb/2025:19:06:51 +0000] "GET /ws.php HTTP/1.1" 301 431 "-" "-"
13.79.186.222 - - [25/Feb/2025:19:06:51 +0000] "GET /ws.php HTTP/1.1" 404 106486 "-" "-"
77.232.37.35 - - [25/Feb/2025:19:06:55 +0000] "GET /tienda/co2/kit-co2-completo-manoreductorbombonaelectrovalvula/ HTTP/1.0" 403 2777 "-" "Mozilla/5.0 (Windows NT 6.3; Win64; x64) AppleWebKit/537.36 (KHTML, like Gecko) Chrome/75.0.3770.100 Safari/537.36"
85.208.98.20 - - [25/Feb/2025:19:06:59 +0000] "GET /recursos/ HTTP/1.1" 200 36447 "-" "Mozilla/5.0 (compatible; SemrushBot-BA; +http://www.semrush.com/bot.html)"
51.222.253.18 - - [25/Feb/2025:19:07:25 +0000] "GET /sitemap_index.xml HTTP/1.1" 301 453 "-" "Mozilla/5.0 (compatible; AhrefsBot/7.0; +http://ahrefs.com/robot/)"
85.208.98.29 - - [25/Feb/2025:19:07:28 +0000] "GET /recursos/ HTTP/1.1" 301 437 "-" "Mozilla/5.0 (compatible; SemrushBot-BA; +http://www.semrush.com/bot.html)"
51.222.253.18 - - [25/Feb/2025:19:07:25 +0000] "GET /sitemap_index.xml HTTP/1.1" 200 3133 "-" "Mozilla/5.0 (compatible; AhrefsBot/7.0; +http://ahrefs.com/robot/)"
51.222.253.13 - - [25/Feb/2025:19:07:30 +0000] "GET /page-sitemap.xml HTTP/1.1" 301 451 "-" "Mozilla/5.0 (compatible; AhrefsBot/7.0; +http://ahrefs.com/robot/)"
146.190.157.162 - - [25/Feb/2025:19:07:28 +0000] "POST /wp-cron.php?doing_wp_cron=1740510448.5171229839324951171875 HTTP/1.1" 200 2850 "-" "WordPress/6.3.5; https://plantamadre.es"
85.208.98.29 - - [25/Feb/2025:19:07:28 +0000] "GET /recursos/ HTTP/1.1" 200 36447 "http://plantamadre.es/recursos/" "Mozilla/5.0 (compatible; SemrushBot-BA; +http://www.semrush.com/bot.html)"
51.222.253.13 - - [25/Feb/2025:19:07:31 +0000] "GET /page-sitemap.xml HTTP/1.1" 200 4481 "-" "Mozilla/5.0 (compatible; AhrefsBot/7.0; +http://ahrefs.com/robot/)"
51.222.253.17 - - [25/Feb/2025:19:07:37 +0000] "GET /product-sitemap.xml HTTP/1.1" 301 457 "-" "Mozilla/5.0 (compatible; AhrefsBot/7.0; +http://ahrefs.com/robot/)"
51.222.253.17 - - [25/Feb/2025:19:07:37 +0000] "GET /product-sitemap.xml HTTP/1.1" 200 15569 "-" "Mozilla/5.0 (compatible; AhrefsBot/7.0; +http://ahrefs.com/robot/)"
51.222.253.16 - - [25/Feb/2025:19:07:40 +0000] "GET /product_cat-sitemap.xml HTTP/1.1" 301 465 "-" "Mozilla/5.0 (compatible; AhrefsBot/7.0; +http://ahrefs.com/robot/)"
51.222.253.16 - - [25/Feb/2025:19:07:41 +0000] "GET /product_cat-sitemap.xml HTTP/1.1" 200 4937 "-" "Mozilla/5.0 (compatible; AhrefsBot/7.0; +http://ahrefs.com/robot/)"
62.117.170.101 - - [25/Feb/2025:19:07:45 +0000] "POST /wp-admin/admin-ajax.php HTTP/1.1" 200 3228 "https://plantamadre.es/wp-admin/post.php?post=25043&action=edit" "Mozilla/5.0 (Windows NT 10.0; Win64; x64) AppleWebKit/537.36 (KHTML, like Gecko) Chrome/133.0.0.0 Safari/537.36"
180.95.231.197 - - [25/Feb/2025:19:09:22 +0000] "GET /favicon.ico HTTP/1.1" 403 3015 "-" "Mozilla/5.067805899 Mozilla/5.0 (Windows NT 6.1; WOW64) AppleWebKit/537.36 (KHTML, like Gecko) Chrome/63.0.3239.132 Safari/537.36"
146.190.157.162 - - [25/Feb/2025:19:09:26 +0000] "POST /wp-cron.php?doing_wp_cron=1740510566.5635640621185302734375 HTTP/1.1" 200 2850 "-" "WordPress/6.3.5; https://plantamadre.es"
122.96.28.163 - - [25/Feb/2025:19:09:28 +0000] "GET / HTTP/1.1" 403 3063 "-" "Mozilla/5.062334851 Mozilla/5.0 (Windows NT 6.3; Win64; x64) AppleWebKit/537.36 (KHTML, like Gecko) Chrome/68.0.3440.106 Safari/537.36"
62.117.170.101 - - [25/Feb/2025:19:09:46 +0000] "POST /wp-admin/admin-ajax.php HTTP/1.1" 200 982 "https://plantamadre.es/wp-admin/post.php?post=25043&action=edit" "Mozilla/5.0 (Windows NT 10.0; Win64; x64) AppleWebKit/537.36 (KHTML, like Gecko) Chrome/133.0.0.0 Safari/537.36"
146.190.157.162 - - [25/Feb/2025:19:09:49 +0000] "POST /wp-cron.php?doing_wp_cron=1740510589.4940950870513916015625 HTTP/1.1" 200 2851 "-" "WordPress/6.3.5; https://plantamadre.es"
31.4.220.124 - - [25/Feb/2025:19:09:53 +0000] "GET / HTTP/1.1" 301 2901 "-" "Mozilla/5.0 (Linux; Android 10; K) AppleWebKit/537.36 (KHTML, like Gecko) Chrome/133.0.0.0 Mobile Safari/537.36"
31.4.220.124 - - [25/Feb/2025:19:09:55 +0000] "GET / HTTP/1.1" 301 308 "-" "Mozilla/5.0 (Linux; Android 10; K) AppleWebKit/537.36 (KHTML, like Gecko) Chrome/133.0.0.0 Mobile Safari/537.36"
31.4.220.124 - - [25/Feb/2025:19:09:59 +0000] "GET /wp-includes/css/dist/block-library/style.min.css?ver=6.3.5 HTTP/1.1" 200 16822 "-" "Mozilla/5.0 (Linux; Android 10; K) AppleWebKit/537.36 (KHTML, like Gecko) Chrome/133.0.0.0 Mobile Safari/537.36"
31.4.220.124 - - [25/Feb/2025:19:09:59 +0000] "GET /wp-includes/js/mediaelement/mediaelementplayer-legacy.min.css?ver=4.2.17 HTTP/1.1" 200 2935 "-" "Mozilla/5.0 (Linux; Android 10; K) AppleWebKit/537.36 (KHTML, like Gecko) Chrome/133.0.0.0 Mobile Safari/537.36"
31.4.220.124 - - [25/Feb/2025:19:10:00 +0000] "GET /wp-includes/js/mediaelement/wp-mediaelement.min.css?ver=6.3.5 HTTP/1.1" 200 1499 "-" "Mozilla/5.0 (Linux; Android 10; K) AppleWebKit/537.36 (KHTML, like Gecko) Chrome/133.0.0.0 Mobile Safari/537.36"
31.4.220.124 - - [25/Feb/2025:19:10:00 +0000] "GET /wp-content/plugins/woocommerce/packages/woocommerce-blocks/build/active-filters.css?ver=10.6.6 HTTP/1.1" 200 4941 "-" "Mozilla/5.0 (Linux; Android 10; K) AppleWebKit/537.36 (KHTML, like Gecko) Chrome/133.0.0.0 Mobile Safari/537.36"
31.4.220.124 - - [25/Feb/2025:19:10:00 +0000] "GET /wp-content/plugins/woocommerce/packages/woocommerce-blocks/build/wc-blocks.css?ver=10.6.6 HTTP/1.1" 200 5407 "-" "Mozilla/5.0 (Linux; Android 10; K) AppleWebKit/537.36 (KHTML, like Gecko) Chrome/133.0.0.0 Mobile Safari/537.36"
31.4.220.124 - - [25/Feb/2025:19:10:00 +0000] "GET /wp-content/plugins/woocommerce/packages/woocommerce-blocks/build/add-to-cart-form.css?ver=10.6.6 HTTP/1.1" 200 719 "-" "Mozilla/5.0 (Linux; Android 10; K) AppleWebKit/537.36 (KHTML, like Gecko) Chrome/133.0.0.0 Mobile Safari/537.36"
31.4.220.124 - - [25/Feb/2025:19:10:00 +0000] "GET /wp-content/plugins/woocommerce/packages/woocommerce-blocks/build/packages-style.css?ver=10.6.6 HTTP/1.1" 200 3966 "-" "Mozilla/5.0 (Linux; Android 10; K) AppleWebKit/537.36 (KHTML, like Gecko) Chrome/133.0.0.0 Mobile Safari/537.36"
31.4.220.124 - - [25/Feb/2025:19:10:00 +0000] "GET /wp-content/plugins/woocommerce/packages/woocommerce-blocks/build/all-products.css?ver=10.6.6 HTTP/1.1" 200 4633 "-" "Mozilla/5.0 (Linux; Android 10; K) AppleWebKit/537.36 (KHTML, like Gecko) Chrome/133.0.0.0 Mobile Safari/537.36"
31.4.220.124 - - [25/Feb/2025:19:10:00 +0000] "GET /wp-content/plugins/woocommerce/packages/woocommerce-blocks/build/all-reviews.css?ver=10.6.6 HTTP/1.1" 200 2204 "-" "Mozilla/5.0 (Linux; Android 10; K) AppleWebKit/537.36 (KHTML, like Gecko) Chrome/133.0.0.0 Mobile Safari/537.36"
31.4.220.124 - - [25/Feb/2025:19:10:00 +0000] "GET /wp-content/plugins/woocommerce/packages/woocommerce-blocks/build/attribute-filter.css?ver=10.6.6 HTTP/1.1" 200 4582 "-" "Mozilla/5.0 (Linux; Android 10; K) AppleWebKit/537.36 (KHTML, like Gecko) Chrome/133.0.0.0 Mobile Safari/537.36"
31.4.220.124 - - [25/Feb/2025:19:10:02 +0000] "GET / HTTP/1.1" 301 475 "-" "Mozilla/5.0 (Linux; Android 10; K) AppleWebKit/537.36 (KHTML, like Gecko) Chrome/133.0.0.0 Mobile Safari/537.36"
31.4.220.124 - - [25/Feb/2025:19:09:59 +0000] "GET / HTTP/1.1" 200 27144 "-" "Mozilla/5.0 (Linux; Android 10; K) AppleWebKit/537.36 (KHTML, like Gecko) Chrome/133.0.0.0 Mobile Safari/537.36"
31.4.220.124 - - [25/Feb/2025:19:10:02 +0000] "GET / HTTP/1.1" 200 24574 "-" "Mozilla/5.0 (Linux; Android 10; K) AppleWebKit/537.36 (KHTML, like Gecko) Chrome/133.0.0.0 Mobile Safari/537.36"
31.4.220.124 - - [25/Feb/2025:19:10:08 +0000] "GET /wp-content/plugins/woocommerce/packages/woocommerce-blocks/build/breadcrumbs.css?ver=10.6.6 HTTP/1.1" 200 918 "https://plantamadre.es/" "Mozilla/5.0 (Linux; Android 10; K) AppleWebKit/537.36 (KHTML, like Gecko) Chrome/133.0.0.0 Mobile Safari/537.36"
31.4.220.124 - - [25/Feb/2025:19:10:08 +0000] "GET /wp-content/plugins/woocommerce/packages/woocommerce-blocks/build/catalog-sorting.css?ver=10.6.6 HTTP/1.1" 200 941 "https://plantamadre.es/" "Mozilla/5.0 (Linux; Android 10; K) AppleWebKit/537.36 (KHTML, like Gecko) Chrome/133.0.0.0 Mobile Safari/537.36"
31.4.220.124 - - [25/Feb/2025:19:10:08 +0000] "GET /wp-content/plugins/woocommerce/packages/woocommerce-blocks/build/customer-account.css?ver=10.6.6 HTTP/1.1" 200 747 "https://plantamadre.es/" "Mozilla/5.0 (Linux; Android 10; K) AppleWebKit/537.36 (KHTML, like Gecko) Chrome/133.0.0.0 Mobile Safari/537.36"
31.4.220.124 - - [25/Feb/2025:19:10:08 +0000] "GET /wp-content/plugins/woocommerce/packages/woocommerce-blocks/build/featured-category.css?ver=10.6.6 HTTP/1.1" 200 1331 "https://plantamadre.es/" "Mozilla/5.0 (Linux; Android 10; K) AppleWebKit/537.36 (KHTML, like Gecko) Chrome/133.0.0.0 Mobile Safari/537.36"
31.4.220.124 - - [25/Feb/2025:19:10:08 +0000] "GET /wp-content/plugins/woocommerce/packages/woocommerce-blocks/build/featured-product.css?ver=10.6.6 HTTP/1.1" 200 1379 "https://plantamadre.es/" "Mozilla/5.0 (Linux; Android 10; K) AppleWebKit/537.36 (KHTML, like Gecko) Chrome/133.0.0.0 Mobile Safari/537.36"
31.4.220.124 - - [25/Feb/2025:19:10:08 +0000] "GET /wp-content/plugins/woocommerce/packages/woocommerce-blocks/build/mini-cart.css?ver=10.6.6 HTTP/1.1" 200 2971 "https://plantamadre.es/" "Mozilla/5.0 (Linux; Android 10; K) AppleWebKit/537.36 (KHTML, like Gecko) Chrome/133.0.0.0 Mobile Safari/537.36"
31.4.220.124 - - [25/Feb/2025:19:10:08 +0000] "GET /wp-content/plugins/woocommerce/packages/woocommerce-blocks/build/price-filter.css?ver=10.6.6 HTTP/1.1" 200 3077 "https://plantamadre.es/" "Mozilla/5.0 (Linux; Android 10; K) AppleWebKit/537.36 (KHTML, like Gecko) Chrome/133.0.0.0 Mobile Safari/537.36"
31.4.220.124 - - [25/Feb/2025:19:10:08 +0000] "GET /wp-content/plugins/woocommerce/packages/woocommerce-blocks/build/product-add-to-cart.css?ver=10.6.6 HTTP/1.1" 200 1743 "https://plantamadre.es/" "Mozilla/5.0 (Linux; Android 10; K) AppleWebKit/537.36 (KHTML, like Gecko) Chrome/133.0.0.0 Mobile Safari/537.36"
31.4.220.124 - - [25/Feb/2025:19:10:08 +0000] "GET /wp-content/plugins/woocommerce/packages/woocommerce-blocks/build/product-button.css?ver=10.6.6 HTTP/1.1" 200 1234 "https://plantamadre.es/" "Mozilla/5.0 (Linux; Android 10; K) AppleWebKit/537.36 (KHTML, like Gecko) Chrome/133.0.0.0 Mobile Safari/537.36"
31.4.220.124 - - [25/Feb/2025:19:10:08 +0000] "GET /wp-content/plugins/woocommerce/packages/woocommerce-blocks/build/product-categories.css?ver=10.6.6 HTTP/1.1" 200 1018 "https://plantamadre.es/" "Mozilla/5.0 (Linux; Android 10; K) AppleWebKit/537.36 (KHTML, like Gecko) Chrome/133.0.0.0 Mobile Safari/537.36"
31.4.220.124 - - [25/Feb/2025:19:10:08 +0000] "GET /wp-content/plugins/woocommerce/packages/woocommerce-blocks/build/product-image.css?ver=10.6.6 HTTP/1.1" 200 1298 "https://plantamadre.es/" "Mozilla/5.0 (Linux; Android 10; K) AppleWebKit/537.36 (KHTML, like Gecko) Chrome/133.0.0.0 Mobile Safari/537.36"
31.4.220.124 - - [25/Feb/2025:19:10:08 +0000] "GET /wp-content/plugins/woocommerce/packages/woocommerce-blocks/build/product-image-gallery.css?ver=10.6.6 HTTP/1.1" 200 663 "https://plantamadre.es/" "Mozilla/5.0 (Linux; Android 10; K) AppleWebKit/537.36 (KHTML, like Gecko) Chrome/133.0.0.0 Mobile Safari/537.36"
31.4.220.124 - - [25/Feb/2025:19:10:09 +0000] "GET /wp-content/plugins/woocommerce/packages/woocommerce-blocks/build/product-query.css?ver=10.6.6 HTTP/1.1" 200 706 "https://plantamadre.es/" "Mozilla/5.0 (Linux; Android 10; K) AppleWebKit/537.36 (KHTML, like Gecko) Chrome/133.0.0.0 Mobile Safari/537.36"
31.4.220.124 - - [25/Feb/2025:19:10:09 +0000] "GET /wp-content/plugins/woocommerce/packages/woocommerce-blocks/build/product-results-count.css?ver=10.6.6 HTTP/1.1" 200 588 "https://plantamadre.es/" "Mozilla/5.0 (Linux; Android 10; K) AppleWebKit/537.36 (KHTML, like Gecko) Chrome/133.0.0.0 Mobile Safari/537.36"
31.4.220.124 - - [25/Feb/2025:19:10:09 +0000] "GET /wp-content/plugins/woocommerce/packages/woocommerce-blocks/build/product-reviews.css?ver=10.6.6 HTTP/1.1" 200 814 "https://plantamadre.es/" "Mozilla/5.0 (Linux; Android 10; K) AppleWebKit/537.36 (KHTML, like Gecko) Chrome/133.0.0.0 Mobile Safari/537.36"
31.4.220.124 - - [25/Feb/2025:19:10:09 +0000] "GET /wp-content/plugins/woocommerce/packages/woocommerce-blocks/build/product-sale-badge.css?ver=10.6.6 HTTP/1.1" 200 730 "https://plantamadre.es/" "Mozilla/5.0 (Linux; Android 10; K) AppleWebKit/537.36 (KHTML, like Gecko) Chrome/133.0.0.0 Mobile Safari/537.36"
31.4.220.124 - - [25/Feb/2025:19:10:09 +0000] "GET /wp-content/plugins/woocommerce/packages/woocommerce-blocks/build/product-search.css?ver=10.6.6 HTTP/1.1" 200 777 "https://plantamadre.es/" "Mozilla/5.0 (Linux; Android 10; K) AppleWebKit/537.36 (KHTML, like Gecko) Chrome/133.0.0.0 Mobile Safari/537.36"
31.4.220.124 - - [25/Feb/2025:19:10:09 +0000] "GET /wp-content/plugins/woocommerce/packages/woocommerce-blocks/build/product-sku.css?ver=10.6.6 HTTP/1.1" 200 599 "https://plantamadre.es/" "Mozilla/5.0 (Linux; Android 10; K) AppleWebKit/537.36 (KHTML, like Gecko) Chrome/133.0.0.0 Mobile Safari/537.36"
31.4.220.124 - - [25/Feb/2025:19:10:09 +0000] "GET /wp-content/plugins/woocommerce/packages/woocommerce-blocks/build/product-stock-indicator.css?ver=10.6.6 HTTP/1.1" 200 915 "https://plantamadre.es/" "Mozilla/5.0 (Linux; Android 10; K) AppleWebKit/537.36 (KHTML, like Gecko) Chrome/133.0.0.0 Mobile Safari/537.36"
31.4.220.124 - - [25/Feb/2025:19:10:09 +0000] "GET /wp-content/plugins/woocommerce/packages/woocommerce-blocks/build/product-summary.css?ver=10.6.6 HTTP/1.1" 200 1237 "https://plantamadre.es/" "Mozilla/5.0 (Linux; Android 10; K) AppleWebKit/537.36 (KHTML, like Gecko) Chrome/133.0.0.0 Mobile Safari/537.36"
31.4.220.124 - - [25/Feb/2025:19:10:09 +0000] "GET /wp-content/plugins/woocommerce/packages/woocommerce-blocks/build/product-title.css?ver=10.6.6 HTTP/1.1" 200 3630 "https://plantamadre.es/" "Mozilla/5.0 (Linux; Android 10; K) AppleWebKit/537.36 (KHTML, like Gecko) Chrome/133.0.0.0 Mobile Safari/537.36"
31.4.220.124 - - [25/Feb/2025:19:10:09 +0000] "GET /wp-content/plugins/woocommerce/packages/woocommerce-blocks/build/rating-filter.css?ver=10.6.6 HTTP/1.1" 200 4625 "https://plantamadre.es/" "Mozilla/5.0 (Linux; Android 10; K) AppleWebKit/537.36 (KHTML, like Gecko) Chrome/133.0.0.0 Mobile Safari/537.36"
31.4.220.124 - - [25/Feb/2025:19:10:09 +0000] "GET /wp-content/plugins/woocommerce/packages/woocommerce-blocks/build/reviews-by-category.css?ver=10.6.6 HTTP/1.1" 200 2204 "https://plantamadre.es/" "Mozilla/5.0 (Linux; Android 10; K) AppleWebKit/537.36 (KHTML, like Gecko) Chrome/133.0.0.0 Mobile Safari/537.36"
31.4.220.124 - - [25/Feb/2025:19:10:09 +0000] "GET /wp-content/plugins/woocommerce/packages/woocommerce-blocks/build/reviews-by-product.css?ver=10.6.6 HTTP/1.1" 200 2204 "https://plantamadre.es/" "Mozilla/5.0 (Linux; Android 10; K) AppleWebKit/537.36 (KHTML, like Gecko) Chrome/133.0.0.0 Mobile Safari/537.36"
31.4.220.124 - - [25/Feb/2025:19:10:09 +0000] "GET /wp-content/plugins/woocommerce/packages/woocommerce-blocks/build/product-details.css?ver=10.6.6 HTTP/1.1" 200 751 "https://plantamadre.es/" "Mozilla/5.0 (Linux; Android 10; K) AppleWebKit/537.36 (KHTML, like Gecko) Chrome/133.0.0.0 Mobile Safari/537.36"
31.4.220.124 - - [25/Feb/2025:19:10:09 +0000] "GET /wp-content/plugins/woocommerce/packages/woocommerce-blocks/build/single-product.css?ver=10.6.6 HTTP/1.1" 200 738 "https://plantamadre.es/" "Mozilla/5.0 (Linux; Android 10; K) AppleWebKit/537.36 (KHTML, like Gecko) Chrome/133.0.0.0 Mobile Safari/537.36"
31.4.220.124 - - [25/Feb/2025:19:10:09 +0000] "GET /wp-content/plugins/woocommerce/packages/woocommerce-blocks/build/stock-filter.css?ver=10.6.6 HTTP/1.1" 200 4454 "https://plantamadre.es/" "Mozilla/5.0 (Linux; Android 10; K) AppleWebKit/537.36 (KHTML, like Gecko) Chrome/133.0.0.0 Mobile Safari/537.36"
31.4.220.124 - - [25/Feb/2025:19:10:09 +0000] "GET /wp-content/plugins/woocommerce/packages/woocommerce-blocks/build/cart.css?ver=10.6.6 HTTP/1.1" 200 10101 "https://plantamadre.es/" "Mozilla/5.0 (Linux; Android 10; K) AppleWebKit/537.36 (KHTML, like Gecko) Chrome/133.0.0.0 Mobile Safari/537.36"
31.4.220.124 - - [25/Feb/2025:19:10:09 +0000] "GET /wp-content/plugins/woocommerce/packages/woocommerce-blocks/build/checkout.css?ver=10.6.6 HTTP/1.1" 200 9727 "https://plantamadre.es/" "Mozilla/5.0 (Linux; Android 10; K) AppleWebKit/537.36 (KHTML, like Gecko) Chrome/133.0.0.0 Mobile Safari/537.36"
31.4.220.124 - - [25/Feb/2025:19:10:09 +0000] "GET /wp-content/plugins/woocommerce/packages/woocommerce-blocks/build/mini-cart-contents.css?ver=10.6.6 HTTP/1.1" 200 3103 "https://plantamadre.es/" "Mozilla/5.0 (Linux; Android 10; K) AppleWebKit/537.36 (KHTML, like Gecko) Chrome/133.0.0.0 Mobile Safari/537.36"
31.4.220.124 - - [25/Feb/2025:19:10:09 +0000] "GET /wp-content/plugins/age-gate/dist/main.css?ver=3.5.2 HTTP/1.1" 200 3195 "https://plantamadre.es/" "Mozilla/5.0 (Linux; Android 10; K) AppleWebKit/537.36 (KHTML, like Gecko) Chrome/133.0.0.0 Mobile Safari/537.36"
31.4.220.124 - - [25/Feb/2025:19:10:09 +0000] "GET /wp-content/plugins/one-click-order-reorder/assets/css/style.min.css?ver=1.1.8 HTTP/1.1" 200 1807 "https://plantamadre.es/" "Mozilla/5.0 (Linux; Android 10; K) AppleWebKit/537.36 (KHTML, like Gecko) Chrome/133.0.0.0 Mobile Safari/537.36"
31.4.220.124 - - [25/Feb/2025:19:10:09 +0000] "GET /wp-content/plugins/simple-banner/simple-banner.css?ver=2.15.2 HTTP/1.1" 200 610 "https://plantamadre.es/" "Mozilla/5.0 (Linux; Android 10; K) AppleWebKit/537.36 (KHTML, like Gecko) Chrome/133.0.0.0 Mobile Safari/537.36"
31.4.220.124 - - [25/Feb/2025:19:10:09 +0000] "GET /wp-content/plugins/woocommerce-menu-bar-cart/assets/css/wpmenucart-icons.min.css?ver=2.14.0 HTTP/1.1" 200 597 "https://plantamadre.es/" "Mozilla/5.0 (Linux; Android 10; K) AppleWebKit/537.36 (KHTML, like Gecko) Chrome/133.0.0.0 Mobile Safari/537.36"
31.4.220.124 - - [25/Feb/2025:19:10:09 +0000] "GET /wp-content/plugins/woocommerce-menu-bar-cart/assets/css/wpmenucart-main.min.css?ver=2.14.0 HTTP/1.1" 200 766 "https://plantamadre.es/" "Mozilla/5.0 (Linux; Android 10; K) AppleWebKit/537.36 (KHTML, like Gecko) Chrome/133.0.0.0 Mobile Safari/537.36"
31.4.220.124 - - [25/Feb/2025:19:10:09 +0000] "GET /wp-content/plugins/woocommerce/assets/css/woocommerce-layout.css?ver=8.0.3 HTTP/1.1" 200 2879 "https://plantamadre.es/" "Mozilla/5.0 (Linux; Android 10; K) AppleWebKit/537.36 (KHTML, like Gecko) Chrome/133.0.0.0 Mobile Safari/537.36"
31.4.220.124 - - [25/Feb/2025:19:10:09 +0000] "GET /wp-content/plugins/woocommerce/assets/css/woocommerce-smallscreen.css?ver=8.0.3 HTTP/1.1" 200 1520 "https://plantamadre.es/" "Mozilla/5.0 (Linux; Android 10; K) AppleWebKit/537.36 (KHTML, like Gecko) Chrome/133.0.0.0 Mobile Safari/537.36"
31.4.220.124 - - [25/Feb/2025:19:10:09 +0000] "GET /wp-content/plugins/woocommerce/assets/css/woocommerce.css?ver=8.0.3 HTTP/1.1" 200 9754 "https://plantamadre.es/" "Mozilla/5.0 (Linux; Android 10; K) AppleWebKit/537.36 (KHTML, like Gecko) Chrome/133.0.0.0 Mobile Safari/537.36"
31.4.220.124 - - [25/Feb/2025:19:10:09 +0000] "GET /wp-content/plugins/product-layouts/assets/lib/fontpicker/jquery.fontselect.min.css?ver=1718819752 HTTP/1.1" 200 1141 "https://plantamadre.es/" "Mozilla/5.0 (Linux; Android 10; K) AppleWebKit/537.36 (KHTML, like Gecko) Chrome/133.0.0.0 Mobile Safari/537.36"
31.4.220.124 - - [25/Feb/2025:19:10:10 +0000] "GET /wp-content/plugins/product-layouts/assets/lib/icons/wpte-cart-icon.css?ver=1718819752 HTTP/1.1" 200 2638 "https://plantamadre.es/" "Mozilla/5.0 (Linux; Android 10; K) AppleWebKit/537.36 (KHTML, like Gecko) Chrome/133.0.0.0 Mobile Safari/537.36"
31.4.220.124 - - [25/Feb/2025:19:10:10 +0000] "GET /wp-content/plugins/product-layouts/assets/lib/icons/animation.css?ver=1718819752 HTTP/1.1" 200 630 "https://plantamadre.es/" "Mozilla/5.0 (Linux; Android 10; K) AppleWebKit/537.36 (KHTML, like Gecko) Chrome/133.0.0.0 Mobile Safari/537.36"
31.4.220.124 - - [25/Feb/2025:19:10:10 +0000] "GET /wp-content/plugins/product-layouts/assets/global/css/wpte-product-layouts.css?ver=1718819752 HTTP/1.1" 200 15753 "https://plantamadre.es/" "Mozilla/5.0 (Linux; Android 10; K) AppleWebKit/537.36 (KHTML, like Gecko) Chrome/133.0.0.0 Mobile Safari/537.36"
31.4.220.124 - - [25/Feb/2025:19:10:10 +0000] "GET /wp-content/plugins/wpb-woocommerce-related-products-slider/assets/css/main.css?ver=1.0 HTTP/1.1" 200 2113 "https://plantamadre.es/" "Mozilla/5.0 (Linux; Android 10; K) AppleWebKit/537.36 (KHTML, like Gecko) Chrome/133.0.0.0 Mobile Safari/537.36"
31.4.220.124 - - [25/Feb/2025:19:10:10 +0000] "GET /wp-content/plugins/wpb-woocommerce-related-products-slider/assets/css/owl.carousel.css?ver=2.3.4 HTTP/1.1" 200 1636 "https://plantamadre.es/" "Mozilla/5.0 (Linux; Android 10; K) AppleWebKit/537.36 (KHTML, like Gecko) Chrome/133.0.0.0 Mobile Safari/537.36"
31.4.220.124 - - [25/Feb/2025:19:10:10 +0000] "GET /wp-content/plugins/woocommerce/assets/css/photoswipe/photoswipe.min.css?ver=8.0.3 HTTP/1.1" 200 1338 "https://plantamadre.es/" "Mozilla/5.0 (Linux; Android 10; K) AppleWebKit/537.36 (KHTML, like Gecko) Chrome/133.0.0.0 Mobile Safari/537.36"
31.4.220.124 - - [25/Feb/2025:19:10:10 +0000] "GET /wp-content/plugins/woocommerce/assets/css/photoswipe/default-skin/default-skin.min.css?ver=8.0.3 HTTP/1.1" 200 2258 "https://plantamadre.es/" "Mozilla/5.0 (Linux; Android 10; K) AppleWebKit/537.36 (KHTML, like Gecko) Chrome/133.0.0.0 Mobile Safari/537.36"
31.4.220.124 - - [25/Feb/2025:19:10:10 +0000] "GET /wp-content/themes/Divi/style.css?ver=4.9.1 HTTP/1.1" 200 83623 "https://plantamadre.es/" "Mozilla/5.0 (Linux; Android 10; K) AppleWebKit/537.36 (KHTML, like Gecko) Chrome/133.0.0.0 Mobile Safari/537.36"
31.4.220.124 - - [25/Feb/2025:19:10:10 +0000] "GET /wp-content/et-cache/20023/et-core-unified-tb-20099-20023-17386084428238.min.css HTTP/1.1" 200 2100 "https://plantamadre.es/" "Mozilla/5.0 (Linux; Android 10; K) AppleWebKit/537.36 (KHTML, like Gecko) Chrome/133.0.0.0 Mobile Safari/537.36"
31.4.220.124 - - [25/Feb/2025:19:10:10 +0000] "GET /wp-includes/css/dashicons.min.css?ver=6.3.5 HTTP/1.1" 200 36206 "https://plantamadre.es/" "Mozilla/5.0 (Linux; Android 10; K) AppleWebKit/537.36 (KHTML, like Gecko) Chrome/133.0.0.0 Mobile Safari/537.36"
31.4.220.124 - - [25/Feb/2025:19:10:10 +0000] "GET /wp-content/plugins/jetpack/css/jetpack.css?ver=12.0.2 HTTP/1.1" 200 18559 "https://plantamadre.es/" "Mozilla/5.0 (Linux; Android 10; K) AppleWebKit/537.36 (KHTML, like Gecko) Chrome/133.0.0.0 Mobile Safari/537.36"
31.4.220.124 - - [25/Feb/2025:19:10:10 +0000] "GET /wp-content/uploads/custom-layouts/style.css?ver=3 HTTP/1.1" 200 2455 "https://plantamadre.es/" "Mozilla/5.0 (Linux; Android 10; K) AppleWebKit/537.36 (KHTML, like Gecko) Chrome/133.0.0.0 Mobile Safari/537.36"
31.4.220.124 - - [25/Feb/2025:19:10:10 +0000] "GET /wp-content/et-cache/20023/et-core-unified-20023-17386084428238.min.css HTTP/1.1" 200 9120 "https://plantamadre.es/" "Mozilla/5.0 (Linux; Android 10; K) AppleWebKit/537.36 (KHTML, like Gecko) Chrome/133.0.0.0 Mobile Safari/537.36"
31.4.220.124 - - [25/Feb/2025:19:10:10 +0000] "GET /wp-includes/js/dist/vendor/wp-polyfill-inert.min.js?ver=3.1.2 HTTP/1.1" 200 2834 "https://plantamadre.es/" "Mozilla/5.0 (Linux; Android 10; K) AppleWebKit/537.36 (KHTML, like Gecko) Chrome/133.0.0.0 Mobile Safari/537.36"
31.4.220.124 - - [25/Feb/2025:19:10:10 +0000] "GET /wp-includes/js/dist/vendor/regenerator-runtime.min.js?ver=0.13.11 HTTP/1.1" 200 2849 "https://plantamadre.es/" "Mozilla/5.0 (Linux; Android 10; K) AppleWebKit/537.36 (KHTML, like Gecko) Chrome/133.0.0.0 Mobile Safari/537.36"
31.4.220.124 - - [25/Feb/2025:19:10:10 +0000] "GET /wp-includes/js/dist/hooks.min.js?ver=c6aec9a8d4e5a5d543a1 HTTP/1.1" 200 1917 "https://plantamadre.es/" "Mozilla/5.0 (Linux; Android 10; K) AppleWebKit/537.36 (KHTML, like Gecko) Chrome/133.0.0.0 Mobile Safari/537.36"
31.4.220.124 - - [25/Feb/2025:19:10:10 +0000] "GET /wp-includes/js/dist/vendor/wp-polyfill.min.js?ver=3.15.0 HTTP/1.1" 200 6239 "https://plantamadre.es/" "Mozilla/5.0 (Linux; Android 10; K) AppleWebKit/537.36 (KHTML, like Gecko) Chrome/133.0.0.0 Mobile Safari/537.36"
31.4.220.124 - - [25/Feb/2025:19:10:10 +0000] "GET /wp-includes/js/jquery/jquery.min.js?ver=3.7.0 HTTP/1.1" 200 30805 "https://plantamadre.es/" "Mozilla/5.0 (Linux; Android 10; K) AppleWebKit/537.36 (KHTML, like Gecko) Chrome/133.0.0.0 Mobile Safari/537.36"
31.4.220.124 - - [25/Feb/2025:19:10:11 +0000] "GET /wp-includes/js/jquery/jquery-migrate.min.js?ver=3.4.1 HTTP/1.1" 200 5222 "https://plantamadre.es/" "Mozilla/5.0 (Linux; Android 10; K) AppleWebKit/537.36 (KHTML, like Gecko) Chrome/133.0.0.0 Mobile Safari/537.36"
31.4.220.124 - - [25/Feb/2025:19:10:11 +0000] "GET /wp-content/plugins/simple-banner/simple-banner.js?ver=2.15.2 HTTP/1.1" 200 1769 "https://plantamadre.es/" "Mozilla/5.0 (Linux; Android 10; K) AppleWebKit/537.36 (KHTML, like Gecko) Chrome/133.0.0.0 Mobile Safari/537.36"
31.4.220.124 - - [25/Feb/2025:19:10:11 +0000] "GET /wp-content/themes/Divi/core/admin/fonts/modules.ttf HTTP/1.1" 200 92935 "https://plantamadre.es/" "Mozilla/5.0 (Linux; Android 10; K) AppleWebKit/537.36 (KHTML, like Gecko) Chrome/133.0.0.0 Mobile Safari/537.36"
31.4.220.124 - - [25/Feb/2025:19:10:11 +0000] "GET /wp-content/uploads/2024/06/logo.png HTTP/1.1" 200 15804 "https://plantamadre.es/" "Mozilla/5.0 (Linux; Android 10; K) AppleWebKit/537.36 (KHTML, like Gecko) Chrome/133.0.0.0 Mobile Safari/537.36"
31.4.220.124 - - [25/Feb/2025:19:10:11 +0000] "GET /wp-content/uploads/2023/02/cont-icon-1.png HTTP/1.1" 200 1873 "https://plantamadre.es/" "Mozilla/5.0 (Linux; Android 10; K) AppleWebKit/537.36 (KHTML, like Gecko) Chrome/133.0.0.0 Mobile Safari/537.36"
31.4.220.124 - - [25/Feb/2025:19:10:11 +0000] "GET /wp-content/uploads/2023/02/cont-icon-3.png HTTP/1.1" 200 1152 "https://plantamadre.es/" "Mozilla/5.0 (Linux; Android 10; K) AppleWebKit/537.36 (KHTML, like Gecko) Chrome/133.0.0.0 Mobile Safari/537.36"
31.4.220.124 - - [25/Feb/2025:19:10:11 +0000] "GET /wp-content/uploads/2024/06/maceta.png HTTP/1.1" 200 111582 "https://plantamadre.es/" "Mozilla/5.0 (Linux; Android 10; K) AppleWebKit/537.36 (KHTML, like Gecko) Chrome/133.0.0.0 Mobile Safari/537.36"
31.4.220.124 - - [25/Feb/2025:19:10:11 +0000] "GET /wp-content/uploads/2024/06/cannabis-4633205_1280.jpg HTTP/1.1" 200 212803 "https://plantamadre.es/" "Mozilla/5.0 (Linux; Android 10; K) AppleWebKit/537.36 (KHTML, like Gecko) Chrome/133.0.0.0 Mobile Safari/537.36"
31.4.220.124 - - [25/Feb/2025:19:10:11 +0000] "GET /wp-content/themes/Divi/includes/builder/styles/images/preloader.gif HTTP/1.1" 200 9741 "https://plantamadre.es/wp-content/themes/Divi/style.css?ver=4.9.1" "Mozilla/5.0 (Linux; Android 10; K) AppleWebKit/537.36 (KHTML, like Gecko) Chrome/133.0.0.0 Mobile Safari/537.36"
31.4.220.124 - - [25/Feb/2025:19:10:11 +0000] "GET /wp-content/plugins/age-gate/dist/all.js?ver=3.5.2 HTTP/1.1" 200 1714 "https://plantamadre.es/" "Mozilla/5.0 (Linux; Android 10; K) AppleWebKit/537.36 (KHTML, like Gecko) Chrome/133.0.0.0 Mobile Safari/537.36"
31.4.220.124 - - [25/Feb/2025:19:10:11 +0000] "GET /wp-includes/js/imagesloaded.min.js?ver=4.1.4 HTTP/1.1" 200 2184 "https://plantamadre.es/" "Mozilla/5.0 (Linux; Android 10; K) AppleWebKit/537.36 (KHTML, like Gecko) Chrome/133.0.0.0 Mobile Safari/537.36"
31.4.220.124 - - [25/Feb/2025:19:10:11 +0000] "GET /wp-includes/js/masonry.min.js?ver=4.2.2 HTTP/1.1" 200 7732 "https://plantamadre.es/" "Mozilla/5.0 (Linux; Android 10; K) AppleWebKit/537.36 (KHTML, like Gecko) Chrome/133.0.0.0 Mobile Safari/537.36"
31.4.220.124 - - [25/Feb/2025:19:10:11 +0000] "GET /wp-includes/js/jquery/ui/mouse.min.js?ver=1.13.2 HTTP/1.1" 200 1434 "https://plantamadre.es/" "Mozilla/5.0 (Linux; Android 10; K) AppleWebKit/537.36 (KHTML, like Gecko) Chrome/133.0.0.0 Mobile Safari/537.36"
31.4.220.124 - - [25/Feb/2025:19:10:11 +0000] "GET /wp-content/plugins/custom-layouts/assets/js/frontend/custom-layouts.js?ver=1.4.9 HTTP/1.1" 200 591 "https://plantamadre.es/" "Mozilla/5.0 (Linux; Android 10; K) AppleWebKit/537.36 (KHTML, like Gecko) Chrome/133.0.0.0 Mobile Safari/537.36"
