114.119.149.171 - - [26/Feb/2025:03:34:08 +0000] "GET /product/calentador-para-depositos-100w/ HTTP/1.1" 200 30859 "https://plantamadre.es/product/cesto-multiusos-toni-45l/" "Mozilla/5.0 (Linux; Android 7.0;) AppleWebKit/537.36 (KHTML, like Gecko) Mobile Safari/537.36 (compatible; PetalBot;+https://webmaster.petalsearch.com/site/petalbot)"
81.167.26.57 - - [26/Feb/2025:03:34:10 +0000] "GET /tienda/delicious-semillas-autoflorecientes/delicious-seeds-la-frutta-di-venus-3%E2%99%80/?add-to-cart=630 HTTP/1.1" 404 106585 "-" "Mozilla/5.0 (compatible; MJ12bot/v1.4.8; http://mj12bot.com/)"
81.167.26.57 - - [26/Feb/2025:03:34:14 +0000] "GET /tienda/delicious-semillas-autoflorecientes/delicious-seeds-la-frutta-di-venus-3%E2%99%80/?add-to-cart=6338 HTTP/1.1" 404 106586 "-" "Mozilla/5.0 (compatible; MJ12bot/v1.4.8; http://mj12bot.com/)"
81.167.26.57 - - [26/Feb/2025:03:34:19 +0000] "GET /tienda/delicious-semillas-autoflorecientes/delicious-seeds-la-frutta-di-venus-3%E2%99%80/?add-to-cart=7276 HTTP/1.1" 404 106586 "-" "Mozilla/5.0 (compatible; MJ12bot/v1.4.8; http://mj12bot.com/)"
146.190.157.162 - - [26/Feb/2025:03:34:25 +0000] "POST /wp-cron.php?doing_wp_cron=1740540865.7792189121246337890625 HTTP/1.1" 200 2849 "-" "WordPress/6.3.5; https://plantamadre.es"
81.167.26.57 - - [26/Feb/2025:03:34:24 +0000] "GET /tienda/delicious-semillas-autoflorecientes/delicious-seeds-la-frutta-di-venus-5%E2%99%80/?add-to-cart=3795 HTTP/1.1" 404 106586 "-" "Mozilla/5.0 (compatible; MJ12bot/v1.4.8; http://mj12bot.com/)"
146.190.157.162 - - [26/Feb/2025:03:34:31 +0000] "POST /wp-cron.php?doing_wp_cron=1740540871.2933759689331054687500 HTTP/1.1" 200 2849 "-" "WordPress/6.3.5; https://plantamadre.es"
81.167.26.57 - - [26/Feb/2025:03:34:29 +0000] "GET /tienda/delicious-semillas-autoflorecientes/delicious-seeds-la-frutta-di-venus-5%E2%99%80/?add-to-cart=602 HTTP/1.1" 404 106585 "-" "Mozilla/5.0 (compatible; MJ12bot/v1.4.8; http://mj12bot.com/)"
60.114.159.72 - - [26/Feb/2025:03:29:34 +0000] "GET /tienda/00-seeds-bank-semillas/00-seeds-00-kush-5und-fem/ HTTP/1.1" 404 74082 "-" "Mozilla/5.0 (Macintosh; Intel Mac OS X 12_5) AppleWebKit/537.36 (KHTML, like Gecko) Chrome/114.0.0.0 Safari/537.36 Edg/114.0.1264.71"
81.167.26.57 - - [26/Feb/2025:03:34:35 +0000] "GET /tienda/delicious-semillas-autoflorecientes/delicious-seeds-la-musa-5%E2%99%80/ HTTP/1.1" 404 106558 "-" "Mozilla/5.0 (compatible; MJ12bot/v1.4.8; http://mj12bot.com/)"
60.114.159.72 - - [26/Feb/2025:03:29:37 +0000] "GET /tienda/00-seeds-bank-semillas/00-seeds-00-kush-5und-fem/ HTTP/1.1" 404 80466 "-" "Mozilla/5.0 (Macintosh; Intel Mac OS X 12_5) AppleWebKit/537.36 (KHTML, like Gecko) Chrome/114.0.0.0 Safari/537.36 Edg/114.0.1264.71"
60.114.159.72 - - [26/Feb/2025:03:29:40 +0000] "GET /tienda/00-seeds-bank-semillas/00-seeds-00-kush-5und-fem/ HTTP/1.1" 404 80467 "-" "Mozilla/5.0 (Macintosh; Intel Mac OS X 12_5) AppleWebKit/537.36 (KHTML, like Gecko) Chrome/114.0.0.0 Safari/537.36 Edg/114.0.1264.71"
81.167.26.57 - - [26/Feb/2025:03:34:39 +0000] "GET /tienda/delicious-semillas-autoflorecientes/delicious-seeds-la-musa-5%E2%99%80/feed/ HTTP/1.1" 404 106563 "-" "Mozilla/5.0 (compatible; MJ12bot/v1.4.8; http://mj12bot.com/)"
81.167.26.57 - - [26/Feb/2025:03:34:45 +0000] "GET /tienda/delicious-semillas-autoflorecientes/delicious-seeds-northern-light-blue-1%E2%99%80/ HTTP/1.1" 404 106570 "-" "Mozilla/5.0 (compatible; MJ12bot/v1.4.8; http://mj12bot.com/)"
81.167.26.57 - - [26/Feb/2025:03:34:49 +0000] "GET /tienda/delicious-semillas-autoflorecientes/delicious-seeds-northern-light-blue-1%E2%99%80/feed/ HTTP/1.1" 404 106575 "-" "Mozilla/5.0 (compatible; MJ12bot/v1.4.8; http://mj12bot.com/)"
81.167.26.57 - - [26/Feb/2025:03:34:53 +0000] "GET /tienda/delicious-semillas-autoflorecientes/delicious-seeds-northern-light-blue-10%E2%99%80/ HTTP/1.1" 404 106571 "-" "Mozilla/5.0 (compatible; MJ12bot/v1.4.8; http://mj12bot.com/)"
81.167.26.57 - - [26/Feb/2025:03:34:58 +0000] "GET /tienda/delicious-semillas-autoflorecientes/delicious-seeds-northern-light-blue-10%E2%99%80/feed/ HTTP/1.1" 404 106595 "-" "Mozilla/5.0 (compatible; MJ12bot/v1.4.8; http://mj12bot.com/)"
81.167.26.57 - - [26/Feb/2025:03:35:03 +0000] "GET /tienda/delicious-semillas-autoflorecientes/delicious-seeds-northern-light-blue-1%E2%99%80/?add-to-cart=438 HTTP/1.1" 404 108918 "-" "Mozilla/5.0 (compatible; MJ12bot/v1.4.8; http://mj12bot.com/)"
158.180.238.53 - - [26/Feb/2025:03:35:08 +0000] "GET /wp-login.php HTTP/1.1" 200 14820 "-" "Mozilla/5.0 (Windows NT 6.1; WOW64; rv:54.0) Gecko/20100101 Firefox/54.0"
81.167.26.57 - - [26/Feb/2025:03:35:09 +0000] "GET /tienda/delicious-semillas-autoflorecientes/delicious-seeds-northern-light-blue-3%E2%99%80/ HTTP/1.1" 404 106570 "-" "Mozilla/5.0 (compatible; MJ12bot/v1.4.8; http://mj12bot.com/)"
80.75.14.96 - - [26/Feb/2025:03:35:11 +0000] "GET /wp-login.php HTTP/1.1" 200 14818 "-" "Mozilla/5.0 (Windows NT 10.0) AppleWebKit/537.36 (KHTML, like Gecko) Chrome/72.0.3626.121 Safari/537.36"
81.167.26.57 - - [26/Feb/2025:03:35:14 +0000] "GET /tienda/delicious-semillas-autoflorecientes/delicious-seeds-northern-light-blue-3%E2%99%80/feed/ HTTP/1.1" 404 106575 "-" "Mozilla/5.0 (compatible; MJ12bot/v1.4.8; http://mj12bot.com/)"
46.226.10.70 - - [26/Feb/2025:03:35:16 +0000] "GET /wp-login.php HTTP/1.1" 200 14609 "-" "Mozilla/5.0 (Windows NT 5.1; rv:30.0) Gecko/20100101 Firefox/30.0"
81.167.26.57 - - [26/Feb/2025:03:35:18 +0000] "GET /tienda/delicious-semillas-autoflorecientes/delicious-seeds-northern-light-blue-5%E2%99%80/ HTTP/1.1" 404 106570 "-" "Mozilla/5.0 (compatible; MJ12bot/v1.4.8; http://mj12bot.com/)"
158.101.231.239 - - [26/Feb/2025:03:35:20 +0000] "GET /wp-login.php HTTP/1.1" 200 14823 "-" "Mozilla/5.0 (Windows NT 6.1; Win64; x64; rv:58.0) Gecko/20100101 Firefox/58.0"
65.0.120.183 - - [26/Feb/2025:03:35:20 +0000] "GET /wp-login.php HTTP/1.1" 200 12691 "-" "Mozilla/5.0 (Windows NT 10.0; Win64; x64) AppleWebKit/537.36 (KHTML, like Gecko) Chrome/88.0.4324.104 Safari/537.36"
65.0.120.183 - - [26/Feb/2025:03:35:23 +0000] "POST /wp-login.php HTTP/1.1" 401 6520 "https://plantamadre.es/wp-login.php" "Mozilla/5.0 (Windows NT 10.0; Win64; x64) AppleWebKit/537.36 (KHTML, like Gecko) Chrome/88.0.4324.104 Safari/537.36"
81.167.26.57 - - [26/Feb/2025:03:35:23 +0000] "GET /tienda/delicious-semillas-autoflorecientes/delicious-seeds-northern-light-blue-5%E2%99%80/feed/ HTTP/1.1" 404 106575 "-" "Mozilla/5.0 (compatible; MJ12bot/v1.4.8; http://mj12bot.com/)"
103.115.19.90 - - [26/Feb/2025:03:35:27 +0000] "GET /wp-login.php HTTP/1.1" 200 14820 "-" "Mozilla/5.0 (Windows NT 10.0; Win64; x64) AppleWebKit/537.36 (KHTML, like Gecko) Chrome/68.0.3440.106 Safari/537.36"
81.167.26.57 - - [26/Feb/2025:03:35:27 +0000] "GET /tienda/papel/raw-caja-grinder-1-%C2%BC-shredder-case/ HTTP/1.1" 404 106533 "-" "Mozilla/5.0 (compatible; MJ12bot/v1.4.8; http://mj12bot.com/)"
124.217.254.215 - - [26/Feb/2025:03:35:32 +0000] "GET /wp-login.php HTTP/1.1" 200 14641 "-" "Mozilla/5.0 (Windows NT 10.0; Win64; x64; rv:57.0) Gecko/20100101 Firefox/57.0"
146.190.157.162 - - [26/Feb/2025:03:35:34 +0000] "POST /wp-cron.php?doing_wp_cron=1740540934.6867060661315917968750 HTTP/1.1" 200 2850 "-" "WordPress/6.3.5; https://plantamadre.es"
81.167.26.57 - - [26/Feb/2025:03:35:32 +0000] "GET /tienda/papel/raw-caja-grinder-1-%C2%BC-shredder-case/feed/ HTTP/1.1" 404 106538 "-" "Mozilla/5.0 (compatible; MJ12bot/v1.4.8; http://mj12bot.com/)"
192.186.190.226 - - [26/Feb/2025:03:35:35 +0000] "GET / HTTP/1.1" 200 27148 "-" "Mozilla/5.0 (X11; Linux x86_64) AppleWebKit/537.36 (KHTML, like Gecko) Chrome/114.0.0.0 Safari/537.36 Vivaldi/5.3.2679.68"
162.0.208.67 - - [26/Feb/2025:03:35:36 +0000] "GET /wp-login.php HTTP/1.1" 200 12689 "-" "Mozilla/5.0 (Windows NT 10.0) AppleWebKit/537.36 (KHTML, like Gecko) Chrome/72.0.3626.121 Safari/537.36"
162.0.208.67 - - [26/Feb/2025:03:35:38 +0000] "POST /wp-login.php HTTP/1.1" 401 6520 "https://plantamadre.es/wp-login.php" "Mozilla/5.0 (Windows NT 10.0) AppleWebKit/537.36 (KHTML, like Gecko) Chrome/72.0.3626.121 Safari/537.36"
123.30.240.101 - - [26/Feb/2025:03:35:39 +0000] "GET /wp-login.php HTTP/1.1" 200 14820 "-" "Mozilla/5.0 (Linux; Android 10; LM-X420) AppleWebKit/537.36 (KHTML, like Gecko) Chrome/91.0.4472.114 Mobile Safari/537.36"
81.167.26.57 - - [26/Feb/2025:03:35:38 +0000] "GET /tienda/ripper-seeds/ripper-seeds-black-valley-1%E2%99%80/feed/ HTTP/1.1" 404 106542 "-" "Mozilla/5.0 (compatible; MJ12bot/v1.4.8; http://mj12bot.com/)"
46.226.10.70 - - [26/Feb/2025:03:35:42 +0000] "GET /wp-login.php HTTP/1.1" 200 14608 "-" "Mozilla/5.0 (Windows NT 10.0; WOW64) AppleWebKit/537.36 (KHTML, like Gecko) Chrome/91.0.4472.114 Safari/537.36"
81.167.26.57 - - [26/Feb/2025:03:35:43 +0000] "GET /tienda/ripper-seeds/ripper-seeds-black-valley-1%E2%99%80/ HTTP/1.1" 404 106537 "-" "Mozilla/5.0 (compatible; MJ12bot/v1.4.8; http://mj12bot.com/)"
81.167.26.57 - - [26/Feb/2025:03:35:48 +0000] "GET /tienda/ripper-seeds/ripper-seeds-black-valley-3%E2%99%80/?add-to-cart=3429 HTTP/1.1" 404 106554 "-" "Mozilla/5.0 (compatible; MJ12bot/v1.4.8; http://mj12bot.com/)"
81.167.26.57 - - [26/Feb/2025:03:35:53 +0000] "GET /tienda/ripper-seeds/ripper-seeds-black-valley-3%E2%99%80/?add-to-cart=3990 HTTP/1.1" 404 106554 "-" "Mozilla/5.0 (compatible; MJ12bot/v1.4.8; http://mj12bot.com/)"
81.88.53.92 - - [26/Feb/2025:03:35:56 +0000] "GET /wp-login.php HTTP/1.1" 200 12690 "-" "Mozilla/5.0 (Windows NT 6.2; Win64; x64) AppleWebKit/537.36 (KHTML, like Gecko) Chrome/60.0.3112.90 Safari/537.36"
81.167.26.57 - - [26/Feb/2025:03:35:58 +0000] "GET /tienda/ripper-seeds/ripper-seeds-black-valley-5%E2%99%80/ HTTP/1.1" 404 106537 "-" "Mozilla/5.0 (compatible; MJ12bot/v1.4.8; http://mj12bot.com/)"
81.88.53.92 - - [26/Feb/2025:03:35:59 +0000] "POST /wp-login.php HTTP/1.1" 401 6521 "https://plantamadre.es/wp-login.php" "Mozilla/5.0 (Windows NT 6.2; Win64; x64) AppleWebKit/537.36 (KHTML, like Gecko) Chrome/60.0.3112.90 Safari/537.36"
81.167.26.57 - - [26/Feb/2025:03:36:03 +0000] "GET /tienda/ripper-seeds/ripper-seeds-black-valley-5%E2%99%80/?add-to-cart=233 HTTP/1.1" 404 106553 "-" "Mozilla/5.0 (compatible; MJ12bot/v1.4.8; http://mj12bot.com/)"
81.167.26.57 - - [26/Feb/2025:03:36:07 +0000] "GET /tienda/ripper-seeds/ripper-seeds-black-valley-5%E2%99%80/?add-to-cart=2331 HTTP/1.1" 404 106554 "-" "Mozilla/5.0 (compatible; MJ12bot/v1.4.8; http://mj12bot.com/)"
81.167.26.57 - - [26/Feb/2025:03:36:12 +0000] "GET /tienda/ripper-seeds/ripper-seeds-black-valley-5%E2%99%80/?add-to-cart=2332 HTTP/1.1" 404 106554 "-" "Mozilla/5.0 (compatible; MJ12bot/v1.4.8; http://mj12bot.com/)"
52.167.144.18 - - [26/Feb/2025:03:36:16 +0000] "GET /tienda/advanced-nutrients/advanced-nutrients-grandma-enggys-h-2-10l/ HTTP/1.1" 404 109160 "-" "Mozilla/5.0 AppleWebKit/537.36 (KHTML, like Gecko; compatible; bingbot/2.0; +http://www.bing.com/bingbot.htm) Chrome/116.0.1938.76 Safari/537.36"
81.167.26.57 - - [26/Feb/2025:03:36:17 +0000] "GET /tienda/ripper-seeds/ripper-seeds-black-valley-5%E2%99%80/?add-to-cart=2333 HTTP/1.1" 404 106554 "-" "Mozilla/5.0 (compatible; MJ12bot/v1.4.8; http://mj12bot.com/)"
81.167.26.57 - - [26/Feb/2025:03:36:23 +0000] "GET /tienda/ripper-seeds/ripper-seeds-black-valley-5%E2%99%80/?add-to-cart=2335 HTTP/1.1" 404 106554 "-" "Mozilla/5.0 (compatible; MJ12bot/v1.4.8; http://mj12bot.com/)"
81.167.26.57 - - [26/Feb/2025:03:36:27 +0000] "GET /tienda/ripper-seeds/ripper-seeds-black-valley-5%E2%99%80/?add-to-cart=234 HTTP/1.1" 404 106553 "-" "Mozilla/5.0 (compatible; MJ12bot/v1.4.8; http://mj12bot.com/)"
146.190.157.162 - - [26/Feb/2025:03:36:33 +0000] "POST /wp-cron.php?doing_wp_cron=1740540993.4760859012603759765625 HTTP/1.1" 200 2850 "-" "WordPress/6.3.5; https://plantamadre.es"
81.167.26.57 - - [26/Feb/2025:03:36:31 +0000] "GET /tienda/ripper-seeds/ripper-seeds-black-valley-5%E2%99%80/?add-to-cart=236 HTTP/1.1" 404 106553 "-" "Mozilla/5.0 (compatible; MJ12bot/v1.4.8; http://mj12bot.com/)"
81.167.26.57 - - [26/Feb/2025:03:36:37 +0000] "GET /tienda/ripper-seeds/ripper-seeds-black-valley-5%E2%99%80/?add-to-cart=241 HTTP/1.1" 404 106553 "-" "Mozilla/5.0 (compatible; MJ12bot/v1.4.8; http://mj12bot.com/)"
81.167.26.57 - - [26/Feb/2025:03:36:43 +0000] "GET /tienda/ripper-seeds/ripper-seeds-black-valley-5%E2%99%80/?add-to-cart=243 HTTP/1.1" 404 106553 "-" "Mozilla/5.0 (compatible; MJ12bot/v1.4.8; http://mj12bot.com/)"
81.167.26.57 - - [26/Feb/2025:03:36:47 +0000] "GET /tienda/ripper-seeds/ripper-seeds-black-valley-5%E2%99%80/?add-to-cart=246 HTTP/1.1" 404 106553 "-" "Mozilla/5.0 (compatible; MJ12bot/v1.4.8; http://mj12bot.com/)"
81.167.26.57 - - [26/Feb/2025:03:36:52 +0000] "GET /tienda/ripper-seeds/ripper-seeds-black-valley-5%E2%99%80/?add-to-cart=248 HTTP/1.1" 404 106553 "-" "Mozilla/5.0 (compatible; MJ12bot/v1.4.8; http://mj12bot.com/)"
81.167.26.57 - - [26/Feb/2025:03:36:56 +0000] "GET /tienda/ripper-seeds/ripper-seeds-black-valley-5%E2%99%80/?add-to-cart=250 HTTP/1.1" 404 106553 "-" "Mozilla/5.0 (compatible; MJ12bot/v1.4.8; http://mj12bot.com/)"
81.167.26.57 - - [26/Feb/2025:03:37:01 +0000] "GET /tienda/ripper-seeds/ripper-seeds-black-valley-5%E2%99%80/?add-to-cart=253 HTTP/1.1" 404 106553 "-" "Mozilla/5.0 (compatible; MJ12bot/v1.4.8; http://mj12bot.com/)"
81.167.26.57 - - [26/Feb/2025:03:37:06 +0000] "GET /tienda/ripper-seeds/ripper-seeds-black-valley-5%E2%99%80/?add-to-cart=255 HTTP/1.1" 404 106553 "-" "Mozilla/5.0 (compatible; MJ12bot/v1.4.8; http://mj12bot.com/)"
81.167.26.57 - - [26/Feb/2025:03:37:10 +0000] "GET /tienda/ripper-seeds/ripper-seeds-black-valley-5%E2%99%80/?add-to-cart=257 HTTP/1.1" 404 106553 "-" "Mozilla/5.0 (compatible; MJ12bot/v1.4.8; http://mj12bot.com/)"
146.190.157.162 - - [26/Feb/2025:03:37:16 +0000] "POST /wp-cron.php?doing_wp_cron=1740541036.7383210659027099609375 HTTP/1.1" 200 2851 "-" "WordPress/6.3.5; https://plantamadre.es"
81.167.26.57 - - [26/Feb/2025:03:37:15 +0000] "GET /tienda/ripper-seeds/ripper-seeds-black-valley-5%E2%99%80/?add-to-cart=259 HTTP/1.1" 404 106553 "-" "Mozilla/5.0 (compatible; MJ12bot/v1.4.8; http://mj12bot.com/)"
81.167.26.57 - - [26/Feb/2025:03:37:20 +0000] "GET /tienda/ripper-seeds/ripper-seeds-black-valley-5%E2%99%80/?add-to-cart=261 HTTP/1.1" 404 106553 "-" "Mozilla/5.0 (compatible; MJ12bot/v1.4.8; http://mj12bot.com/)"
17.241.219.138 - - [26/Feb/2025:03:37:24 +0000] "GET /robots.txt HTTP/1.1" 301 439 "-" "Mozilla/5.0 (Macintosh; Intel Mac OS X 10_15_7) AppleWebKit/605.1.15 (KHTML, like Gecko) Version/17.4 Safari/605.1.15 (Applebot/0.1; +http://www.apple.com/go/applebot)"
17.241.219.138 - - [26/Feb/2025:03:37:24 +0000] "GET /product/nano-root/ HTTP/1.1" 301 455 "-" "Mozilla/5.0 (Macintosh; Intel Mac OS X 10_15_7) AppleWebKit/605.1.15 (KHTML, like Gecko) Version/17.4 Safari/605.1.15 (Applebot/0.1; +http://www.apple.com/go/applebot)"
81.167.26.57 - - [26/Feb/2025:03:37:24 +0000] "GET /tienda/ripper-seeds/ripper-seeds-black-valley-5%E2%99%80/?add-to-cart=263 HTTP/1.1" 404 106553 "-" "Mozilla/5.0 (compatible; MJ12bot/v1.4.8; http://mj12bot.com/)"
146.190.157.162 - - [26/Feb/2025:03:37:27 +0000] "POST /wp-cron.php?doing_wp_cron=1740541047.0082890987396240234375 HTTP/1.1" 200 2851 "-" "WordPress/6.3.5; https://plantamadre.es"
17.241.75.91 - - [26/Feb/2025:03:37:25 +0000] "GET /product/nano-root/ HTTP/1.1" 200 33806 "-" "Mozilla/5.0 (Macintosh; Intel Mac OS X 10_15_7) AppleWebKit/605.1.15 (KHTML, like Gecko) Version/17.4 Safari/605.1.15 (Applebot/0.1; +http://www.apple.com/go/applebot)"
146.190.157.162 - - [26/Feb/2025:03:37:31 +0000] "POST /wp-cron.php?doing_wp_cron=1740541051.8093659877777099609375 HTTP/1.1" 200 2850 "-" "WordPress/6.3.5; https://plantamadre.es"
81.167.26.57 - - [26/Feb/2025:03:37:30 +0000] "GET /tienda/ripper-seeds/ripper-seeds-black-valley-5%E2%99%80/?add-to-cart=265 HTTP/1.1" 404 106553 "-" "Mozilla/5.0 (compatible; MJ12bot/v1.4.8; http://mj12bot.com/)"
81.167.26.57 - - [26/Feb/2025:03:37:35 +0000] "GET /tienda/ripper-seeds/ripper-seeds-black-valley-5%E2%99%80/?add-to-cart=267 HTTP/1.1" 404 106553 "-" "Mozilla/5.0 (compatible; MJ12bot/v1.4.8; http://mj12bot.com/)"
81.167.26.57 - - [26/Feb/2025:03:37:40 +0000] "GET /tienda/ripper-seeds/ripper-seeds-black-valley-5%E2%99%80/?add-to-cart=270 HTTP/1.1" 404 106553 "-" "Mozilla/5.0 (compatible; MJ12bot/v1.4.8; http://mj12bot.com/)"
81.167.26.57 - - [26/Feb/2025:03:37:44 +0000] "GET /tienda/ripper-seeds/ripper-seeds-black-valley-5%E2%99%80/?add-to-cart=271 HTTP/1.1" 404 106553 "-" "Mozilla/5.0 (compatible; MJ12bot/v1.4.8; http://mj12bot.com/)"
81.167.26.57 - - [26/Feb/2025:03:37:48 +0000] "GET /tienda/ripper-seeds/ripper-seeds-black-valley-5%E2%99%80/?add-to-cart=273 HTTP/1.1" 404 106553 "-" "Mozilla/5.0 (compatible; MJ12bot/v1.4.8; http://mj12bot.com/)"
146.190.157.162 - - [26/Feb/2025:03:37:55 +0000] "POST /wp-cron.php?doing_wp_cron=1740541075.4631350040435791015625 HTTP/1.1" 200 2849 "-" "WordPress/6.3.5; https://plantamadre.es"
81.167.26.57 - - [26/Feb/2025:03:37:53 +0000] "GET /tienda/ripper-seeds/ripper-seeds-black-valley-5%E2%99%80/?add-to-cart=274 HTTP/1.1" 404 106553 "-" "Mozilla/5.0 (compatible; MJ12bot/v1.4.8; http://mj12bot.com/)"
81.167.26.57 - - [26/Feb/2025:03:37:59 +0000] "GET /tienda/ripper-seeds/ripper-seeds-black-valley-5%E2%99%80/?add-to-cart=276 HTTP/1.1" 404 106553 "-" "Mozilla/5.0 (compatible; MJ12bot/v1.4.8; http://mj12bot.com/)"
81.167.26.57 - - [26/Feb/2025:03:38:04 +0000] "GET /tienda/ripper-seeds/ripper-seeds-black-valley-5%E2%99%80/?add-to-cart=278 HTTP/1.1" 404 106553 "-" "Mozilla/5.0 (compatible; MJ12bot/v1.4.8; http://mj12bot.com/)"
81.167.26.57 - - [26/Feb/2025:03:38:08 +0000] "GET /tienda/ripper-seeds/ripper-seeds-black-valley-5%E2%99%80/?add-to-cart=279 HTTP/1.1" 404 106553 "-" "Mozilla/5.0 (compatible; MJ12bot/v1.4.8; http://mj12bot.com/)"
81.167.26.57 - - [26/Feb/2025:03:38:13 +0000] "GET /tienda/ripper-seeds/ripper-seeds-black-valley-5%E2%99%80/?add-to-cart=280 HTTP/1.1" 404 106553 "-" "Mozilla/5.0 (compatible; MJ12bot/v1.4.8; http://mj12bot.com/)"
81.167.26.57 - - [26/Feb/2025:03:38:18 +0000] "GET /tienda/ripper-seeds/ripper-seeds-black-valley-5%E2%99%80/?add-to-cart=281 HTTP/1.1" 404 106553 "-" "Mozilla/5.0 (compatible; MJ12bot/v1.4.8; http://mj12bot.com/)"
81.167.26.57 - - [26/Feb/2025:03:38:22 +0000] "GET /tienda/ripper-seeds/ripper-seeds-black-valley-5%E2%99%80/?add-to-cart=282 HTTP/1.1" 404 106553 "-" "Mozilla/5.0 (compatible; MJ12bot/v1.4.8; http://mj12bot.com/)"
81.167.26.57 - - [26/Feb/2025:03:38:26 +0000] "GET /tienda/ripper-seeds/ripper-seeds-black-valley-5%E2%99%80/?add-to-cart=283 HTTP/1.1" 404 106553 "-" "Mozilla/5.0 (compatible; MJ12bot/v1.4.8; http://mj12bot.com/)"
146.190.157.162 - - [26/Feb/2025:03:38:32 +0000] "POST /wp-cron.php?doing_wp_cron=1740541112.4067370891571044921875 HTTP/1.1" 200 2850 "-" "WordPress/6.3.5; https://plantamadre.es"
81.167.26.57 - - [26/Feb/2025:03:38:31 +0000] "GET /tienda/ripper-seeds/ripper-seeds-black-valley-5%E2%99%80/?add-to-cart=284 HTTP/1.1" 404 106553 "-" "Mozilla/5.0 (compatible; MJ12bot/v1.4.8; http://mj12bot.com/)"
81.167.26.57 - - [26/Feb/2025:03:38:36 +0000] "GET /tienda/ripper-seeds/ripper-seeds-black-valley-5%E2%99%80/?add-to-cart=285 HTTP/1.1" 404 106553 "-" "Mozilla/5.0 (compatible; MJ12bot/v1.4.8; http://mj12bot.com/)"
81.167.26.57 - - [26/Feb/2025:03:38:41 +0000] "GET /tienda/ripper-seeds/ripper-seeds-black-valley-5%E2%99%80/?add-to-cart=286 HTTP/1.1" 404 106553 "-" "Mozilla/5.0 (compatible; MJ12bot/v1.4.8; http://mj12bot.com/)"
81.167.26.57 - - [26/Feb/2025:03:38:45 +0000] "GET /tienda/ripper-seeds/ripper-seeds-black-valley-5%E2%99%80/?add-to-cart=287 HTTP/1.1" 404 106553 "-" "Mozilla/5.0 (compatible; MJ12bot/v1.4.8; http://mj12bot.com/)"
114.119.148.155 - - [26/Feb/2025:03:38:49 +0000] "GET /wp-content/uploads/2025/01/grand-daddy-purple-150x150.png HTTP/1.1" 200 53872 "https://plantamadre.es/shop/semillas-temporada-fem/?product-page=5" "Mozilla/5.0 (Linux; Android 7.0;) AppleWebKit/537.36 (KHTML, like Gecko) Mobile Safari/537.36 (compatible; PetalBot;+https://webmaster.petalsearch.com/site/petalbot)"
81.167.26.57 - - [26/Feb/2025:03:38:49 +0000] "GET /tienda/ripper-seeds/ripper-seeds-black-valley-5%E2%99%80/?add-to-cart=288 HTTP/1.1" 404 106553 "-" "Mozilla/5.0 (compatible; MJ12bot/v1.4.8; http://mj12bot.com/)"
81.167.26.57 - - [26/Feb/2025:03:38:54 +0000] "GET /tienda/ripper-seeds/ripper-seeds-black-valley-5%E2%99%80/?add-to-cart=289 HTTP/1.1" 404 106553 "-" "Mozilla/5.0 (compatible; MJ12bot/v1.4.8; http://mj12bot.com/)"
81.167.26.57 - - [26/Feb/2025:03:38:58 +0000] "GET /tienda/ripper-seeds/ripper-seeds-black-valley-5%E2%99%80/?add-to-cart=296 HTTP/1.1" 404 106553 "-" "Mozilla/5.0 (compatible; MJ12bot/v1.4.8; http://mj12bot.com/)"
81.167.26.57 - - [26/Feb/2025:03:39:03 +0000] "GET /tienda/ripper-seeds/ripper-seeds-black-valley-5%E2%99%80/?add-to-cart=298 HTTP/1.1" 404 106553 "-" "Mozilla/5.0 (compatible; MJ12bot/v1.4.8; http://mj12bot.com/)"
81.167.26.57 - - [26/Feb/2025:03:39:07 +0000] "GET /tienda/ripper-seeds/ripper-seeds-black-valley-5%E2%99%80/?add-to-cart=3005 HTTP/1.1" 404 106554 "-" "Mozilla/5.0 (compatible; MJ12bot/v1.4.8; http://mj12bot.com/)"
81.167.26.57 - - [26/Feb/2025:03:39:12 +0000] "GET /tienda/ripper-seeds/ripper-seeds-black-valley-5%E2%99%80/?add-to-cart=3008 HTTP/1.1" 404 106554 "-" "Mozilla/5.0 (compatible; MJ12bot/v1.4.8; http://mj12bot.com/)"
81.167.26.57 - - [26/Feb/2025:03:39:16 +0000] "GET /tienda/ripper-seeds/ripper-seeds-black-valley-5%E2%99%80/?add-to-cart=301 HTTP/1.1" 404 106553 "-" "Mozilla/5.0 (compatible; MJ12bot/v1.4.8; http://mj12bot.com/)"
81.167.26.57 - - [26/Feb/2025:03:39:20 +0000] "GET /tienda/ripper-seeds/ripper-seeds-black-valley-5%E2%99%80/?add-to-cart=3010 HTTP/1.1" 404 106554 "-" "Mozilla/5.0 (compatible; MJ12bot/v1.4.8; http://mj12bot.com/)"
146.190.157.162 - - [26/Feb/2025:03:39:27 +0000] "POST /wp-cron.php?doing_wp_cron=1740541167.7387130260467529296875 HTTP/1.1" 200 2851 "-" "WordPress/6.3.5; https://plantamadre.es"
81.167.26.57 - - [26/Feb/2025:03:39:26 +0000] "GET /tienda/ripper-seeds/ripper-seeds-black-valley-5%E2%99%80/?add-to-cart=3012 HTTP/1.1" 404 106554 "-" "Mozilla/5.0 (compatible; MJ12bot/v1.4.8; http://mj12bot.com/)"
146.190.157.162 - - [26/Feb/2025:03:39:33 +0000] "POST /wp-cron.php?doing_wp_cron=1740541173.2881069183349609375000 HTTP/1.1" 200 2851 "-" "WordPress/6.3.5; https://plantamadre.es"
81.167.26.57 - - [26/Feb/2025:03:39:31 +0000] "GET /tienda/ripper-seeds/ripper-seeds-black-valley-5%E2%99%80/?add-to-cart=3014 HTTP/1.1" 404 106554 "-" "Mozilla/5.0 (compatible; MJ12bot/v1.4.8; http://mj12bot.com/)"
81.167.26.57 - - [26/Feb/2025:03:39:37 +0000] "GET /tienda/ripper-seeds/ripper-seeds-black-valley-5%E2%99%80/?add-to-cart=3015 HTTP/1.1" 404 106554 "-" "Mozilla/5.0 (compatible; MJ12bot/v1.4.8; http://mj12bot.com/)"
47.128.18.147 - - [26/Feb/2025:03:39:39 +0000] "GET /product/jealousy-z-xl-auto/ HTTP/1.1" 200 32859 "-" "Mozilla/5.0 (compatible; Bytespider; spider-feedback@bytedance.com) AppleWebKit/537.36 (KHTML, like Gecko) Chrome/70.0.0.0 Safari/537.36"
47.128.18.147 - - [26/Feb/2025:03:39:42 +0000] "GET /wp-includes/js/mediaelement/mediaelementplayer-legacy.min.css?ver=4.2.17 HTTP/1.1" 200 2935 "https://plantamadre.es/product/jealousy-z-xl-auto/" "Mozilla/5.0 (compatible; Bytespider; spider-feedback@bytedance.com) AppleWebKit/537.36 (KHTML, like Gecko) Chrome/70.0.0.0 Safari/537.36"
47.128.18.147 - - [26/Feb/2025:03:39:42 +0000] "GET /wp-includes/css/dist/block-library/style.min.css?ver=6.3.5 HTTP/1.1" 200 14252 "https://plantamadre.es/product/jealousy-z-xl-auto/" "Mozilla/5.0 (compatible; Bytespider; spider-feedback@bytedance.com) AppleWebKit/537.36 (KHTML, like Gecko) Chrome/70.0.0.0 Safari/537.36"
47.128.18.147 - - [26/Feb/2025:03:39:43 +0000] "GET /wp-content/plugins/woocommerce/packages/woocommerce-blocks/build/wc-blocks.css?ver=10.6.6 HTTP/1.1" 200 3161 "https://plantamadre.es/product/jealousy-z-xl-auto/" "Mozilla/5.0 (compatible; Bytespider; spider-feedback@bytedance.com) AppleWebKit/537.36 (KHTML, like Gecko) Chrome/70.0.0.0 Safari/537.36"
47.128.18.147 - - [26/Feb/2025:03:39:43 +0000] "GET /wp-content/plugins/woocommerce/packages/woocommerce-blocks/build/packages-style.css?ver=10.6.6 HTTP/1.1" 200 3966 "https://plantamadre.es/product/jealousy-z-xl-auto/" "Mozilla/5.0 (compatible; Bytespider; spider-feedback@bytedance.com) AppleWebKit/537.36 (KHTML, like Gecko) Chrome/70.0.0.0 Safari/537.36"
47.128.18.147 - - [26/Feb/2025:03:39:43 +0000] "GET /wp-includes/js/mediaelement/wp-mediaelement.min.css?ver=6.3.5 HTTP/1.1" 200 4069 "https://plantamadre.es/product/jealousy-z-xl-auto/" "Mozilla/5.0 (compatible; Bytespider; spider-feedback@bytedance.com) AppleWebKit/537.36 (KHTML, like Gecko) Chrome/70.0.0.0 Safari/537.36"
47.128.18.147 - - [26/Feb/2025:03:39:43 +0000] "GET /wp-content/plugins/woocommerce/packages/woocommerce-blocks/build/active-filters.css?ver=10.6.6 HTTP/1.1" 200 4939 "https://plantamadre.es/product/jealousy-z-xl-auto/" "Mozilla/5.0 (compatible; Bytespider; spider-feedback@bytedance.com) AppleWebKit/537.36 (KHTML, like Gecko) Chrome/70.0.0.0 Safari/537.36"
47.128.18.147 - - [26/Feb/2025:03:39:43 +0000] "GET /wp-content/plugins/woocommerce/packages/woocommerce-blocks/build/add-to-cart-form.css?ver=10.6.6 HTTP/1.1" 200 1043 "https://plantamadre.es/product/jealousy-z-xl-auto/" "Mozilla/5.0 (compatible; Bytespider; spider-feedback@bytedance.com) AppleWebKit/537.36 (KHTML, like Gecko) Chrome/70.0.0.0 Safari/537.36"
47.128.18.147 - - [26/Feb/2025:03:39:43 +0000] "GET /wp-content/plugins/woocommerce/packages/woocommerce-blocks/build/all-products.css?ver=10.6.6 HTTP/1.1" 200 7203 "https://plantamadre.es/product/jealousy-z-xl-auto/" "Mozilla/5.0 (compatible; Bytespider; spider-feedback@bytedance.com) AppleWebKit/537.36 (KHTML, like Gecko) Chrome/70.0.0.0 Safari/537.36"
47.128.18.147 - - [26/Feb/2025:03:39:43 +0000] "GET /wp-content/plugins/woocommerce/packages/woocommerce-blocks/build/attribute-filter.css?ver=10.6.6 HTTP/1.1" 200 4582 "https://plantamadre.es/product/jealousy-z-xl-auto/" "Mozilla/5.0 (compatible; Bytespider; spider-feedback@bytedance.com) AppleWebKit/537.36 (KHTML, like Gecko) Chrome/70.0.0.0 Safari/537.36"
47.128.18.147 - - [26/Feb/2025:03:39:43 +0000] "GET /wp-content/plugins/woocommerce/packages/woocommerce-blocks/build/all-reviews.css?ver=10.6.6 HTTP/1.1" 200 2204 "https://plantamadre.es/product/jealousy-z-xl-auto/" "Mozilla/5.0 (compatible; Bytespider; spider-feedback@bytedance.com) AppleWebKit/537.36 (KHTML, like Gecko) Chrome/70.0.0.0 Safari/537.36"
47.128.18.147 - - [26/Feb/2025:03:39:43 +0000] "GET /wp-content/plugins/woocommerce/packages/woocommerce-blocks/build/catalog-sorting.css?ver=10.6.6 HTTP/1.1" 200 617 "https://plantamadre.es/product/jealousy-z-xl-auto/" "Mozilla/5.0 (compatible; Bytespider; spider-feedback@bytedance.com) AppleWebKit/537.36 (KHTML, like Gecko) Chrome/70.0.0.0 Safari/537.36"
47.128.18.147 - - [26/Feb/2025:03:39:43 +0000] "GET /wp-content/plugins/woocommerce/packages/woocommerce-blocks/build/breadcrumbs.css?ver=10.6.6 HTTP/1.1" 200 594 "https://plantamadre.es/product/jealousy-z-xl-auto/" "Mozilla/5.0 (compatible; Bytespider; spider-feedback@bytedance.com) AppleWebKit/537.36 (KHTML, like Gecko) Chrome/70.0.0.0 Safari/537.36"
47.128.18.147 - - [26/Feb/2025:03:39:43 +0000] "GET /wp-content/plugins/woocommerce/packages/woocommerce-blocks/build/featured-category.css?ver=10.6.6 HTTP/1.1" 200 1331 "https://plantamadre.es/product/jealousy-z-xl-auto/" "Mozilla/5.0 (compatible; Bytespider; spider-feedback@bytedance.com) AppleWebKit/537.36 (KHTML, like Gecko) Chrome/70.0.0.0 Safari/537.36"
81.167.26.57 - - [26/Feb/2025:03:39:41 +0000] "GET /tienda/ripper-seeds/ripper-seeds-black-valley-5%E2%99%80/?add-to-cart=3017 HTTP/1.1" 404 106554 "-" "Mozilla/5.0 (compatible; MJ12bot/v1.4.8; http://mj12bot.com/)"
47.128.18.147 - - [26/Feb/2025:03:39:43 +0000] "GET /wp-content/plugins/woocommerce/packages/woocommerce-blocks/build/customer-account.css?ver=10.6.6 HTTP/1.1" 200 747 "https://plantamadre.es/product/jealousy-z-xl-auto/" "Mozilla/5.0 (compatible; Bytespider; spider-feedback@bytedance.com) AppleWebKit/537.36 (KHTML, like Gecko) Chrome/70.0.0.0 Safari/537.36"
47.128.18.147 - - [26/Feb/2025:03:39:43 +0000] "GET /wp-content/plugins/woocommerce/packages/woocommerce-blocks/build/mini-cart.css?ver=10.6.6 HTTP/1.1" 200 2971 "https://plantamadre.es/product/jealousy-z-xl-auto/" "Mozilla/5.0 (compatible; Bytespider; spider-feedback@bytedance.com) AppleWebKit/537.36 (KHTML, like Gecko) Chrome/70.0.0.0 Safari/537.36"
47.128.18.147 - - [26/Feb/2025:03:39:43 +0000] "GET /wp-content/plugins/woocommerce/packages/woocommerce-blocks/build/featured-product.css?ver=10.6.6 HTTP/1.1" 200 1379 "https://plantamadre.es/product/jealousy-z-xl-auto/" "Mozilla/5.0 (compatible; Bytespider; spider-feedback@bytedance.com) AppleWebKit/537.36 (KHTML, like Gecko) Chrome/70.0.0.0 Safari/537.36"
47.128.18.147 - - [26/Feb/2025:03:39:43 +0000] "GET /wp-content/plugins/woocommerce/packages/woocommerce-blocks/build/product-add-to-cart.css?ver=10.6.6 HTTP/1.1" 200 1743 "https://plantamadre.es/product/jealousy-z-xl-auto/" "Mozilla/5.0 (compatible; Bytespider; spider-feedback@bytedance.com) AppleWebKit/537.36 (KHTML, like Gecko) Chrome/70.0.0.0 Safari/537.36"
47.128.18.147 - - [26/Feb/2025:03:39:43 +0000] "GET /wp-content/plugins/woocommerce/packages/woocommerce-blocks/build/product-categories.css?ver=10.6.6 HTTP/1.1" 200 1018 "https://plantamadre.es/product/jealousy-z-xl-auto/" "Mozilla/5.0 (compatible; Bytespider; spider-feedback@bytedance.com) AppleWebKit/537.36 (KHTML, like Gecko) Chrome/70.0.0.0 Safari/537.36"
47.128.18.147 - - [26/Feb/2025:03:39:43 +0000] "GET /wp-content/plugins/woocommerce/packages/woocommerce-blocks/build/price-filter.css?ver=10.6.6 HTTP/1.1" 200 3077 "https://plantamadre.es/product/jealousy-z-xl-auto/" "Mozilla/5.0 (compatible; Bytespider; spider-feedback@bytedance.com) AppleWebKit/537.36 (KHTML, like Gecko) Chrome/70.0.0.0 Safari/537.36"
47.128.18.147 - - [26/Feb/2025:03:39:43 +0000] "GET /wp-content/plugins/woocommerce/packages/woocommerce-blocks/build/product-button.css?ver=10.6.6 HTTP/1.1" 200 1234 "https://plantamadre.es/product/jealousy-z-xl-auto/" "Mozilla/5.0 (compatible; Bytespider; spider-feedback@bytedance.com) AppleWebKit/537.36 (KHTML, like Gecko) Chrome/70.0.0.0 Safari/537.36"
47.128.18.147 - - [26/Feb/2025:03:39:43 +0000] "GET /wp-content/plugins/woocommerce/packages/woocommerce-blocks/build/product-image-gallery.css?ver=10.6.6 HTTP/1.1" 200 663 "https://plantamadre.es/product/jealousy-z-xl-auto/" "Mozilla/5.0 (compatible; Bytespider; spider-feedback@bytedance.com) AppleWebKit/537.36 (KHTML, like Gecko) Chrome/70.0.0.0 Safari/537.36"
47.128.18.147 - - [26/Feb/2025:03:39:43 +0000] "GET /wp-content/plugins/woocommerce/packages/woocommerce-blocks/build/product-image.css?ver=10.6.6 HTTP/1.1" 200 1298 "https://plantamadre.es/product/jealousy-z-xl-auto/" "Mozilla/5.0 (compatible; Bytespider; spider-feedback@bytedance.com) AppleWebKit/537.36 (KHTML, like Gecko) Chrome/70.0.0.0 Safari/537.36"
47.128.18.147 - - [26/Feb/2025:03:39:43 +0000] "GET /wp-content/plugins/woocommerce/packages/woocommerce-blocks/build/product-results-count.css?ver=10.6.6 HTTP/1.1" 200 588 "https://plantamadre.es/product/jealousy-z-xl-auto/" "Mozilla/5.0 (compatible; Bytespider; spider-feedback@bytedance.com) AppleWebKit/537.36 (KHTML, like Gecko) Chrome/70.0.0.0 Safari/537.36"
47.128.18.147 - - [26/Feb/2025:03:39:44 +0000] "GET /wp-content/plugins/woocommerce/packages/woocommerce-blocks/build/product-query.css?ver=10.6.6 HTTP/1.1" 200 706 "https://plantamadre.es/product/jealousy-z-xl-auto/" "Mozilla/5.0 (compatible; Bytespider; spider-feedback@bytedance.com) AppleWebKit/537.36 (KHTML, like Gecko) Chrome/70.0.0.0 Safari/537.36"
47.128.18.147 - - [26/Feb/2025:03:39:44 +0000] "GET /wp-content/plugins/woocommerce/packages/woocommerce-blocks/build/product-sale-badge.css?ver=10.6.6 HTTP/1.1" 200 730 "https://plantamadre.es/product/jealousy-z-xl-auto/" "Mozilla/5.0 (compatible; Bytespider; spider-feedback@bytedance.com) AppleWebKit/537.36 (KHTML, like Gecko) Chrome/70.0.0.0 Safari/537.36"
47.128.18.147 - - [26/Feb/2025:03:39:44 +0000] "GET /wp-content/plugins/woocommerce/packages/woocommerce-blocks/build/product-reviews.css?ver=10.6.6 HTTP/1.1" 200 814 "https://plantamadre.es/product/jealousy-z-xl-auto/" "Mozilla/5.0 (compatible; Bytespider; spider-feedback@bytedance.com) AppleWebKit/537.36 (KHTML, like Gecko) Chrome/70.0.0.0 Safari/537.36"
47.128.18.147 - - [26/Feb/2025:03:39:44 +0000] "GET /wp-content/plugins/woocommerce/packages/woocommerce-blocks/build/product-sku.css?ver=10.6.6 HTTP/1.1" 200 599 "https://plantamadre.es/product/jealousy-z-xl-auto/" "Mozilla/5.0 (compatible; Bytespider; spider-feedback@bytedance.com) AppleWebKit/537.36 (KHTML, like Gecko) Chrome/70.0.0.0 Safari/537.36"
47.128.18.147 - - [26/Feb/2025:03:39:44 +0000] "GET /wp-content/plugins/woocommerce/packages/woocommerce-blocks/build/product-search.css?ver=10.6.6 HTTP/1.1" 200 777 "https://plantamadre.es/product/jealousy-z-xl-auto/" "Mozilla/5.0 (compatible; Bytespider; spider-feedback@bytedance.com) AppleWebKit/537.36 (KHTML, like Gecko) Chrome/70.0.0.0 Safari/537.36"
47.128.18.147 - - [26/Feb/2025:03:39:44 +0000] "GET /wp-content/plugins/woocommerce/packages/woocommerce-blocks/build/product-summary.css?ver=10.6.6 HTTP/1.1" 200 913 "https://plantamadre.es/product/jealousy-z-xl-auto/" "Mozilla/5.0 (compatible; Bytespider; spider-feedback@bytedance.com) AppleWebKit/537.36 (KHTML, like Gecko) Chrome/70.0.0.0 Safari/537.36"
47.128.18.147 - - [26/Feb/2025:03:39:44 +0000] "GET /wp-content/plugins/woocommerce/packages/woocommerce-blocks/build/product-stock-indicator.css?ver=10.6.6 HTTP/1.1" 200 591 "https://plantamadre.es/product/jealousy-z-xl-auto/" "Mozilla/5.0 (compatible; Bytespider; spider-feedback@bytedance.com) AppleWebKit/537.36 (KHTML, like Gecko) Chrome/70.0.0.0 Safari/537.36"
47.128.18.147 - - [26/Feb/2025:03:39:44 +0000] "GET /wp-content/plugins/woocommerce/packages/woocommerce-blocks/build/rating-filter.css?ver=10.6.6 HTTP/1.1" 200 4625 "https://plantamadre.es/product/jealousy-z-xl-auto/" "Mozilla/5.0 (compatible; Bytespider; spider-feedback@bytedance.com) AppleWebKit/537.36 (KHTML, like Gecko) Chrome/70.0.0.0 Safari/537.36"
47.128.18.147 - - [26/Feb/2025:03:39:44 +0000] "GET /wp-content/plugins/woocommerce/packages/woocommerce-blocks/build/product-title.css?ver=10.6.6 HTTP/1.1" 200 1060 "https://plantamadre.es/product/jealousy-z-xl-auto/" "Mozilla/5.0 (compatible; Bytespider; spider-feedback@bytedance.com) AppleWebKit/537.36 (KHTML, like Gecko) Chrome/70.0.0.0 Safari/537.36"
47.128.18.147 - - [26/Feb/2025:03:39:44 +0000] "GET /wp-content/plugins/woocommerce/packages/woocommerce-blocks/build/reviews-by-product.css?ver=10.6.6 HTTP/1.1" 200 2204 "https://plantamadre.es/product/jealousy-z-xl-auto/" "Mozilla/5.0 (compatible; Bytespider; spider-feedback@bytedance.com) AppleWebKit/537.36 (KHTML, like Gecko) Chrome/70.0.0.0 Safari/537.36"
47.128.18.147 - - [26/Feb/2025:03:39:44 +0000] "GET /wp-content/plugins/woocommerce/packages/woocommerce-blocks/build/reviews-by-category.css?ver=10.6.6 HTTP/1.1" 200 2204 "https://plantamadre.es/product/jealousy-z-xl-auto/" "Mozilla/5.0 (compatible; Bytespider; spider-feedback@bytedance.com) AppleWebKit/537.36 (KHTML, like Gecko) Chrome/70.0.0.0 Safari/537.36"
47.128.18.147 - - [26/Feb/2025:03:39:44 +0000] "GET /wp-content/plugins/woocommerce/packages/woocommerce-blocks/build/single-product.css?ver=10.6.6 HTTP/1.1" 200 738 "https://plantamadre.es/product/jealousy-z-xl-auto/" "Mozilla/5.0 (compatible; Bytespider; spider-feedback@bytedance.com) AppleWebKit/537.36 (KHTML, like Gecko) Chrome/70.0.0.0 Safari/537.36"
47.128.18.147 - - [26/Feb/2025:03:39:44 +0000] "GET /wp-content/plugins/woocommerce/packages/woocommerce-blocks/build/product-details.css?ver=10.6.6 HTTP/1.1" 200 751 "https://plantamadre.es/product/jealousy-z-xl-auto/" "Mozilla/5.0 (compatible; Bytespider; spider-feedback@bytedance.com) AppleWebKit/537.36 (KHTML, like Gecko) Chrome/70.0.0.0 Safari/537.36"
47.128.18.147 - - [26/Feb/2025:03:39:44 +0000] "GET /wp-content/plugins/woocommerce/packages/woocommerce-blocks/build/stock-filter.css?ver=10.6.6 HTTP/1.1" 200 4454 "https://plantamadre.es/product/jealousy-z-xl-auto/" "Mozilla/5.0 (compatible; Bytespider; spider-feedback@bytedance.com) AppleWebKit/537.36 (KHTML, like Gecko) Chrome/70.0.0.0 Safari/537.36"
47.128.18.147 - - [26/Feb/2025:03:39:44 +0000] "GET /wp-content/plugins/woocommerce/packages/woocommerce-blocks/build/mini-cart-contents.css?ver=10.6.6 HTTP/1.1" 200 3103 "https://plantamadre.es/product/jealousy-z-xl-auto/" "Mozilla/5.0 (compatible; Bytespider; spider-feedback@bytedance.com) AppleWebKit/537.36 (KHTML, like Gecko) Chrome/70.0.0.0 Safari/537.36"
47.128.18.147 - - [26/Feb/2025:03:39:44 +0000] "GET /wp-content/plugins/woocommerce/packages/woocommerce-blocks/build/cart.css?ver=10.6.6 HTTP/1.1" 200 10101 "https://plantamadre.es/product/jealousy-z-xl-auto/" "Mozilla/5.0 (compatible; Bytespider; spider-feedback@bytedance.com) AppleWebKit/537.36 (KHTML, like Gecko) Chrome/70.0.0.0 Safari/537.36"
47.128.18.147 - - [26/Feb/2025:03:39:44 +0000] "GET /wp-content/plugins/woocommerce/packages/woocommerce-blocks/build/checkout.css?ver=10.6.6 HTTP/1.1" 200 9727 "https://plantamadre.es/product/jealousy-z-xl-auto/" "Mozilla/5.0 (compatible; Bytespider; spider-feedback@bytedance.com) AppleWebKit/537.36 (KHTML, like Gecko) Chrome/70.0.0.0 Safari/537.36"
47.128.18.147 - - [26/Feb/2025:03:39:44 +0000] "GET /wp-content/plugins/one-click-order-reorder/assets/css/style.min.css?ver=1.1.8 HTTP/1.1" 200 1807 "https://plantamadre.es/product/jealousy-z-xl-auto/" "Mozilla/5.0 (compatible; Bytespider; spider-feedback@bytedance.com) AppleWebKit/537.36 (KHTML, like Gecko) Chrome/70.0.0.0 Safari/537.36"
47.128.18.147 - - [26/Feb/2025:03:39:44 +0000] "GET /wp-content/plugins/age-gate/dist/main.css?ver=3.5.2 HTTP/1.1" 200 3195 "https://plantamadre.es/product/jealousy-z-xl-auto/" "Mozilla/5.0 (compatible; Bytespider; spider-feedback@bytedance.com) AppleWebKit/537.36 (KHTML, like Gecko) Chrome/70.0.0.0 Safari/537.36"
47.128.18.147 - - [26/Feb/2025:03:39:44 +0000] "GET /wp-content/plugins/woocommerce-menu-bar-cart/assets/css/wpmenucart-icons.min.css?ver=2.14.0 HTTP/1.1" 200 597 "https://plantamadre.es/product/jealousy-z-xl-auto/" "Mozilla/5.0 (compatible; Bytespider; spider-feedback@bytedance.com) AppleWebKit/537.36 (KHTML, like Gecko) Chrome/70.0.0.0 Safari/537.36"
47.128.18.147 - - [26/Feb/2025:03:39:44 +0000] "GET /wp-content/plugins/simple-banner/simple-banner.css?ver=2.15.2 HTTP/1.1" 200 610 "https://plantamadre.es/product/jealousy-z-xl-auto/" "Mozilla/5.0 (compatible; Bytespider; spider-feedback@bytedance.com) AppleWebKit/537.36 (KHTML, like Gecko) Chrome/70.0.0.0 Safari/537.36"
47.128.18.147 - - [26/Feb/2025:03:39:44 +0000] "GET /wp-content/plugins/woocommerce/assets/css/photoswipe/photoswipe.min.css?ver=8.0.3 HTTP/1.1" 200 1338 "https://plantamadre.es/product/jealousy-z-xl-auto/" "Mozilla/5.0 (compatible; Bytespider; spider-feedback@bytedance.com) AppleWebKit/537.36 (KHTML, like Gecko) Chrome/70.0.0.0 Safari/537.36"
47.128.18.147 - - [26/Feb/2025:03:39:45 +0000] "GET /wp-content/plugins/woocommerce-menu-bar-cart/assets/css/wpmenucart-main.min.css?ver=2.14.0 HTTP/1.1" 200 766 "https://plantamadre.es/product/jealousy-z-xl-auto/" "Mozilla/5.0 (compatible; Bytespider; spider-feedback@bytedance.com) AppleWebKit/537.36 (KHTML, like Gecko) Chrome/70.0.0.0 Safari/537.36"
47.128.18.147 - - [26/Feb/2025:03:39:45 +0000] "GET /wp-content/plugins/woocommerce/assets/css/woocommerce-layout.css?ver=8.0.3 HTTP/1.1" 200 2879 "https://plantamadre.es/product/jealousy-z-xl-auto/" "Mozilla/5.0 (compatible; Bytespider; spider-feedback@bytedance.com) AppleWebKit/537.36 (KHTML, like Gecko) Chrome/70.0.0.0 Safari/537.36"
47.128.18.147 - - [26/Feb/2025:03:39:45 +0000] "GET /wp-content/plugins/woocommerce/assets/css/photoswipe/default-skin/default-skin.min.css?ver=8.0.3 HTTP/1.1" 200 2258 "https://plantamadre.es/product/jealousy-z-xl-auto/" "Mozilla/5.0 (compatible; Bytespider; spider-feedback@bytedance.com) AppleWebKit/537.36 (KHTML, like Gecko) Chrome/70.0.0.0 Safari/537.36"
47.128.18.147 - - [26/Feb/2025:03:39:45 +0000] "GET /wp-content/plugins/product-layouts/assets/lib/fontpicker/jquery.fontselect.min.css?ver=1718819752 HTTP/1.1" 200 1141 "https://plantamadre.es/product/jealousy-z-xl-auto/" "Mozilla/5.0 (compatible; Bytespider; spider-feedback@bytedance.com) AppleWebKit/537.36 (KHTML, like Gecko) Chrome/70.0.0.0 Safari/537.36"
47.128.18.147 - - [26/Feb/2025:03:39:45 +0000] "GET /wp-content/plugins/woocommerce/assets/css/woocommerce.css?ver=8.0.3 HTTP/1.1" 200 9754 "https://plantamadre.es/product/jealousy-z-xl-auto/" "Mozilla/5.0 (compatible; Bytespider; spider-feedback@bytedance.com) AppleWebKit/537.36 (KHTML, like Gecko) Chrome/70.0.0.0 Safari/537.36"
47.128.18.147 - - [26/Feb/2025:03:39:45 +0000] "GET /wp-content/plugins/product-layouts/assets/global/css/wpte-product-layouts.css?ver=1718819752 HTTP/1.1" 200 15753 "https://plantamadre.es/product/jealousy-z-xl-auto/" "Mozilla/5.0 (compatible; Bytespider; spider-feedback@bytedance.com) AppleWebKit/537.36 (KHTML, like Gecko) Chrome/70.0.0.0 Safari/537.36"
47.128.18.147 - - [26/Feb/2025:03:39:45 +0000] "GET /wp-content/plugins/product-share/public/css/public.min.css?ver=1.2.2 HTTP/1.1" 200 1284 "https://plantamadre.es/product/jealousy-z-xl-auto/" "Mozilla/5.0 (compatible; Bytespider; spider-feedback@bytedance.com) AppleWebKit/537.36 (KHTML, like Gecko) Chrome/70.0.0.0 Safari/537.36"
47.128.18.147 - - [26/Feb/2025:03:39:45 +0000] "GET /wp-content/plugins/product-layouts/assets/lib/icons/wpte-cart-icon.css?ver=1718819752 HTTP/1.1" 200 2638 "https://plantamadre.es/product/jealousy-z-xl-auto/" "Mozilla/5.0 (compatible; Bytespider; spider-feedback@bytedance.com) AppleWebKit/537.36 (KHTML, like Gecko) Chrome/70.0.0.0 Safari/537.36"
47.128.18.147 - - [26/Feb/2025:03:39:45 +0000] "GET /wp-content/plugins/product-layouts/assets/lib/icons/animation.css?ver=1718819752 HTTP/1.1" 200 630 "https://plantamadre.es/product/jealousy-z-xl-auto/" "Mozilla/5.0 (compatible; Bytespider; spider-feedback@bytedance.com) AppleWebKit/537.36 (KHTML, like Gecko) Chrome/70.0.0.0 Safari/537.36"
47.128.18.147 - - [26/Feb/2025:03:39:45 +0000] "GET /wp-content/plugins/product-share/fonts/fontawesome/css/all.css?ver=1.2.2 HTTP/1.1" 200 22161 "https://plantamadre.es/product/jealousy-z-xl-auto/" "Mozilla/5.0 (compatible; Bytespider; spider-feedback@bytedance.com) AppleWebKit/537.36 (KHTML, like Gecko) Chrome/70.0.0.0 Safari/537.36"
47.128.18.147 - - [26/Feb/2025:03:39:45 +0000] "GET /wp-content/plugins/wpb-woocommerce-related-products-slider/assets/css/owl.carousel.css?ver=2.3.4 HTTP/1.1" 200 1636 "https://plantamadre.es/product/jealousy-z-xl-auto/" "Mozilla/5.0 (compatible; Bytespider; spider-feedback@bytedance.com) AppleWebKit/537.36 (KHTML, like Gecko) Chrome/70.0.0.0 Safari/537.36"
47.128.18.147 - - [26/Feb/2025:03:39:45 +0000] "GET /wp-includes/css/dashicons.min.css?ver=6.3.5 HTTP/1.1" 200 36206 "https://plantamadre.es/product/jealousy-z-xl-auto/" "Mozilla/5.0 (compatible; Bytespider; spider-feedback@bytedance.com) AppleWebKit/537.36 (KHTML, like Gecko) Chrome/70.0.0.0 Safari/537.36"
47.128.18.147 - - [26/Feb/2025:03:39:45 +0000] "GET /wp-content/themes/Divi/style.css?ver=4.9.1 HTTP/1.1" 200 83623 "https://plantamadre.es/product/jealousy-z-xl-auto/" "Mozilla/5.0 (compatible; Bytespider; spider-feedback@bytedance.com) AppleWebKit/537.36 (KHTML, like Gecko) Chrome/70.0.0.0 Safari/537.36"
47.128.18.147 - - [26/Feb/2025:03:39:45 +0000] "GET /wp-content/plugins/wpb-woocommerce-related-products-slider/assets/css/main.css?ver=1.0 HTTP/1.1" 200 2113 "https://plantamadre.es/product/jealousy-z-xl-auto/" "Mozilla/5.0 (compatible; Bytespider; spider-feedback@bytedance.com) AppleWebKit/537.36 (KHTML, like Gecko) Chrome/70.0.0.0 Safari/537.36"
47.128.18.147 - - [26/Feb/2025:03:39:45 +0000] "GET /wp-content/uploads/custom-layouts/style.css?ver=3 HTTP/1.1" 200 2455 "https://plantamadre.es/product/jealousy-z-xl-auto/" "Mozilla/5.0 (compatible; Bytespider; spider-feedback@bytedance.com) AppleWebKit/537.36 (KHTML, like Gecko) Chrome/70.0.0.0 Safari/537.36"
47.128.18.147 - - [26/Feb/2025:03:39:45 +0000] "GET /wp-content/et-cache/global/et-divi-customizer-global-17386076231886.min.css HTTP/1.1" 200 9246 "https://plantamadre.es/product/jealousy-z-xl-auto/" "Mozilla/5.0 (compatible; Bytespider; spider-feedback@bytedance.com) AppleWebKit/537.36 (KHTML, like Gecko) Chrome/70.0.0.0 Safari/537.36"
47.128.18.147 - - [26/Feb/2025:03:39:45 +0000] "GET /wp-content/plugins/jetpack/css/jetpack.css?ver=12.0.2 HTTP/1.1" 200 18559 "https://plantamadre.es/product/jealousy-z-xl-auto/" "Mozilla/5.0 (compatible; Bytespider; spider-feedback@bytedance.com) AppleWebKit/537.36 (KHTML, like Gecko) Chrome/70.0.0.0 Safari/537.36"
47.128.18.147 - - [26/Feb/2025:03:39:45 +0000] "GET /wp-content/et-cache/24360/et-core-unified-cpt-tb-20099-24360-17386162424105.min.css HTTP/1.1" 200 1113 "https://plantamadre.es/product/jealousy-z-xl-auto/" "Mozilla/5.0 (compatible; Bytespider; spider-feedback@bytedance.com) AppleWebKit/537.36 (KHTML, like Gecko) Chrome/70.0.0.0 Safari/537.36"
47.128.18.147 - - [26/Feb/2025:03:39:46 +0000] "GET /wp-content/plugins/social-share-buttons-by-supsystic/src/SocialSharing/Projects/assets/css/fa-ssbs.css HTTP/1.1" 200 1782 "https://plantamadre.es/product/jealousy-z-xl-auto/" "Mozilla/5.0 (compatible; Bytespider; spider-feedback@bytedance.com) AppleWebKit/537.36 (KHTML, like Gecko) Chrome/70.0.0.0 Safari/537.36"
47.128.18.147 - - [26/Feb/2025:03:39:46 +0000] "GET /wp-content/plugins/social-share-buttons-by-supsystic/src/SocialSharing/Projects/assets/css/base.css HTTP/1.1" 200 1908 "https://plantamadre.es/product/jealousy-z-xl-auto/" "Mozilla/5.0 (compatible; Bytespider; spider-feedback@bytedance.com) AppleWebKit/537.36 (KHTML, like Gecko) Chrome/70.0.0.0 Safari/537.36"
47.128.18.147 - - [26/Feb/2025:03:39:46 +0000] "GET /wp-content/plugins/social-share-buttons-by-supsystic/src/SocialSharing/Projects/assets/css/tooltipster.css HTTP/1.1" 200 2086 "https://plantamadre.es/product/jealousy-z-xl-auto/" "Mozilla/5.0 (compatible; Bytespider; spider-feedback@bytedance.com) AppleWebKit/537.36 (KHTML, like Gecko) Chrome/70.0.0.0 Safari/537.36"
47.128.18.147 - - [26/Feb/2025:03:39:46 +0000] "GET /wp-content/plugins/social-share-buttons-by-supsystic/src/SocialSharing/Projects/assets/css/animate.min.css HTTP/1.1" 200 5617 "https://plantamadre.es/product/jealousy-z-xl-auto/" "Mozilla/5.0 (compatible; Bytespider; spider-feedback@bytedance.com) AppleWebKit/537.36 (KHTML, like Gecko) Chrome/70.0.0.0 Safari/537.36"
47.128.18.147 - - [26/Feb/2025:03:39:46 +0000] "GET /wp-content/plugins/social-share-buttons-by-supsystic/src/SocialSharing/Projects/assets/css/buttons/brand-icons.css HTTP/1.1" 200 1270 "https://plantamadre.es/product/jealousy-z-xl-auto/" "Mozilla/5.0 (compatible; Bytespider; spider-feedback@bytedance.com) AppleWebKit/537.36 (KHTML, like Gecko) Chrome/70.0.0.0 Safari/537.36"
47.128.18.147 - - [26/Feb/2025:03:39:46 +0000] "GET /wp-content/uploads/2024/06/logo.png HTTP/1.1" 206 838 "https://plantamadre.es/product/jealousy-z-xl-auto/" "Mozilla/5.0 (compatible; Bytespider; spider-feedback@bytedance.com) AppleWebKit/537.36 (KHTML, like Gecko) Chrome/70.0.0.0 Safari/537.36"
47.128.18.147 - - [26/Feb/2025:03:39:46 +0000] "GET /wp-content/plugins/social-share-buttons-by-supsystic/src/SocialSharing/Projects/assets/css/tooltipster-shadow.css HTTP/1.1" 200 540 "https://plantamadre.es/product/jealousy-z-xl-auto/" "Mozilla/5.0 (compatible; Bytespider; spider-feedback@bytedance.com) AppleWebKit/537.36 (KHTML, like Gecko) Chrome/70.0.0.0 Safari/537.36"
47.128.18.147 - - [26/Feb/2025:03:39:46 +0000] "GET /wp-content/uploads/2024/06/kit_digital-1024x61-1.png HTTP/1.1" 206 838 "https://plantamadre.es/product/jealousy-z-xl-auto/" "Mozilla/5.0 (compatible; Bytespider; spider-feedback@bytedance.com) AppleWebKit/537.36 (KHTML, like Gecko) Chrome/70.0.0.0 Safari/537.36"
47.128.18.147 - - [26/Feb/2025:03:39:46 +0000] "GET /wp-content/plugins/social-share-buttons-by-supsystic/src/SocialSharing/Projects/assets/css/counter/arrowed.css HTTP/1.1" 200 1218 "https://plantamadre.es/wp-content/plugins/social-share-buttons-by-supsystic/src/SocialSharing/Projects/assets/css/base.css" "Mozilla/5.0 (compatible; Bytespider; spider-feedback@bytedance.com) AppleWebKit/537.36 (KHTML, like Gecko) Chrome/70.0.0.0 Safari/537.36"
47.128.18.147 - - [26/Feb/2025:03:39:46 +0000] "GET /wp-content/plugins/social-share-buttons-by-supsystic/src/SocialSharing/Projects/assets/css/counter/standard.css HTTP/1.1" 200 662 "https://plantamadre.es/wp-content/plugins/social-share-buttons-by-supsystic/src/SocialSharing/Projects/assets/css/base.css" "Mozilla/5.0 (compatible; Bytespider; spider-feedback@bytedance.com) AppleWebKit/537.36 (KHTML, like Gecko) Chrome/70.0.0.0 Safari/537.36"
47.128.18.147 - - [26/Feb/2025:03:39:46 +0000] "GET /wp-content/uploads/2025/01/jaleously2-300x409.png HTTP/1.1" 206 840 "https://plantamadre.es/product/jealousy-z-xl-auto/" "Mozilla/5.0 (compatible; Bytespider; spider-feedback@bytedance.com) AppleWebKit/537.36 (KHTML, like Gecko) Chrome/70.0.0.0 Safari/537.36"
47.128.18.147 - - [26/Feb/2025:03:39:46 +0000] "GET /wp-content/plugins/social-share-buttons-by-supsystic/src/SocialSharing/Projects/assets/css/button/standard.css HTTP/1.1" 200 1852 "https://plantamadre.es/wp-content/plugins/social-share-buttons-by-supsystic/src/SocialSharing/Projects/assets/css/base.css" "Mozilla/5.0 (compatible; Bytespider; spider-feedback@bytedance.com) AppleWebKit/537.36 (KHTML, like Gecko) Chrome/70.0.0.0 Safari/537.36"
