176.83.94.248 - - [25/Feb/2025:15:50:14 +0000] "GET /wp-content/plugins/product-layouts/assets/lib/fontpicker/jquery.fontselect.min.css?ver=1718819752 HTTP/1.1" 200 1141 "https://plantamadre.es/" "Mozilla/5.0 (iPhone; CPU iPhone OS 18_1_1 like Mac OS X) AppleWebKit/605.1.15 (KHTML, like Gecko) Version/18.1.1 Mobile/15E148 Safari/604.1"
176.83.94.248 - - [25/Feb/2025:15:50:14 +0000] "GET /wp-content/plugins/product-layouts/assets/lib/icons/wpte-cart-icon.css?ver=1718819752 HTTP/1.1" 200 2638 "https://plantamadre.es/" "Mozilla/5.0 (iPhone; CPU iPhone OS 18_1_1 like Mac OS X) AppleWebKit/605.1.15 (KHTML, like Gecko) Version/18.1.1 Mobile/15E148 Safari/604.1"
176.83.94.248 - - [25/Feb/2025:15:50:14 +0000] "GET /wp-content/plugins/product-layouts/assets/global/css/wpte-product-layouts.css?ver=1718819752 HTTP/1.1" 200 15753 "https://plantamadre.es/" "Mozilla/5.0 (iPhone; CPU iPhone OS 18_1_1 like Mac OS X) AppleWebKit/605.1.15 (KHTML, like Gecko) Version/18.1.1 Mobile/15E148 Safari/604.1"
176.83.94.248 - - [25/Feb/2025:15:50:14 +0000] "GET /wp-content/plugins/product-layouts/assets/lib/icons/animation.css?ver=1718819752 HTTP/1.1" 200 630 "https://plantamadre.es/" "Mozilla/5.0 (iPhone; CPU iPhone OS 18_1_1 like Mac OS X) AppleWebKit/605.1.15 (KHTML, like Gecko) Version/18.1.1 Mobile/15E148 Safari/604.1"
176.83.94.248 - - [25/Feb/2025:15:50:14 +0000] "GET /wp-content/plugins/wpb-woocommerce-related-products-slider/assets/css/owl.carousel.css?ver=2.3.4 HTTP/1.1" 200 1636 "https://plantamadre.es/" "Mozilla/5.0 (iPhone; CPU iPhone OS 18_1_1 like Mac OS X) AppleWebKit/605.1.15 (KHTML, like Gecko) Version/18.1.1 Mobile/15E148 Safari/604.1"
176.83.94.248 - - [25/Feb/2025:15:50:14 +0000] "GET /wp-content/plugins/wpb-woocommerce-related-products-slider/assets/css/main.css?ver=1.0 HTTP/1.1" 200 2113 "https://plantamadre.es/" "Mozilla/5.0 (iPhone; CPU iPhone OS 18_1_1 like Mac OS X) AppleWebKit/605.1.15 (KHTML, like Gecko) Version/18.1.1 Mobile/15E148 Safari/604.1"
66.249.68.5 - - [25/Feb/2025:15:50:14 +0000] "GET /wp-content/uploads/2024/11/ZERU0037-00.png HTTP/1.1" 200 184339 "-" "Googlebot-Image/1.0"
176.83.94.248 - - [25/Feb/2025:15:50:14 +0000] "GET /wp-content/plugins/woocommerce/assets/css/photoswipe/photoswipe.min.css?ver=8.0.3 HTTP/1.1" 200 1338 "https://plantamadre.es/" "Mozilla/5.0 (iPhone; CPU iPhone OS 18_1_1 like Mac OS X) AppleWebKit/605.1.15 (KHTML, like Gecko) Version/18.1.1 Mobile/15E148 Safari/604.1"
176.83.94.248 - - [25/Feb/2025:15:50:14 +0000] "GET /wp-content/plugins/woocommerce/assets/css/photoswipe/default-skin/default-skin.min.css?ver=8.0.3 HTTP/1.1" 200 2258 "https://plantamadre.es/" "Mozilla/5.0 (iPhone; CPU iPhone OS 18_1_1 like Mac OS X) AppleWebKit/605.1.15 (KHTML, like Gecko) Version/18.1.1 Mobile/15E148 Safari/604.1"
176.83.94.248 - - [25/Feb/2025:15:50:14 +0000] "GET /wp-includes/css/dashicons.min.css?ver=6.3.5 HTTP/1.1" 200 36206 "https://plantamadre.es/" "Mozilla/5.0 (iPhone; CPU iPhone OS 18_1_1 like Mac OS X) AppleWebKit/605.1.15 (KHTML, like Gecko) Version/18.1.1 Mobile/15E148 Safari/604.1"
176.83.94.248 - - [25/Feb/2025:15:50:14 +0000] "GET /wp-content/uploads/custom-layouts/style.css?ver=3 HTTP/1.1" 200 2455 "https://plantamadre.es/" "Mozilla/5.0 (iPhone; CPU iPhone OS 18_1_1 like Mac OS X) AppleWebKit/605.1.15 (KHTML, like Gecko) Version/18.1.1 Mobile/15E148 Safari/604.1"
176.83.94.248 - - [25/Feb/2025:15:50:14 +0000] "GET /wp-content/plugins/jetpack/css/jetpack.css?ver=12.0.2 HTTP/1.1" 200 18559 "https://plantamadre.es/" "Mozilla/5.0 (iPhone; CPU iPhone OS 18_1_1 like Mac OS X) AppleWebKit/605.1.15 (KHTML, like Gecko) Version/18.1.1 Mobile/15E148 Safari/604.1"
176.83.94.248 - - [25/Feb/2025:15:50:15 +0000] "GET /wp-includes/js/dist/vendor/wp-polyfill-inert.min.js?ver=3.1.2 HTTP/1.1" 200 2834 "https://plantamadre.es/" "Mozilla/5.0 (iPhone; CPU iPhone OS 18_1_1 like Mac OS X) AppleWebKit/605.1.15 (KHTML, like Gecko) Version/18.1.1 Mobile/15E148 Safari/604.1"
176.83.94.248 - - [25/Feb/2025:15:50:15 +0000] "GET /wp-includes/js/dist/vendor/regenerator-runtime.min.js?ver=0.13.11 HTTP/1.1" 200 2849 "https://plantamadre.es/" "Mozilla/5.0 (iPhone; CPU iPhone OS 18_1_1 like Mac OS X) AppleWebKit/605.1.15 (KHTML, like Gecko) Version/18.1.1 Mobile/15E148 Safari/604.1"
176.83.94.248 - - [25/Feb/2025:15:50:14 +0000] "GET /wp-content/themes/Divi/style.css?ver=4.9.1 HTTP/1.1" 200 83623 "https://plantamadre.es/" "Mozilla/5.0 (iPhone; CPU iPhone OS 18_1_1 like Mac OS X) AppleWebKit/605.1.15 (KHTML, like Gecko) Version/18.1.1 Mobile/15E148 Safari/604.1"
176.83.94.248 - - [25/Feb/2025:15:50:15 +0000] "GET /wp-includes/js/dist/vendor/wp-polyfill.min.js?ver=3.15.0 HTTP/1.1" 200 6239 "https://plantamadre.es/" "Mozilla/5.0 (iPhone; CPU iPhone OS 18_1_1 like Mac OS X) AppleWebKit/605.1.15 (KHTML, like Gecko) Version/18.1.1 Mobile/15E148 Safari/604.1"
176.83.94.248 - - [25/Feb/2025:15:50:15 +0000] "GET /wp-includes/js/dist/hooks.min.js?ver=c6aec9a8d4e5a5d543a1 HTTP/1.1" 200 1917 "https://plantamadre.es/" "Mozilla/5.0 (iPhone; CPU iPhone OS 18_1_1 like Mac OS X) AppleWebKit/605.1.15 (KHTML, like Gecko) Version/18.1.1 Mobile/15E148 Safari/604.1"
176.83.94.248 - - [25/Feb/2025:15:50:15 +0000] "GET /wp-includes/js/jquery/jquery-migrate.min.js?ver=3.4.1 HTTP/1.1" 200 5222 "https://plantamadre.es/" "Mozilla/5.0 (iPhone; CPU iPhone OS 18_1_1 like Mac OS X) AppleWebKit/605.1.15 (KHTML, like Gecko) Version/18.1.1 Mobile/15E148 Safari/604.1"
176.83.94.248 - - [25/Feb/2025:15:50:15 +0000] "GET /wp-includes/js/jquery/jquery.min.js?ver=3.7.0 HTTP/1.1" 200 30805 "https://plantamadre.es/" "Mozilla/5.0 (iPhone; CPU iPhone OS 18_1_1 like Mac OS X) AppleWebKit/605.1.15 (KHTML, like Gecko) Version/18.1.1 Mobile/15E148 Safari/604.1"
176.83.94.248 - - [25/Feb/2025:15:50:15 +0000] "GET /wp-content/plugins/simple-banner/simple-banner.js?ver=2.15.2 HTTP/1.1" 200 1769 "https://plantamadre.es/" "Mozilla/5.0 (iPhone; CPU iPhone OS 18_1_1 like Mac OS X) AppleWebKit/605.1.15 (KHTML, like Gecko) Version/18.1.1 Mobile/15E148 Safari/604.1"
176.83.94.248 - - [25/Feb/2025:15:50:15 +0000] "GET /wp-content/et-cache/20023/et-core-unified-tb-20099-20023-17386084428238.min.css HTTP/1.1" 200 2100 "https://plantamadre.es/" "Mozilla/5.0 (iPhone; CPU iPhone OS 18_1_1 like Mac OS X) AppleWebKit/605.1.15 (KHTML, like Gecko) Version/18.1.1 Mobile/15E148 Safari/604.1"
176.83.94.248 - - [25/Feb/2025:15:50:15 +0000] "GET /wp-content/et-cache/20023/et-core-unified-20023-17386084428238.min.css HTTP/1.1" 200 9120 "https://plantamadre.es/" "Mozilla/5.0 (iPhone; CPU iPhone OS 18_1_1 like Mac OS X) AppleWebKit/605.1.15 (KHTML, like Gecko) Version/18.1.1 Mobile/15E148 Safari/604.1"
176.83.94.248 - - [25/Feb/2025:15:50:15 +0000] "GET /wp-content/plugins/age-gate/dist/all.js?ver=3.5.2 HTTP/1.1" 200 1714 "https://plantamadre.es/" "Mozilla/5.0 (iPhone; CPU iPhone OS 18_1_1 like Mac OS X) AppleWebKit/605.1.15 (KHTML, like Gecko) Version/18.1.1 Mobile/15E148 Safari/604.1"
176.83.94.248 - - [25/Feb/2025:15:50:15 +0000] "GET /wp-includes/js/imagesloaded.min.js?ver=4.1.4 HTTP/1.1" 200 2184 "https://plantamadre.es/" "Mozilla/5.0 (iPhone; CPU iPhone OS 18_1_1 like Mac OS X) AppleWebKit/605.1.15 (KHTML, like Gecko) Version/18.1.1 Mobile/15E148 Safari/604.1"
176.83.94.248 - - [25/Feb/2025:15:50:15 +0000] "GET /wp-includes/js/masonry.min.js?ver=4.2.2 HTTP/1.1" 200 7732 "https://plantamadre.es/" "Mozilla/5.0 (iPhone; CPU iPhone OS 18_1_1 like Mac OS X) AppleWebKit/605.1.15 (KHTML, like Gecko) Version/18.1.1 Mobile/15E148 Safari/604.1"
176.83.94.248 - - [25/Feb/2025:15:50:15 +0000] "GET /wp-content/themes/Divi/core/admin/fonts/modules.ttf HTTP/1.1" 200 92935 "https://plantamadre.es/" "Mozilla/5.0 (iPhone; CPU iPhone OS 18_1_1 like Mac OS X) AppleWebKit/605.1.15 (KHTML, like Gecko) Version/18.1.1 Mobile/15E148 Safari/604.1"
176.83.94.248 - - [25/Feb/2025:15:50:15 +0000] "GET /wp-content/plugins/custom-layouts/assets/js/frontend/custom-layouts.js?ver=1.4.9 HTTP/1.1" 200 591 "https://plantamadre.es/" "Mozilla/5.0 (iPhone; CPU iPhone OS 18_1_1 like Mac OS X) AppleWebKit/605.1.15 (KHTML, like Gecko) Version/18.1.1 Mobile/15E148 Safari/604.1"
176.83.94.248 - - [25/Feb/2025:15:50:15 +0000] "GET /wp-includes/js/jquery/ui/core.min.js?ver=1.13.2 HTTP/1.1" 200 7449 "https://plantamadre.es/" "Mozilla/5.0 (iPhone; CPU iPhone OS 18_1_1 like Mac OS X) AppleWebKit/605.1.15 (KHTML, like Gecko) Version/18.1.1 Mobile/15E148 Safari/604.1"
176.83.94.248 - - [25/Feb/2025:15:50:15 +0000] "GET /wp-includes/js/jquery/ui/mouse.min.js?ver=1.13.2 HTTP/1.1" 200 1434 "https://plantamadre.es/" "Mozilla/5.0 (iPhone; CPU iPhone OS 18_1_1 like Mac OS X) AppleWebKit/605.1.15 (KHTML, like Gecko) Version/18.1.1 Mobile/15E148 Safari/604.1"
176.83.94.248 - - [25/Feb/2025:15:50:15 +0000] "GET /wp-includes/js/jquery/ui/draggable.min.js?ver=1.13.2 HTTP/1.1" 200 5189 "https://plantamadre.es/" "Mozilla/5.0 (iPhone; CPU iPhone OS 18_1_1 like Mac OS X) AppleWebKit/605.1.15 (KHTML, like Gecko) Version/18.1.1 Mobile/15E148 Safari/604.1"
176.83.94.248 - - [25/Feb/2025:15:50:15 +0000] "GET /wp-content/plugins/one-click-order-reorder/assets/js/ced_cng_cart.min.js?ver=1.1.8 HTTP/1.1" 200 2906 "https://plantamadre.es/" "Mozilla/5.0 (iPhone; CPU iPhone OS 18_1_1 like Mac OS X) AppleWebKit/605.1.15 (KHTML, like Gecko) Version/18.1.1 Mobile/15E148 Safari/604.1"
176.83.94.248 - - [25/Feb/2025:15:50:15 +0000] "GET /wp-content/plugins/woocommerce/assets/js/jquery-blockui/jquery.blockUI.min.js?ver=2.7.0-wc.8.0.3 HTTP/1.1" 200 3887 "https://plantamadre.es/" "Mozilla/5.0 (iPhone; CPU iPhone OS 18_1_1 like Mac OS X) AppleWebKit/605.1.15 (KHTML, like Gecko) Version/18.1.1 Mobile/15E148 Safari/604.1"
176.83.94.248 - - [25/Feb/2025:15:50:15 +0000] "GET /wp-content/plugins/woocommerce/assets/js/js-cookie/js.cookie.min.js?ver=2.1.4-wc.8.0.3 HTTP/1.1" 200 1328 "https://plantamadre.es/" "Mozilla/5.0 (iPhone; CPU iPhone OS 18_1_1 like Mac OS X) AppleWebKit/605.1.15 (KHTML, like Gecko) Version/18.1.1 Mobile/15E148 Safari/604.1"
176.83.94.248 - - [25/Feb/2025:15:50:15 +0000] "GET /wp-content/plugins/woocommerce/assets/js/frontend/woocommerce.min.js?ver=8.0.3 HTTP/1.1" 200 1147 "https://plantamadre.es/" "Mozilla/5.0 (iPhone; CPU iPhone OS 18_1_1 like Mac OS X) AppleWebKit/605.1.15 (KHTML, like Gecko) Version/18.1.1 Mobile/15E148 Safari/604.1"
176.83.94.248 - - [25/Feb/2025:15:50:15 +0000] "GET /wp-content/plugins/wpb-woocommerce-related-products-slider/assets/js/owl.carousel.js?ver=2.3.4 HTTP/1.1" 200 11829 "https://plantamadre.es/" "Mozilla/5.0 (iPhone; CPU iPhone OS 18_1_1 like Mac OS X) AppleWebKit/605.1.15 (KHTML, like Gecko) Version/18.1.1 Mobile/15E148 Safari/604.1"
176.83.94.248 - - [25/Feb/2025:15:50:15 +0000] "GET /wp-content/plugins/wpb-woocommerce-related-products-slider/assets/js/init.js?ver=1.0 HTTP/1.1" 200 837 "https://plantamadre.es/" "Mozilla/5.0 (iPhone; CPU iPhone OS 18_1_1 like Mac OS X) AppleWebKit/605.1.15 (KHTML, like Gecko) Version/18.1.1 Mobile/15E148 Safari/604.1"
176.83.94.248 - - [25/Feb/2025:15:50:15 +0000] "GET /wp-includes/js/comment-reply.min.js?ver=6.3.5 HTTP/1.1" 200 1700 "https://plantamadre.es/" "Mozilla/5.0 (iPhone; CPU iPhone OS 18_1_1 like Mac OS X) AppleWebKit/605.1.15 (KHTML, like Gecko) Version/18.1.1 Mobile/15E148 Safari/604.1"
176.83.94.248 - - [25/Feb/2025:15:50:16 +0000] "GET /wp-content/plugins/age-gate/dist/age-gate.js?ver=3.5.2 HTTP/1.1" 200 30406 "https://plantamadre.es/" "Mozilla/5.0 (iPhone; CPU iPhone OS 18_1_1 like Mac OS X) AppleWebKit/605.1.15 (KHTML, like Gecko) Version/18.1.1 Mobile/15E148 Safari/604.1"
176.83.94.248 - - [25/Feb/2025:15:50:16 +0000] "GET /wp-content/themes/Divi/core/admin/js/common.js?ver=4.9.1 HTTP/1.1" 200 914 "https://plantamadre.es/" "Mozilla/5.0 (iPhone; CPU iPhone OS 18_1_1 like Mac OS X) AppleWebKit/605.1.15 (KHTML, like Gecko) Version/18.1.1 Mobile/15E148 Safari/604.1"
176.83.94.248 - - [25/Feb/2025:15:50:16 +0000] "GET /wp-content/plugins/woocommerce/assets/js/zoom/jquery.zoom.min.js?ver=1.7.21-wc.8.0.3 HTTP/1.1" 200 1541 "https://plantamadre.es/" "Mozilla/5.0 (iPhone; CPU iPhone OS 18_1_1 like Mac OS X) AppleWebKit/605.1.15 (KHTML, like Gecko) Version/18.1.1 Mobile/15E148 Safari/604.1"
176.83.94.248 - - [25/Feb/2025:15:50:16 +0000] "GET /wp-content/plugins/woocommerce/assets/js/flexslider/jquery.flexslider.min.js?ver=2.7.2-wc.8.0.3 HTTP/1.1" 200 6581 "https://plantamadre.es/" "Mozilla/5.0 (iPhone; CPU iPhone OS 18_1_1 like Mac OS X) AppleWebKit/605.1.15 (KHTML, like Gecko) Version/18.1.1 Mobile/15E148 Safari/604.1"
176.83.94.248 - - [25/Feb/2025:15:50:16 +0000] "GET /wp-content/plugins/woocommerce/assets/js/photoswipe/photoswipe.min.js?ver=4.1.1-wc.8.0.3 HTTP/1.1" 200 12459 "https://plantamadre.es/" "Mozilla/5.0 (iPhone; CPU iPhone OS 18_1_1 like Mac OS X) AppleWebKit/605.1.15 (KHTML, like Gecko) Version/18.1.1 Mobile/15E148 Safari/604.1"
176.83.94.248 - - [25/Feb/2025:15:50:16 +0000] "GET /wp-content/themes/Divi/js/custom.unified.js?ver=4.9.1 HTTP/1.1" 200 139323 "https://plantamadre.es/" "Mozilla/5.0 (iPhone; CPU iPhone OS 18_1_1 like Mac OS X) AppleWebKit/605.1.15 (KHTML, like Gecko) Version/18.1.1 Mobile/15E148 Safari/604.1"
176.83.94.248 - - [25/Feb/2025:15:50:16 +0000] "GET /wp-content/plugins/woocommerce/assets/js/photoswipe/photoswipe-ui-default.min.js?ver=4.1.1-wc.8.0.3 HTTP/1.1" 200 4024 "https://plantamadre.es/" "Mozilla/5.0 (iPhone; CPU iPhone OS 18_1_1 like Mac OS X) AppleWebKit/605.1.15 (KHTML, like Gecko) Version/18.1.1 Mobile/15E148 Safari/604.1"
176.83.94.248 - - [25/Feb/2025:15:50:16 +0000] "GET /wp-content/plugins/woocommerce/assets/js/frontend/single-product.min.js?ver=8.0.3 HTTP/1.1" 200 2252 "https://plantamadre.es/" "Mozilla/5.0 (iPhone; CPU iPhone OS 18_1_1 like Mac OS X) AppleWebKit/605.1.15 (KHTML, like Gecko) Version/18.1.1 Mobile/15E148 Safari/604.1"
176.83.94.248 - - [25/Feb/2025:15:50:16 +0000] "GET /wp-content/plugins/woocommerce/assets/js/frontend/cart-fragments.min.js?ver=8.0.3 HTTP/1.1" 200 1394 "https://plantamadre.es/" "Mozilla/5.0 (iPhone; CPU iPhone OS 18_1_1 like Mac OS X) AppleWebKit/605.1.15 (KHTML, like Gecko) Version/18.1.1 Mobile/15E148 Safari/604.1"
176.83.94.248 - - [25/Feb/2025:15:50:16 +0000] "GET /wp-includes/js/mediaelement/mediaelement-and-player.min.js?ver=4.2.17 HTTP/1.1" 200 39273 "https://plantamadre.es/" "Mozilla/5.0 (iPhone; CPU iPhone OS 18_1_1 like Mac OS X) AppleWebKit/605.1.15 (KHTML, like Gecko) Version/18.1.1 Mobile/15E148 Safari/604.1"
176.83.94.248 - - [25/Feb/2025:15:50:16 +0000] "GET /wp-includes/js/mediaelement/mediaelement-migrate.min.js?ver=6.3.5 HTTP/1.1" 200 888 "https://plantamadre.es/" "Mozilla/5.0 (iPhone; CPU iPhone OS 18_1_1 like Mac OS X) AppleWebKit/605.1.15 (KHTML, like Gecko) Version/18.1.1 Mobile/15E148 Safari/604.1"
176.83.94.248 - - [25/Feb/2025:15:50:16 +0000] "GET /wp-includes/js/mediaelement/wp-mediaelement.min.js?ver=6.3.5 HTTP/1.1" 200 886 "https://plantamadre.es/" "Mozilla/5.0 (iPhone; CPU iPhone OS 18_1_1 like Mac OS X) AppleWebKit/605.1.15 (KHTML, like Gecko) Version/18.1.1 Mobile/15E148 Safari/604.1"
176.83.94.248 - - [25/Feb/2025:15:50:16 +0000] "GET /wp-content/uploads/2024/06/169026-840229961_small.mp4 HTTP/1.1" 206 341 "https://plantamadre.es/" "Mozilla/5.0 (iPhone; CPU iPhone OS 18_1_1 like Mac OS X) AppleWebKit/605.1.15 (KHTML, like Gecko) Version/18.1.1 Mobile/15E148 Safari/604.1"
176.83.94.248 - - [25/Feb/2025:15:50:16 +0000] "GET /wp-content/uploads/2024/06/169026-840229961_small.mp4 HTTP/1.1" 206 341 "https://plantamadre.es/" "Mozilla/5.0 (iPhone; CPU iPhone OS 18_1_1 like Mac OS X) AppleWebKit/605.1.15 (KHTML, like Gecko) Version/18.1.1 Mobile/15E148 Safari/604.1"
176.83.94.248 - - [25/Feb/2025:15:50:16 +0000] "GET /wp-content/uploads/2024/06/logo.png HTTP/1.1" 200 15804 "https://plantamadre.es/" "Mozilla/5.0 (iPhone; CPU iPhone OS 18_1_1 like Mac OS X) AppleWebKit/605.1.15 (KHTML, like Gecko) Version/18.1.1 Mobile/15E148 Safari/604.1"
176.83.94.248 - - [25/Feb/2025:15:50:16 +0000] "GET /wp-content/themes/Divi/includes/builder/styles/images/preloader.gif HTTP/1.1" 200 9741 "https://plantamadre.es/" "Mozilla/5.0 (iPhone; CPU iPhone OS 18_1_1 like Mac OS X) AppleWebKit/605.1.15 (KHTML, like Gecko) Version/18.1.1 Mobile/15E148 Safari/604.1"
176.83.94.248 - - [25/Feb/2025:15:50:16 +0000] "GET /wp-content/uploads/2024/06/cannabis-4633205_1280.jpg HTTP/1.1" 200 212803 "https://plantamadre.es/" "Mozilla/5.0 (iPhone; CPU iPhone OS 18_1_1 like Mac OS X) AppleWebKit/605.1.15 (KHTML, like Gecko) Version/18.1.1 Mobile/15E148 Safari/604.1"
176.83.94.248 - - [25/Feb/2025:15:50:16 +0000] "GET /wp-content/plugins/woocommerce/assets/css/woocommerce-smallscreen.css?ver=8.0.3 HTTP/1.1" 200 1520 "https://plantamadre.es/" "Mozilla/5.0 (iPhone; CPU iPhone OS 18_1_1 like Mac OS X) AppleWebKit/605.1.15 (KHTML, like Gecko) Version/18.1.1 Mobile/15E148 Safari/604.1"
176.83.94.248 - - [25/Feb/2025:15:50:16 +0000] "GET /wp-content/uploads/2024/06/maceta.png HTTP/1.1" 200 111582 "https://plantamadre.es/" "Mozilla/5.0 (iPhone; CPU iPhone OS 18_1_1 like Mac OS X) AppleWebKit/605.1.15 (KHTML, like Gecko) Version/18.1.1 Mobile/15E148 Safari/604.1"
176.83.94.248 - - [25/Feb/2025:15:50:16 +0000] "GET /wp-content/uploads/2023/02/cont-icon-1.png HTTP/1.1" 200 1873 "https://plantamadre.es/" "Mozilla/5.0 (iPhone; CPU iPhone OS 18_1_1 like Mac OS X) AppleWebKit/605.1.15 (KHTML, like Gecko) Version/18.1.1 Mobile/15E148 Safari/604.1"
176.83.94.248 - - [25/Feb/2025:15:50:16 +0000] "GET /wp-content/uploads/2023/02/cont-icon-3.png HTTP/1.1" 200 1152 "https://plantamadre.es/" "Mozilla/5.0 (iPhone; CPU iPhone OS 18_1_1 like Mac OS X) AppleWebKit/605.1.15 (KHTML, like Gecko) Version/18.1.1 Mobile/15E148 Safari/604.1"
176.83.94.248 - - [25/Feb/2025:15:50:17 +0000] "GET /wp-content/uploads/2023/02/cont-icon-5.png HTTP/1.1" 200 2569 "https://plantamadre.es/" "Mozilla/5.0 (iPhone; CPU iPhone OS 18_1_1 like Mac OS X) AppleWebKit/605.1.15 (KHTML, like Gecko) Version/18.1.1 Mobile/15E148 Safari/604.1"
176.83.94.248 - - [25/Feb/2025:15:50:17 +0000] "GET /wp-content/uploads/2024/06/kit_digital-1024x61-1.png HTTP/1.1" 200 63151 "https://plantamadre.es/" "Mozilla/5.0 (iPhone; CPU iPhone OS 18_1_1 like Mac OS X) AppleWebKit/605.1.15 (KHTML, like Gecko) Version/18.1.1 Mobile/15E148 Safari/604.1"
176.83.94.248 - - [25/Feb/2025:15:50:17 +0000] "GET /wp-content/uploads/2023/02/cont-icon-4.png HTTP/1.1" 200 1244 "https://plantamadre.es/" "Mozilla/5.0 (iPhone; CPU iPhone OS 18_1_1 like Mac OS X) AppleWebKit/605.1.15 (KHTML, like Gecko) Version/18.1.1 Mobile/15E148 Safari/604.1"
176.83.94.248 - - [25/Feb/2025:15:50:17 +0000] "GET /wp-content/uploads/2025/02/PULVERIZADOR-ELECTROGROW.png HTTP/1.1" 200 101491 "https://plantamadre.es/" "Mozilla/5.0 (iPhone; CPU iPhone OS 18_1_1 like Mac OS X) AppleWebKit/605.1.15 (KHTML, like Gecko) Version/18.1.1 Mobile/15E148 Safari/604.1"
176.83.94.248 - - [25/Feb/2025:15:50:17 +0000] "GET /wp-content/uploads/2025/02/PULVERIZADOR-ELECTROGROW-150x150.png HTTP/1.1" 200 9626 "https://plantamadre.es/" "Mozilla/5.0 (iPhone; CPU iPhone OS 18_1_1 like Mac OS X) AppleWebKit/605.1.15 (KHTML, like Gecko) Version/18.1.1 Mobile/15E148 Safari/604.1"
176.83.94.248 - - [25/Feb/2025:15:50:17 +0000] "GET /wp-content/uploads/2024/06/169026-840229961_small.mp4 HTTP/1.1" 206 341 "https://plantamadre.es/" "Mozilla/5.0 (iPhone; CPU iPhone OS 18_1_1 like Mac OS X) AppleWebKit/605.1.15 (KHTML, like Gecko) Version/18.1.1 Mobile/15E148 Safari/604.1"
176.83.94.248 - - [25/Feb/2025:15:50:17 +0000] "GET /wp-content/uploads/2024/06/169026-840229961_small.mp4 HTTP/1.1" 206 341 "https://plantamadre.es/" "Mozilla/5.0 (iPhone; CPU iPhone OS 18_1_1 like Mac OS X) AppleWebKit/605.1.15 (KHTML, like Gecko) Version/18.1.1 Mobile/15E148 Safari/604.1"
176.83.94.248 - - [25/Feb/2025:15:50:17 +0000] "GET /wp-content/uploads/2024/06/169026-840229961_small.mp4 HTTP/1.1" 206 787538 "https://plantamadre.es/" "Mozilla/5.0 (iPhone; CPU iPhone OS 18_1_1 like Mac OS X) AppleWebKit/605.1.15 (KHTML, like Gecko) Version/18.1.1 Mobile/15E148 Safari/604.1"
176.83.94.248 - - [25/Feb/2025:15:50:18 +0000] "GET /wp-content/plugins/woocommerce-menu-bar-cart/assets/fonts/WPMenuCart.woff2 HTTP/1.1" 200 3848 "https://plantamadre.es/" "Mozilla/5.0 (iPhone; CPU iPhone OS 18_1_1 like Mac OS X) AppleWebKit/605.1.15 (KHTML, like Gecko) Version/18.1.1 Mobile/15E148 Safari/604.1"
176.83.94.248 - - [25/Feb/2025:15:50:16 +0000] "POST /?wc-ajax=get_refreshed_fragments HTTP/1.1" 200 1009 "https://plantamadre.es/" "Mozilla/5.0 (iPhone; CPU iPhone OS 18_1_1 like Mac OS X) AppleWebKit/605.1.15 (KHTML, like Gecko) Version/18.1.1 Mobile/15E148 Safari/604.1"
176.83.94.248 - - [25/Feb/2025:15:50:19 +0000] "GET /wp-content/uploads/2024/06/169026-840229961_small.mp4 HTTP/1.1" 206 66067 "https://plantamadre.es/" "Mozilla/5.0 (iPhone; CPU iPhone OS 18_1_1 like Mac OS X) AppleWebKit/605.1.15 (KHTML, like Gecko) Version/18.1.1 Mobile/15E148 Safari/604.1"
176.83.94.248 - - [25/Feb/2025:15:50:19 +0000] "GET /wp-content/uploads/2024/06/169026-840229961_small.mp4 HTTP/1.1" 206 66067 "https://plantamadre.es/" "Mozilla/5.0 (iPhone; CPU iPhone OS 18_1_1 like Mac OS X) AppleWebKit/605.1.15 (KHTML, like Gecko) Version/18.1.1 Mobile/15E148 Safari/604.1"
176.83.94.248 - - [25/Feb/2025:15:50:17 +0000] "GET /wp-content/uploads/2023/10/ban-desk.png HTTP/1.1" 404 106515 "https://plantamadre.es/" "Mozilla/5.0 (iPhone; CPU iPhone OS 18_1_1 like Mac OS X) AppleWebKit/605.1.15 (KHTML, like Gecko) Version/18.1.1 Mobile/15E148 Safari/604.1"
176.83.94.248 - - [25/Feb/2025:15:50:17 +0000] "GET /wp-content/uploads/2023/10/ban-mob.png HTTP/1.1" 404 106514 "https://plantamadre.es/" "Mozilla/5.0 (iPhone; CPU iPhone OS 18_1_1 like Mac OS X) AppleWebKit/605.1.15 (KHTML, like Gecko) Version/18.1.1 Mobile/15E148 Safari/604.1"
176.83.94.248 - - [25/Feb/2025:15:50:17 +0000] "GET /wp-content/uploads/2024/06/169026-840229961_small.mp4 HTTP/1.1" 206 5762976 "https://plantamadre.es/" "Mozilla/5.0 (iPhone; CPU iPhone OS 18_1_1 like Mac OS X) AppleWebKit/605.1.15 (KHTML, like Gecko) Version/18.1.1 Mobile/15E148 Safari/604.1"
146.190.157.162 - - [25/Feb/2025:15:50:39 +0000] "POST /wp-cron.php?doing_wp_cron=1740498639.6876270771026611328125 HTTP/1.1" 200 2849 "-" "WordPress/6.3.5; https://plantamadre.es"
176.83.94.248 - - [25/Feb/2025:15:50:38 +0000] "GET /shop/headshop/pipas-y-vaporizadores/ HTTP/1.1" 200 23787 "https://plantamadre.es/" "Mozilla/5.0 (iPhone; CPU iPhone OS 18_1_1 like Mac OS X) AppleWebKit/605.1.15 (KHTML, like Gecko) Version/18.1.1 Mobile/15E148 Safari/604.1"
176.83.94.248 - - [25/Feb/2025:15:50:41 +0000] "GET /wp-content/plugins/social-share-buttons-by-supsystic/src/SocialSharing/Projects/assets/css/fa-ssbs.css HTTP/1.1" 200 1782 "https://plantamadre.es/shop/headshop/pipas-y-vaporizadores/" "Mozilla/5.0 (iPhone; CPU iPhone OS 18_1_1 like Mac OS X) AppleWebKit/605.1.15 (KHTML, like Gecko) Version/18.1.1 Mobile/15E148 Safari/604.1"
176.83.94.248 - - [25/Feb/2025:15:50:42 +0000] "GET /wp-content/plugins/social-share-buttons-by-supsystic/src/SocialSharing/Projects/assets/css/base.css HTTP/1.1" 200 1908 "https://plantamadre.es/shop/headshop/pipas-y-vaporizadores/" "Mozilla/5.0 (iPhone; CPU iPhone OS 18_1_1 like Mac OS X) AppleWebKit/605.1.15 (KHTML, like Gecko) Version/18.1.1 Mobile/15E148 Safari/604.1"
176.83.94.248 - - [25/Feb/2025:15:50:42 +0000] "GET /wp-content/et-cache/23072/et-core-unified-cpt-23072-17386085341907.min.css HTTP/1.1" 200 3308 "https://plantamadre.es/shop/headshop/pipas-y-vaporizadores/" "Mozilla/5.0 (iPhone; CPU iPhone OS 18_1_1 like Mac OS X) AppleWebKit/605.1.15 (KHTML, like Gecko) Version/18.1.1 Mobile/15E148 Safari/604.1"
176.83.94.248 - - [25/Feb/2025:15:50:42 +0000] "GET /wp-content/et-cache/global/et-divi-customizer-cpt-global-17386085341907.min.css HTTP/1.1" 200 3171 "https://plantamadre.es/shop/headshop/pipas-y-vaporizadores/" "Mozilla/5.0 (iPhone; CPU iPhone OS 18_1_1 like Mac OS X) AppleWebKit/605.1.15 (KHTML, like Gecko) Version/18.1.1 Mobile/15E148 Safari/604.1"
176.83.94.248 - - [25/Feb/2025:15:50:42 +0000] "GET /wp-content/et-cache/global/et-divi-customizer-global-17386076231886.min.css HTTP/1.1" 200 11816 "https://plantamadre.es/shop/headshop/pipas-y-vaporizadores/" "Mozilla/5.0 (iPhone; CPU iPhone OS 18_1_1 like Mac OS X) AppleWebKit/605.1.15 (KHTML, like Gecko) Version/18.1.1 Mobile/15E148 Safari/604.1"
176.83.94.248 - - [25/Feb/2025:15:50:42 +0000] "GET /wp-content/et-cache/20099/et-core-unified-cpt-20099-17386077493923.min.css HTTP/1.1" 200 3716 "https://plantamadre.es/shop/headshop/pipas-y-vaporizadores/" "Mozilla/5.0 (iPhone; CPU iPhone OS 18_1_1 like Mac OS X) AppleWebKit/605.1.15 (KHTML, like Gecko) Version/18.1.1 Mobile/15E148 Safari/604.1"
176.83.94.248 - - [25/Feb/2025:15:50:42 +0000] "GET /wp-content/plugins/social-share-buttons-by-supsystic/src/SocialSharing/Projects/assets/css/animate.min.css HTTP/1.1" 200 5617 "https://plantamadre.es/shop/headshop/pipas-y-vaporizadores/" "Mozilla/5.0 (iPhone; CPU iPhone OS 18_1_1 like Mac OS X) AppleWebKit/605.1.15 (KHTML, like Gecko) Version/18.1.1 Mobile/15E148 Safari/604.1"
176.83.94.248 - - [25/Feb/2025:15:50:42 +0000] "GET /wp-content/plugins/social-share-buttons-by-supsystic/src/SocialSharing/Projects/assets/css/tooltipster.css HTTP/1.1" 200 2086 "https://plantamadre.es/shop/headshop/pipas-y-vaporizadores/" "Mozilla/5.0 (iPhone; CPU iPhone OS 18_1_1 like Mac OS X) AppleWebKit/605.1.15 (KHTML, like Gecko) Version/18.1.1 Mobile/15E148 Safari/604.1"
176.83.94.248 - - [25/Feb/2025:15:50:42 +0000] "GET /wp-content/plugins/social-share-buttons-by-supsystic/src/SocialSharing/Projects/assets/css/buttons/brand-icons.css HTTP/1.1" 200 1270 "https://plantamadre.es/shop/headshop/pipas-y-vaporizadores/" "Mozilla/5.0 (iPhone; CPU iPhone OS 18_1_1 like Mac OS X) AppleWebKit/605.1.15 (KHTML, like Gecko) Version/18.1.1 Mobile/15E148 Safari/604.1"
176.83.94.248 - - [25/Feb/2025:15:50:42 +0000] "GET /wp-content/themes/Divi/includes/builder/scripts/cpt-modules-wrapper.js?ver=4.9.1 HTTP/1.1" 200 1272 "https://plantamadre.es/shop/headshop/pipas-y-vaporizadores/" "Mozilla/5.0 (iPhone; CPU iPhone OS 18_1_1 like Mac OS X) AppleWebKit/605.1.15 (KHTML, like Gecko) Version/18.1.1 Mobile/15E148 Safari/604.1"
176.83.94.248 - - [25/Feb/2025:15:50:42 +0000] "GET /wp-content/plugins/social-share-buttons-by-supsystic/src/SocialSharing/Projects/assets/css/tooltipster-shadow.css HTTP/1.1" 200 540 "https://plantamadre.es/shop/headshop/pipas-y-vaporizadores/" "Mozilla/5.0 (iPhone; CPU iPhone OS 18_1_1 like Mac OS X) AppleWebKit/605.1.15 (KHTML, like Gecko) Version/18.1.1 Mobile/15E148 Safari/604.1"
176.83.94.248 - - [25/Feb/2025:15:50:42 +0000] "GET /wp-content/plugins/social-share-buttons-by-supsystic/src/SocialSharing/Projects/assets/js/frontend.js HTTP/1.1" 200 4316 "https://plantamadre.es/shop/headshop/pipas-y-vaporizadores/" "Mozilla/5.0 (iPhone; CPU iPhone OS 18_1_1 like Mac OS X) AppleWebKit/605.1.15 (KHTML, like Gecko) Version/18.1.1 Mobile/15E148 Safari/604.1"
176.83.94.248 - - [25/Feb/2025:15:50:42 +0000] "GET /wp-content/plugins/social-share-buttons-by-supsystic/src/SocialSharing/Projects/assets/js/jquery.bpopup.min.js HTTP/1.1" 200 2374 "https://plantamadre.es/shop/headshop/pipas-y-vaporizadores/" "Mozilla/5.0 (iPhone; CPU iPhone OS 18_1_1 like Mac OS X) AppleWebKit/605.1.15 (KHTML, like Gecko) Version/18.1.1 Mobile/15E148 Safari/604.1"
176.83.94.248 - - [25/Feb/2025:15:50:42 +0000] "GET /wp-content/plugins/social-share-buttons-by-supsystic/src/SocialSharing/Projects/assets/js/jquery.tooltipster.min.js HTTP/1.1" 200 5200 "https://plantamadre.es/shop/headshop/pipas-y-vaporizadores/" "Mozilla/5.0 (iPhone; CPU iPhone OS 18_1_1 like Mac OS X) AppleWebKit/605.1.15 (KHTML, like Gecko) Version/18.1.1 Mobile/15E148 Safari/604.1"
176.83.94.248 - - [25/Feb/2025:15:50:42 +0000] "GET /wp-content/themes/Divi/style-cpt.css?ver=4.9.1 HTTP/1.1" 200 91189 "https://plantamadre.es/shop/headshop/pipas-y-vaporizadores/" "Mozilla/5.0 (iPhone; CPU iPhone OS 18_1_1 like Mac OS X) AppleWebKit/605.1.15 (KHTML, like Gecko) Version/18.1.1 Mobile/15E148 Safari/604.1"
176.83.94.248 - - [25/Feb/2025:15:50:42 +0000] "GET /wp-content/plugins/social-share-buttons-by-supsystic/src/SocialSharing/Shares/assets/js/share.js?ver=2.2.9 HTTP/1.1" 200 1130 "https://plantamadre.es/shop/headshop/pipas-y-vaporizadores/" "Mozilla/5.0 (iPhone; CPU iPhone OS 18_1_1 like Mac OS X) AppleWebKit/605.1.15 (KHTML, like Gecko) Version/18.1.1 Mobile/15E148 Safari/604.1"
176.83.94.248 - - [25/Feb/2025:15:50:43 +0000] "GET /wp-content/plugins/social-share-buttons-by-supsystic/src/SocialSharing/Projects/assets/css/counter/arrowed.css HTTP/1.1" 200 1218 "https://plantamadre.es/shop/headshop/pipas-y-vaporizadores/" "Mozilla/5.0 (iPhone; CPU iPhone OS 18_1_1 like Mac OS X) AppleWebKit/605.1.15 (KHTML, like Gecko) Version/18.1.1 Mobile/15E148 Safari/604.1"
176.83.94.248 - - [25/Feb/2025:15:50:43 +0000] "GET /wp-content/plugins/social-share-buttons-by-supsystic/src/SocialSharing/Projects/assets/css/counter/white-arrowed.css HTTP/1.1" 200 1129 "https://plantamadre.es/shop/headshop/pipas-y-vaporizadores/" "Mozilla/5.0 (iPhone; CPU iPhone OS 18_1_1 like Mac OS X) AppleWebKit/605.1.15 (KHTML, like Gecko) Version/18.1.1 Mobile/15E148 Safari/604.1"
176.83.94.248 - - [25/Feb/2025:15:50:43 +0000] "GET /wp-content/plugins/social-share-buttons-by-supsystic/src/SocialSharing/Projects/assets/css/button/standard.css HTTP/1.1" 200 1852 "https://plantamadre.es/shop/headshop/pipas-y-vaporizadores/" "Mozilla/5.0 (iPhone; CPU iPhone OS 18_1_1 like Mac OS X) AppleWebKit/605.1.15 (KHTML, like Gecko) Version/18.1.1 Mobile/15E148 Safari/604.1"
176.83.94.248 - - [25/Feb/2025:15:50:43 +0000] "GET /wp-content/plugins/social-share-buttons-by-supsystic/src/SocialSharing/Projects/assets/css/counter/standard.css HTTP/1.1" 200 662 "https://plantamadre.es/shop/headshop/pipas-y-vaporizadores/" "Mozilla/5.0 (iPhone; CPU iPhone OS 18_1_1 like Mac OS X) AppleWebKit/605.1.15 (KHTML, like Gecko) Version/18.1.1 Mobile/15E148 Safari/604.1"
176.83.94.248 - - [25/Feb/2025:15:50:43 +0000] "GET /wp-content/plugins/social-share-buttons-by-supsystic/src/SocialSharing/Projects/assets/css/button/flat.css HTTP/1.1" 200 2134 "https://plantamadre.es/shop/headshop/pipas-y-vaporizadores/" "Mozilla/5.0 (iPhone; CPU iPhone OS 18_1_1 like Mac OS X) AppleWebKit/605.1.15 (KHTML, like Gecko) Version/18.1.1 Mobile/15E148 Safari/604.1"
176.83.94.248 - - [25/Feb/2025:15:50:43 +0000] "GET /wp-content/uploads/2024/11/volcano-plenty.png HTTP/1.1" 200 61026 "https://plantamadre.es/shop/headshop/pipas-y-vaporizadores/" "Mozilla/5.0 (iPhone; CPU iPhone OS 18_1_1 like Mac OS X) AppleWebKit/605.1.15 (KHTML, like Gecko) Version/18.1.1 Mobile/15E148 Safari/604.1"
176.83.94.248 - - [25/Feb/2025:15:50:43 +0000] "GET /wp-content/plugins/social-share-buttons-by-supsystic/src/SocialSharing/Projects/assets/css/buttons/flat/gradient.css HTTP/1.1" 200 1410 "https://plantamadre.es/shop/headshop/pipas-y-vaporizadores/" "Mozilla/5.0 (iPhone; CPU iPhone OS 18_1_1 like Mac OS X) AppleWebKit/605.1.15 (KHTML, like Gecko) Version/18.1.1 Mobile/15E148 Safari/604.1"
212.30.33.80 - - [25/Feb/2025:15:50:42 +0000] "GET /tienda/semillas/l-s-d-feminizada-10-semillas/ HTTP/1.0" 404 108814 "https://plantamadre.es/tienda/semillas/l-s-d-feminizada-10-semillas/" "Mozilla/5.0 (Windows NT 10.0; Win64; x64) AppleWebKit/537.36 (KHTML, like Gecko) Chrome/131.0.0.0 Safari/537.36 Avast/131.0.0.0"
212.30.33.90 - - [25/Feb/2025:15:50:46 +0000] "GET /contacto/ HTTP/1.0" 200 196542 "https://plantamadre.es/contacto/" "Mozilla/5.0 (Windows NT 10.0; Win64; x64) AppleWebKit/537.36 (KHTML, like Gecko) Chrome/131.0.0.0 Safari/537.36 Avast/131.0.0.0"
176.83.94.248 - - [25/Feb/2025:15:50:17 +0000] "GET /wp-content/uploads/2024/06/169026-840229961_small.mp4 HTTP/1.1" 206 11174106 "https://plantamadre.es/" "Mozilla/5.0 (iPhone; CPU iPhone OS 18_1_1 like Mac OS X) AppleWebKit/605.1.15 (KHTML, like Gecko) Version/18.1.1 Mobile/15E148 Safari/604.1"
212.30.33.97 - - [25/Feb/2025:15:50:50 +0000] "POST /contacto/ HTTP/1.0" 200 194638 "https://plantamadre.es/contacto/" "Mozilla/5.0 (Windows NT 10.0; Win64; x64) AppleWebKit/537.36 (KHTML, like Gecko) Chrome/131.0.0.0 Safari/537.36 Avast/131.0.0.0"
176.83.94.248 - - [25/Feb/2025:15:50:43 +0000] "GET /wp-content/uploads/2023/10/ban-desk.png HTTP/1.1" 404 77728 "https://plantamadre.es/shop/headshop/pipas-y-vaporizadores/" "Mozilla/5.0 (iPhone; CPU iPhone OS 18_1_1 like Mac OS X) AppleWebKit/605.1.15 (KHTML, like Gecko) Version/18.1.1 Mobile/15E148 Safari/604.1"
176.83.94.248 - - [25/Feb/2025:15:50:43 +0000] "GET /wp-content/uploads/2023/10/ban-mob.png HTTP/1.1" 404 77728 "https://plantamadre.es/shop/headshop/pipas-y-vaporizadores/" "Mozilla/5.0 (iPhone; CPU iPhone OS 18_1_1 like Mac OS X) AppleWebKit/605.1.15 (KHTML, like Gecko) Version/18.1.1 Mobile/15E148 Safari/604.1"
62.117.170.101 - - [25/Feb/2025:15:52:09 +0000] "POST /wp-admin/admin-ajax.php HTTP/1.1" 200 982 "https://plantamadre.es/wp-admin/post.php?post=25043&action=edit" "Mozilla/5.0 (Windows NT 10.0; Win64; x64) AppleWebKit/537.36 (KHTML, like Gecko) Chrome/133.0.0.0 Safari/537.36"
146.190.157.162 - - [25/Feb/2025:15:52:11 +0000] "POST /wp-cron.php?doing_wp_cron=1740498731.2066318988800048828125 HTTP/1.1" 200 2850 "-" "WordPress/6.3.5; https://plantamadre.es"
77.232.36.34 - - [25/Feb/2025:15:53:39 +0000] "GET /tienda/00-seeds-bank-semillas/00-seeds-caramel-kush-5und-fem/ HTTP/1.0" 403 2776 "https://plantamadre.es/tienda/00-seeds-bank-semillas/00-seeds-caramel-kush-5und-fem/" "Mozilla/5.0 (Windows NT 10.0; Win64; x64) AppleWebKit/537.36 (KHTML, like Gecko) Chrome/129.0.0.0 Safari/537.36"
146.190.157.162 - - [25/Feb/2025:15:53:41 +0000] "POST /wp-cron.php?doing_wp_cron=1740498821.0325269699096679687500 HTTP/1.1" 200 2849 "-" "WordPress/6.3.5; https://plantamadre.es"
77.232.36.34 - - [25/Feb/2025:15:53:42 +0000] "GET / HTTP/1.0" 403 2825 "https://plantamadre.es/tienda/00-seeds-bank-semillas/00-seeds-caramel-kush-5und-fem/" "Mozilla/5.0 (Windows NT 10.0; Win64; x64) AppleWebKit/537.36 (KHTML, like Gecko) Chrome/129.0.0.0 Safari/537.36"
77.232.36.34 - - [25/Feb/2025:15:53:45 +0000] "GET / HTTP/1.0" 403 2825 "https://plantamadre.es/" "Mozilla/5.0 (Windows NT 10.0; Win64; x64) AppleWebKit/537.36 (KHTML, like Gecko) Chrome/129.0.0.0 Safari/537.36"
77.232.36.34 - - [25/Feb/2025:15:53:47 +0000] "GET / HTTP/1.0" 403 2822 "https://plantamadre.es/" "Mozilla/5.0 (Windows NT 10.0; Win64; x64) AppleWebKit/537.36 (KHTML, like Gecko) Chrome/129.0.0.0 Safari/537.36"
89.252.187.116 - - [25/Feb/2025:15:53:50 +0000] "POST /wp-login.php HTTP/1.1" 301 443 "http://plantamadre.es" "Mozilla/5.0 (Windows NT 10.0; Win64; x64) AppleWebKit/537.36 (KHTML, like Gecko) Chrome/114.0.5735.134 Safari/537.36"
89.252.187.116 - - [25/Feb/2025:15:53:51 +0000] "GET /wp-login.php HTTP/1.1" 200 7284 "http://plantamadre.es" "Mozilla/5.0 (Windows NT 10.0; Win64; x64) AppleWebKit/537.36 (KHTML, like Gecko) Chrome/114.0.5735.134 Safari/537.36"
62.117.170.101 - - [25/Feb/2025:15:54:10 +0000] "POST /wp-admin/admin-ajax.php HTTP/1.1" 200 982 "https://plantamadre.es/wp-admin/post.php?post=25043&action=edit" "Mozilla/5.0 (Windows NT 10.0; Win64; x64) AppleWebKit/537.36 (KHTML, like Gecko) Chrome/133.0.0.0 Safari/537.36"
146.190.157.162 - - [25/Feb/2025:15:55:54 +0000] "POST /wp-cron.php?doing_wp_cron=1740498954.7505810260772705078125 HTTP/1.1" 200 2851 "-" "WordPress/6.3.5; https://plantamadre.es"
66.249.68.7 - - [25/Feb/2025:15:55:52 +0000] "GET /wp-content/uploads/2020/11/piretrin-plus.png HTTP/1.1" 404 109072 "-" "Googlebot-Image/1.0"
62.117.170.101 - - [25/Feb/2025:15:56:11 +0000] "POST /wp-admin/admin-ajax.php HTTP/1.1" 200 982 "https://plantamadre.es/wp-admin/post.php?post=25043&action=edit" "Mozilla/5.0 (Windows NT 10.0; Win64; x64) AppleWebKit/537.36 (KHTML, like Gecko) Chrome/133.0.0.0 Safari/537.36"
77.232.36.34 - - [25/Feb/2025:15:56:30 +0000] "GET /tienda/00-seeds-bank/00-seeds-auto-mix-5und/ HTTP/1.0" 403 2777 "https://plantamadre.es/tienda/00-seeds-bank/00-seeds-auto-mix-5und/" "Mozilla/5.0 (Windows NT 10.0; Win64; x64) AppleWebKit/537.36 (KHTML, like Gecko) Chrome/131.0.0.0 Safari/537.36 Avast/131.0.0.0"
146.190.157.162 - - [25/Feb/2025:15:56:31 +0000] "POST /wp-cron.php?doing_wp_cron=1740498991.5044019222259521484375 HTTP/1.1" 200 2850 "-" "WordPress/6.3.5; https://plantamadre.es"
77.232.36.34 - - [25/Feb/2025:15:56:33 +0000] "GET / HTTP/1.0" 403 2824 "https://plantamadre.es/tienda/00-seeds-bank/00-seeds-auto-mix-5und/" "Mozilla/5.0 (Windows NT 10.0; Win64; x64) AppleWebKit/537.36 (KHTML, like Gecko) Chrome/131.0.0.0 Safari/537.36 Avast/131.0.0.0"
77.232.36.34 - - [25/Feb/2025:15:56:35 +0000] "GET / HTTP/1.0" 403 2824 "https://plantamadre.es/" "Mozilla/5.0 (Windows NT 10.0; Win64; x64) AppleWebKit/537.36 (KHTML, like Gecko) Chrome/131.0.0.0 Safari/537.36 Avast/131.0.0.0"
77.232.36.34 - - [25/Feb/2025:15:56:38 +0000] "GET / HTTP/1.0" 403 2824 "https://plantamadre.es/" "Mozilla/5.0 (Windows NT 10.0; Win64; x64) AppleWebKit/537.36 (KHTML, like Gecko) Chrome/131.0.0.0 Safari/537.36 Avast/131.0.0.0"
77.232.36.34 - - [25/Feb/2025:15:56:47 +0000] "GET /tienda/balanzas/peso-fuzion-diablo-00175-gr/ HTTP/1.0" 403 2777 "https://plantamadre.es/tienda/balanzas/peso-fuzion-diablo-00175-gr/" "Mozilla/5.0 (Windows NT 10.0; Win64; x64) AppleWebKit/537.36 (KHTML, like Gecko) Chrome/131.0.0.0 Safari/537.36 Avast/131.0.0.0"
77.232.36.34 - - [25/Feb/2025:15:56:50 +0000] "GET / HTTP/1.0" 403 2825 "https://plantamadre.es/tienda/balanzas/peso-fuzion-diablo-00175-gr/" "Mozilla/5.0 (Windows NT 10.0; Win64; x64) AppleWebKit/537.36 (KHTML, like Gecko) Chrome/131.0.0.0 Safari/537.36 Avast/131.0.0.0"
77.232.36.34 - - [25/Feb/2025:15:56:53 +0000] "GET / HTTP/1.0" 403 2824 "https://plantamadre.es/" "Mozilla/5.0 (Windows NT 10.0; Win64; x64) AppleWebKit/537.36 (KHTML, like Gecko) Chrome/131.0.0.0 Safari/537.36 Avast/131.0.0.0"
77.232.36.34 - - [25/Feb/2025:15:56:55 +0000] "GET / HTTP/1.0" 403 2824 "https://plantamadre.es/" "Mozilla/5.0 (Windows NT 10.0; Win64; x64) AppleWebKit/537.36 (KHTML, like Gecko) Chrome/131.0.0.0 Safari/537.36 Avast/131.0.0.0"
147.45.139.42 - - [25/Feb/2025:15:57:38 +0000] "GET /tienda/semillas-3/sensi-seeds-super-skunk-25-semillas-fem/ HTTP/1.0" 403 2777 "https://plantamadre.es/tienda/semillas-3/sensi-seeds-super-skunk-25-semillas-fem/#comment-428970" "Mozilla/5.0 (Windows NT 10.0; Win64; x64) AppleWebKit/537.36 (KHTML, like Gecko) Chrome/131.0.0.0 Safari/537.36 Avast/131.0.0.0"
146.190.157.162 - - [25/Feb/2025:15:57:39 +0000] "POST /wp-cron.php?doing_wp_cron=1740499059.5767819881439208984375 HTTP/1.1" 200 2850 "-" "WordPress/6.3.5; https://plantamadre.es"
147.45.139.42 - - [25/Feb/2025:15:57:41 +0000] "GET / HTTP/1.0" 403 2824 "https://plantamadre.es/tienda/semillas-3/sensi-seeds-super-skunk-25-semillas-fem/#comment-428970" "Mozilla/5.0 (Windows NT 10.0; Win64; x64) AppleWebKit/537.36 (KHTML, like Gecko) Chrome/131.0.0.0 Safari/537.36 Avast/131.0.0.0"
147.45.139.42 - - [25/Feb/2025:15:57:44 +0000] "GET / HTTP/1.0" 403 2825 "https://plantamadre.es/" "Mozilla/5.0 (Windows NT 10.0; Win64; x64) AppleWebKit/537.36 (KHTML, like Gecko) Chrome/131.0.0.0 Safari/537.36 Avast/131.0.0.0"
147.45.139.42 - - [25/Feb/2025:15:57:47 +0000] "GET / HTTP/1.0" 403 2824 "https://plantamadre.es/" "Mozilla/5.0 (Windows NT 10.0; Win64; x64) AppleWebKit/537.36 (KHTML, like Gecko) Chrome/131.0.0.0 Safari/537.36 Avast/131.0.0.0"
77.232.36.34 - - [25/Feb/2025:15:57:59 +0000] "GET /tienda/00-seeds-bank/00-seeds-auto-chocolate-skunk-5und/ HTTP/1.0" 403 2778 "https://plantamadre.es/tienda/00-seeds-bank/00-seeds-auto-chocolate-skunk-5und/" "Mozilla/5.0 (Windows NT 10.0; Win64; x64) AppleWebKit/537.36 (KHTML, like Gecko) Chrome/130.0.0.0 Safari/537.36 CCleaner/130.0.0.0"
146.190.157.162 - - [25/Feb/2025:15:58:01 +0000] "POST /wp-cron.php?doing_wp_cron=1740499081.4157280921936035156250 HTTP/1.1" 200 2851 "-" "WordPress/6.3.5; https://plantamadre.es"
77.232.36.34 - - [25/Feb/2025:15:58:04 +0000] "GET / HTTP/1.0" 403 2823 "https://plantamadre.es/tienda/00-seeds-bank/00-seeds-auto-chocolate-skunk-5und/" "Mozilla/5.0 (Windows NT 10.0; Win64; x64) AppleWebKit/537.36 (KHTML, like Gecko) Chrome/130.0.0.0 Safari/537.36 CCleaner/130.0.0.0"
77.232.36.34 - - [25/Feb/2025:15:58:06 +0000] "GET / HTTP/1.0" 403 2824 "https://plantamadre.es/" "Mozilla/5.0 (Windows NT 10.0; Win64; x64) AppleWebKit/537.36 (KHTML, like Gecko) Chrome/130.0.0.0 Safari/537.36 CCleaner/130.0.0.0"
77.232.36.34 - - [25/Feb/2025:15:58:09 +0000] "GET / HTTP/1.0" 403 2824 "https://plantamadre.es/" "Mozilla/5.0 (Windows NT 10.0; Win64; x64) AppleWebKit/537.36 (KHTML, like Gecko) Chrome/130.0.0.0 Safari/537.36 CCleaner/130.0.0.0"
62.117.170.101 - - [25/Feb/2025:15:58:12 +0000] "POST /wp-admin/admin-ajax.php HTTP/1.1" 200 982 "https://plantamadre.es/wp-admin/post.php?post=25043&action=edit" "Mozilla/5.0 (Windows NT 10.0; Win64; x64) AppleWebKit/537.36 (KHTML, like Gecko) Chrome/133.0.0.0 Safari/537.36"
85.208.98.23 - - [25/Feb/2025:15:58:16 +0000] "GET /robots.txt HTTP/1.1" 301 439 "-" "Mozilla/5.0 (compatible; SemrushBot-BA; +http://www.semrush.com/bot.html)"
85.208.98.23 - - [25/Feb/2025:15:58:16 +0000] "GET /robots.txt HTTP/1.1" 200 2981 "http://plantamadre.es/robots.txt" "Mozilla/5.0 (compatible; SemrushBot-BA; +http://www.semrush.com/bot.html)"
95.164.67.6 - - [25/Feb/2025:15:58:18 +0000] "GET /tienda/semillas/l-s-d-feminizada-10-semillas/ HTTP/1.1" 404 109094 "-" "Mozilla/5.0 (X11; Linux x86_64) AppleWebKit/537.36 (KHTML, like Gecko) Chrome/114.0.0.0 Safari/537.36 OPR/89.0.4447.51"
146.190.157.162 - - [25/Feb/2025:15:58:46 +0000] "POST /wp-cron.php?doing_wp_cron=1740499126.8782119750976562500000 HTTP/1.1" 200 2850 "-" "WordPress/6.3.5; https://plantamadre.es"
85.208.98.31 - - [25/Feb/2025:15:58:45 +0000] "GET /tienda/annabis-dolor-y-movilidad/annabis-arthrocann-collagen-omega-forte-60-comprimidos/ HTTP/1.1" 404 109059 "-" "Mozilla/5.0 (compatible; SemrushBot-BA; +http://www.semrush.com/bot.html)"
146.190.157.162 - - [25/Feb/2025:15:59:51 +0000] "POST /wp-cron.php?doing_wp_cron=1740499191.9692370891571044921875 HTTP/1.1" 200 2851 "-" "WordPress/6.3.5; https://plantamadre.es"
114.119.144.72 - - [25/Feb/2025:15:59:50 +0000] "GET /product/tijera-podadora-curva-garden-highpro/ HTTP/1.1" 200 30162 "https://plantamadre.es/product/bolsa-aluminio-weekkies/" "Mozilla/5.0 (Linux; Android 7.0;) AppleWebKit/537.36 (KHTML, like Gecko) Mobile Safari/537.36 (compatible; PetalBot;+https://webmaster.petalsearch.com/site/petalbot)"
62.117.170.101 - - [25/Feb/2025:16:00:13 +0000] "POST /wp-admin/admin-ajax.php HTTP/1.1" 200 982 "https://plantamadre.es/wp-admin/post.php?post=25043&action=edit" "Mozilla/5.0 (Windows NT 10.0; Win64; x64) AppleWebKit/537.36 (KHTML, like Gecko) Chrome/133.0.0.0 Safari/537.36"
146.190.157.162 - - [25/Feb/2025:16:00:15 +0000] "POST /wp-cron.php?doing_wp_cron=1740499215.3499979972839355468750 HTTP/1.1" 200 2851 "-" "WordPress/6.3.5; https://plantamadre.es"
62.117.170.101 - - [25/Feb/2025:16:02:14 +0000] "POST /wp-admin/admin-ajax.php HTTP/1.1" 200 982 "https://plantamadre.es/wp-admin/post.php?post=25043&action=edit" "Mozilla/5.0 (Windows NT 10.0; Win64; x64) AppleWebKit/537.36 (KHTML, like Gecko) Chrome/133.0.0.0 Safari/537.36"
146.190.157.162 - - [25/Feb/2025:16:02:16 +0000] "POST /wp-cron.php?doing_wp_cron=1740499336.4126579761505126953125 HTTP/1.1" 200 2849 "-" "WordPress/6.3.5; https://plantamadre.es"
146.190.157.162 - - [25/Feb/2025:16:03:32 +0000] "POST /wp-cron.php?doing_wp_cron=1740499412.7524149417877197265625 HTTP/1.1" 200 2850 "-" "WordPress/6.3.5; https://plantamadre.es"
216.244.66.239 - - [25/Feb/2025:16:03:31 +0000] "GET /product/wombat/?add-to-cart=24928 HTTP/1.1" 200 251045 "-" "Mozilla/5.0 (compatible; DotBot/1.2; +https://opensiteexplorer.org/dotbot; help@moz.com)"
37.78.37.14 - - [25/Feb/2025:16:03:56 +0000] "GET /tienda/dinafem/blue-hash-feminizada-5-semillas/ HTTP/1.0" 403 2776 "https://wh.turbospec.ru/remont-stiralnyh-mashin/bl-sg8108-v/" "Mozilla/5.0 (Windows NT 6.3; WOW64) AppleWebKit/537.36 (KHTML, like Gecko) Chrome/103.0.0.0 Safari/537.36"
37.78.37.14 - - [25/Feb/2025:16:03:58 +0000] "GET / HTTP/1.0" 403 2825 "https://wh.turbospec.ru/remont-stiralnyh-mashin/bl-sg8108-v/" "Mozilla/5.0 (Windows NT 6.3; WOW64) AppleWebKit/537.36 (KHTML, like Gecko) Chrome/103.0.0.0 Safari/537.36"
62.117.170.101 - - [25/Feb/2025:16:04:15 +0000] "POST /wp-admin/admin-ajax.php HTTP/1.1" 200 982 "https://plantamadre.es/wp-admin/post.php?post=25043&action=edit" "Mozilla/5.0 (Windows NT 10.0; Win64; x64) AppleWebKit/537.36 (KHTML, like Gecko) Chrome/133.0.0.0 Safari/537.36"
146.190.157.162 - - [25/Feb/2025:16:04:42 +0000] "POST /wp-cron.php?doing_wp_cron=1740499482.0107970237731933593750 HTTP/1.1" 200 2850 "-" "WordPress/6.3.5; https://plantamadre.es"
114.119.146.252 - - [25/Feb/2025:16:04:40 +0000] "GET /product/podadora-top-spinner-manual-50cm/ HTTP/1.1" 200 28650 "https://plantamadre.es/product/bolsa-aluminio-weekkies/" "Mozilla/5.0 (Linux; Android 7.0;) AppleWebKit/537.36 (KHTML, like Gecko) Mobile Safari/537.36 (compatible; PetalBot;+https://webmaster.petalsearch.com/site/petalbot)"
216.244.66.239 - - [25/Feb/2025:16:04:41 +0000] "GET /product/chocolate-skunk-5-und/?add-to-cart=24902 HTTP/1.1" 200 238986 "-" "Mozilla/5.0 (compatible; DotBot/1.2; +https://opensiteexplorer.org/dotbot; help@moz.com)"
216.244.66.239 - - [25/Feb/2025:16:04:56 +0000] "GET /product/jack-47/?add-to-cart=24922 HTTP/1.1" 200 247998 "-" "Mozilla/5.0 (compatible; DotBot/1.2; +https://opensiteexplorer.org/dotbot; help@moz.com)"
216.244.66.239 - - [25/Feb/2025:16:05:10 +0000] "GET /product/mimosa-5-und/?add-to-cart=24909 HTTP/1.1" 200 238528 "-" "Mozilla/5.0 (compatible; DotBot/1.2; +https://opensiteexplorer.org/dotbot; help@moz.com)"
216.244.66.239 - - [25/Feb/2025:16:05:26 +0000] "GET /product/rainbow-mints-5-und/?add-to-cart=24906 HTTP/1.1" 200 238780 "-" "Mozilla/5.0 (compatible; DotBot/1.2; +https://opensiteexplorer.org/dotbot; help@moz.com)"
146.190.157.162 - - [25/Feb/2025:16:05:40 +0000] "POST /wp-cron.php?doing_wp_cron=1740499540.7642049789428710937500 HTTP/1.1" 200 2851 "-" "WordPress/6.3.5; https://plantamadre.es"
216.244.66.239 - - [25/Feb/2025:16:05:39 +0000] "GET /product/sweet-amnesia-haze/?add-to-cart=24906 HTTP/1.1" 200 249145 "-" "Mozilla/5.0 (compatible; DotBot/1.2; +https://opensiteexplorer.org/dotbot; help@moz.com)"
216.244.66.239 - - [25/Feb/2025:16:05:55 +0000] "GET /product/white-widow-5-und/?add-to-cart=24928 HTTP/1.1" 200 238837 "-" "Mozilla/5.0 (compatible; DotBot/1.2; +https://opensiteexplorer.org/dotbot; help@moz.com)"
216.244.66.239 - - [25/Feb/2025:16:06:09 +0000] "GET /product/gorilla-girl-f1-fast-version/?add-to-cart=24893 HTTP/1.1" 200 248731 "-" "Mozilla/5.0 (compatible; DotBot/1.2; +https://opensiteexplorer.org/dotbot; help@moz.com)"
62.117.170.101 - - [25/Feb/2025:16:06:16 +0000] "POST /wp-admin/admin-ajax.php HTTP/1.1" 200 982 "https://plantamadre.es/wp-admin/post.php?post=25043&action=edit" "Mozilla/5.0 (Windows NT 10.0; Win64; x64) AppleWebKit/537.36 (KHTML, like Gecko) Chrome/133.0.0.0 Safari/537.36"
146.190.157.162 - - [25/Feb/2025:16:07:08 +0000] "POST /wp-cron.php?doing_wp_cron=1740499628.8253450393676757812500 HTTP/1.1" 200 2850 "-" "WordPress/6.3.5; https://plantamadre.es"
66.249.68.5 - - [25/Feb/2025:16:07:07 +0000] "GET /wp-content/uploads/2014/02/CRITICAL-KJACK.png HTTP/1.1" 404 109072 "-" "Googlebot-Image/1.0"
146.190.157.162 - - [25/Feb/2025:16:07:27 +0000] "POST /wp-cron.php?doing_wp_cron=1740499647.8500399589538574218750 HTTP/1.1" 200 2850 "-" "WordPress/6.3.5; https://plantamadre.es"
216.244.66.239 - - [25/Feb/2025:16:07:26 +0000] "GET /shop/page/6/?add-to-cart=24019 HTTP/1.1" 200 146593 "-" "Mozilla/5.0 (compatible; DotBot/1.2; +https://opensiteexplorer.org/dotbot; help@moz.com)"
62.117.170.101 - - [25/Feb/2025:16:08:17 +0000] "POST /wp-admin/admin-ajax.php HTTP/1.1" 200 982 "https://plantamadre.es/wp-admin/post.php?post=25043&action=edit" "Mozilla/5.0 (Windows NT 10.0; Win64; x64) AppleWebKit/537.36 (KHTML, like Gecko) Chrome/133.0.0.0 Safari/537.36"
146.190.157.162 - - [25/Feb/2025:16:08:19 +0000] "POST /wp-cron.php?doing_wp_cron=1740499699.0940148830413818359375 HTTP/1.1" 200 2849 "-" "WordPress/6.3.5; https://plantamadre.es"
146.190.157.162 - - [25/Feb/2025:16:09:56 +0000] "POST /wp-cron.php?doing_wp_cron=1740499796.8163259029388427734375 HTTP/1.1" 200 2850 "-" "WordPress/6.3.5; https://plantamadre.es"
114.119.151.80 - - [25/Feb/2025:16:09:54 +0000] "GET /product/meliflor-deposito-flexible/ HTTP/1.1" 200 33369 "https://plantamadre.es/product/deposito-polipropileno-2/" "Mozilla/5.0 (Linux; Android 7.0;) AppleWebKit/537.36 (KHTML, like Gecko) Mobile Safari/537.36 (compatible; PetalBot;+https://webmaster.petalsearch.com/site/petalbot)"
62.117.170.101 - - [25/Feb/2025:16:10:18 +0000] "POST /wp-admin/admin-ajax.php HTTP/1.1" 200 982 "https://plantamadre.es/wp-admin/post.php?post=25043&action=edit" "Mozilla/5.0 (Windows NT 10.0; Win64; x64) AppleWebKit/537.36 (KHTML, like Gecko) Chrome/133.0.0.0 Safari/537.36"
146.190.157.162 - - [25/Feb/2025:16:10:20 +0000] "POST /wp-cron.php?doing_wp_cron=1740499820.6225750446319580078125 HTTP/1.1" 200 2849 "-" "WordPress/6.3.5; https://plantamadre.es"
77.232.37.35 - - [25/Feb/2025:16:12:10 +0000] "GET /tienda/600-w/kit-600w-watermark-stuco-sylvania-grolux-newlite-nl/ HTTP/1.0" 403 2777 "-" "Mozilla/5.0 (Windows NT 6.3; Win64; x64) AppleWebKit/537.36 (KHTML, like Gecko) Chrome/75.0.3770.100 Safari/537.36"
146.190.157.162 - - [25/Feb/2025:16:12:16 +0000] "POST /wp-cron.php?doing_wp_cron=1740499936.7239298820495605468750 HTTP/1.1" 200 2849 "-" "WordPress/6.3.5; https://plantamadre.es"
62.117.170.101 - - [25/Feb/2025:16:12:19 +0000] "POST /wp-admin/admin-ajax.php HTTP/1.1" 200 3228 "https://plantamadre.es/wp-admin/post.php?post=25043&action=edit" "Mozilla/5.0 (Windows NT 10.0; Win64; x64) AppleWebKit/537.36 (KHTML, like Gecko) Chrome/133.0.0.0 Safari/537.36"
