191.80.164.71 - - [18/Sep/2024:18:33:07 +0000] "GET /wp-content/uploads/2023/04/Timberline%C2%AEHDZ%E2%84%A2-Shakewood-29b4189c-1-150x150.png HTTP/1.1" 304 249 "http://loopsostenible2.devuocloud.com/wp-admin/admin.php?page=et_theme_builder" "Mozilla/5.0 (Windows NT 10.0; Win64; x64) AppleWebKit/537.36 (KHTML, like Gecko) Chrome/128.0.0.0 Safari/537.36"
191.80.164.71 - - [18/Sep/2024:18:33:11 +0000] "POST /wp-admin/admin-ajax.php HTTP/1.1" 200 612 "http://loopsostenible2.devuocloud.com/wp-admin/admin.php?page=et_theme_builder" "Mozilla/5.0 (Windows NT 10.0; Win64; x64) AppleWebKit/537.36 (KHTML, like Gecko) Chrome/128.0.0.0 Safari/537.36"
191.80.164.71 - - [18/Sep/2024:18:33:17 +0000] "POST /wp-admin/admin-ajax.php HTTP/1.1" 200 582 "http://loopsostenible2.devuocloud.com/wp-admin/admin.php?page=et_theme_builder" "Mozilla/5.0 (Windows NT 10.0; Win64; x64) AppleWebKit/537.36 (KHTML, like Gecko) Chrome/128.0.0.0 Safari/537.36"
191.80.164.71 - - [18/Sep/2024:18:33:17 +0000] "GET /wp-content/uploads/2024/09/logo.png HTTP/1.1" 200 14558 "http://loopsostenible2.devuocloud.com/et_header_layout/theme-builder-layout/?et_fb=1&PageSpeed=off&et_tb=1" "Mozilla/5.0 (Windows NT 10.0; Win64; x64) AppleWebKit/537.36 (KHTML, like Gecko) Chrome/128.0.0.0 Safari/537.36"
191.80.164.71 - - [18/Sep/2024:18:33:22 +0000] "POST /wp-admin/admin-ajax.php HTTP/1.1" 200 819 "http://loopsostenible2.devuocloud.com/et_header_layout/theme-builder-layout/?et_fb=1&PageSpeed=off&et_tb=1" "Mozilla/5.0 (Windows NT 10.0; Win64; x64) AppleWebKit/537.36 (KHTML, like Gecko) Chrome/128.0.0.0 Safari/537.36"
191.80.164.71 - - [18/Sep/2024:18:33:43 +0000] "POST /wp-admin/admin-ajax.php HTTP/1.1" 200 820 "http://loopsostenible2.devuocloud.com/et_header_layout/theme-builder-layout/?et_fb=1&PageSpeed=off&et_tb=1" "Mozilla/5.0 (Windows NT 10.0; Win64; x64) AppleWebKit/537.36 (KHTML, like Gecko) Chrome/128.0.0.0 Safari/537.36"
191.80.164.71 - - [18/Sep/2024:18:33:51 +0000] "POST /wp-admin/admin-ajax.php HTTP/1.1" 200 820 "http://loopsostenible2.devuocloud.com/et_header_layout/theme-builder-layout/?et_fb=1&PageSpeed=off&et_tb=1" "Mozilla/5.0 (Windows NT 10.0; Win64; x64) AppleWebKit/537.36 (KHTML, like Gecko) Chrome/128.0.0.0 Safari/537.36"
146.190.157.162 - - [18/Sep/2024:18:34:00 +0000] "POST /wp-cron.php?doing_wp_cron=1726684440.8465299606323242187500 HTTP/1.1" 200 259 "-" "WordPress/6.6.2; http://loopsostenible2.devuocloud.com"
191.80.164.71 - - [18/Sep/2024:18:34:00 +0000] "POST /wp-admin/admin-ajax.php HTTP/1.1" 200 613 "http://loopsostenible2.devuocloud.com/wp-admin/admin.php?page=et_divi_options" "Mozilla/5.0 (Windows NT 10.0; Win64; x64) AppleWebKit/537.36 (KHTML, like Gecko) Chrome/128.0.0.0 Safari/537.36"
191.80.164.71 - - [18/Sep/2024:18:34:11 +0000] "POST /wp-admin/admin-ajax.php HTTP/1.1" 200 613 "http://loopsostenible2.devuocloud.com/wp-admin/admin.php?page=et_theme_builder" "Mozilla/5.0 (Windows NT 10.0; Win64; x64) AppleWebKit/537.36 (KHTML, like Gecko) Chrome/128.0.0.0 Safari/537.36"
191.80.164.71 - - [18/Sep/2024:18:34:15 +0000] "POST /wp-admin/admin-ajax.php HTTP/1.1" 200 819 "http://loopsostenible2.devuocloud.com/et_header_layout/theme-builder-layout/?et_fb=1&PageSpeed=off&et_tb=1" "Mozilla/5.0 (Windows NT 10.0; Win64; x64) AppleWebKit/537.36 (KHTML, like Gecko) Chrome/128.0.0.0 Safari/537.36"
146.190.157.162 - - [18/Sep/2024:18:35:01 +0000] "POST /wp-cron.php?doing_wp_cron=1726684501.5235450267791748046875 HTTP/1.1" 200 259 "-" "WordPress/6.6.2; http://loopsostenible2.devuocloud.com"
191.80.164.71 - - [18/Sep/2024:18:35:01 +0000] "POST /wp-admin/admin-ajax.php HTTP/1.1" 200 613 "http://loopsostenible2.devuocloud.com/wp-admin/admin.php?page=et_divi_options" "Mozilla/5.0 (Windows NT 10.0; Win64; x64) AppleWebKit/537.36 (KHTML, like Gecko) Chrome/128.0.0.0 Safari/537.36"
191.80.164.71 - - [18/Sep/2024:18:35:11 +0000] "POST /wp-admin/admin-ajax.php HTTP/1.1" 200 613 "http://loopsostenible2.devuocloud.com/wp-admin/admin.php?page=et_theme_builder" "Mozilla/5.0 (Windows NT 10.0; Win64; x64) AppleWebKit/537.36 (KHTML, like Gecko) Chrome/128.0.0.0 Safari/537.36"
191.80.164.71 - - [18/Sep/2024:18:35:15 +0000] "POST /wp-admin/admin-ajax.php HTTP/1.1" 200 989 "http://loopsostenible2.devuocloud.com/et_header_layout/theme-builder-layout/?et_fb=1&PageSpeed=off&et_tb=1" "Mozilla/5.0 (Windows NT 10.0; Win64; x64) AppleWebKit/537.36 (KHTML, like Gecko) Chrome/128.0.0.0 Safari/537.36"
191.80.164.71 - - [18/Sep/2024:18:35:32 +0000] "POST /wp-admin/admin-ajax.php HTTP/1.1" 200 820 "http://loopsostenible2.devuocloud.com/et_header_layout/theme-builder-layout/?et_fb=1&PageSpeed=off&et_tb=1" "Mozilla/5.0 (Windows NT 10.0; Win64; x64) AppleWebKit/537.36 (KHTML, like Gecko) Chrome/128.0.0.0 Safari/537.36"
191.80.164.71 - - [18/Sep/2024:18:35:41 +0000] "POST /wp-admin/admin-ajax.php HTTP/1.1" 200 657 "http://loopsostenible2.devuocloud.com/et_header_layout/theme-builder-layout/?et_fb=1&PageSpeed=off&et_tb=1" "Mozilla/5.0 (Windows NT 10.0; Win64; x64) AppleWebKit/537.36 (KHTML, like Gecko) Chrome/128.0.0.0 Safari/537.36"
191.80.164.71 - - [18/Sep/2024:18:35:47 +0000] "GET / HTTP/1.1" 200 19998 "http://loopsostenible2.devuocloud.com/wp-admin/admin.php?page=et_divi_options" "Mozilla/5.0 (Windows NT 10.0; Win64; x64) AppleWebKit/537.36 (KHTML, like Gecko) Chrome/128.0.0.0 Safari/537.36"
191.80.164.71 - - [18/Sep/2024:18:35:48 +0000] "GET /wp-includes/css/admin-bar.min.css?ver=6.6.2 HTTP/1.1" 200 4150 "http://loopsostenible2.devuocloud.com/" "Mozilla/5.0 (Windows NT 10.0; Win64; x64) AppleWebKit/537.36 (KHTML, like Gecko) Chrome/128.0.0.0 Safari/537.36"
191.80.164.71 - - [18/Sep/2024:18:35:48 +0000] "GET /wp-content/themes/Divi/style.css?ver=4.9.1 HTTP/1.1" 200 83127 "http://loopsostenible2.devuocloud.com/" "Mozilla/5.0 (Windows NT 10.0; Win64; x64) AppleWebKit/537.36 (KHTML, like Gecko) Chrome/128.0.0.0 Safari/537.36"
191.80.164.71 - - [18/Sep/2024:18:35:48 +0000] "GET /wp-content/uploads/2023/03/ser1.png HTTP/1.1" 304 250 "http://loopsostenible2.devuocloud.com/" "Mozilla/5.0 (Windows NT 10.0; Win64; x64) AppleWebKit/537.36 (KHTML, like Gecko) Chrome/128.0.0.0 Safari/537.36"
191.80.164.71 - - [18/Sep/2024:18:35:48 +0000] "GET /wp-content/uploads/2023/03/glutters.png HTTP/1.1" 304 250 "http://loopsostenible2.devuocloud.com/" "Mozilla/5.0 (Windows NT 10.0; Win64; x64) AppleWebKit/537.36 (KHTML, like Gecko) Chrome/128.0.0.0 Safari/537.36"
191.80.164.71 - - [18/Sep/2024:18:35:48 +0000] "GET /wp-content/uploads/2023/03/ser3.png HTTP/1.1" 304 251 "http://loopsostenible2.devuocloud.com/" "Mozilla/5.0 (Windows NT 10.0; Win64; x64) AppleWebKit/537.36 (KHTML, like Gecko) Chrome/128.0.0.0 Safari/537.36"
191.80.164.71 - - [18/Sep/2024:18:35:48 +0000] "GET /wp-content/plugins/slide-anything/owl-carousel/owl.carousel.css?ver=2.2.1.1 HTTP/1.1" 200 1838 "http://loopsostenible2.devuocloud.com/" "Mozilla/5.0 (Windows NT 10.0; Win64; x64) AppleWebKit/537.36 (KHTML, like Gecko) Chrome/128.0.0.0 Safari/537.36"
191.80.164.71 - - [18/Sep/2024:18:35:48 +0000] "GET /wp-content/plugins/slide-anything/owl-carousel/sa-owl-theme.css?ver=2.0 HTTP/1.1" 200 2661 "http://loopsostenible2.devuocloud.com/" "Mozilla/5.0 (Windows NT 10.0; Win64; x64) AppleWebKit/537.36 (KHTML, like Gecko) Chrome/128.0.0.0 Safari/537.36"
191.80.164.71 - - [18/Sep/2024:18:35:48 +0000] "GET /wp-content/plugins/slide-anything/owl-carousel/animate.min.css?ver=2.0 HTTP/1.1" 200 4322 "http://loopsostenible2.devuocloud.com/" "Mozilla/5.0 (Windows NT 10.0; Win64; x64) AppleWebKit/537.36 (KHTML, like Gecko) Chrome/128.0.0.0 Safari/537.36"
191.80.164.71 - - [18/Sep/2024:18:35:48 +0000] "GET /wp-content/plugins/slide-anything/lightgallery/css/lightgallery.css?ver=2.5.0 HTTP/1.1" 200 3269 "http://loopsostenible2.devuocloud.com/" "Mozilla/5.0 (Windows NT 10.0; Win64; x64) AppleWebKit/537.36 (KHTML, like Gecko) Chrome/128.0.0.0 Safari/537.36"
191.80.164.71 - - [18/Sep/2024:18:35:48 +0000] "GET /wp-content/plugins/slide-anything/lightgallery/css/lightgallery-bundle.min.css?ver=2.5.0 HTTP/1.1" 200 5567 "http://loopsostenible2.devuocloud.com/" "Mozilla/5.0 (Windows NT 10.0; Win64; x64) AppleWebKit/537.36 (KHTML, like Gecko) Chrome/128.0.0.0 Safari/537.36"
191.80.164.71 - - [18/Sep/2024:18:35:48 +0000] "GET /wp-content/plugins/slide-anything/owl-carousel/owl.carousel.min.js?ver=2.2.1 HTTP/1.1" 200 11757 "http://loopsostenible2.devuocloud.com/" "Mozilla/5.0 (Windows NT 10.0; Win64; x64) AppleWebKit/537.36 (KHTML, like Gecko) Chrome/128.0.0.0 Safari/537.36"
191.80.164.71 - - [18/Sep/2024:18:35:49 +0000] "GET /wp-content/plugins/slide-anything/js/jquery.mousewheel.min.js?ver=3.1.13 HTTP/1.1" 200 1512 "http://loopsostenible2.devuocloud.com/" "Mozilla/5.0 (Windows NT 10.0; Win64; x64) AppleWebKit/537.36 (KHTML, like Gecko) Chrome/128.0.0.0 Safari/537.36"
191.80.164.71 - - [18/Sep/2024:18:35:49 +0000] "GET /wp-content/plugins/slide-anything/owl-carousel/owl.carousel2.thumbs.min.js?ver=0.1.8 HTTP/1.1" 200 1466 "http://loopsostenible2.devuocloud.com/" "Mozilla/5.0 (Windows NT 10.0; Win64; x64) AppleWebKit/537.36 (KHTML, like Gecko) Chrome/128.0.0.0 Safari/537.36"
191.80.164.71 - - [18/Sep/2024:18:35:49 +0000] "GET /wp-content/plugins/slide-anything/lightgallery/lightgallery.min.js?ver=2.5.0 HTTP/1.1" 200 13764 "http://loopsostenible2.devuocloud.com/" "Mozilla/5.0 (Windows NT 10.0; Win64; x64) AppleWebKit/537.36 (KHTML, like Gecko) Chrome/128.0.0.0 Safari/537.36"
191.80.164.71 - - [18/Sep/2024:18:35:49 +0000] "GET /wp-content/plugins/slide-anything/lightgallery/plugins/video/lg-video.min.js?ver=2.5.0 HTTP/1.1" 200 3005 "http://loopsostenible2.devuocloud.com/" "Mozilla/5.0 (Windows NT 10.0; Win64; x64) AppleWebKit/537.36 (KHTML, like Gecko) Chrome/128.0.0.0 Safari/537.36"
191.80.164.71 - - [18/Sep/2024:18:35:49 +0000] "GET /wp-content/plugins/slide-anything/lightgallery/plugins/zoom/lg-zoom.min.js?ver=2.5.0 HTTP/1.1" 200 4897 "http://loopsostenible2.devuocloud.com/" "Mozilla/5.0 (Windows NT 10.0; Win64; x64) AppleWebKit/537.36 (KHTML, like Gecko) Chrome/128.0.0.0 Safari/537.36"
191.80.164.71 - - [18/Sep/2024:18:35:49 +0000] "GET /wp-content/plugins/slide-anything/lightgallery/plugins/autoplay/lg-autoplay.min.js?ver=2.5.0 HTTP/1.1" 200 1676 "http://loopsostenible2.devuocloud.com/" "Mozilla/5.0 (Windows NT 10.0; Win64; x64) AppleWebKit/537.36 (KHTML, like Gecko) Chrome/128.0.0.0 Safari/537.36"
191.80.164.71 - - [18/Sep/2024:18:35:49 +0000] "GET /wp-content/plugins/slide-anything/lightgallery/player.min.js?ver=2.17.1 HTTP/1.1" 200 6711 "http://loopsostenible2.devuocloud.com/" "Mozilla/5.0 (Windows NT 10.0; Win64; x64) AppleWebKit/537.36 (KHTML, like Gecko) Chrome/128.0.0.0 Safari/537.36"
191.80.164.71 - - [18/Sep/2024:18:35:49 +0000] "GET /wp-content/uploads/2023/03/experts.png HTTP/1.1" 304 251 "http://loopsostenible2.devuocloud.com/" "Mozilla/5.0 (Windows NT 10.0; Win64; x64) AppleWebKit/537.36 (KHTML, like Gecko) Chrome/128.0.0.0 Safari/537.36"
191.80.164.71 - - [18/Sep/2024:18:35:49 +0000] "GET /wp-content/uploads/2023/03/work-1.png HTTP/1.1" 304 250 "http://loopsostenible2.devuocloud.com/" "Mozilla/5.0 (Windows NT 10.0; Win64; x64) AppleWebKit/537.36 (KHTML, like Gecko) Chrome/128.0.0.0 Safari/537.36"
191.80.164.71 - - [18/Sep/2024:18:35:49 +0000] "GET /wp-content/uploads/2023/03/r1.png HTTP/1.1" 304 248 "http://loopsostenible2.devuocloud.com/" "Mozilla/5.0 (Windows NT 10.0; Win64; x64) AppleWebKit/537.36 (KHTML, like Gecko) Chrome/128.0.0.0 Safari/537.36"
191.80.164.71 - - [18/Sep/2024:18:35:49 +0000] "GET /wp-content/uploads/2023/03/r2.png HTTP/1.1" 304 248 "http://loopsostenible2.devuocloud.com/" "Mozilla/5.0 (Windows NT 10.0; Win64; x64) AppleWebKit/537.36 (KHTML, like Gecko) Chrome/128.0.0.0 Safari/537.36"
191.80.164.71 - - [18/Sep/2024:18:35:49 +0000] "GET /wp-content/uploads/2023/03/r3.png HTTP/1.1" 304 248 "http://loopsostenible2.devuocloud.com/" "Mozilla/5.0 (Windows NT 10.0; Win64; x64) AppleWebKit/537.36 (KHTML, like Gecko) Chrome/128.0.0.0 Safari/537.36"
191.80.164.71 - - [18/Sep/2024:18:35:49 +0000] "GET /wp-content/uploads/2023/03/r4.png HTTP/1.1" 304 248 "http://loopsostenible2.devuocloud.com/" "Mozilla/5.0 (Windows NT 10.0; Win64; x64) AppleWebKit/537.36 (KHTML, like Gecko) Chrome/128.0.0.0 Safari/537.36"
191.80.164.71 - - [18/Sep/2024:18:35:49 +0000] "GET /wp-content/uploads/2023/04/call-banner.png HTTP/1.1" 304 248 "http://loopsostenible2.devuocloud.com/" "Mozilla/5.0 (Windows NT 10.0; Win64; x64) AppleWebKit/537.36 (KHTML, like Gecko) Chrome/128.0.0.0 Safari/537.36"
191.80.164.71 - - [18/Sep/2024:18:35:49 +0000] "GET /wp-content/uploads/2023/06/Merrimack-hero.png HTTP/1.1" 304 250 "http://loopsostenible2.devuocloud.com/" "Mozilla/5.0 (Windows NT 10.0; Win64; x64) AppleWebKit/537.36 (KHTML, like Gecko) Chrome/128.0.0.0 Safari/537.36"
191.80.164.71 - - [18/Sep/2024:18:35:49 +0000] "GET /wp-content/uploads/2023/03/quote-150x150.png HTTP/1.1" 304 248 "http://loopsostenible2.devuocloud.com/" "Mozilla/5.0 (Windows NT 10.0; Win64; x64) AppleWebKit/537.36 (KHTML, like Gecko) Chrome/128.0.0.0 Safari/537.36"
191.80.164.71 - - [18/Sep/2024:18:35:49 +0000] "GET /wp-json/contact-form-7/v1/contact-forms/179/feedback/schema HTTP/1.1" 200 1714 "http://loopsostenible2.devuocloud.com/" "Mozilla/5.0 (Windows NT 10.0; Win64; x64) AppleWebKit/537.36 (KHTML, like Gecko) Chrome/128.0.0.0 Safari/537.36"
191.80.164.71 - - [18/Sep/2024:18:35:49 +0000] "GET /wp-content/uploads/2023/03/w1.png HTTP/1.1" 304 249 "http://loopsostenible2.devuocloud.com/" "Mozilla/5.0 (Windows NT 10.0; Win64; x64) AppleWebKit/537.36 (KHTML, like Gecko) Chrome/128.0.0.0 Safari/537.36"
191.80.164.71 - - [18/Sep/2024:18:35:49 +0000] "GET /wp-content/uploads/2023/03/w2.png HTTP/1.1" 304 249 "http://loopsostenible2.devuocloud.com/" "Mozilla/5.0 (Windows NT 10.0; Win64; x64) AppleWebKit/537.36 (KHTML, like Gecko) Chrome/128.0.0.0 Safari/537.36"
191.80.164.71 - - [18/Sep/2024:18:35:49 +0000] "GET /wp-content/uploads/2023/03/w3.png HTTP/1.1" 304 249 "http://loopsostenible2.devuocloud.com/" "Mozilla/5.0 (Windows NT 10.0; Win64; x64) AppleWebKit/537.36 (KHTML, like Gecko) Chrome/128.0.0.0 Safari/537.36"
191.80.164.71 - - [18/Sep/2024:18:35:49 +0000] "GET /wp-content/uploads/2023/03/w4.png HTTP/1.1" 304 249 "http://loopsostenible2.devuocloud.com/" "Mozilla/5.0 (Windows NT 10.0; Win64; x64) AppleWebKit/537.36 (KHTML, like Gecko) Chrome/128.0.0.0 Safari/537.36"
191.80.164.71 - - [18/Sep/2024:18:35:49 +0000] "GET /wp-content/uploads/2023/03/w5.png HTTP/1.1" 304 249 "http://loopsostenible2.devuocloud.com/" "Mozilla/5.0 (Windows NT 10.0; Win64; x64) AppleWebKit/537.36 (KHTML, like Gecko) Chrome/128.0.0.0 Safari/537.36"
191.80.164.71 - - [18/Sep/2024:18:35:49 +0000] "GET /wp-content/uploads/2023/03/f1.png HTTP/1.1" 304 249 "http://loopsostenible2.devuocloud.com/" "Mozilla/5.0 (Windows NT 10.0; Win64; x64) AppleWebKit/537.36 (KHTML, like Gecko) Chrome/128.0.0.0 Safari/537.36"
191.80.164.71 - - [18/Sep/2024:18:35:49 +0000] "GET /wp-content/uploads/2023/03/f2.png HTTP/1.1" 304 249 "http://loopsostenible2.devuocloud.com/" "Mozilla/5.0 (Windows NT 10.0; Win64; x64) AppleWebKit/537.36 (KHTML, like Gecko) Chrome/128.0.0.0 Safari/537.36"
191.80.164.71 - - [18/Sep/2024:18:35:50 +0000] "GET /wp-content/uploads/2023/03/f3.png HTTP/1.1" 304 249 "http://loopsostenible2.devuocloud.com/" "Mozilla/5.0 (Windows NT 10.0; Win64; x64) AppleWebKit/537.36 (KHTML, like Gecko) Chrome/128.0.0.0 Safari/537.36"
191.80.164.71 - - [18/Sep/2024:18:35:50 +0000] "GET /wp-content/uploads/2024/09/logo-footer2.png HTTP/1.1" 304 249 "http://loopsostenible2.devuocloud.com/" "Mozilla/5.0 (Windows NT 10.0; Win64; x64) AppleWebKit/537.36 (KHTML, like Gecko) Chrome/128.0.0.0 Safari/537.36"
191.80.164.71 - - [18/Sep/2024:18:35:50 +0000] "GET /wp-content/uploads/2024/09/kit_digital-1024x61-1.png HTTP/1.1" 304 249 "http://loopsostenible2.devuocloud.com/" "Mozilla/5.0 (Windows NT 10.0; Win64; x64) AppleWebKit/537.36 (KHTML, like Gecko) Chrome/128.0.0.0 Safari/537.36"
191.80.164.71 - - [18/Sep/2024:18:35:50 +0000] "GET /wp-content/uploads/2023/03/bg-loc1.png HTTP/1.1" 304 251 "http://loopsostenible2.devuocloud.com/" "Mozilla/5.0 (Windows NT 10.0; Win64; x64) AppleWebKit/537.36 (KHTML, like Gecko) Chrome/128.0.0.0 Safari/537.36"
191.80.164.71 - - [18/Sep/2024:18:35:50 +0000] "GET /wp-content/uploads/2023/03/image-1-2.png HTTP/1.1" 304 250 "http://loopsostenible2.devuocloud.com/" "Mozilla/5.0 (Windows NT 10.0; Win64; x64) AppleWebKit/537.36 (KHTML, like Gecko) Chrome/128.0.0.0 Safari/537.36"
191.80.164.71 - - [18/Sep/2024:18:35:50 +0000] "GET /wp-content/uploads/2023/03/bg-ban.png HTTP/1.1" 304 250 "http://loopsostenible2.devuocloud.com/" "Mozilla/5.0 (Windows NT 10.0; Win64; x64) AppleWebKit/537.36 (KHTML, like Gecko) Chrome/128.0.0.0 Safari/537.36"
191.80.164.71 - - [18/Sep/2024:18:35:50 +0000] "GET /wp-content/uploads/2023/03/bg-loc2.png HTTP/1.1" 304 250 "http://loopsostenible2.devuocloud.com/" "Mozilla/5.0 (Windows NT 10.0; Win64; x64) AppleWebKit/537.36 (KHTML, like Gecko) Chrome/128.0.0.0 Safari/537.36"
191.80.164.71 - - [18/Sep/2024:18:35:50 +0000] "GET /wp-content/uploads/2023/03/bg-cont.png HTTP/1.1" 304 251 "http://loopsostenible2.devuocloud.com/" "Mozilla/5.0 (Windows NT 10.0; Win64; x64) AppleWebKit/537.36 (KHTML, like Gecko) Chrome/128.0.0.0 Safari/537.36"
191.80.164.71 - - [18/Sep/2024:18:35:50 +0000] "GET /wp-content/uploads/2024/09/cropped-isologo-32x32.png HTTP/1.1" 304 248 "http://loopsostenible2.devuocloud.com/" "Mozilla/5.0 (Windows NT 10.0; Win64; x64) AppleWebKit/537.36 (KHTML, like Gecko) Chrome/128.0.0.0 Safari/537.36"
146.190.157.162 - - [18/Sep/2024:18:36:11 +0000] "POST /wp-cron.php?doing_wp_cron=1726684571.5085909366607666015625 HTTP/1.1" 200 259 "-" "WordPress/6.6.2; http://loopsostenible2.devuocloud.com"
191.80.164.71 - - [18/Sep/2024:18:36:11 +0000] "POST /wp-admin/admin-ajax.php HTTP/1.1" 200 613 "http://loopsostenible2.devuocloud.com/wp-admin/admin.php?page=et_theme_builder" "Mozilla/5.0 (Windows NT 10.0; Win64; x64) AppleWebKit/537.36 (KHTML, like Gecko) Chrome/128.0.0.0 Safari/537.36"
191.80.164.71 - - [18/Sep/2024:18:36:13 +0000] "POST /wp-admin/admin-ajax.php HTTP/1.1" 200 656 "http://loopsostenible2.devuocloud.com/et_header_layout/theme-builder-layout/?et_fb=1&PageSpeed=off&et_tb=1" "Mozilla/5.0 (Windows NT 10.0; Win64; x64) AppleWebKit/537.36 (KHTML, like Gecko) Chrome/128.0.0.0 Safari/537.36"
191.80.164.71 - - [18/Sep/2024:18:36:18 +0000] "GET / HTTP/1.1" 200 19916 "http://loopsostenible2.devuocloud.com/wp-admin/admin.php?page=et_divi_options" "Mozilla/5.0 (Windows NT 10.0; Win64; x64) AppleWebKit/537.36 (KHTML, like Gecko) Chrome/128.0.0.0 Safari/537.36"
191.80.164.71 - - [18/Sep/2024:18:36:19 +0000] "GET /wp-content/themes/Divi/core/admin/fonts/modules.ttf HTTP/1.1" 304 251 "http://loopsostenible2.devuocloud.com/" "Mozilla/5.0 (Windows NT 10.0; Win64; x64) AppleWebKit/537.36 (KHTML, like Gecko) Chrome/128.0.0.0 Safari/537.36"
191.80.164.71 - - [18/Sep/2024:18:36:19 +0000] "GET /wp-includes/js/hoverintent-js.min.js?ver=2.2.1 HTTP/1.1" 200 1060 "http://loopsostenible2.devuocloud.com/" "Mozilla/5.0 (Windows NT 10.0; Win64; x64) AppleWebKit/537.36 (KHTML, like Gecko) Chrome/128.0.0.0 Safari/537.36"
191.80.164.71 - - [18/Sep/2024:18:36:19 +0000] "GET /wp-includes/js/admin-bar.min.js?ver=6.6.2 HTTP/1.1" 200 1700 "http://loopsostenible2.devuocloud.com/" "Mozilla/5.0 (Windows NT 10.0; Win64; x64) AppleWebKit/537.36 (KHTML, like Gecko) Chrome/128.0.0.0 Safari/537.36"
191.80.164.71 - - [18/Sep/2024:18:36:19 +0000] "GET /wp-content/themes/Divi/core/admin/js/common.js?ver=4.9.1 HTTP/1.1" 200 909 "http://loopsostenible2.devuocloud.com/" "Mozilla/5.0 (Windows NT 10.0; Win64; x64) AppleWebKit/537.36 (KHTML, like Gecko) Chrome/128.0.0.0 Safari/537.36"
191.80.164.71 - - [18/Sep/2024:18:36:20 +0000] "GET /wp-includes/js/wp-emoji-release.min.js?ver=6.6.2 HTTP/1.1" 200 5406 "http://loopsostenible2.devuocloud.com/" "Mozilla/5.0 (Windows NT 10.0; Win64; x64) AppleWebKit/537.36 (KHTML, like Gecko) Chrome/128.0.0.0 Safari/537.36"
191.80.164.71 - - [18/Sep/2024:18:36:20 +0000] "GET /wp-json/contact-form-7/v1/contact-forms/179/feedback/schema HTTP/1.1" 200 1714 "http://loopsostenible2.devuocloud.com/" "Mozilla/5.0 (Windows NT 10.0; Win64; x64) AppleWebKit/537.36 (KHTML, like Gecko) Chrome/128.0.0.0 Safari/537.36"
191.80.164.71 - - [18/Sep/2024:18:36:32 +0000] "POST /wp-admin/admin-ajax.php HTTP/1.1" 200 990 "http://loopsostenible2.devuocloud.com/et_header_layout/theme-builder-layout/?et_fb=1&PageSpeed=off&et_tb=1" "Mozilla/5.0 (Windows NT 10.0; Win64; x64) AppleWebKit/537.36 (KHTML, like Gecko) Chrome/128.0.0.0 Safari/537.36"
146.190.157.162 - - [18/Sep/2024:18:37:02 +0000] "POST /wp-cron.php?doing_wp_cron=1726684622.5175299644470214843750 HTTP/1.1" 200 259 "-" "WordPress/6.6.2; http://loopsostenible2.devuocloud.com"
191.80.164.71 - - [18/Sep/2024:18:37:02 +0000] "POST /wp-admin/admin-ajax.php HTTP/1.1" 200 613 "http://loopsostenible2.devuocloud.com/wp-admin/admin.php?page=et_divi_options" "Mozilla/5.0 (Windows NT 10.0; Win64; x64) AppleWebKit/537.36 (KHTML, like Gecko) Chrome/128.0.0.0 Safari/537.36"
191.80.164.71 - - [18/Sep/2024:18:37:11 +0000] "POST /wp-admin/admin-ajax.php HTTP/1.1" 200 613 "http://loopsostenible2.devuocloud.com/wp-admin/admin.php?page=et_theme_builder" "Mozilla/5.0 (Windows NT 10.0; Win64; x64) AppleWebKit/537.36 (KHTML, like Gecko) Chrome/128.0.0.0 Safari/537.36"
191.80.164.71 - - [18/Sep/2024:18:37:32 +0000] "POST /wp-admin/admin-ajax.php HTTP/1.1" 200 730 "http://loopsostenible2.devuocloud.com/et_header_layout/theme-builder-layout/?et_fb=1&PageSpeed=off&et_tb=1" "Mozilla/5.0 (Windows NT 10.0; Win64; x64) AppleWebKit/537.36 (KHTML, like Gecko) Chrome/128.0.0.0 Safari/537.36"
146.190.157.162 - - [18/Sep/2024:18:38:02 +0000] "POST /wp-cron.php?doing_wp_cron=1726684682.5344700813293457031250 HTTP/1.1" 200 259 "-" "WordPress/6.6.2; http://loopsostenible2.devuocloud.com"
191.80.164.71 - - [18/Sep/2024:18:38:02 +0000] "POST /wp-admin/admin-ajax.php HTTP/1.1" 200 613 "http://loopsostenible2.devuocloud.com/wp-admin/admin.php?page=et_divi_options" "Mozilla/5.0 (Windows NT 10.0; Win64; x64) AppleWebKit/537.36 (KHTML, like Gecko) Chrome/128.0.0.0 Safari/537.36"
191.80.164.71 - - [18/Sep/2024:18:38:12 +0000] "POST /wp-admin/admin-ajax.php HTTP/1.1" 200 613 "http://loopsostenible2.devuocloud.com/wp-admin/admin.php?page=et_theme_builder" "Mozilla/5.0 (Windows NT 10.0; Win64; x64) AppleWebKit/537.36 (KHTML, like Gecko) Chrome/128.0.0.0 Safari/537.36"
191.80.164.71 - - [18/Sep/2024:18:38:33 +0000] "POST /wp-admin/admin-ajax.php HTTP/1.1" 200 910 "http://loopsostenible2.devuocloud.com/et_header_layout/theme-builder-layout/?et_fb=1&PageSpeed=off&et_tb=1" "Mozilla/5.0 (Windows NT 10.0; Win64; x64) AppleWebKit/537.36 (KHTML, like Gecko) Chrome/128.0.0.0 Safari/537.36"
146.190.157.162 - - [18/Sep/2024:18:39:58 +0000] "POST /wp-cron.php?doing_wp_cron=1726684798.7954859733581542968750 HTTP/1.1" 200 259 "-" "WordPress/6.6.2; http://loopsostenible2.devuocloud.com"
191.80.164.71 - - [18/Sep/2024:18:39:58 +0000] "POST /wp-admin/admin-ajax.php HTTP/1.1" 200 613 "http://loopsostenible2.devuocloud.com/wp-admin/admin.php?page=et_divi_options" "Mozilla/5.0 (Windows NT 10.0; Win64; x64) AppleWebKit/537.36 (KHTML, like Gecko) Chrome/128.0.0.0 Safari/537.36"
191.80.164.71 - - [18/Sep/2024:18:39:58 +0000] "POST /wp-admin/admin-ajax.php HTTP/1.1" 200 613 "http://loopsostenible2.devuocloud.com/wp-admin/admin.php?page=et_theme_builder" "Mozilla/5.0 (Windows NT 10.0; Win64; x64) AppleWebKit/537.36 (KHTML, like Gecko) Chrome/128.0.0.0 Safari/537.36"
191.80.164.71 - - [18/Sep/2024:18:39:58 +0000] "POST /wp-admin/admin-ajax.php HTTP/1.1" 200 730 "http://loopsostenible2.devuocloud.com/et_header_layout/theme-builder-layout/?et_fb=1&PageSpeed=off&et_tb=1" "Mozilla/5.0 (Windows NT 10.0; Win64; x64) AppleWebKit/537.36 (KHTML, like Gecko) Chrome/128.0.0.0 Safari/537.36"
191.80.164.71 - - [18/Sep/2024:18:40:43 +0000] "POST /wp-admin/admin-ajax.php HTTP/1.1" 200 820 "http://loopsostenible2.devuocloud.com/et_header_layout/theme-builder-layout/?et_fb=1&PageSpeed=off&et_tb=1" "Mozilla/5.0 (Windows NT 10.0; Win64; x64) AppleWebKit/537.36 (KHTML, like Gecko) Chrome/128.0.0.0 Safari/537.36"
146.190.157.162 - - [18/Sep/2024:18:40:58 +0000] "POST /wp-cron.php?doing_wp_cron=1726684858.5205640792846679687500 HTTP/1.1" 200 259 "-" "WordPress/6.6.2; http://loopsostenible2.devuocloud.com"
191.80.164.71 - - [18/Sep/2024:18:40:58 +0000] "POST /wp-admin/admin-ajax.php HTTP/1.1" 200 613 "http://loopsostenible2.devuocloud.com/wp-admin/admin.php?page=et_divi_options" "Mozilla/5.0 (Windows NT 10.0; Win64; x64) AppleWebKit/537.36 (KHTML, like Gecko) Chrome/128.0.0.0 Safari/537.36"
191.80.164.71 - - [18/Sep/2024:18:40:59 +0000] "POST /wp-admin/admin-ajax.php HTTP/1.1" 200 612 "http://loopsostenible2.devuocloud.com/wp-admin/admin.php?page=et_theme_builder" "Mozilla/5.0 (Windows NT 10.0; Win64; x64) AppleWebKit/537.36 (KHTML, like Gecko) Chrome/128.0.0.0 Safari/537.36"
191.80.164.71 - - [18/Sep/2024:18:41:22 +0000] "POST /wp-admin/admin-ajax.php HTTP/1.1" 200 657 "http://loopsostenible2.devuocloud.com/et_header_layout/theme-builder-layout/?et_fb=1&PageSpeed=off&et_tb=1" "Mozilla/5.0 (Windows NT 10.0; Win64; x64) AppleWebKit/537.36 (KHTML, like Gecko) Chrome/128.0.0.0 Safari/537.36"
191.80.164.71 - - [18/Sep/2024:18:41:43 +0000] "POST /wp-admin/admin-ajax.php HTTP/1.1" 200 863 "http://loopsostenible2.devuocloud.com/et_header_layout/theme-builder-layout/?et_fb=1&PageSpeed=off&et_tb=1" "Mozilla/5.0 (Windows NT 10.0; Win64; x64) AppleWebKit/537.36 (KHTML, like Gecko) Chrome/128.0.0.0 Safari/537.36"
146.190.157.162 - - [18/Sep/2024:18:41:56 +0000] "POST /wp-cron.php?doing_wp_cron=1726684916.8179070949554443359375 HTTP/1.1" 200 259 "-" "WordPress/6.6.2; http://loopsostenible2.devuocloud.com"
191.80.164.71 - - [18/Sep/2024:18:41:56 +0000] "POST /wp-admin/admin-ajax.php HTTP/1.1" 200 5489 "http://loopsostenible2.devuocloud.com/wp-admin/admin.php?page=et_theme_builder" "Mozilla/5.0 (Windows NT 10.0; Win64; x64) AppleWebKit/537.36 (KHTML, like Gecko) Chrome/128.0.0.0 Safari/537.36"
191.80.164.71 - - [18/Sep/2024:18:41:59 +0000] "POST /wp-admin/admin-ajax.php HTTP/1.1" 200 613 "http://loopsostenible2.devuocloud.com/wp-admin/admin.php?page=et_divi_options" "Mozilla/5.0 (Windows NT 10.0; Win64; x64) AppleWebKit/537.36 (KHTML, like Gecko) Chrome/128.0.0.0 Safari/537.36"
191.80.164.71 - - [18/Sep/2024:18:41:59 +0000] "POST /wp-admin/admin-ajax.php HTTP/1.1" 200 612 "http://loopsostenible2.devuocloud.com/wp-admin/admin.php?page=et_theme_builder" "Mozilla/5.0 (Windows NT 10.0; Win64; x64) AppleWebKit/537.36 (KHTML, like Gecko) Chrome/128.0.0.0 Safari/537.36"
191.80.164.71 - - [18/Sep/2024:18:42:01 +0000] "POST /wp-admin/admin-ajax.php HTTP/1.1" 200 614 "http://loopsostenible2.devuocloud.com/wp-admin/admin.php?page=et_theme_builder" "Mozilla/5.0 (Windows NT 10.0; Win64; x64) AppleWebKit/537.36 (KHTML, like Gecko) Chrome/128.0.0.0 Safari/537.36"
191.80.164.71 - - [18/Sep/2024:18:42:04 +0000] "GET / HTTP/1.1" 200 19916 "http://loopsostenible2.devuocloud.com/wp-admin/admin.php?page=et_divi_options" "Mozilla/5.0 (Windows NT 10.0; Win64; x64) AppleWebKit/537.36 (KHTML, like Gecko) Chrome/128.0.0.0 Safari/537.36"
191.80.164.71 - - [18/Sep/2024:18:42:05 +0000] "GET /wp-includes/css/dashicons.min.css?ver=6.6.2 HTTP/1.1" 200 36068 "http://loopsostenible2.devuocloud.com/" "Mozilla/5.0 (Windows NT 10.0; Win64; x64) AppleWebKit/537.36 (KHTML, like Gecko) Chrome/128.0.0.0 Safari/537.36"
191.80.164.71 - - [18/Sep/2024:18:42:05 +0000] "GET /wp-includes/js/jquery/jquery-migrate.min.js?ver=3.4.1 HTTP/1.1" 200 5217 "http://loopsostenible2.devuocloud.com/" "Mozilla/5.0 (Windows NT 10.0; Win64; x64) AppleWebKit/537.36 (KHTML, like Gecko) Chrome/128.0.0.0 Safari/537.36"
191.80.164.71 - - [18/Sep/2024:18:42:05 +0000] "GET /wp-content/plugins/contact-form-7/includes/css/styles.css?ver=5.7.4 HTTP/1.1" 200 1341 "http://loopsostenible2.devuocloud.com/" "Mozilla/5.0 (Windows NT 10.0; Win64; x64) AppleWebKit/537.36 (KHTML, like Gecko) Chrome/128.0.0.0 Safari/537.36"
191.80.164.71 - - [18/Sep/2024:18:42:05 +0000] "GET /wp-includes/css/dist/block-library/style.min.css?ver=6.6.2 HTTP/1.1" 200 15180 "http://loopsostenible2.devuocloud.com/" "Mozilla/5.0 (Windows NT 10.0; Win64; x64) AppleWebKit/537.36 (KHTML, like Gecko) Chrome/128.0.0.0 Safari/537.36"
191.80.164.71 - - [18/Sep/2024:18:42:05 +0000] "GET /wp-content/uploads/2024/09/logo.png HTTP/1.1" 304 250 "http://loopsostenible2.devuocloud.com/" "Mozilla/5.0 (Windows NT 10.0; Win64; x64) AppleWebKit/537.36 (KHTML, like Gecko) Chrome/128.0.0.0 Safari/537.36"
191.80.164.71 - - [18/Sep/2024:18:42:05 +0000] "GET /wp-includes/js/jquery/jquery.min.js?ver=3.7.1 HTTP/1.1" 200 30715 "http://loopsostenible2.devuocloud.com/" "Mozilla/5.0 (Windows NT 10.0; Win64; x64) AppleWebKit/537.36 (KHTML, like Gecko) Chrome/128.0.0.0 Safari/537.36"
191.80.164.71 - - [18/Sep/2024:18:42:05 +0000] "GET /wp-content/plugins/contact-form-7/includes/swv/js/index.js?ver=5.7.4 HTTP/1.1" 200 3384 "http://loopsostenible2.devuocloud.com/" "Mozilla/5.0 (Windows NT 10.0; Win64; x64) AppleWebKit/537.36 (KHTML, like Gecko) Chrome/128.0.0.0 Safari/537.36"
191.80.164.71 - - [18/Sep/2024:18:42:05 +0000] "GET /wp-content/plugins/contact-form-7/includes/js/index.js?ver=5.7.4 HTTP/1.1" 200 4528 "http://loopsostenible2.devuocloud.com/" "Mozilla/5.0 (Windows NT 10.0; Win64; x64) AppleWebKit/537.36 (KHTML, like Gecko) Chrome/128.0.0.0 Safari/537.36"
191.80.164.71 - - [18/Sep/2024:18:42:05 +0000] "GET /wp-content/uploads/2024/09/logo-footer2.png HTTP/1.1" 304 249 "http://loopsostenible2.devuocloud.com/" "Mozilla/5.0 (Windows NT 10.0; Win64; x64) AppleWebKit/537.36 (KHTML, like Gecko) Chrome/128.0.0.0 Safari/537.36"
191.80.164.71 - - [18/Sep/2024:18:42:05 +0000] "GET /wp-content/uploads/2024/09/kit_digital-1024x61-1.png HTTP/1.1" 304 249 "http://loopsostenible2.devuocloud.com/" "Mozilla/5.0 (Windows NT 10.0; Win64; x64) AppleWebKit/537.36 (KHTML, like Gecko) Chrome/128.0.0.0 Safari/537.36"
191.80.164.71 - - [18/Sep/2024:18:42:05 +0000] "GET /wp-content/themes/Divi/js/custom.unified.js?ver=4.9.1 HTTP/1.1" 200 138723 "http://loopsostenible2.devuocloud.com/" "Mozilla/5.0 (Windows NT 10.0; Win64; x64) AppleWebKit/537.36 (KHTML, like Gecko) Chrome/128.0.0.0 Safari/537.36"
191.80.164.71 - - [18/Sep/2024:18:42:06 +0000] "GET /wp-content/uploads/2024/09/cropped-isologo-32x32.png HTTP/1.1" 304 248 "http://loopsostenible2.devuocloud.com/" "Mozilla/5.0 (Windows NT 10.0; Win64; x64) AppleWebKit/537.36 (KHTML, like Gecko) Chrome/128.0.0.0 Safari/537.36"
191.80.164.71 - - [18/Sep/2024:18:42:06 +0000] "GET /wp-json/contact-form-7/v1/contact-forms/179/feedback/schema HTTP/1.1" 200 1714 "http://loopsostenible2.devuocloud.com/" "Mozilla/5.0 (Windows NT 10.0; Win64; x64) AppleWebKit/537.36 (KHTML, like Gecko) Chrome/128.0.0.0 Safari/537.36"
146.190.157.162 - - [18/Sep/2024:18:43:00 +0000] "POST /wp-cron.php?doing_wp_cron=1726684980.8434119224548339843750 HTTP/1.1" 200 259 "-" "WordPress/6.6.2; http://loopsostenible2.devuocloud.com"
191.80.164.71 - - [18/Sep/2024:18:43:00 +0000] "POST /wp-admin/admin-ajax.php HTTP/1.1" 200 613 "http://loopsostenible2.devuocloud.com/wp-admin/admin.php?page=et_theme_builder" "Mozilla/5.0 (Windows NT 10.0; Win64; x64) AppleWebKit/537.36 (KHTML, like Gecko) Chrome/128.0.0.0 Safari/537.36"
146.190.157.162 - - [18/Sep/2024:18:44:01 +0000] "POST /wp-cron.php?doing_wp_cron=1726685041.0238230228424072265625 HTTP/1.1" 200 259 "-" "WordPress/6.6.2; http://loopsostenible2.devuocloud.com"
191.80.164.71 - - [18/Sep/2024:18:44:00 +0000] "POST /wp-admin/admin-ajax.php HTTP/1.1" 200 613 "http://loopsostenible2.devuocloud.com/wp-admin/admin.php?page=et_divi_options" "Mozilla/5.0 (Windows NT 10.0; Win64; x64) AppleWebKit/537.36 (KHTML, like Gecko) Chrome/128.0.0.0 Safari/537.36"
191.80.164.71 - - [18/Sep/2024:18:44:32 +0000] "POST /wp-admin/admin-ajax.php HTTP/1.1" 200 613 "http://loopsostenible2.devuocloud.com/wp-admin/admin.php?page=et_theme_builder" "Mozilla/5.0 (Windows NT 10.0; Win64; x64) AppleWebKit/537.36 (KHTML, like Gecko) Chrome/128.0.0.0 Safari/537.36"
191.80.164.71 - - [18/Sep/2024:18:44:46 +0000] "GET /wp-admin/edit.php?post_type=page HTTP/1.1" 200 18970 "http://loopsostenible2.devuocloud.com/wp-admin/admin.php?page=et_theme_builder" "Mozilla/5.0 (Windows NT 10.0; Win64; x64) AppleWebKit/537.36 (KHTML, like Gecko) Chrome/128.0.0.0 Safari/537.36"
191.80.164.71 - - [18/Sep/2024:18:44:46 +0000] "GET /wp-content/plugins/wp-file-manager/css/fm_common.css?ver=6.6.2 HTTP/1.1" 200 518 "http://loopsostenible2.devuocloud.com/wp-admin/edit.php?post_type=page" "Mozilla/5.0 (Windows NT 10.0; Win64; x64) AppleWebKit/537.36 (KHTML, like Gecko) Chrome/128.0.0.0 Safari/537.36"
191.80.164.71 - - [18/Sep/2024:18:44:46 +0000] "GET /wp-content/themes/Divi/core/admin/css/core.css?ver=4.9.1 HTTP/1.1" 200 4755 "http://loopsostenible2.devuocloud.com/wp-admin/edit.php?post_type=page" "Mozilla/5.0 (Windows NT 10.0; Win64; x64) AppleWebKit/537.36 (KHTML, like Gecko) Chrome/128.0.0.0 Safari/537.36"
191.80.164.71 - - [18/Sep/2024:18:44:46 +0000] "GET /wp-content/themes/Divi/core/admin/css/version-rollback.css?ver=4.9.1 HTTP/1.1" 200 538 "http://loopsostenible2.devuocloud.com/wp-admin/edit.php?post_type=page" "Mozilla/5.0 (Windows NT 10.0; Win64; x64) AppleWebKit/537.36 (KHTML, like Gecko) Chrome/128.0.0.0 Safari/537.36"
191.80.164.71 - - [18/Sep/2024:18:44:46 +0000] "GET /wp-content/plugins/slide-anything/css/tinymce_style.css?ver=2.4.7 HTTP/1.1" 200 583 "http://loopsostenible2.devuocloud.com/wp-admin/edit.php?post_type=page" "Mozilla/5.0 (Windows NT 10.0; Win64; x64) AppleWebKit/537.36 (KHTML, like Gecko) Chrome/128.0.0.0 Safari/537.36"
191.80.164.71 - - [18/Sep/2024:18:44:46 +0000] "GET /wp-content/themes/Divi/includes/builder/styles/library_menu.css?ver=4.9.1 HTTP/1.1" 200 836 "http://loopsostenible2.devuocloud.com/wp-admin/edit.php?post_type=page" "Mozilla/5.0 (Windows NT 10.0; Win64; x64) AppleWebKit/537.36 (KHTML, like Gecko) Chrome/128.0.0.0 Safari/537.36"
191.80.164.71 - - [18/Sep/2024:18:44:46 +0000] "GET /wp-content/plugins/wp-file-manager/images/wp_file_manager.svg HTTP/1.1" 304 249 "http://loopsostenible2.devuocloud.com/wp-admin/edit.php?post_type=page" "Mozilla/5.0 (Windows NT 10.0; Win64; x64) AppleWebKit/537.36 (KHTML, like Gecko) Chrome/128.0.0.0 Safari/537.36"
191.80.164.71 - - [18/Sep/2024:18:44:47 +0000] "GET /wp-admin/js/common.min.js?ver=6.6.2 HTTP/1.1" 200 7674 "http://loopsostenible2.devuocloud.com/wp-admin/edit.php?post_type=page" "Mozilla/5.0 (Windows NT 10.0; Win64; x64) AppleWebKit/537.36 (KHTML, like Gecko) Chrome/128.0.0.0 Safari/537.36"
191.80.164.71 - - [18/Sep/2024:18:44:47 +0000] "GET /wp-includes/js/dist/i18n.min.js?ver=5e580eb46a90c2b997e6 HTTP/1.1" 200 4011 "http://loopsostenible2.devuocloud.com/wp-admin/edit.php?post_type=page" "Mozilla/5.0 (Windows NT 10.0; Win64; x64) AppleWebKit/537.36 (KHTML, like Gecko) Chrome/128.0.0.0 Safari/537.36"
191.80.164.71 - - [18/Sep/2024:18:44:47 +0000] "GET /wp-includes/js/hoverintent-js.min.js?ver=2.2.1 HTTP/1.1" 200 1060 "http://loopsostenible2.devuocloud.com/wp-admin/edit.php?post_type=page" "Mozilla/5.0 (Windows NT 10.0; Win64; x64) AppleWebKit/537.36 (KHTML, like Gecko) Chrome/128.0.0.0 Safari/537.36"
191.80.164.71 - - [18/Sep/2024:18:44:47 +0000] "GET /wp-includes/js/admin-bar.min.js?ver=6.6.2 HTTP/1.1" 200 1700 "http://loopsostenible2.devuocloud.com/wp-admin/edit.php?post_type=page" "Mozilla/5.0 (Windows NT 10.0; Win64; x64) AppleWebKit/537.36 (KHTML, like Gecko) Chrome/128.0.0.0 Safari/537.36"
191.80.164.71 - - [18/Sep/2024:18:44:47 +0000] "GET /wp-includes/js/jquery/ui/core.min.js?ver=1.13.3 HTTP/1.1" 200 7450 "http://loopsostenible2.devuocloud.com/wp-admin/edit.php?post_type=page" "Mozilla/5.0 (Windows NT 10.0; Win64; x64) AppleWebKit/537.36 (KHTML, like Gecko) Chrome/128.0.0.0 Safari/537.36"
191.80.164.71 - - [18/Sep/2024:18:44:47 +0000] "GET /wp-includes/js/jquery/ui/menu.min.js?ver=1.13.3 HTTP/1.1" 200 3402 "http://loopsostenible2.devuocloud.com/wp-admin/edit.php?post_type=page" "Mozilla/5.0 (Windows NT 10.0; Win64; x64) AppleWebKit/537.36 (KHTML, like Gecko) Chrome/128.0.0.0 Safari/537.36"
191.80.164.71 - - [18/Sep/2024:18:44:47 +0000] "GET /wp-includes/js/dist/dom-ready.min.js?ver=f77871ff7694fffea381 HTTP/1.1" 200 662 "http://loopsostenible2.devuocloud.com/wp-admin/edit.php?post_type=page" "Mozilla/5.0 (Windows NT 10.0; Win64; x64) AppleWebKit/537.36 (KHTML, like Gecko) Chrome/128.0.0.0 Safari/537.36"
191.80.164.71 - - [18/Sep/2024:18:44:47 +0000] "GET /wp-includes/js/dist/a11y.min.js?ver=d90eebea464f6c09bfd5 HTTP/1.1" 200 1292 "http://loopsostenible2.devuocloud.com/wp-admin/edit.php?post_type=page" "Mozilla/5.0 (Windows NT 10.0; Win64; x64) AppleWebKit/537.36 (KHTML, like Gecko) Chrome/128.0.0.0 Safari/537.36"
191.80.164.71 - - [18/Sep/2024:18:44:47 +0000] "GET /wp-includes/js/jquery/ui/autocomplete.min.js?ver=1.13.3 HTTP/1.1" 200 3249 "http://loopsostenible2.devuocloud.com/wp-admin/edit.php?post_type=page" "Mozilla/5.0 (Windows NT 10.0; Win64; x64) AppleWebKit/537.36 (KHTML, like Gecko) Chrome/128.0.0.0 Safari/537.36"
191.80.164.71 - - [18/Sep/2024:18:44:47 +0000] "GET /wp-includes/js/heartbeat.min.js?ver=6.6.2 HTTP/1.1" 200 2400 "http://loopsostenible2.devuocloud.com/wp-admin/edit.php?post_type=page" "Mozilla/5.0 (Windows NT 10.0; Win64; x64) AppleWebKit/537.36 (KHTML, like Gecko) Chrome/128.0.0.0 Safari/537.36"
191.80.164.71 - - [18/Sep/2024:18:44:47 +0000] "GET /wp-admin/js/inline-edit-post.min.js?ver=6.6.2 HTTP/1.1" 200 3612 "http://loopsostenible2.devuocloud.com/wp-admin/edit.php?post_type=page" "Mozilla/5.0 (Windows NT 10.0; Win64; x64) AppleWebKit/537.36 (KHTML, like Gecko) Chrome/128.0.0.0 Safari/537.36"
191.80.164.71 - - [18/Sep/2024:18:44:47 +0000] "GET /wp-admin/js/tags-suggest.min.js?ver=6.6.2 HTTP/1.1" 200 1428 "http://loopsostenible2.devuocloud.com/wp-admin/edit.php?post_type=page" "Mozilla/5.0 (Windows NT 10.0; Win64; x64) AppleWebKit/537.36 (KHTML, like Gecko) Chrome/128.0.0.0 Safari/537.36"
191.80.164.71 - - [18/Sep/2024:18:44:48 +0000] "GET /wp-content/themes/Divi/core/admin/fonts/modules.ttf HTTP/1.1" 304 250 "http://loopsostenible2.devuocloud.com/wp-content/themes/Divi/core/admin/css/core.css?ver=4.9.1" "Mozilla/5.0 (Windows NT 10.0; Win64; x64) AppleWebKit/537.36 (KHTML, like Gecko) Chrome/128.0.0.0 Safari/537.36"
191.80.164.71 - - [18/Sep/2024:18:44:48 +0000] "GET /wp-admin/js/svg-painter.js?ver=6.6.2 HTTP/1.1" 200 2469 "http://loopsostenible2.devuocloud.com/wp-admin/edit.php?post_type=page" "Mozilla/5.0 (Windows NT 10.0; Win64; x64) AppleWebKit/537.36 (KHTML, like Gecko) Chrome/128.0.0.0 Safari/537.36"
191.80.164.71 - - [18/Sep/2024:18:44:48 +0000] "GET /wp-includes/js/wp-auth-check.min.js?ver=6.6.2 HTTP/1.1" 200 1115 "http://loopsostenible2.devuocloud.com/wp-admin/edit.php?post_type=page" "Mozilla/5.0 (Windows NT 10.0; Win64; x64) AppleWebKit/537.36 (KHTML, like Gecko) Chrome/128.0.0.0 Safari/537.36"
191.80.164.71 - - [18/Sep/2024:18:44:48 +0000] "GET /wp-includes/js/jquery/ui/tabs.min.js?ver=1.13.3 HTTP/1.1" 200 4289 "http://loopsostenible2.devuocloud.com/wp-admin/edit.php?post_type=page" "Mozilla/5.0 (Windows NT 10.0; Win64; x64) AppleWebKit/537.36 (KHTML, like Gecko) Chrome/128.0.0.0 Safari/537.36"
191.80.164.71 - - [18/Sep/2024:18:44:48 +0000] "GET /wp-content/themes/Divi/core/admin/js/common.js?ver=4.9.1 HTTP/1.1" 200 908 "http://loopsostenible2.devuocloud.com/wp-admin/edit.php?post_type=page" "Mozilla/5.0 (Windows NT 10.0; Win64; x64) AppleWebKit/537.36 (KHTML, like Gecko) Chrome/128.0.0.0 Safari/537.36"
191.80.164.71 - - [18/Sep/2024:18:44:48 +0000] "GET /wp-includes/js/jquery/jquery.form.min.js?ver=4.3.0 HTTP/1.1" 200 6302 "http://loopsostenible2.devuocloud.com/wp-admin/edit.php?post_type=page" "Mozilla/5.0 (Windows NT 10.0; Win64; x64) AppleWebKit/537.36 (KHTML, like Gecko) Chrome/128.0.0.0 Safari/537.36"
191.80.164.71 - - [18/Sep/2024:18:44:48 +0000] "GET /wp-content/themes/Divi/core/admin/js/core.js?ver=4.9.1 HTTP/1.1" 200 2032 "http://loopsostenible2.devuocloud.com/wp-admin/edit.php?post_type=page" "Mozilla/5.0 (Windows NT 10.0; Win64; x64) AppleWebKit/537.36 (KHTML, like Gecko) Chrome/128.0.0.0 Safari/537.36"
191.80.164.71 - - [18/Sep/2024:18:44:48 +0000] "GET /wp-content/themes/Divi/core/admin/js/version-rollback.js?ver=4.9.1 HTTP/1.1" 200 1120 "http://loopsostenible2.devuocloud.com/wp-admin/edit.php?post_type=page" "Mozilla/5.0 (Windows NT 10.0; Win64; x64) AppleWebKit/537.36 (KHTML, like Gecko) Chrome/128.0.0.0 Safari/537.36"
191.80.164.71 - - [18/Sep/2024:18:44:48 +0000] "GET /wp-includes/js/underscore.min.js?ver=1.13.4 HTTP/1.1" 200 7655 "http://loopsostenible2.devuocloud.com/wp-admin/edit.php?post_type=page" "Mozilla/5.0 (Windows NT 10.0; Win64; x64) AppleWebKit/537.36 (KHTML, like Gecko) Chrome/128.0.0.0 Safari/537.36"
191.80.164.71 - - [18/Sep/2024:18:44:48 +0000] "GET /wp-content/themes/Divi/core/admin/js/support-center.js?ver=4.9.1 HTTP/1.1" 200 5020 "http://loopsostenible2.devuocloud.com/wp-admin/edit.php?post_type=page" "Mozilla/5.0 (Windows NT 10.0; Win64; x64) AppleWebKit/537.36 (KHTML, like Gecko) Chrome/128.0.0.0 Safari/537.36"
191.80.164.71 - - [18/Sep/2024:18:44:48 +0000] "GET /wp-includes/js/wp-emoji-release.min.js?ver=6.6.2 HTTP/1.1" 200 5406 "http://loopsostenible2.devuocloud.com/wp-admin/edit.php?post_type=page" "Mozilla/5.0 (Windows NT 10.0; Win64; x64) AppleWebKit/537.36 (KHTML, like Gecko) Chrome/128.0.0.0 Safari/537.36"
191.80.164.71 - - [18/Sep/2024:18:44:48 +0000] "GET /wp-content/themes/Divi/core/admin/images/ajax-loader.gif HTTP/1.1" 304 249 "http://loopsostenible2.devuocloud.com/wp-admin/edit.php?post_type=page" "Mozilla/5.0 (Windows NT 10.0; Win64; x64) AppleWebKit/537.36 (KHTML, like Gecko) Chrome/128.0.0.0 Safari/537.36"
191.80.164.71 - - [18/Sep/2024:18:44:48 +0000] "POST /wp-admin/admin-ajax.php HTTP/1.1" 200 612 "http://loopsostenible2.devuocloud.com/wp-admin/edit.php?post_type=page" "Mozilla/5.0 (Windows NT 10.0; Win64; x64) AppleWebKit/537.36 (KHTML, like Gecko) Chrome/128.0.0.0 Safari/537.36"
146.190.157.162 - - [18/Sep/2024:18:44:56 +0000] "POST /wp-cron.php?doing_wp_cron=1726685096.6948959827423095703125 HTTP/1.1" 200 259 "-" "WordPress/6.6.2; http://loopsostenible2.devuocloud.com"
191.80.164.71 - - [18/Sep/2024:18:44:56 +0000] "GET /wp-admin/admin.php?action=dt_duplicate_post_as_draft&post=21&nonce=394a7f7ab3 HTTP/1.1" 302 505 "http://loopsostenible2.devuocloud.com/wp-admin/edit.php?post_type=page" "Mozilla/5.0 (Windows NT 10.0; Win64; x64) AppleWebKit/537.36 (KHTML, like Gecko) Chrome/128.0.0.0 Safari/537.36"
191.80.164.71 - - [18/Sep/2024:18:44:57 +0000] "GET /wp-admin/edit.php?post_type=page HTTP/1.1" 200 19148 "http://loopsostenible2.devuocloud.com/wp-admin/edit.php?post_type=page" "Mozilla/5.0 (Windows NT 10.0; Win64; x64) AppleWebKit/537.36 (KHTML, like Gecko) Chrome/128.0.0.0 Safari/537.36"
191.80.164.71 - - [18/Sep/2024:18:44:58 +0000] "POST /wp-admin/admin-ajax.php HTTP/1.1" 200 612 "http://loopsostenible2.devuocloud.com/wp-admin/edit.php?post_type=page" "Mozilla/5.0 (Windows NT 10.0; Win64; x64) AppleWebKit/537.36 (KHTML, like Gecko) Chrome/128.0.0.0 Safari/537.36"
191.80.164.71 - - [18/Sep/2024:18:45:01 +0000] "POST /wp-admin/admin-ajax.php HTTP/1.1" 200 612 "http://loopsostenible2.devuocloud.com/wp-admin/admin.php?page=et_divi_options" "Mozilla/5.0 (Windows NT 10.0; Win64; x64) AppleWebKit/537.36 (KHTML, like Gecko) Chrome/128.0.0.0 Safari/537.36"
191.80.164.71 - - [18/Sep/2024:18:45:04 +0000] "GET /wp-admin/images/spinner.gif HTTP/1.1" 304 248 "http://loopsostenible2.devuocloud.com/wp-admin/load-styles.php?c=0&dir=ltr&load%5Bchunk_0%5D=dashicons,admin-bar,common,forms,admin-menu,dashboard,list-tables,edit,revisions,media,themes,about,nav-menus,wp-pointer,widgets&load%5Bchunk_1%5D=,site-icon,l10n,buttons,wp-auth-check&ver=6.6.2" "Mozilla/5.0 (Windows NT 10.0; Win64; x64) AppleWebKit/537.36 (KHTML, like Gecko) Chrome/128.0.0.0 Safari/537.36"
191.80.164.71 - - [18/Sep/2024:18:45:10 +0000] "POST /wp-admin/admin-ajax.php HTTP/1.1" 200 1808 "http://loopsostenible2.devuocloud.com/wp-admin/edit.php?post_type=page" "Mozilla/5.0 (Windows NT 10.0; Win64; x64) AppleWebKit/537.36 (KHTML, like Gecko) Chrome/128.0.0.0 Safari/537.36"
191.80.164.71 - - [18/Sep/2024:18:45:13 +0000] "POST /wp-admin/admin-ajax.php HTTP/1.1" 200 612 "http://loopsostenible2.devuocloud.com/wp-admin/edit.php?post_type=page" "Mozilla/5.0 (Windows NT 10.0; Win64; x64) AppleWebKit/537.36 (KHTML, like Gecko) Chrome/128.0.0.0 Safari/537.36"
191.80.164.71 - - [18/Sep/2024:18:45:14 +0000] "GET /wp-admin/plugins.php HTTP/1.1" 200 18945 "http://loopsostenible2.devuocloud.com/wp-admin/edit.php?post_type=page" "Mozilla/5.0 (Windows NT 10.0; Win64; x64) AppleWebKit/537.36 (KHTML, like Gecko) Chrome/128.0.0.0 Safari/537.36"
191.80.164.71 - - [18/Sep/2024:18:45:15 +0000] "GET /wp-includes/js/thickbox/thickbox.css?ver=6.6.2 HTTP/1.1" 200 1275 "http://loopsostenible2.devuocloud.com/wp-admin/plugins.php" "Mozilla/5.0 (Windows NT 10.0; Win64; x64) AppleWebKit/537.36 (KHTML, like Gecko) Chrome/128.0.0.0 Safari/537.36"
191.80.164.71 - - [18/Sep/2024:18:45:16 +0000] "GET /wp-includes/js/wp-util.min.js?ver=6.6.2 HTTP/1.1" 200 1098 "http://loopsostenible2.devuocloud.com/wp-admin/plugins.php" "Mozilla/5.0 (Windows NT 10.0; Win64; x64) AppleWebKit/537.36 (KHTML, like Gecko) Chrome/128.0.0.0 Safari/537.36"
191.80.164.71 - - [18/Sep/2024:18:45:16 +0000] "GET /wp-includes/js/wp-sanitize.min.js?ver=6.6.2 HTTP/1.1" 200 626 "http://loopsostenible2.devuocloud.com/wp-admin/plugins.php" "Mozilla/5.0 (Windows NT 10.0; Win64; x64) AppleWebKit/537.36 (KHTML, like Gecko) Chrome/128.0.0.0 Safari/537.36"
191.80.164.71 - - [18/Sep/2024:18:45:16 +0000] "GET /wp-admin/js/updates.min.js?ver=6.6.2 HTTP/1.1" 200 10712 "http://loopsostenible2.devuocloud.com/wp-admin/plugins.php" "Mozilla/5.0 (Windows NT 10.0; Win64; x64) AppleWebKit/537.36 (KHTML, like Gecko) Chrome/128.0.0.0 Safari/537.36"
191.80.164.71 - - [18/Sep/2024:18:45:16 +0000] "GET /wp-includes/js/thickbox/thickbox.js?ver=3.1-20121105 HTTP/1.1" 200 4376 "http://loopsostenible2.devuocloud.com/wp-admin/plugins.php" "Mozilla/5.0 (Windows NT 10.0; Win64; x64) AppleWebKit/537.36 (KHTML, like Gecko) Chrome/128.0.0.0 Safari/537.36"
191.80.164.71 - - [18/Sep/2024:18:45:17 +0000] "GET /wp-admin/js/plugin-install.min.js?ver=6.6.2 HTTP/1.1" 200 1364 "http://loopsostenible2.devuocloud.com/wp-admin/plugins.php" "Mozilla/5.0 (Windows NT 10.0; Win64; x64) AppleWebKit/537.36 (KHTML, like Gecko) Chrome/128.0.0.0 Safari/537.36"
191.80.164.71 - - [18/Sep/2024:18:45:17 +0000] "GET /wp-includes/js/thickbox/loadingAnimation.gif HTTP/1.1" 304 249 "http://loopsostenible2.devuocloud.com/wp-admin/plugins.php" "Mozilla/5.0 (Windows NT 10.0; Win64; x64) AppleWebKit/537.36 (KHTML, like Gecko) Chrome/128.0.0.0 Safari/537.36"
191.80.164.71 - - [18/Sep/2024:18:45:32 +0000] "POST /wp-admin/admin-ajax.php HTTP/1.1" 200 797 "http://loopsostenible2.devuocloud.com/wp-admin/plugins.php" "Mozilla/5.0 (Windows NT 10.0; Win64; x64) AppleWebKit/537.36 (KHTML, like Gecko) Chrome/128.0.0.0 Safari/537.36"
191.80.164.71 - - [18/Sep/2024:18:45:38 +0000] "POST /wp-admin/admin-ajax.php HTTP/1.1" 200 759 "http://loopsostenible2.devuocloud.com/wp-admin/plugins.php" "Mozilla/5.0 (Windows NT 10.0; Win64; x64) AppleWebKit/537.36 (KHTML, like Gecko) Chrome/128.0.0.0 Safari/537.36"
191.80.164.71 - - [18/Sep/2024:18:45:41 +0000] "POST /wp-admin/admin-ajax.php HTTP/1.1" 200 780 "http://loopsostenible2.devuocloud.com/wp-admin/plugins.php" "Mozilla/5.0 (Windows NT 10.0; Win64; x64) AppleWebKit/537.36 (KHTML, like Gecko) Chrome/128.0.0.0 Safari/537.36"
191.80.164.71 - - [18/Sep/2024:18:45:44 +0000] "POST /wp-admin/admin-ajax.php HTTP/1.1" 200 776 "http://loopsostenible2.devuocloud.com/wp-admin/plugins.php" "Mozilla/5.0 (Windows NT 10.0; Win64; x64) AppleWebKit/537.36 (KHTML, like Gecko) Chrome/128.0.0.0 Safari/537.36"
191.80.164.71 - - [18/Sep/2024:18:45:46 +0000] "POST /wp-admin/admin-ajax.php HTTP/1.1" 200 769 "http://loopsostenible2.devuocloud.com/wp-admin/plugins.php" "Mozilla/5.0 (Windows NT 10.0; Win64; x64) AppleWebKit/537.36 (KHTML, like Gecko) Chrome/128.0.0.0 Safari/537.36"
146.190.157.162 - - [18/Sep/2024:18:45:58 +0000] "POST /wp-cron.php?doing_wp_cron=1726685158.7146990299224853515625 HTTP/1.1" 200 259 "-" "WordPress/6.6.2; http://loopsostenible2.devuocloud.com"
191.80.164.71 - - [18/Sep/2024:18:45:58 +0000] "GET /wp-admin/plugin-install.php HTTP/1.1" 200 20424 "http://loopsostenible2.devuocloud.com/wp-admin/plugins.php" "Mozilla/5.0 (Windows NT 10.0; Win64; x64) AppleWebKit/537.36 (KHTML, like Gecko) Chrome/128.0.0.0 Safari/537.36"
191.80.164.71 - - [18/Sep/2024:18:46:00 +0000] "GET /wp-content/themes/Divi/core/admin/css/updates.css?ver=4.9.1 HTTP/1.1" 200 433 "http://loopsostenible2.devuocloud.com/wp-admin/plugin-install.php" "Mozilla/5.0 (Windows NT 10.0; Win64; x64) AppleWebKit/537.36 (KHTML, like Gecko) Chrome/128.0.0.0 Safari/537.36"
191.80.164.71 - - [18/Sep/2024:18:46:02 +0000] "POST /wp-admin/admin-ajax.php HTTP/1.1" 200 612 "http://loopsostenible2.devuocloud.com/wp-admin/admin.php?page=et_divi_options" "Mozilla/5.0 (Windows NT 10.0; Win64; x64) AppleWebKit/537.36 (KHTML, like Gecko) Chrome/128.0.0.0 Safari/537.36"
191.80.164.71 - - [18/Sep/2024:18:46:04 +0000] "POST /wp-admin/admin-ajax.php HTTP/1.1" 200 111774 "http://loopsostenible2.devuocloud.com/wp-admin/plugin-install.php?s=yoast&tab=search&type=term" "Mozilla/5.0 (Windows NT 10.0; Win64; x64) AppleWebKit/537.36 (KHTML, like Gecko) Chrome/128.0.0.0 Safari/537.36"
191.80.164.71 - - [18/Sep/2024:18:46:07 +0000] "POST /wp-admin/admin-ajax.php HTTP/1.1" 200 806 "http://loopsostenible2.devuocloud.com/wp-admin/plugin-install.php?s=yoast&tab=search&type=term" "Mozilla/5.0 (Windows NT 10.0; Win64; x64) AppleWebKit/537.36 (KHTML, like Gecko) Chrome/128.0.0.0 Safari/537.36"
