191.80.164.71 - - [18/Sep/2024:21:52:45 +0000] "GET /wp-content/uploads/2024/09/image6-150x150.png HTTP/1.1" 304 249 "http://loopsostenible2.devuocloud.com/blog/?et_fb=1&PageSpeed=off" "Mozilla/5.0 (Windows NT 10.0; Win64; x64) AppleWebKit/537.36 (KHTML, like Gecko) Chrome/128.0.0.0 Safari/537.36"
191.80.164.71 - - [18/Sep/2024:21:52:45 +0000] "GET /wp-content/uploads/2024/09/Toma_tieera-vertical-169x300.jpg HTTP/1.1" 304 249 "http://loopsostenible2.devuocloud.com/blog/?et_fb=1&PageSpeed=off" "Mozilla/5.0 (Windows NT 10.0; Win64; x64) AppleWebKit/537.36 (KHTML, like Gecko) Chrome/128.0.0.0 Safari/537.36"
191.80.164.71 - - [18/Sep/2024:21:52:45 +0000] "GET /wp-content/uploads/2024/09/Vista_cosecha6-169x300.jpg HTTP/1.1" 304 249 "http://loopsostenible2.devuocloud.com/blog/?et_fb=1&PageSpeed=off" "Mozilla/5.0 (Windows NT 10.0; Win64; x64) AppleWebKit/537.36 (KHTML, like Gecko) Chrome/128.0.0.0 Safari/537.36"
191.80.164.71 - - [18/Sep/2024:21:52:45 +0000] "GET /wp-content/uploads/2024/09/image3-150x150.png HTTP/1.1" 304 249 "http://loopsostenible2.devuocloud.com/blog/?et_fb=1&PageSpeed=off" "Mozilla/5.0 (Windows NT 10.0; Win64; x64) AppleWebKit/537.36 (KHTML, like Gecko) Chrome/128.0.0.0 Safari/537.36"
191.80.164.71 - - [18/Sep/2024:21:52:45 +0000] "GET /wp-content/uploads/2024/09/Vista_huerta9-300x169.jpg HTTP/1.1" 304 249 "http://loopsostenible2.devuocloud.com/blog/?et_fb=1&PageSpeed=off" "Mozilla/5.0 (Windows NT 10.0; Win64; x64) AppleWebKit/537.36 (KHTML, like Gecko) Chrome/128.0.0.0 Safari/537.36"
191.80.164.71 - - [18/Sep/2024:21:52:45 +0000] "GET /wp-content/uploads/2024/09/Screenshot_2023-08-01-22-00-16-880_com.whatsapp-180x300.jpg HTTP/1.1" 304 249 "http://loopsostenible2.devuocloud.com/blog/?et_fb=1&PageSpeed=off" "Mozilla/5.0 (Windows NT 10.0; Win64; x64) AppleWebKit/537.36 (KHTML, like Gecko) Chrome/128.0.0.0 Safari/537.36"
191.80.164.71 - - [18/Sep/2024:21:52:45 +0000] "GET /wp-content/uploads/2024/09/Vista_cosecha5-169x300.jpg HTTP/1.1" 304 249 "http://loopsostenible2.devuocloud.com/blog/?et_fb=1&PageSpeed=off" "Mozilla/5.0 (Windows NT 10.0; Win64; x64) AppleWebKit/537.36 (KHTML, like Gecko) Chrome/128.0.0.0 Safari/537.36"
191.80.164.71 - - [18/Sep/2024:21:52:45 +0000] "GET /wp-content/uploads/2024/09/Tomates-en-flor-169x300.jpeg HTTP/1.1" 304 249 "http://loopsostenible2.devuocloud.com/blog/?et_fb=1&PageSpeed=off" "Mozilla/5.0 (Windows NT 10.0; Win64; x64) AppleWebKit/537.36 (KHTML, like Gecko) Chrome/128.0.0.0 Safari/537.36"
191.80.164.71 - - [18/Sep/2024:21:52:45 +0000] "GET /wp-content/uploads/2024/09/Vista_huerta5-169x300.jpg HTTP/1.1" 304 249 "http://loopsostenible2.devuocloud.com/blog/?et_fb=1&PageSpeed=off" "Mozilla/5.0 (Windows NT 10.0; Win64; x64) AppleWebKit/537.36 (KHTML, like Gecko) Chrome/128.0.0.0 Safari/537.36"
191.80.164.71 - - [18/Sep/2024:21:52:45 +0000] "GET /wp-content/uploads/2024/09/image8-150x150.png HTTP/1.1" 304 249 "http://loopsostenible2.devuocloud.com/blog/?et_fb=1&PageSpeed=off" "Mozilla/5.0 (Windows NT 10.0; Win64; x64) AppleWebKit/537.36 (KHTML, like Gecko) Chrome/128.0.0.0 Safari/537.36"
191.80.164.71 - - [18/Sep/2024:21:52:45 +0000] "GET /wp-content/uploads/2024/09/Tomates-en-la-planta-225x300.jpg HTTP/1.1" 304 249 "http://loopsostenible2.devuocloud.com/blog/?et_fb=1&PageSpeed=off" "Mozilla/5.0 (Windows NT 10.0; Win64; x64) AppleWebKit/537.36 (KHTML, like Gecko) Chrome/128.0.0.0 Safari/537.36"
191.80.164.71 - - [18/Sep/2024:21:52:45 +0000] "GET /wp-content/uploads/2024/09/Simebra-al-piso-169x300.jpeg HTTP/1.1" 304 249 "http://loopsostenible2.devuocloud.com/blog/?et_fb=1&PageSpeed=off" "Mozilla/5.0 (Windows NT 10.0; Win64; x64) AppleWebKit/537.36 (KHTML, like Gecko) Chrome/128.0.0.0 Safari/537.36"
191.80.164.71 - - [18/Sep/2024:21:52:45 +0000] "GET /wp-content/uploads/2024/09/Toma_tieera-con-brotes-169x300.jpeg HTTP/1.1" 304 249 "http://loopsostenible2.devuocloud.com/blog/?et_fb=1&PageSpeed=off" "Mozilla/5.0 (Windows NT 10.0; Win64; x64) AppleWebKit/537.36 (KHTML, like Gecko) Chrome/128.0.0.0 Safari/537.36"
191.80.164.71 - - [18/Sep/2024:21:52:45 +0000] "GET /wp-content/uploads/2024/09/Toma_cajon_grande-en-accion-169x300.jpg HTTP/1.1" 304 249 "http://loopsostenible2.devuocloud.com/blog/?et_fb=1&PageSpeed=off" "Mozilla/5.0 (Windows NT 10.0; Win64; x64) AppleWebKit/537.36 (KHTML, like Gecko) Chrome/128.0.0.0 Safari/537.36"
191.80.164.71 - - [18/Sep/2024:21:52:45 +0000] "GET /wp-content/uploads/2024/09/Vista_huerto2-169x300.jpg HTTP/1.1" 304 249 "http://loopsostenible2.devuocloud.com/blog/?et_fb=1&PageSpeed=off" "Mozilla/5.0 (Windows NT 10.0; Win64; x64) AppleWebKit/537.36 (KHTML, like Gecko) Chrome/128.0.0.0 Safari/537.36"
191.80.164.71 - - [18/Sep/2024:21:52:45 +0000] "GET /wp-content/uploads/2024/09/Vista_cosecha11-300x169.jpg HTTP/1.1" 304 249 "http://loopsostenible2.devuocloud.com/blog/?et_fb=1&PageSpeed=off" "Mozilla/5.0 (Windows NT 10.0; Win64; x64) AppleWebKit/537.36 (KHTML, like Gecko) Chrome/128.0.0.0 Safari/537.36"
191.80.164.71 - - [18/Sep/2024:21:52:46 +0000] "GET /wp-content/uploads/2024/09/Vista_cosecha12-300x169.jpg HTTP/1.1" 304 249 "http://loopsostenible2.devuocloud.com/blog/?et_fb=1&PageSpeed=off" "Mozilla/5.0 (Windows NT 10.0; Win64; x64) AppleWebKit/537.36 (KHTML, like Gecko) Chrome/128.0.0.0 Safari/537.36"
191.80.164.71 - - [18/Sep/2024:21:52:46 +0000] "GET /wp-content/uploads/2024/09/Tierra-siembra-a-la-vist-300x169.jpg HTTP/1.1" 304 249 "http://loopsostenible2.devuocloud.com/blog/?et_fb=1&PageSpeed=off" "Mozilla/5.0 (Windows NT 10.0; Win64; x64) AppleWebKit/537.36 (KHTML, like Gecko) Chrome/128.0.0.0 Safari/537.36"
191.80.164.71 - - [18/Sep/2024:21:52:46 +0000] "GET /wp-content/uploads/2024/09/1722529073402-300x225.jpg HTTP/1.1" 304 249 "http://loopsostenible2.devuocloud.com/blog/?et_fb=1&PageSpeed=off" "Mozilla/5.0 (Windows NT 10.0; Win64; x64) AppleWebKit/537.36 (KHTML, like Gecko) Chrome/128.0.0.0 Safari/537.36"
191.80.164.71 - - [18/Sep/2024:21:52:46 +0000] "GET /wp-content/uploads/2024/09/Tomateras5-169x300.jpeg HTTP/1.1" 304 249 "http://loopsostenible2.devuocloud.com/blog/?et_fb=1&PageSpeed=off" "Mozilla/5.0 (Windows NT 10.0; Win64; x64) AppleWebKit/537.36 (KHTML, like Gecko) Chrome/128.0.0.0 Safari/537.36"
191.80.164.71 - - [18/Sep/2024:21:52:46 +0000] "GET /wp-content/uploads/2024/09/1722529073363-300x225.jpg HTTP/1.1" 304 249 "http://loopsostenible2.devuocloud.com/blog/?et_fb=1&PageSpeed=off" "Mozilla/5.0 (Windows NT 10.0; Win64; x64) AppleWebKit/537.36 (KHTML, like Gecko) Chrome/128.0.0.0 Safari/537.36"
191.80.164.71 - - [18/Sep/2024:21:52:46 +0000] "GET /wp-content/uploads/2024/09/1722529073327-300x225.jpg HTTP/1.1" 304 249 "http://loopsostenible2.devuocloud.com/blog/?et_fb=1&PageSpeed=off" "Mozilla/5.0 (Windows NT 10.0; Win64; x64) AppleWebKit/537.36 (KHTML, like Gecko) Chrome/128.0.0.0 Safari/537.36"
191.80.164.71 - - [18/Sep/2024:21:52:46 +0000] "GET /wp-content/uploads/2024/09/1722529073290-300x225.jpg HTTP/1.1" 304 249 "http://loopsostenible2.devuocloud.com/blog/?et_fb=1&PageSpeed=off" "Mozilla/5.0 (Windows NT 10.0; Win64; x64) AppleWebKit/537.36 (KHTML, like Gecko) Chrome/128.0.0.0 Safari/537.36"
191.80.164.71 - - [18/Sep/2024:21:52:46 +0000] "GET /wp-content/uploads/2024/09/Preparativos_siembra3-169x300.jpg HTTP/1.1" 304 249 "http://loopsostenible2.devuocloud.com/blog/?et_fb=1&PageSpeed=off" "Mozilla/5.0 (Windows NT 10.0; Win64; x64) AppleWebKit/537.36 (KHTML, like Gecko) Chrome/128.0.0.0 Safari/537.36"
191.80.164.71 - - [18/Sep/2024:21:52:46 +0000] "GET /wp-content/uploads/2024/09/Preparativos_siembra1-169x300.jpg HTTP/1.1" 304 249 "http://loopsostenible2.devuocloud.com/blog/?et_fb=1&PageSpeed=off" "Mozilla/5.0 (Windows NT 10.0; Win64; x64) AppleWebKit/537.36 (KHTML, like Gecko) Chrome/128.0.0.0 Safari/537.36"
191.80.164.71 - - [18/Sep/2024:21:52:46 +0000] "GET /wp-content/uploads/2024/09/Preparativos_siembra2-169x300.jpg HTTP/1.1" 304 249 "http://loopsostenible2.devuocloud.com/blog/?et_fb=1&PageSpeed=off" "Mozilla/5.0 (Windows NT 10.0; Win64; x64) AppleWebKit/537.36 (KHTML, like Gecko) Chrome/128.0.0.0 Safari/537.36"
191.80.164.71 - - [18/Sep/2024:21:52:46 +0000] "GET /wp-content/uploads/2024/09/Preparativo_siembra3-169x300.jpg HTTP/1.1" 304 249 "http://loopsostenible2.devuocloud.com/blog/?et_fb=1&PageSpeed=off" "Mozilla/5.0 (Windows NT 10.0; Win64; x64) AppleWebKit/537.36 (KHTML, like Gecko) Chrome/128.0.0.0 Safari/537.36"
191.80.164.71 - - [18/Sep/2024:21:52:46 +0000] "GET /wp-content/uploads/2024/09/planta-verde-169x300.jpg HTTP/1.1" 304 249 "http://loopsostenible2.devuocloud.com/blog/?et_fb=1&PageSpeed=off" "Mozilla/5.0 (Windows NT 10.0; Win64; x64) AppleWebKit/537.36 (KHTML, like Gecko) Chrome/128.0.0.0 Safari/537.36"
191.80.164.71 - - [18/Sep/2024:21:52:46 +0000] "GET /wp-content/uploads/2024/09/Lechuga2-169x300.jpg HTTP/1.1" 304 249 "http://loopsostenible2.devuocloud.com/blog/?et_fb=1&PageSpeed=off" "Mozilla/5.0 (Windows NT 10.0; Win64; x64) AppleWebKit/537.36 (KHTML, like Gecko) Chrome/128.0.0.0 Safari/537.36"
191.80.164.71 - - [18/Sep/2024:21:52:46 +0000] "GET /wp-content/uploads/2024/09/lechugas5-169x300.jpg HTTP/1.1" 304 249 "http://loopsostenible2.devuocloud.com/blog/?et_fb=1&PageSpeed=off" "Mozilla/5.0 (Windows NT 10.0; Win64; x64) AppleWebKit/537.36 (KHTML, like Gecko) Chrome/128.0.0.0 Safari/537.36"
191.80.164.71 - - [18/Sep/2024:21:52:46 +0000] "GET /wp-content/uploads/2024/09/Cosecha5-169x300.jpg HTTP/1.1" 304 249 "http://loopsostenible2.devuocloud.com/blog/?et_fb=1&PageSpeed=off" "Mozilla/5.0 (Windows NT 10.0; Win64; x64) AppleWebKit/537.36 (KHTML, like Gecko) Chrome/128.0.0.0 Safari/537.36"
191.80.164.71 - - [18/Sep/2024:21:52:46 +0000] "GET /wp-content/uploads/2024/09/Lechuga1-169x300.jpg HTTP/1.1" 304 249 "http://loopsostenible2.devuocloud.com/blog/?et_fb=1&PageSpeed=off" "Mozilla/5.0 (Windows NT 10.0; Win64; x64) AppleWebKit/537.36 (KHTML, like Gecko) Chrome/128.0.0.0 Safari/537.36"
191.80.164.71 - - [18/Sep/2024:21:52:46 +0000] "GET /wp-content/uploads/2024/09/Cosecha_Zapallo-300x169.jpg HTTP/1.1" 304 249 "http://loopsostenible2.devuocloud.com/blog/?et_fb=1&PageSpeed=off" "Mozilla/5.0 (Windows NT 10.0; Win64; x64) AppleWebKit/537.36 (KHTML, like Gecko) Chrome/128.0.0.0 Safari/537.36"
191.80.164.71 - - [18/Sep/2024:21:52:46 +0000] "GET /wp-content/uploads/2024/09/Cosecha_tomates6-300x169.jpg HTTP/1.1" 304 249 "http://loopsostenible2.devuocloud.com/blog/?et_fb=1&PageSpeed=off" "Mozilla/5.0 (Windows NT 10.0; Win64; x64) AppleWebKit/537.36 (KHTML, like Gecko) Chrome/128.0.0.0 Safari/537.36"
191.80.164.71 - - [18/Sep/2024:21:52:46 +0000] "GET /wp-content/uploads/2024/09/Cosecha_tomates5-169x300.jpg HTTP/1.1" 304 249 "http://loopsostenible2.devuocloud.com/blog/?et_fb=1&PageSpeed=off" "Mozilla/5.0 (Windows NT 10.0; Win64; x64) AppleWebKit/537.36 (KHTML, like Gecko) Chrome/128.0.0.0 Safari/537.36"
191.80.164.71 - - [18/Sep/2024:21:52:46 +0000] "GET /wp-content/uploads/2024/09/Cosecha_tomates3-169x300.jpg HTTP/1.1" 304 249 "http://loopsostenible2.devuocloud.com/blog/?et_fb=1&PageSpeed=off" "Mozilla/5.0 (Windows NT 10.0; Win64; x64) AppleWebKit/537.36 (KHTML, like Gecko) Chrome/128.0.0.0 Safari/537.36"
191.80.164.71 - - [18/Sep/2024:21:52:46 +0000] "GET /wp-content/uploads/2024/09/Cosecha_tomates1-169x300.jpg HTTP/1.1" 304 249 "http://loopsostenible2.devuocloud.com/blog/?et_fb=1&PageSpeed=off" "Mozilla/5.0 (Windows NT 10.0; Win64; x64) AppleWebKit/537.36 (KHTML, like Gecko) Chrome/128.0.0.0 Safari/537.36"
191.80.164.71 - - [18/Sep/2024:21:52:46 +0000] "GET /wp-content/uploads/2024/09/Cosecha_Compost1-169x300.jpg HTTP/1.1" 304 249 "http://loopsostenible2.devuocloud.com/blog/?et_fb=1&PageSpeed=off" "Mozilla/5.0 (Windows NT 10.0; Win64; x64) AppleWebKit/537.36 (KHTML, like Gecko) Chrome/128.0.0.0 Safari/537.36"
191.80.164.71 - - [18/Sep/2024:21:52:46 +0000] "GET /wp-content/uploads/2024/09/Cosecha_berenjenas-169x300.jpg HTTP/1.1" 304 249 "http://loopsostenible2.devuocloud.com/blog/?et_fb=1&PageSpeed=off" "Mozilla/5.0 (Windows NT 10.0; Win64; x64) AppleWebKit/537.36 (KHTML, like Gecko) Chrome/128.0.0.0 Safari/537.36"
191.80.164.71 - - [18/Sep/2024:21:52:46 +0000] "GET /wp-content/uploads/2024/09/Cosecha_15-169x300.jpg HTTP/1.1" 304 249 "http://loopsostenible2.devuocloud.com/blog/?et_fb=1&PageSpeed=off" "Mozilla/5.0 (Windows NT 10.0; Win64; x64) AppleWebKit/537.36 (KHTML, like Gecko) Chrome/128.0.0.0 Safari/537.36"
191.80.164.71 - - [18/Sep/2024:21:52:47 +0000] "GET /wp-content/uploads/2024/09/Cosecha_5-300x169.jpg HTTP/1.1" 304 249 "http://loopsostenible2.devuocloud.com/blog/?et_fb=1&PageSpeed=off" "Mozilla/5.0 (Windows NT 10.0; Win64; x64) AppleWebKit/537.36 (KHTML, like Gecko) Chrome/128.0.0.0 Safari/537.36"
191.80.164.71 - - [18/Sep/2024:21:52:47 +0000] "GET /wp-content/uploads/2024/09/Cosecha_2-169x300.jpg HTTP/1.1" 304 249 "http://loopsostenible2.devuocloud.com/blog/?et_fb=1&PageSpeed=off" "Mozilla/5.0 (Windows NT 10.0; Win64; x64) AppleWebKit/537.36 (KHTML, like Gecko) Chrome/128.0.0.0 Safari/537.36"
191.80.164.71 - - [18/Sep/2024:21:52:47 +0000] "GET /wp-content/uploads/2024/09/Cosecha-verde-225x300.jpg HTTP/1.1" 304 249 "http://loopsostenible2.devuocloud.com/blog/?et_fb=1&PageSpeed=off" "Mozilla/5.0 (Windows NT 10.0; Win64; x64) AppleWebKit/537.36 (KHTML, like Gecko) Chrome/128.0.0.0 Safari/537.36"
191.80.164.71 - - [18/Sep/2024:21:52:47 +0000] "GET /wp-content/uploads/2024/09/Cosecha_01-169x300.jpg HTTP/1.1" 304 249 "http://loopsostenible2.devuocloud.com/blog/?et_fb=1&PageSpeed=off" "Mozilla/5.0 (Windows NT 10.0; Win64; x64) AppleWebKit/537.36 (KHTML, like Gecko) Chrome/128.0.0.0 Safari/537.36"
191.80.164.71 - - [18/Sep/2024:21:52:47 +0000] "GET /wp-content/uploads/2024/09/Compost4-300x225.jpg HTTP/1.1" 304 249 "http://loopsostenible2.devuocloud.com/blog/?et_fb=1&PageSpeed=off" "Mozilla/5.0 (Windows NT 10.0; Win64; x64) AppleWebKit/537.36 (KHTML, like Gecko) Chrome/128.0.0.0 Safari/537.36"
191.80.164.71 - - [18/Sep/2024:21:52:47 +0000] "GET /wp-content/uploads/2024/09/Compost3-300x225.jpg HTTP/1.1" 304 249 "http://loopsostenible2.devuocloud.com/blog/?et_fb=1&PageSpeed=off" "Mozilla/5.0 (Windows NT 10.0; Win64; x64) AppleWebKit/537.36 (KHTML, like Gecko) Chrome/128.0.0.0 Safari/537.36"
191.80.164.71 - - [18/Sep/2024:21:52:47 +0000] "GET /wp-content/uploads/2024/09/Compost1-300x169.jpg HTTP/1.1" 304 249 "http://loopsostenible2.devuocloud.com/blog/?et_fb=1&PageSpeed=off" "Mozilla/5.0 (Windows NT 10.0; Win64; x64) AppleWebKit/537.36 (KHTML, like Gecko) Chrome/128.0.0.0 Safari/537.36"
191.80.164.71 - - [18/Sep/2024:21:52:47 +0000] "GET /wp-content/uploads/2024/09/Compost-300x169.jpg HTTP/1.1" 304 249 "http://loopsostenible2.devuocloud.com/blog/?et_fb=1&PageSpeed=off" "Mozilla/5.0 (Windows NT 10.0; Win64; x64) AppleWebKit/537.36 (KHTML, like Gecko) Chrome/128.0.0.0 Safari/537.36"
191.80.164.71 - - [18/Sep/2024:21:52:47 +0000] "GET /wp-content/uploads/2024/09/cajon_siembra_pequeno16-169x300.jpeg HTTP/1.1" 304 249 "http://loopsostenible2.devuocloud.com/blog/?et_fb=1&PageSpeed=off" "Mozilla/5.0 (Windows NT 10.0; Win64; x64) AppleWebKit/537.36 (KHTML, like Gecko) Chrome/128.0.0.0 Safari/537.36"
191.80.164.71 - - [18/Sep/2024:21:52:47 +0000] "GET /wp-content/uploads/2024/09/calabazas-300x169.jpg HTTP/1.1" 304 249 "http://loopsostenible2.devuocloud.com/blog/?et_fb=1&PageSpeed=off" "Mozilla/5.0 (Windows NT 10.0; Win64; x64) AppleWebKit/537.36 (KHTML, like Gecko) Chrome/128.0.0.0 Safari/537.36"
191.80.164.71 - - [18/Sep/2024:21:52:47 +0000] "GET /wp-content/uploads/2024/09/Cajon_siembra_pequeno9-300x169.jpg HTTP/1.1" 304 249 "http://loopsostenible2.devuocloud.com/blog/?et_fb=1&PageSpeed=off" "Mozilla/5.0 (Windows NT 10.0; Win64; x64) AppleWebKit/537.36 (KHTML, like Gecko) Chrome/128.0.0.0 Safari/537.36"
191.80.164.71 - - [18/Sep/2024:21:52:47 +0000] "GET /wp-content/uploads/2024/09/Cajon_siembra_pequeno8-300x169.jpg HTTP/1.1" 304 249 "http://loopsostenible2.devuocloud.com/blog/?et_fb=1&PageSpeed=off" "Mozilla/5.0 (Windows NT 10.0; Win64; x64) AppleWebKit/537.36 (KHTML, like Gecko) Chrome/128.0.0.0 Safari/537.36"
191.80.164.71 - - [18/Sep/2024:21:52:47 +0000] "GET /wp-content/uploads/2024/09/Cajon_siembra_pequeno7-169x300.jpg HTTP/1.1" 304 249 "http://loopsostenible2.devuocloud.com/blog/?et_fb=1&PageSpeed=off" "Mozilla/5.0 (Windows NT 10.0; Win64; x64) AppleWebKit/537.36 (KHTML, like Gecko) Chrome/128.0.0.0 Safari/537.36"
191.80.164.71 - - [18/Sep/2024:21:52:47 +0000] "GET /wp-content/uploads/2024/09/Cajon_siembra_pequeno6-169x300.jpg HTTP/1.1" 304 249 "http://loopsostenible2.devuocloud.com/blog/?et_fb=1&PageSpeed=off" "Mozilla/5.0 (Windows NT 10.0; Win64; x64) AppleWebKit/537.36 (KHTML, like Gecko) Chrome/128.0.0.0 Safari/537.36"
191.80.164.71 - - [18/Sep/2024:21:52:47 +0000] "GET /wp-content/uploads/2024/09/Cajon_siembra_pequeno5-169x300.jpg HTTP/1.1" 304 249 "http://loopsostenible2.devuocloud.com/blog/?et_fb=1&PageSpeed=off" "Mozilla/5.0 (Windows NT 10.0; Win64; x64) AppleWebKit/537.36 (KHTML, like Gecko) Chrome/128.0.0.0 Safari/537.36"
191.80.164.71 - - [18/Sep/2024:21:52:47 +0000] "GET /wp-content/uploads/2024/09/Cajon_siembra_pequeno3-169x300.jpg HTTP/1.1" 304 249 "http://loopsostenible2.devuocloud.com/blog/?et_fb=1&PageSpeed=off" "Mozilla/5.0 (Windows NT 10.0; Win64; x64) AppleWebKit/537.36 (KHTML, like Gecko) Chrome/128.0.0.0 Safari/537.36"
191.80.164.71 - - [18/Sep/2024:21:52:47 +0000] "GET /wp-content/uploads/2024/09/Cajon_siembra_pequeno2-300x169.jpg HTTP/1.1" 304 249 "http://loopsostenible2.devuocloud.com/blog/?et_fb=1&PageSpeed=off" "Mozilla/5.0 (Windows NT 10.0; Win64; x64) AppleWebKit/537.36 (KHTML, like Gecko) Chrome/128.0.0.0 Safari/537.36"
191.80.164.71 - - [18/Sep/2024:21:52:47 +0000] "GET /wp-content/uploads/2024/09/Cajon_siembra_pequeno-300x169.jpg HTTP/1.1" 304 249 "http://loopsostenible2.devuocloud.com/blog/?et_fb=1&PageSpeed=off" "Mozilla/5.0 (Windows NT 10.0; Win64; x64) AppleWebKit/537.36 (KHTML, like Gecko) Chrome/128.0.0.0 Safari/537.36"
146.190.157.162 - - [18/Sep/2024:21:53:06 +0000] "POST /wp-cron.php?doing_wp_cron=1726696386.3508160114288330078125 HTTP/1.1" 200 259 "-" "WordPress/6.6.2; http://loopsostenible2.devuocloud.com"
191.80.164.71 - - [18/Sep/2024:21:53:05 +0000] "POST /wp-admin/admin-ajax.php HTTP/1.1" 200 1053 "-" "Mozilla/5.0 (Windows NT 10.0; Win64; x64) AppleWebKit/537.36 (KHTML, like Gecko) Chrome/128.0.0.0 Safari/537.36"
191.80.164.71 - - [18/Sep/2024:21:53:10 +0000] "GET /wp-includes/images/uploader-icons.png HTTP/1.1" 304 248 "http://loopsostenible2.devuocloud.com/wp-includes/css/media-views.min.css?ver=6.6.2" "Mozilla/5.0 (Windows NT 10.0; Win64; x64) AppleWebKit/537.36 (KHTML, like Gecko) Chrome/128.0.0.0 Safari/537.36"
191.80.164.71 - - [18/Sep/2024:21:53:14 +0000] "GET /wp-content/uploads/2024/09/Vista_cosecha14-scaled.jpg HTTP/1.1" 200 440235 "http://loopsostenible2.devuocloud.com/blog/?et_fb=1&PageSpeed=off" "Mozilla/5.0 (Windows NT 10.0; Win64; x64) AppleWebKit/537.36 (KHTML, like Gecko) Chrome/128.0.0.0 Safari/537.36"
191.80.164.71 - - [18/Sep/2024:21:53:40 +0000] "POST /wp-admin/admin-ajax.php HTTP/1.1" 200 583 "-" "Mozilla/5.0 (Windows NT 10.0; Win64; x64) AppleWebKit/537.36 (KHTML, like Gecko) Chrome/128.0.0.0 Safari/537.36"
146.190.157.162 - - [18/Sep/2024:21:54:05 +0000] "POST /wp-cron.php?doing_wp_cron=1726696445.7778120040893554687500 HTTP/1.1" 200 259 "-" "WordPress/6.6.2; http://loopsostenible2.devuocloud.com"
191.80.164.71 - - [18/Sep/2024:21:54:05 +0000] "POST /wp-admin/admin-ajax.php HTTP/1.1" 200 1053 "-" "Mozilla/5.0 (Windows NT 10.0; Win64; x64) AppleWebKit/537.36 (KHTML, like Gecko) Chrome/128.0.0.0 Safari/537.36"
191.80.164.71 - - [18/Sep/2024:21:54:15 +0000] "POST /wp-admin/admin-ajax.php HTTP/1.1" 200 613 "http://loopsostenible2.devuocloud.com/wp-admin/edit.php?post_type=page" "Mozilla/5.0 (Windows NT 10.0; Win64; x64) AppleWebKit/537.36 (KHTML, like Gecko) Chrome/128.0.0.0 Safari/537.36"
191.80.164.71 - - [18/Sep/2024:21:54:25 +0000] "POST /wp-admin/admin-ajax.php HTTP/1.1" 200 774 "-" "Mozilla/5.0 (Windows NT 10.0; Win64; x64) AppleWebKit/537.36 (KHTML, like Gecko) Chrome/128.0.0.0 Safari/537.36"
191.80.164.71 - - [18/Sep/2024:21:54:28 +0000] "POST /wp-admin/admin-ajax.php HTTP/1.1" 200 1079 "-" "Mozilla/5.0 (Windows NT 10.0; Win64; x64) AppleWebKit/537.36 (KHTML, like Gecko) Chrome/128.0.0.0 Safari/537.36"
191.80.164.71 - - [18/Sep/2024:21:54:32 +0000] "POST /wp-admin/admin-ajax.php HTTP/1.1" 200 612 "http://loopsostenible2.devuocloud.com/wp-admin/admin.php?page=et_divi_options" "Mozilla/5.0 (Windows NT 10.0; Win64; x64) AppleWebKit/537.36 (KHTML, like Gecko) Chrome/128.0.0.0 Safari/537.36"
191.80.164.71 - - [18/Sep/2024:21:54:34 +0000] "POST /wp-admin/admin-ajax.php HTTP/1.1" 200 1079 "-" "Mozilla/5.0 (Windows NT 10.0; Win64; x64) AppleWebKit/537.36 (KHTML, like Gecko) Chrome/128.0.0.0 Safari/537.36"
191.80.164.71 - - [18/Sep/2024:21:54:36 +0000] "POST /wp-admin/admin-ajax.php HTTP/1.1" 200 828 "-" "Mozilla/5.0 (Windows NT 10.0; Win64; x64) AppleWebKit/537.36 (KHTML, like Gecko) Chrome/128.0.0.0 Safari/537.36"
191.80.164.71 - - [18/Sep/2024:21:54:51 +0000] "POST /wp-admin/admin-ajax.php HTTP/1.1" 200 829 "-" "Mozilla/5.0 (Windows NT 10.0; Win64; x64) AppleWebKit/537.36 (KHTML, like Gecko) Chrome/128.0.0.0 Safari/537.36"
146.190.157.162 - - [18/Sep/2024:21:55:05 +0000] "POST /wp-cron.php?doing_wp_cron=1726696505.9244270324707031250000 HTTP/1.1" 200 259 "-" "WordPress/6.6.2; http://loopsostenible2.devuocloud.com"
191.80.164.71 - - [18/Sep/2024:21:55:05 +0000] "POST /wp-admin/admin-ajax.php HTTP/1.1" 200 810 "-" "Mozilla/5.0 (Windows NT 10.0; Win64; x64) AppleWebKit/537.36 (KHTML, like Gecko) Chrome/128.0.0.0 Safari/537.36"
191.80.164.71 - - [18/Sep/2024:21:55:08 +0000] "POST /wp-admin/admin-ajax.php HTTP/1.1" 200 828 "-" "Mozilla/5.0 (Windows NT 10.0; Win64; x64) AppleWebKit/537.36 (KHTML, like Gecko) Chrome/128.0.0.0 Safari/537.36"
191.80.164.71 - - [18/Sep/2024:21:55:10 +0000] "POST /wp-admin/admin-ajax.php HTTP/1.1" 200 828 "-" "Mozilla/5.0 (Windows NT 10.0; Win64; x64) AppleWebKit/537.36 (KHTML, like Gecko) Chrome/128.0.0.0 Safari/537.36"
191.80.164.71 - - [18/Sep/2024:21:55:33 +0000] "POST /wp-admin/admin-ajax.php HTTP/1.1" 200 613 "http://loopsostenible2.devuocloud.com/wp-admin/admin.php?page=et_divi_options" "Mozilla/5.0 (Windows NT 10.0; Win64; x64) AppleWebKit/537.36 (KHTML, like Gecko) Chrome/128.0.0.0 Safari/537.36"
191.80.164.71 - - [18/Sep/2024:21:55:48 +0000] "POST /wp-admin/admin-ajax.php HTTP/1.1" 200 829 "-" "Mozilla/5.0 (Windows NT 10.0; Win64; x64) AppleWebKit/537.36 (KHTML, like Gecko) Chrome/128.0.0.0 Safari/537.36"
146.190.157.162 - - [18/Sep/2024:21:56:06 +0000] "POST /wp-cron.php?doing_wp_cron=1726696566.1825859546661376953125 HTTP/1.1" 200 259 "-" "WordPress/6.6.2; http://loopsostenible2.devuocloud.com"
191.80.164.71 - - [18/Sep/2024:21:56:06 +0000] "POST /wp-admin/admin-ajax.php HTTP/1.1" 200 9429 "-" "Mozilla/5.0 (Windows NT 10.0; Win64; x64) AppleWebKit/537.36 (KHTML, like Gecko) Chrome/128.0.0.0 Safari/537.36"
191.80.164.71 - - [18/Sep/2024:21:56:16 +0000] "POST /wp-admin/admin-ajax.php HTTP/1.1" 200 613 "http://loopsostenible2.devuocloud.com/wp-admin/edit.php?post_type=page" "Mozilla/5.0 (Windows NT 10.0; Win64; x64) AppleWebKit/537.36 (KHTML, like Gecko) Chrome/128.0.0.0 Safari/537.36"
146.190.157.162 - - [18/Sep/2024:21:57:06 +0000] "POST /wp-cron.php?doing_wp_cron=1726696626.4180328845977783203125 HTTP/1.1" 200 259 "-" "WordPress/6.6.2; http://loopsostenible2.devuocloud.com"
191.80.164.71 - - [18/Sep/2024:21:57:06 +0000] "POST /wp-admin/admin-ajax.php HTTP/1.1" 200 1098 "-" "Mozilla/5.0 (Windows NT 10.0; Win64; x64) AppleWebKit/537.36 (KHTML, like Gecko) Chrome/128.0.0.0 Safari/537.36"
191.80.164.71 - - [18/Sep/2024:21:57:21 +0000] "POST /wp-admin/admin-ajax.php HTTP/1.1" 200 657 "-" "Mozilla/5.0 (Windows NT 10.0; Win64; x64) AppleWebKit/537.36 (KHTML, like Gecko) Chrome/128.0.0.0 Safari/537.36"
191.80.164.71 - - [18/Sep/2024:21:57:34 +0000] "POST /wp-admin/admin-ajax.php HTTP/1.1" 200 613 "http://loopsostenible2.devuocloud.com/wp-admin/admin.php?page=et_divi_options" "Mozilla/5.0 (Windows NT 10.0; Win64; x64) AppleWebKit/537.36 (KHTML, like Gecko) Chrome/128.0.0.0 Safari/537.36"
191.80.164.71 - - [18/Sep/2024:21:57:51 +0000] "POST /wp-admin/admin-ajax.php HTTP/1.1" 200 613 "http://loopsostenible2.devuocloud.com/wp-admin/edit.php?post_type=page" "Mozilla/5.0 (Windows NT 10.0; Win64; x64) AppleWebKit/537.36 (KHTML, like Gecko) Chrome/128.0.0.0 Safari/537.36"
146.190.157.162 - - [18/Sep/2024:21:58:07 +0000] "POST /wp-cron.php?doing_wp_cron=1726696687.0530900955200195312500 HTTP/1.1" 200 259 "-" "WordPress/6.6.2; http://loopsostenible2.devuocloud.com"
191.80.164.71 - - [18/Sep/2024:21:58:07 +0000] "POST /wp-admin/admin-ajax.php HTTP/1.1" 200 613 "http://loopsostenible2.devuocloud.com/wp-admin/edit.php?post_type=page" "Mozilla/5.0 (Windows NT 10.0; Win64; x64) AppleWebKit/537.36 (KHTML, like Gecko) Chrome/128.0.0.0 Safari/537.36"
191.80.164.71 - - [18/Sep/2024:21:58:21 +0000] "POST /wp-admin/admin-ajax.php HTTP/1.1" 200 613 "http://loopsostenible2.devuocloud.com/wp-admin/edit.php?post_type=page" "Mozilla/5.0 (Windows NT 10.0; Win64; x64) AppleWebKit/537.36 (KHTML, like Gecko) Chrome/128.0.0.0 Safari/537.36"
191.80.164.71 - - [18/Sep/2024:21:58:34 +0000] "POST /wp-admin/admin-ajax.php HTTP/1.1" 200 613 "http://loopsostenible2.devuocloud.com/wp-admin/admin.php?page=et_divi_options" "Mozilla/5.0 (Windows NT 10.0; Win64; x64) AppleWebKit/537.36 (KHTML, like Gecko) Chrome/128.0.0.0 Safari/537.36"
191.80.164.71 - - [18/Sep/2024:21:58:43 +0000] "POST /wp-admin/admin-ajax.php HTTP/1.1" 200 613 "http://loopsostenible2.devuocloud.com/wp-admin/edit.php?post_type=page" "Mozilla/5.0 (Windows NT 10.0; Win64; x64) AppleWebKit/537.36 (KHTML, like Gecko) Chrome/128.0.0.0 Safari/537.36"
191.80.164.71 - - [18/Sep/2024:21:58:47 +0000] "GET /wp-admin/admin.php?action=dt_duplicate_post_as_draft&post=21&nonce=394a7f7ab3 HTTP/1.1" 302 504 "http://loopsostenible2.devuocloud.com/wp-admin/edit.php?post_type=page" "Mozilla/5.0 (Windows NT 10.0; Win64; x64) AppleWebKit/537.36 (KHTML, like Gecko) Chrome/128.0.0.0 Safari/537.36"
191.80.164.71 - - [18/Sep/2024:21:58:47 +0000] "GET /wp-admin/edit.php?post_type=page HTTP/1.1" 200 23813 "http://loopsostenible2.devuocloud.com/wp-admin/edit.php?post_type=page" "Mozilla/5.0 (Windows NT 10.0; Win64; x64) AppleWebKit/537.36 (KHTML, like Gecko) Chrome/128.0.0.0 Safari/537.36"
191.80.164.71 - - [18/Sep/2024:21:58:48 +0000] "POST /wp-admin/admin-ajax.php HTTP/1.1" 200 612 "http://loopsostenible2.devuocloud.com/wp-admin/edit.php?post_type=page" "Mozilla/5.0 (Windows NT 10.0; Win64; x64) AppleWebKit/537.36 (KHTML, like Gecko) Chrome/128.0.0.0 Safari/537.36"
191.80.164.71 - - [18/Sep/2024:21:58:50 +0000] "GET /wp-admin/post.php?post=1379&action=edit HTTP/1.1" 200 162504 "http://loopsostenible2.devuocloud.com/wp-admin/edit.php?post_type=page" "Mozilla/5.0 (Windows NT 10.0; Win64; x64) AppleWebKit/537.36 (KHTML, like Gecko) Chrome/128.0.0.0 Safari/537.36"
191.80.164.71 - - [18/Sep/2024:21:58:53 +0000] "GET /wp-json/wp/v2/block-patterns/categories?_locale=user HTTP/1.1" 200 2969 "http://loopsostenible2.devuocloud.com/wp-admin/post.php?post=1379&action=edit" "Mozilla/5.0 (Windows NT 10.0; Win64; x64) AppleWebKit/537.36 (KHTML, like Gecko) Chrome/128.0.0.0 Safari/537.36"
191.80.164.71 - - [18/Sep/2024:21:58:53 +0000] "GET /wp-json/wp/v2/media/1255?context=edit&_locale=user HTTP/1.1" 200 7997 "http://loopsostenible2.devuocloud.com/wp-admin/post.php?post=1379&action=edit" "Mozilla/5.0 (Windows NT 10.0; Win64; x64) AppleWebKit/537.36 (KHTML, like Gecko) Chrome/128.0.0.0 Safari/537.36"
191.80.164.71 - - [18/Sep/2024:21:58:53 +0000] "GET /wp-content/themes/Divi/core/admin/fonts/builder.woff HTTP/1.1" 304 249 "http://loopsostenible2.devuocloud.com/wp-content/themes/Divi/core/admin/css/core.css?ver=4.9.1" "Mozilla/5.0 (Windows NT 10.0; Win64; x64) AppleWebKit/537.36 (KHTML, like Gecko) Chrome/128.0.0.0 Safari/537.36"
191.80.164.71 - - [18/Sep/2024:21:58:53 +0000] "GET /wp-json/?_fields=description%2Cgmt_offset%2Chome%2Cname%2Csite_icon%2Csite_icon_url%2Csite_logo%2Ctimezone_string%2Curl&_locale=user HTTP/1.1" 200 1244 "http://loopsostenible2.devuocloud.com/wp-admin/post.php?post=1379&action=edit" "Mozilla/5.0 (Windows NT 10.0; Win64; x64) AppleWebKit/537.36 (KHTML, like Gecko) Chrome/128.0.0.0 Safari/537.36"
191.80.164.71 - - [18/Sep/2024:21:58:53 +0000] "OPTIONS /wp-json/wp/v2/pages/1379?_locale=user HTTP/1.1" 200 12029 "http://loopsostenible2.devuocloud.com/wp-admin/post.php?post=1379&action=edit" "Mozilla/5.0 (Windows NT 10.0; Win64; x64) AppleWebKit/537.36 (KHTML, like Gecko) Chrome/128.0.0.0 Safari/537.36"
191.80.164.71 - - [18/Sep/2024:21:58:53 +0000] "OPTIONS /wp-json/wp/v2/settings?_locale=user HTTP/1.1" 200 6789 "http://loopsostenible2.devuocloud.com/wp-admin/post.php?post=1379&action=edit" "Mozilla/5.0 (Windows NT 10.0; Win64; x64) AppleWebKit/537.36 (KHTML, like Gecko) Chrome/128.0.0.0 Safari/537.36"
191.80.164.71 - - [18/Sep/2024:21:58:53 +0000] "GET /wp-json/wp/v2/blocks?context=edit&per_page=100&_locale=user HTTP/1.1" 200 710 "http://loopsostenible2.devuocloud.com/wp-admin/post.php?post=1379&action=edit" "Mozilla/5.0 (Windows NT 10.0; Win64; x64) AppleWebKit/537.36 (KHTML, like Gecko) Chrome/128.0.0.0 Safari/537.36"
191.80.164.71 - - [18/Sep/2024:21:58:53 +0000] "GET /wp-json/wp/v2/wp_pattern_category?context=view&per_page=100&_fields=id%2Cname%2Cdescription%2Cslug&_locale=user HTTP/1.1" 200 710 "http://loopsostenible2.devuocloud.com/wp-admin/post.php?post=1379&action=edit" "Mozilla/5.0 (Windows NT 10.0; Win64; x64) AppleWebKit/537.36 (KHTML, like Gecko) Chrome/128.0.0.0 Safari/537.36"
146.190.157.162 - - [18/Sep/2024:21:58:54 +0000] "POST /wp-cron.php?doing_wp_cron=1726696734.0070140361785888671875 HTTP/1.1" 200 259 "-" "WordPress/6.6.2; http://loopsostenible2.devuocloud.com"
191.80.164.71 - - [18/Sep/2024:21:58:53 +0000] "GET /wp-json/wp/v2/users?context=view&who=authors&per_page=50&_fields=id%2Cname&_locale=user HTTP/1.1" 200 766 "http://loopsostenible2.devuocloud.com/wp-admin/post.php?post=1379&action=edit" "Mozilla/5.0 (Windows NT 10.0; Win64; x64) AppleWebKit/537.36 (KHTML, like Gecko) Chrome/128.0.0.0 Safari/537.36"
191.80.164.71 - - [18/Sep/2024:21:58:54 +0000] "GET /wp-json/wp/v2/taxonomies?context=edit&per_page=100&_locale=user HTTP/1.1" 200 15431 "http://loopsostenible2.devuocloud.com/wp-admin/post.php?post=1379&action=edit" "Mozilla/5.0 (Windows NT 10.0; Win64; x64) AppleWebKit/537.36 (KHTML, like Gecko) Chrome/128.0.0.0 Safari/537.36"
191.80.164.71 - - [18/Sep/2024:21:58:54 +0000] "GET /wp-json/wp/v2/media/1255?context=view&_locale=user HTTP/1.1" 200 7394 "http://loopsostenible2.devuocloud.com/wp-admin/post.php?post=1379&action=edit" "Mozilla/5.0 (Windows NT 10.0; Win64; x64) AppleWebKit/537.36 (KHTML, like Gecko) Chrome/128.0.0.0 Safari/537.36"
191.80.164.71 - - [18/Sep/2024:21:58:54 +0000] "GET /wp-json/?_fields=description%2Cgmt_offset%2Chome%2Cname%2Csite_icon%2Csite_icon_url%2Csite_logo%2Ctimezone_string%2Curl&_locale=user HTTP/1.1" 200 1243 "http://loopsostenible2.devuocloud.com/wp-admin/post.php?post=1379&action=edit" "Mozilla/5.0 (Windows NT 10.0; Win64; x64) AppleWebKit/537.36 (KHTML, like Gecko) Chrome/128.0.0.0 Safari/537.36"
191.80.164.71 - - [18/Sep/2024:21:58:54 +0000] "GET /wp-json/wp/v2/users/1?context=view&_fields=id%2Cname&_locale=user HTTP/1.1" 200 724 "http://loopsostenible2.devuocloud.com/wp-admin/post.php?post=1379&action=edit" "Mozilla/5.0 (Windows NT 10.0; Win64; x64) AppleWebKit/537.36 (KHTML, like Gecko) Chrome/128.0.0.0 Safari/537.36"
191.80.164.71 - - [18/Sep/2024:21:59:33 +0000] "GET /wp-json/wp/v2/categories/1?context=edit&_locale=user HTTP/1.1" 200 5744 "http://loopsostenible2.devuocloud.com/wp-admin/post.php?post=1379&action=edit" "Mozilla/5.0 (Windows NT 10.0; Win64; x64) AppleWebKit/537.36 (KHTML, like Gecko) Chrome/128.0.0.0 Safari/537.36"
191.80.164.71 - - [18/Sep/2024:21:59:33 +0000] "GET /wp-json/wp/v2/taxonomies/post_tag?context=edit&_locale=user HTTP/1.1" 200 2853 "http://loopsostenible2.devuocloud.com/wp-admin/post.php?post=1379&action=edit" "Mozilla/5.0 (Windows NT 10.0; Win64; x64) AppleWebKit/537.36 (KHTML, like Gecko) Chrome/128.0.0.0 Safari/537.36"
191.80.164.71 - - [18/Sep/2024:21:59:33 +0000] "GET /wp-json/wp/v2/taxonomies/category?context=edit&_locale=user HTTP/1.1" 200 3102 "http://loopsostenible2.devuocloud.com/wp-admin/post.php?post=1379&action=edit" "Mozilla/5.0 (Windows NT 10.0; Win64; x64) AppleWebKit/537.36 (KHTML, like Gecko) Chrome/128.0.0.0 Safari/537.36"
191.80.164.71 - - [18/Sep/2024:21:59:33 +0000] "POST /wp-json/wp/v2/pages/1379?_locale=user HTTP/1.1" 200 47388 "http://loopsostenible2.devuocloud.com/wp-admin/post.php?post=1379&action=edit" "Mozilla/5.0 (Windows NT 10.0; Win64; x64) AppleWebKit/537.36 (KHTML, like Gecko) Chrome/128.0.0.0 Safari/537.36"
191.80.164.71 - - [18/Sep/2024:21:59:34 +0000] "POST /wp-admin/post.php?post=1379&action=edit&meta-box-loader=1&meta-box-loader-nonce=3580296193&_locale=user HTTP/1.1" 302 521 "http://loopsostenible2.devuocloud.com/wp-admin/post.php?post=1379&action=edit" "Mozilla/5.0 (Windows NT 10.0; Win64; x64) AppleWebKit/537.36 (KHTML, like Gecko) Chrome/128.0.0.0 Safari/537.36"
191.80.164.71 - - [18/Sep/2024:21:59:35 +0000] "POST /wp-admin/admin-ajax.php HTTP/1.1" 200 612 "http://loopsostenible2.devuocloud.com/wp-admin/admin.php?page=et_divi_options" "Mozilla/5.0 (Windows NT 10.0; Win64; x64) AppleWebKit/537.36 (KHTML, like Gecko) Chrome/128.0.0.0 Safari/537.36"
191.80.164.71 - - [18/Sep/2024:21:59:35 +0000] "GET /wp-admin/post.php?post=1379&action=edit&message=4 HTTP/1.1" 200 161428 "http://loopsostenible2.devuocloud.com/wp-admin/post.php?post=1379&action=edit" "Mozilla/5.0 (Windows NT 10.0; Win64; x64) AppleWebKit/537.36 (KHTML, like Gecko) Chrome/128.0.0.0 Safari/537.36"
191.80.164.71 - - [18/Sep/2024:21:59:38 +0000] "POST /wp-admin/admin-ajax.php HTTP/1.1" 200 558 "http://loopsostenible2.devuocloud.com/wp-admin/post.php?post=1379&action=edit" "Mozilla/5.0 (Windows NT 10.0; Win64; x64) AppleWebKit/537.36 (KHTML, like Gecko) Chrome/128.0.0.0 Safari/537.36"
191.80.164.71 - - [18/Sep/2024:21:59:38 +0000] "GET /wp-admin/edit.php?post_type=page HTTP/1.1" 200 23973 "http://loopsostenible2.devuocloud.com/wp-admin/post.php?post=1379&action=edit" "Mozilla/5.0 (Windows NT 10.0; Win64; x64) AppleWebKit/537.36 (KHTML, like Gecko) Chrome/128.0.0.0 Safari/537.36"
191.80.164.71 - - [18/Sep/2024:21:59:40 +0000] "POST /wp-admin/admin-ajax.php HTTP/1.1" 200 612 "http://loopsostenible2.devuocloud.com/wp-admin/edit.php?post_type=page" "Mozilla/5.0 (Windows NT 10.0; Win64; x64) AppleWebKit/537.36 (KHTML, like Gecko) Chrome/128.0.0.0 Safari/537.36"
191.80.164.71 - - [18/Sep/2024:21:59:42 +0000] "GET /accesibilidad/?et_fb=1&PageSpeed=off HTTP/1.1" 200 86712 "http://loopsostenible2.devuocloud.com/wp-admin/edit.php?post_type=page" "Mozilla/5.0 (Windows NT 10.0; Win64; x64) AppleWebKit/537.36 (KHTML, like Gecko) Chrome/128.0.0.0 Safari/537.36"
191.80.164.71 - - [18/Sep/2024:21:59:44 +0000] "GET /wp-content/plugins/contact-form-7/includes/css/styles.css?ver=5.9.8 HTTP/1.1" 200 1351 "http://loopsostenible2.devuocloud.com/accesibilidad/?et_fb=1&PageSpeed=off" "Mozilla/5.0 (Windows NT 10.0; Win64; x64) AppleWebKit/537.36 (KHTML, like Gecko) Chrome/128.0.0.0 Safari/537.36"
191.80.164.71 - - [18/Sep/2024:21:59:44 +0000] "GET /wp-content/et-cache/es_ES/helpers-page-17266963222379.js?ver=4.9.1 HTTP/1.1" 200 75418 "-" "Mozilla/5.0 (Windows NT 10.0; Win64; x64) AppleWebKit/537.36 (KHTML, like Gecko) Chrome/128.0.0.0 Safari/537.36"
191.80.164.71 - - [18/Sep/2024:21:59:44 +0000] "GET /wp-content/et-cache/es_ES/definitions-page-17266963223926.js?ver=4.9.1 HTTP/1.1" 200 205527 "-" "Mozilla/5.0 (Windows NT 10.0; Win64; x64) AppleWebKit/537.36 (KHTML, like Gecko) Chrome/128.0.0.0 Safari/537.36"
191.80.164.71 - - [18/Sep/2024:21:59:46 +0000] "GET /?et_pb_preview=true&et_pb_preview_nonce=de69f864fe&iframe_id=et-fb-preview-1726696785710-484 HTTP/1.1" 200 15932 "-" "Mozilla/5.0 (Windows NT 10.0; Win64; x64) AppleWebKit/537.36 (KHTML, like Gecko) Chrome/128.0.0.0 Safari/537.36"
191.80.164.71 - - [18/Sep/2024:21:59:46 +0000] "POST /wp-admin/admin-ajax.php?lang=es_ES HTTP/1.1" 200 770 "-" "Mozilla/5.0 (Windows NT 10.0; Win64; x64) AppleWebKit/537.36 (KHTML, like Gecko) Chrome/128.0.0.0 Safari/537.36"
191.80.164.71 - - [18/Sep/2024:21:59:47 +0000] "POST /?et_pb_preview=true&et_pb_preview_nonce=de69f864fe&iframe_id=et-fb-preview-1726696785710-484 HTTP/1.1" 200 17398 "http://loopsostenible2.devuocloud.com/?et_pb_preview=true&et_pb_preview_nonce=de69f864fe&iframe_id=et-fb-preview-1726696785710-484" "Mozilla/5.0 (Windows NT 10.0; Win64; x64) AppleWebKit/537.36 (KHTML, like Gecko) Chrome/128.0.0.0 Safari/537.36"
146.190.157.162 - - [18/Sep/2024:21:59:55 +0000] "POST /wp-cron.php?doing_wp_cron=1726696795.5619189739227294921875 HTTP/1.1" 200 259 "-" "WordPress/6.6.2; http://loopsostenible2.devuocloud.com"
191.80.164.71 - - [18/Sep/2024:21:59:55 +0000] "POST /wp-admin/admin-ajax.php HTTP/1.1" 200 613 "http://loopsostenible2.devuocloud.com/wp-admin/edit.php?post_type=page" "Mozilla/5.0 (Windows NT 10.0; Win64; x64) AppleWebKit/537.36 (KHTML, like Gecko) Chrome/128.0.0.0 Safari/537.36"
191.80.164.71 - - [18/Sep/2024:22:00:45 +0000] "POST /wp-admin/admin-ajax.php HTTP/1.1" 200 1053 "-" "Mozilla/5.0 (Windows NT 10.0; Win64; x64) AppleWebKit/537.36 (KHTML, like Gecko) Chrome/128.0.0.0 Safari/537.36"
146.190.157.162 - - [18/Sep/2024:22:01:36 +0000] "POST /wp-cron.php?doing_wp_cron=1726696896.5546090602874755859375 HTTP/1.1" 200 259 "-" "WordPress/6.6.2; http://loopsostenible2.devuocloud.com"
191.80.164.71 - - [18/Sep/2024:22:01:36 +0000] "POST /wp-admin/admin-ajax.php HTTP/1.1" 200 613 "http://loopsostenible2.devuocloud.com/wp-admin/admin.php?page=et_divi_options" "Mozilla/5.0 (Windows NT 10.0; Win64; x64) AppleWebKit/537.36 (KHTML, like Gecko) Chrome/128.0.0.0 Safari/537.36"
191.80.164.71 - - [18/Sep/2024:22:01:45 +0000] "POST /wp-admin/admin-ajax.php HTTP/1.1" 200 1053 "-" "Mozilla/5.0 (Windows NT 10.0; Win64; x64) AppleWebKit/537.36 (KHTML, like Gecko) Chrome/128.0.0.0 Safari/537.36"
146.190.157.162 - - [18/Sep/2024:22:01:56 +0000] "POST /wp-cron.php?doing_wp_cron=1726696916.5723528861999511718750 HTTP/1.1" 200 259 "-" "WordPress/6.6.2; http://loopsostenible2.devuocloud.com"
191.80.164.71 - - [18/Sep/2024:22:01:56 +0000] "POST /wp-admin/admin-ajax.php HTTP/1.1" 200 613 "http://loopsostenible2.devuocloud.com/wp-admin/edit.php?post_type=page" "Mozilla/5.0 (Windows NT 10.0; Win64; x64) AppleWebKit/537.36 (KHTML, like Gecko) Chrome/128.0.0.0 Safari/537.36"
191.80.164.71 - - [18/Sep/2024:22:02:32 +0000] "POST /wp-admin/admin-ajax.php HTTP/1.1" 200 657 "-" "Mozilla/5.0 (Windows NT 10.0; Win64; x64) AppleWebKit/537.36 (KHTML, like Gecko) Chrome/128.0.0.0 Safari/537.36"
191.80.164.71 - - [18/Sep/2024:22:02:44 +0000] "POST /wp-admin/admin-ajax.php HTTP/1.1" 200 6075 "-" "Mozilla/5.0 (Windows NT 10.0; Win64; x64) AppleWebKit/537.36 (KHTML, like Gecko) Chrome/128.0.0.0 Safari/537.36"
146.190.157.162 - - [18/Sep/2024:22:02:57 +0000] "POST /wp-cron.php?doing_wp_cron=1726696977.4982728958129882812500 HTTP/1.1" 200 259 "-" "WordPress/6.6.2; http://loopsostenible2.devuocloud.com"
191.80.164.71 - - [18/Sep/2024:22:02:57 +0000] "POST /wp-admin/admin-ajax.php HTTP/1.1" 200 657 "-" "Mozilla/5.0 (Windows NT 10.0; Win64; x64) AppleWebKit/537.36 (KHTML, like Gecko) Chrome/128.0.0.0 Safari/537.36"
191.80.164.71 - - [18/Sep/2024:22:03:21 +0000] "POST /wp-admin/admin-ajax.php HTTP/1.1" 200 657 "-" "Mozilla/5.0 (Windows NT 10.0; Win64; x64) AppleWebKit/537.36 (KHTML, like Gecko) Chrome/128.0.0.0 Safari/537.36"
191.80.164.71 - - [18/Sep/2024:22:03:33 +0000] "POST /wp-admin/admin-ajax.php HTTP/1.1" 200 613 "http://loopsostenible2.devuocloud.com/wp-admin/edit.php?post_type=page" "Mozilla/5.0 (Windows NT 10.0; Win64; x64) AppleWebKit/537.36 (KHTML, like Gecko) Chrome/128.0.0.0 Safari/537.36"
191.80.164.71 - - [18/Sep/2024:22:03:37 +0000] "POST /wp-admin/admin-ajax.php HTTP/1.1" 200 612 "http://loopsostenible2.devuocloud.com/wp-admin/admin.php?page=et_divi_options" "Mozilla/5.0 (Windows NT 10.0; Win64; x64) AppleWebKit/537.36 (KHTML, like Gecko) Chrome/128.0.0.0 Safari/537.36"
191.80.164.71 - - [18/Sep/2024:22:03:47 +0000] "POST /wp-admin/admin-ajax.php HTTP/1.1" 200 613 "http://loopsostenible2.devuocloud.com/wp-admin/edit.php?post_type=page" "Mozilla/5.0 (Windows NT 10.0; Win64; x64) AppleWebKit/537.36 (KHTML, like Gecko) Chrome/128.0.0.0 Safari/537.36"
191.80.164.71 - - [18/Sep/2024:22:03:50 +0000] "GET /wp-admin/admin.php?action=dt_duplicate_post_as_draft&post=1379&nonce=b0b405b81c HTTP/1.1" 302 504 "http://loopsostenible2.devuocloud.com/wp-admin/edit.php?post_type=page" "Mozilla/5.0 (Windows NT 10.0; Win64; x64) AppleWebKit/537.36 (KHTML, like Gecko) Chrome/128.0.0.0 Safari/537.36"
191.80.164.71 - - [18/Sep/2024:22:03:50 +0000] "GET /wp-admin/edit.php?post_type=page HTTP/1.1" 200 24130 "http://loopsostenible2.devuocloud.com/wp-admin/edit.php?post_type=page" "Mozilla/5.0 (Windows NT 10.0; Win64; x64) AppleWebKit/537.36 (KHTML, like Gecko) Chrome/128.0.0.0 Safari/537.36"
191.80.164.71 - - [18/Sep/2024:22:03:51 +0000] "GET /wp-content/plugins/wp-file-manager/css/fm_common.css?ver=6.6.2 HTTP/1.1" 200 518 "http://loopsostenible2.devuocloud.com/wp-admin/edit.php?post_type=page" "Mozilla/5.0 (Windows NT 10.0; Win64; x64) AppleWebKit/537.36 (KHTML, like Gecko) Chrome/128.0.0.0 Safari/537.36"
191.80.164.71 - - [18/Sep/2024:22:03:51 +0000] "GET /wp-content/plugins/wordpress-seo/css/dist/admin-global-2340.css HTTP/1.1" 200 6722 "http://loopsostenible2.devuocloud.com/wp-admin/edit.php?post_type=page" "Mozilla/5.0 (Windows NT 10.0; Win64; x64) AppleWebKit/537.36 (KHTML, like Gecko) Chrome/128.0.0.0 Safari/537.36"
191.80.164.71 - - [18/Sep/2024:22:03:51 +0000] "GET /wp-content/plugins/wordpress-seo/css/dist/wpseo-dismissible-2340.css HTTP/1.1" 200 695 "http://loopsostenible2.devuocloud.com/wp-admin/edit.php?post_type=page" "Mozilla/5.0 (Windows NT 10.0; Win64; x64) AppleWebKit/537.36 (KHTML, like Gecko) Chrome/128.0.0.0 Safari/537.36"
191.80.164.71 - - [18/Sep/2024:22:03:51 +0000] "GET /wp-content/plugins/wordpress-seo/css/dist/adminbar-2340.css HTTP/1.1" 200 1948 "http://loopsostenible2.devuocloud.com/wp-admin/edit.php?post_type=page" "Mozilla/5.0 (Windows NT 10.0; Win64; x64) AppleWebKit/537.36 (KHTML, like Gecko) Chrome/128.0.0.0 Safari/537.36"
191.80.164.71 - - [18/Sep/2024:22:03:51 +0000] "POST /wp-admin/admin-ajax.php HTTP/1.1" 200 612 "http://loopsostenible2.devuocloud.com/wp-admin/edit.php?post_type=page" "Mozilla/5.0 (Windows NT 10.0; Win64; x64) AppleWebKit/537.36 (KHTML, like Gecko) Chrome/128.0.0.0 Safari/537.36"
146.190.157.162 - - [18/Sep/2024:22:03:54 +0000] "POST /wp-cron.php?doing_wp_cron=1726697034.4136331081390380859375 HTTP/1.1" 200 259 "-" "WordPress/6.6.2; http://loopsostenible2.devuocloud.com"
191.80.164.71 - - [18/Sep/2024:22:03:54 +0000] "GET /wp-admin/post.php?post=1384&action=edit HTTP/1.1" 200 157266 "http://loopsostenible2.devuocloud.com/wp-admin/edit.php?post_type=page" "Mozilla/5.0 (Windows NT 10.0; Win64; x64) AppleWebKit/537.36 (KHTML, like Gecko) Chrome/128.0.0.0 Safari/537.36"
191.80.164.71 - - [18/Sep/2024:22:03:56 +0000] "GET /wp-json/wp/v2/block-patterns/categories?_locale=user HTTP/1.1" 200 2969 "http://loopsostenible2.devuocloud.com/wp-admin/post.php?post=1384&action=edit" "Mozilla/5.0 (Windows NT 10.0; Win64; x64) AppleWebKit/537.36 (KHTML, like Gecko) Chrome/128.0.0.0 Safari/537.36"
191.80.164.71 - - [18/Sep/2024:22:03:56 +0000] "GET /wp-json/wp/v2/media/1255?context=edit&_locale=user HTTP/1.1" 200 7996 "http://loopsostenible2.devuocloud.com/wp-admin/post.php?post=1384&action=edit" "Mozilla/5.0 (Windows NT 10.0; Win64; x64) AppleWebKit/537.36 (KHTML, like Gecko) Chrome/128.0.0.0 Safari/537.36"
191.80.164.71 - - [18/Sep/2024:22:03:56 +0000] "GET /wp-json/wp/v2/blocks?context=edit&per_page=100&_locale=user HTTP/1.1" 200 709 "http://loopsostenible2.devuocloud.com/wp-admin/post.php?post=1384&action=edit" "Mozilla/5.0 (Windows NT 10.0; Win64; x64) AppleWebKit/537.36 (KHTML, like Gecko) Chrome/128.0.0.0 Safari/537.36"
191.80.164.71 - - [18/Sep/2024:22:03:56 +0000] "GET /wp-json/?_fields=description%2Cgmt_offset%2Chome%2Cname%2Csite_icon%2Csite_icon_url%2Csite_logo%2Ctimezone_string%2Curl&_locale=user HTTP/1.1" 200 1243 "http://loopsostenible2.devuocloud.com/wp-admin/post.php?post=1384&action=edit" "Mozilla/5.0 (Windows NT 10.0; Win64; x64) AppleWebKit/537.36 (KHTML, like Gecko) Chrome/128.0.0.0 Safari/537.36"
191.80.164.71 - - [18/Sep/2024:22:03:56 +0000] "OPTIONS /wp-json/wp/v2/settings?_locale=user HTTP/1.1" 200 6789 "http://loopsostenible2.devuocloud.com/wp-admin/post.php?post=1384&action=edit" "Mozilla/5.0 (Windows NT 10.0; Win64; x64) AppleWebKit/537.36 (KHTML, like Gecko) Chrome/128.0.0.0 Safari/537.36"
191.80.164.71 - - [18/Sep/2024:22:03:56 +0000] "GET /wp-json/wp/v2/wp_pattern_category?context=view&per_page=100&_fields=id%2Cname%2Cdescription%2Cslug&_locale=user HTTP/1.1" 200 709 "http://loopsostenible2.devuocloud.com/wp-admin/post.php?post=1384&action=edit" "Mozilla/5.0 (Windows NT 10.0; Win64; x64) AppleWebKit/537.36 (KHTML, like Gecko) Chrome/128.0.0.0 Safari/537.36"
191.80.164.71 - - [18/Sep/2024:22:03:56 +0000] "GET /wp-json/wp/v2/users?context=view&who=authors&per_page=50&_fields=id%2Cname&_locale=user HTTP/1.1" 200 766 "http://loopsostenible2.devuocloud.com/wp-admin/post.php?post=1384&action=edit" "Mozilla/5.0 (Windows NT 10.0; Win64; x64) AppleWebKit/537.36 (KHTML, like Gecko) Chrome/128.0.0.0 Safari/537.36"
191.80.164.71 - - [18/Sep/2024:22:03:56 +0000] "GET /wp-json/?_fields=description%2Cgmt_offset%2Chome%2Cname%2Csite_icon%2Csite_icon_url%2Csite_logo%2Ctimezone_string%2Curl&_locale=user HTTP/1.1" 200 1243 "http://loopsostenible2.devuocloud.com/wp-admin/post.php?post=1384&action=edit" "Mozilla/5.0 (Windows NT 10.0; Win64; x64) AppleWebKit/537.36 (KHTML, like Gecko) Chrome/128.0.0.0 Safari/537.36"
191.80.164.71 - - [18/Sep/2024:22:03:56 +0000] "GET /wp-json/wp/v2/media/1255?context=view&_locale=user HTTP/1.1" 200 7394 "http://loopsostenible2.devuocloud.com/wp-admin/post.php?post=1384&action=edit" "Mozilla/5.0 (Windows NT 10.0; Win64; x64) AppleWebKit/537.36 (KHTML, like Gecko) Chrome/128.0.0.0 Safari/537.36"
191.80.164.71 - - [18/Sep/2024:22:03:56 +0000] "GET /wp-json/wp/v2/taxonomies?context=edit&per_page=100&_locale=user HTTP/1.1" 200 15432 "http://loopsostenible2.devuocloud.com/wp-admin/post.php?post=1384&action=edit" "Mozilla/5.0 (Windows NT 10.0; Win64; x64) AppleWebKit/537.36 (KHTML, like Gecko) Chrome/128.0.0.0 Safari/537.36"
191.80.164.71 - - [18/Sep/2024:22:03:56 +0000] "OPTIONS /wp-json/wp/v2/pages/1384?_locale=user HTTP/1.1" 200 12029 "http://loopsostenible2.devuocloud.com/wp-admin/post.php?post=1384&action=edit" "Mozilla/5.0 (Windows NT 10.0; Win64; x64) AppleWebKit/537.36 (KHTML, like Gecko) Chrome/128.0.0.0 Safari/537.36"
191.80.164.71 - - [18/Sep/2024:22:03:56 +0000] "GET /wp-json/wp/v2/users/1?context=view&_fields=id%2Cname&_locale=user HTTP/1.1" 200 724 "http://loopsostenible2.devuocloud.com/wp-admin/post.php?post=1384&action=edit" "Mozilla/5.0 (Windows NT 10.0; Win64; x64) AppleWebKit/537.36 (KHTML, like Gecko) Chrome/128.0.0.0 Safari/537.36"
191.80.164.71 - - [18/Sep/2024:22:04:38 +0000] "POST /wp-admin/admin-ajax.php HTTP/1.1" 200 613 "http://loopsostenible2.devuocloud.com/wp-admin/admin.php?page=et_divi_options" "Mozilla/5.0 (Windows NT 10.0; Win64; x64) AppleWebKit/537.36 (KHTML, like Gecko) Chrome/128.0.0.0 Safari/537.36"
191.80.164.71 - - [18/Sep/2024:22:04:50 +0000] "GET /wp-json/wp/v2/taxonomies/post_tag?context=edit&_locale=user HTTP/1.1" 200 2853 "http://loopsostenible2.devuocloud.com/wp-admin/post.php?post=1384&action=edit" "Mozilla/5.0 (Windows NT 10.0; Win64; x64) AppleWebKit/537.36 (KHTML, like Gecko) Chrome/128.0.0.0 Safari/537.36"
191.80.164.71 - - [18/Sep/2024:22:04:50 +0000] "GET /wp-json/wp/v2/taxonomies/category?context=edit&_locale=user HTTP/1.1" 200 3101 "http://loopsostenible2.devuocloud.com/wp-admin/post.php?post=1384&action=edit" "Mozilla/5.0 (Windows NT 10.0; Win64; x64) AppleWebKit/537.36 (KHTML, like Gecko) Chrome/128.0.0.0 Safari/537.36"
191.80.164.71 - - [18/Sep/2024:22:04:51 +0000] "GET /wp-json/wp/v2/categories/1?context=edit&_locale=user HTTP/1.1" 200 5744 "http://loopsostenible2.devuocloud.com/wp-admin/post.php?post=1384&action=edit" "Mozilla/5.0 (Windows NT 10.0; Win64; x64) AppleWebKit/537.36 (KHTML, like Gecko) Chrome/128.0.0.0 Safari/537.36"
191.80.164.71 - - [18/Sep/2024:22:04:51 +0000] "POST /wp-json/wp/v2/pages/1384?_locale=user HTTP/1.1" 200 18448 "http://loopsostenible2.devuocloud.com/wp-admin/post.php?post=1384&action=edit" "Mozilla/5.0 (Windows NT 10.0; Win64; x64) AppleWebKit/537.36 (KHTML, like Gecko) Chrome/128.0.0.0 Safari/537.36"
191.80.164.71 - - [18/Sep/2024:22:04:52 +0000] "POST /wp-admin/post.php?post=1384&action=edit&meta-box-loader=1&meta-box-loader-nonce=3580296193&_locale=user HTTP/1.1" 302 521 "http://loopsostenible2.devuocloud.com/wp-admin/post.php?post=1384&action=edit" "Mozilla/5.0 (Windows NT 10.0; Win64; x64) AppleWebKit/537.36 (KHTML, like Gecko) Chrome/128.0.0.0 Safari/537.36"
191.80.164.71 - - [18/Sep/2024:22:04:52 +0000] "GET /wp-admin/post.php?post=1384&action=edit&message=4 HTTP/1.1" 200 156683 "http://loopsostenible2.devuocloud.com/wp-admin/post.php?post=1384&action=edit" "Mozilla/5.0 (Windows NT 10.0; Win64; x64) AppleWebKit/537.36 (KHTML, like Gecko) Chrome/128.0.0.0 Safari/537.36"
146.190.157.162 - - [18/Sep/2024:22:04:56 +0000] "POST /wp-cron.php?doing_wp_cron=1726697096.3255019187927246093750 HTTP/1.1" 200 259 "-" "WordPress/6.6.2; http://loopsostenible2.devuocloud.com"
