191.80.164.71 - - [18/Sep/2024:23:18:35 +0000] "GET /wp-content/themes/Divi/includes/builder/frontend-builder/assets/vendors/plugins/charmap/plugin.min.js HTTP/1.1" 200 3588 "http://loopsostenible2.devuocloud.com/servicios/?et_fb=1&PageSpeed=off" "Mozilla/5.0 (Windows NT 10.0; Win64; x64) AppleWebKit/537.36 (KHTML, like Gecko) Chrome/128.0.0.0 Safari/537.36"
191.80.164.71 - - [18/Sep/2024:23:18:35 +0000] "GET /wp-content/themes/Divi/includes/builder/frontend-builder/assets/vendors/plugins/wpview/plugin.min.js HTTP/1.1" 200 1483 "http://loopsostenible2.devuocloud.com/servicios/?et_fb=1&PageSpeed=off" "Mozilla/5.0 (Windows NT 10.0; Win64; x64) AppleWebKit/537.36 (KHTML, like Gecko) Chrome/128.0.0.0 Safari/537.36"
191.80.164.71 - - [18/Sep/2024:23:18:35 +0000] "GET /wp-content/themes/Divi/includes/builder/frontend-builder/assets/vendors/plugins/fullscreen/plugin.min.js HTTP/1.1" 200 1232 "http://loopsostenible2.devuocloud.com/servicios/?et_fb=1&PageSpeed=off" "Mozilla/5.0 (Windows NT 10.0; Win64; x64) AppleWebKit/537.36 (KHTML, like Gecko) Chrome/128.0.0.0 Safari/537.36"
191.80.164.71 - - [18/Sep/2024:23:18:35 +0000] "GET /wp-content/themes/Divi/includes/builder/frontend-builder/assets/vendors/plugins/emoticons/plugin.min.js HTTP/1.1" 200 960 "http://loopsostenible2.devuocloud.com/servicios/?et_fb=1&PageSpeed=off" "Mozilla/5.0 (Windows NT 10.0; Win64; x64) AppleWebKit/537.36 (KHTML, like Gecko) Chrome/128.0.0.0 Safari/537.36"
191.80.164.71 - - [18/Sep/2024:23:18:35 +0000] "GET /wp-content/themes/Divi/includes/builder/frontend-builder/assets/vendors/plugins/autoresize/plugin.min.js HTTP/1.1" 200 1237 "http://loopsostenible2.devuocloud.com/servicios/?et_fb=1&PageSpeed=off" "Mozilla/5.0 (Windows NT 10.0; Win64; x64) AppleWebKit/537.36 (KHTML, like Gecko) Chrome/128.0.0.0 Safari/537.36"
191.80.164.71 - - [18/Sep/2024:23:18:35 +0000] "GET /wp-content/themes/Divi/includes/builder/frontend-builder/assets/vendors/tinymce-skin/skin.min.css HTTP/1.1" 200 6997 "http://loopsostenible2.devuocloud.com/servicios/?et_fb=1&PageSpeed=off" "Mozilla/5.0 (Windows NT 10.0; Win64; x64) AppleWebKit/537.36 (KHTML, like Gecko) Chrome/128.0.0.0 Safari/537.36"
191.80.164.71 - - [18/Sep/2024:23:18:35 +0000] "GET /wp-content/themes/Divi/includes/builder/frontend-builder/assets/vendors/tinymce-skin/fonts/tinymce.woff HTTP/1.1" 304 249 "http://loopsostenible2.devuocloud.com/wp-content/themes/Divi/includes/builder/frontend-builder/assets/vendors/tinymce-skin/skin.min.css" "Mozilla/5.0 (Windows NT 10.0; Win64; x64) AppleWebKit/537.36 (KHTML, like Gecko) Chrome/128.0.0.0 Safari/537.36"
191.80.164.71 - - [18/Sep/2024:23:18:52 +0000] "GET /wp-content/themes/Divi/includes/builder/images/no-color.png HTTP/1.1" 304 249 "http://loopsostenible2.devuocloud.com/servicios/?et_fb=1&PageSpeed=off" "Mozilla/5.0 (Windows NT 10.0; Win64; x64) AppleWebKit/537.36 (KHTML, like Gecko) Chrome/128.0.0.0 Safari/537.36"
146.190.157.162 - - [18/Sep/2024:23:18:54 +0000] "POST /wp-cron.php?doing_wp_cron=1726701534.0479869842529296875000 HTTP/1.1" 200 259 "-" "WordPress/6.6.2; http://loopsostenible2.devuocloud.com"
191.80.164.71 - - [18/Sep/2024:23:18:54 +0000] "GET /wp-includes/images/spinner.gif HTTP/1.1" 304 249 "http://loopsostenible2.devuocloud.com/wp-includes/css/media-views.min.css?ver=6.6.2" "Mozilla/5.0 (Windows NT 10.0; Win64; x64) AppleWebKit/537.36 (KHTML, like Gecko) Chrome/128.0.0.0 Safari/537.36"
191.80.164.71 - - [18/Sep/2024:23:18:54 +0000] "POST /wp-admin/admin-ajax.php HTTP/1.1" 200 147078 "http://loopsostenible2.devuocloud.com/servicios/?et_fb=1&PageSpeed=off" "Mozilla/5.0 (Windows NT 10.0; Win64; x64) AppleWebKit/537.36 (KHTML, like Gecko) Chrome/128.0.0.0 Safari/537.36"
191.80.164.71 - - [18/Sep/2024:23:18:55 +0000] "GET /wp-content/uploads/2024/09/cropped-isologo-300x300.png HTTP/1.1" 304 250 "http://loopsostenible2.devuocloud.com/servicios/?et_fb=1&PageSpeed=off" "Mozilla/5.0 (Windows NT 10.0; Win64; x64) AppleWebKit/537.36 (KHTML, like Gecko) Chrome/128.0.0.0 Safari/537.36"
191.80.164.71 - - [18/Sep/2024:23:18:55 +0000] "GET /wp-content/uploads/2024/09/1722529073440-300x225.jpg HTTP/1.1" 304 249 "http://loopsostenible2.devuocloud.com/servicios/?et_fb=1&PageSpeed=off" "Mozilla/5.0 (Windows NT 10.0; Win64; x64) AppleWebKit/537.36 (KHTML, like Gecko) Chrome/128.0.0.0 Safari/537.36"
191.80.164.71 - - [18/Sep/2024:23:18:55 +0000] "GET /wp-content/uploads/2024/09/Screenshot_2023-08-01-22-00-16-880_com.whatsapp-180x300.jpg HTTP/1.1" 304 249 "http://loopsostenible2.devuocloud.com/servicios/?et_fb=1&PageSpeed=off" "Mozilla/5.0 (Windows NT 10.0; Win64; x64) AppleWebKit/537.36 (KHTML, like Gecko) Chrome/128.0.0.0 Safari/537.36"
191.80.164.71 - - [18/Sep/2024:23:18:55 +0000] "GET /wp-content/uploads/2024/09/Tierra-fertil-300x169.jpg HTTP/1.1" 304 250 "http://loopsostenible2.devuocloud.com/servicios/?et_fb=1&PageSpeed=off" "Mozilla/5.0 (Windows NT 10.0; Win64; x64) AppleWebKit/537.36 (KHTML, like Gecko) Chrome/128.0.0.0 Safari/537.36"
191.80.164.71 - - [18/Sep/2024:23:18:55 +0000] "GET /wp-content/uploads/2024/09/Vista_huerta5-169x300.jpg HTTP/1.1" 304 249 "http://loopsostenible2.devuocloud.com/servicios/?et_fb=1&PageSpeed=off" "Mozilla/5.0 (Windows NT 10.0; Win64; x64) AppleWebKit/537.36 (KHTML, like Gecko) Chrome/128.0.0.0 Safari/537.36"
191.80.164.71 - - [18/Sep/2024:23:18:55 +0000] "GET /wp-content/uploads/2024/09/1722529072967-225x300.jpg HTTP/1.1" 304 250 "http://loopsostenible2.devuocloud.com/servicios/?et_fb=1&PageSpeed=off" "Mozilla/5.0 (Windows NT 10.0; Win64; x64) AppleWebKit/537.36 (KHTML, like Gecko) Chrome/128.0.0.0 Safari/537.36"
191.80.164.71 - - [18/Sep/2024:23:18:55 +0000] "GET /wp-content/uploads/2024/09/Vista_huerta1-169x300.jpg HTTP/1.1" 304 250 "http://loopsostenible2.devuocloud.com/servicios/?et_fb=1&PageSpeed=off" "Mozilla/5.0 (Windows NT 10.0; Win64; x64) AppleWebKit/537.36 (KHTML, like Gecko) Chrome/128.0.0.0 Safari/537.36"
191.80.164.71 - - [18/Sep/2024:23:18:55 +0000] "GET /wp-content/uploads/2024/09/Toma-planta-169x300.jpeg HTTP/1.1" 304 250 "http://loopsostenible2.devuocloud.com/servicios/?et_fb=1&PageSpeed=off" "Mozilla/5.0 (Windows NT 10.0; Win64; x64) AppleWebKit/537.36 (KHTML, like Gecko) Chrome/128.0.0.0 Safari/537.36"
191.80.164.71 - - [18/Sep/2024:23:18:55 +0000] "GET /wp-content/uploads/2024/09/image1-150x150.png HTTP/1.1" 304 249 "http://loopsostenible2.devuocloud.com/servicios/?et_fb=1&PageSpeed=off" "Mozilla/5.0 (Windows NT 10.0; Win64; x64) AppleWebKit/537.36 (KHTML, like Gecko) Chrome/128.0.0.0 Safari/537.36"
191.80.164.71 - - [18/Sep/2024:23:18:55 +0000] "GET /wp-content/uploads/2024/09/tierra-con-brotes1-300x169.jpg HTTP/1.1" 304 249 "http://loopsostenible2.devuocloud.com/servicios/?et_fb=1&PageSpeed=off" "Mozilla/5.0 (Windows NT 10.0; Win64; x64) AppleWebKit/537.36 (KHTML, like Gecko) Chrome/128.0.0.0 Safari/537.36"
191.80.164.71 - - [18/Sep/2024:23:18:55 +0000] "GET /wp-content/uploads/2024/09/image7-150x150.png HTTP/1.1" 304 249 "http://loopsostenible2.devuocloud.com/servicios/?et_fb=1&PageSpeed=off" "Mozilla/5.0 (Windows NT 10.0; Win64; x64) AppleWebKit/537.36 (KHTML, like Gecko) Chrome/128.0.0.0 Safari/537.36"
191.80.164.71 - - [18/Sep/2024:23:18:55 +0000] "GET /wp-content/uploads/2024/09/Toma_tieera-vertical-169x300.jpg HTTP/1.1" 304 249 "http://loopsostenible2.devuocloud.com/servicios/?et_fb=1&PageSpeed=off" "Mozilla/5.0 (Windows NT 10.0; Win64; x64) AppleWebKit/537.36 (KHTML, like Gecko) Chrome/128.0.0.0 Safari/537.36"
191.80.164.71 - - [18/Sep/2024:23:18:55 +0000] "GET /wp-content/uploads/2024/09/image8-150x150.png HTTP/1.1" 304 249 "http://loopsostenible2.devuocloud.com/servicios/?et_fb=1&PageSpeed=off" "Mozilla/5.0 (Windows NT 10.0; Win64; x64) AppleWebKit/537.36 (KHTML, like Gecko) Chrome/128.0.0.0 Safari/537.36"
191.80.164.71 - - [18/Sep/2024:23:18:55 +0000] "GET /wp-content/uploads/2024/09/Tomateras5-169x300.jpeg HTTP/1.1" 304 249 "http://loopsostenible2.devuocloud.com/servicios/?et_fb=1&PageSpeed=off" "Mozilla/5.0 (Windows NT 10.0; Win64; x64) AppleWebKit/537.36 (KHTML, like Gecko) Chrome/128.0.0.0 Safari/537.36"
191.80.164.71 - - [18/Sep/2024:23:18:55 +0000] "GET /wp-content/uploads/2024/09/Vista_cosecha5-169x300.jpg HTTP/1.1" 304 249 "http://loopsostenible2.devuocloud.com/servicios/?et_fb=1&PageSpeed=off" "Mozilla/5.0 (Windows NT 10.0; Win64; x64) AppleWebKit/537.36 (KHTML, like Gecko) Chrome/128.0.0.0 Safari/537.36"
191.80.164.71 - - [18/Sep/2024:23:18:55 +0000] "GET /wp-content/uploads/2024/09/toma_tierra-300x169.jpg HTTP/1.1" 304 249 "http://loopsostenible2.devuocloud.com/servicios/?et_fb=1&PageSpeed=off" "Mozilla/5.0 (Windows NT 10.0; Win64; x64) AppleWebKit/537.36 (KHTML, like Gecko) Chrome/128.0.0.0 Safari/537.36"
191.80.164.71 - - [18/Sep/2024:23:18:55 +0000] "GET /wp-content/uploads/2024/09/Vista_huerta9-300x169.jpg HTTP/1.1" 304 249 "http://loopsostenible2.devuocloud.com/servicios/?et_fb=1&PageSpeed=off" "Mozilla/5.0 (Windows NT 10.0; Win64; x64) AppleWebKit/537.36 (KHTML, like Gecko) Chrome/128.0.0.0 Safari/537.36"
191.80.164.71 - - [18/Sep/2024:23:18:55 +0000] "GET /wp-content/uploads/2024/09/Vista_huerta3-169x300.jpg HTTP/1.1" 304 249 "http://loopsostenible2.devuocloud.com/servicios/?et_fb=1&PageSpeed=off" "Mozilla/5.0 (Windows NT 10.0; Win64; x64) AppleWebKit/537.36 (KHTML, like Gecko) Chrome/128.0.0.0 Safari/537.36"
191.80.164.71 - - [18/Sep/2024:23:18:55 +0000] "GET /wp-content/uploads/2024/09/Vista_cosecha14-300x169.jpg HTTP/1.1" 304 249 "http://loopsostenible2.devuocloud.com/servicios/?et_fb=1&PageSpeed=off" "Mozilla/5.0 (Windows NT 10.0; Win64; x64) AppleWebKit/537.36 (KHTML, like Gecko) Chrome/128.0.0.0 Safari/537.36"
191.80.164.71 - - [18/Sep/2024:23:18:55 +0000] "GET /wp-content/uploads/2024/09/image3-150x150.png HTTP/1.1" 304 249 "http://loopsostenible2.devuocloud.com/servicios/?et_fb=1&PageSpeed=off" "Mozilla/5.0 (Windows NT 10.0; Win64; x64) AppleWebKit/537.36 (KHTML, like Gecko) Chrome/128.0.0.0 Safari/537.36"
191.80.164.71 - - [18/Sep/2024:23:18:56 +0000] "GET /wp-content/uploads/2024/09/Toma_tieera-con-brotes-169x300.jpeg HTTP/1.1" 304 249 "http://loopsostenible2.devuocloud.com/servicios/?et_fb=1&PageSpeed=off" "Mozilla/5.0 (Windows NT 10.0; Win64; x64) AppleWebKit/537.36 (KHTML, like Gecko) Chrome/128.0.0.0 Safari/537.36"
191.80.164.71 - - [18/Sep/2024:23:18:56 +0000] "GET /wp-content/uploads/2024/09/image5-300x199.jpg HTTP/1.1" 304 249 "http://loopsostenible2.devuocloud.com/servicios/?et_fb=1&PageSpeed=off" "Mozilla/5.0 (Windows NT 10.0; Win64; x64) AppleWebKit/537.36 (KHTML, like Gecko) Chrome/128.0.0.0 Safari/537.36"
191.80.164.71 - - [18/Sep/2024:23:18:56 +0000] "GET /wp-content/uploads/2024/09/image6-150x150.png HTTP/1.1" 304 249 "http://loopsostenible2.devuocloud.com/servicios/?et_fb=1&PageSpeed=off" "Mozilla/5.0 (Windows NT 10.0; Win64; x64) AppleWebKit/537.36 (KHTML, like Gecko) Chrome/128.0.0.0 Safari/537.36"
191.80.164.71 - - [18/Sep/2024:23:18:56 +0000] "GET /wp-content/uploads/2024/09/Tierra-con-brotes3-300x169.jpg HTTP/1.1" 304 249 "http://loopsostenible2.devuocloud.com/servicios/?et_fb=1&PageSpeed=off" "Mozilla/5.0 (Windows NT 10.0; Win64; x64) AppleWebKit/537.36 (KHTML, like Gecko) Chrome/128.0.0.0 Safari/537.36"
191.80.164.71 - - [18/Sep/2024:23:18:56 +0000] "GET /wp-content/uploads/2024/09/Vista_cosecha6-169x300.jpg HTTP/1.1" 304 249 "http://loopsostenible2.devuocloud.com/servicios/?et_fb=1&PageSpeed=off" "Mozilla/5.0 (Windows NT 10.0; Win64; x64) AppleWebKit/537.36 (KHTML, like Gecko) Chrome/128.0.0.0 Safari/537.36"
191.80.164.71 - - [18/Sep/2024:23:18:56 +0000] "GET /wp-content/uploads/2024/09/Preparativos_siembra5-169x300.jpg HTTP/1.1" 304 249 "http://loopsostenible2.devuocloud.com/servicios/?et_fb=1&PageSpeed=off" "Mozilla/5.0 (Windows NT 10.0; Win64; x64) AppleWebKit/537.36 (KHTML, like Gecko) Chrome/128.0.0.0 Safari/537.36"
191.80.164.71 - - [18/Sep/2024:23:18:56 +0000] "GET /wp-content/uploads/2024/09/1722529072721-300x225.jpg HTTP/1.1" 304 249 "http://loopsostenible2.devuocloud.com/servicios/?et_fb=1&PageSpeed=off" "Mozilla/5.0 (Windows NT 10.0; Win64; x64) AppleWebKit/537.36 (KHTML, like Gecko) Chrome/128.0.0.0 Safari/537.36"
191.80.164.71 - - [18/Sep/2024:23:18:56 +0000] "GET /wp-content/uploads/2024/09/Siembra-300x169.jpg HTTP/1.1" 304 249 "http://loopsostenible2.devuocloud.com/servicios/?et_fb=1&PageSpeed=off" "Mozilla/5.0 (Windows NT 10.0; Win64; x64) AppleWebKit/537.36 (KHTML, like Gecko) Chrome/128.0.0.0 Safari/537.36"
191.80.164.71 - - [18/Sep/2024:23:18:56 +0000] "GET /wp-content/uploads/2024/09/Simebra-al-piso-169x300.jpeg HTTP/1.1" 304 249 "http://loopsostenible2.devuocloud.com/servicios/?et_fb=1&PageSpeed=off" "Mozilla/5.0 (Windows NT 10.0; Win64; x64) AppleWebKit/537.36 (KHTML, like Gecko) Chrome/128.0.0.0 Safari/537.36"
191.80.164.71 - - [18/Sep/2024:23:18:56 +0000] "GET /wp-content/uploads/2024/09/image2-150x150.png HTTP/1.1" 304 249 "http://loopsostenible2.devuocloud.com/servicios/?et_fb=1&PageSpeed=off" "Mozilla/5.0 (Windows NT 10.0; Win64; x64) AppleWebKit/537.36 (KHTML, like Gecko) Chrome/128.0.0.0 Safari/537.36"
191.80.164.71 - - [18/Sep/2024:23:18:56 +0000] "GET /wp-content/uploads/2024/09/Tierra_siembra_1-169x300.jpg HTTP/1.1" 304 249 "http://loopsostenible2.devuocloud.com/servicios/?et_fb=1&PageSpeed=off" "Mozilla/5.0 (Windows NT 10.0; Win64; x64) AppleWebKit/537.36 (KHTML, like Gecko) Chrome/128.0.0.0 Safari/537.36"
191.80.164.71 - - [18/Sep/2024:23:18:56 +0000] "GET /wp-content/uploads/2024/09/Toma_cajon_grande-en-accion-169x300.jpg HTTP/1.1" 304 249 "http://loopsostenible2.devuocloud.com/servicios/?et_fb=1&PageSpeed=off" "Mozilla/5.0 (Windows NT 10.0; Win64; x64) AppleWebKit/537.36 (KHTML, like Gecko) Chrome/128.0.0.0 Safari/537.36"
191.80.164.71 - - [18/Sep/2024:23:18:56 +0000] "GET /wp-content/uploads/2024/09/Tomates-en-la-planta-225x300.jpg HTTP/1.1" 304 249 "http://loopsostenible2.devuocloud.com/servicios/?et_fb=1&PageSpeed=off" "Mozilla/5.0 (Windows NT 10.0; Win64; x64) AppleWebKit/537.36 (KHTML, like Gecko) Chrome/128.0.0.0 Safari/537.36"
191.80.164.71 - - [18/Sep/2024:23:18:56 +0000] "GET /wp-content/uploads/2024/09/Toma-cosecha-de-compost-169x300.jpeg HTTP/1.1" 304 249 "http://loopsostenible2.devuocloud.com/servicios/?et_fb=1&PageSpeed=off" "Mozilla/5.0 (Windows NT 10.0; Win64; x64) AppleWebKit/537.36 (KHTML, like Gecko) Chrome/128.0.0.0 Safari/537.36"
191.80.164.71 - - [18/Sep/2024:23:18:56 +0000] "GET /wp-content/uploads/2024/09/Tomates-en-flor-169x300.jpeg HTTP/1.1" 304 249 "http://loopsostenible2.devuocloud.com/servicios/?et_fb=1&PageSpeed=off" "Mozilla/5.0 (Windows NT 10.0; Win64; x64) AppleWebKit/537.36 (KHTML, like Gecko) Chrome/128.0.0.0 Safari/537.36"
191.80.164.71 - - [18/Sep/2024:23:18:56 +0000] "GET /wp-content/uploads/2024/09/Vista_huerto2-169x300.jpg HTTP/1.1" 304 249 "http://loopsostenible2.devuocloud.com/servicios/?et_fb=1&PageSpeed=off" "Mozilla/5.0 (Windows NT 10.0; Win64; x64) AppleWebKit/537.36 (KHTML, like Gecko) Chrome/128.0.0.0 Safari/537.36"
191.80.164.71 - - [18/Sep/2024:23:18:56 +0000] "GET /wp-content/uploads/2024/09/Vista_huerta7-169x300.jpg HTTP/1.1" 304 249 "http://loopsostenible2.devuocloud.com/servicios/?et_fb=1&PageSpeed=off" "Mozilla/5.0 (Windows NT 10.0; Win64; x64) AppleWebKit/537.36 (KHTML, like Gecko) Chrome/128.0.0.0 Safari/537.36"
191.80.164.71 - - [18/Sep/2024:23:18:56 +0000] "GET /wp-content/uploads/2024/09/Tierra-siembra-a-la-vist-300x169.jpg HTTP/1.1" 304 249 "http://loopsostenible2.devuocloud.com/servicios/?et_fb=1&PageSpeed=off" "Mozilla/5.0 (Windows NT 10.0; Win64; x64) AppleWebKit/537.36 (KHTML, like Gecko) Chrome/128.0.0.0 Safari/537.36"
191.80.164.71 - - [18/Sep/2024:23:18:56 +0000] "GET /wp-content/uploads/2024/09/Vista_cosecha11-300x169.jpg HTTP/1.1" 304 249 "http://loopsostenible2.devuocloud.com/servicios/?et_fb=1&PageSpeed=off" "Mozilla/5.0 (Windows NT 10.0; Win64; x64) AppleWebKit/537.36 (KHTML, like Gecko) Chrome/128.0.0.0 Safari/537.36"
191.80.164.71 - - [18/Sep/2024:23:18:56 +0000] "GET /wp-content/uploads/2024/09/Vista_cosecha10-300x169.jpg HTTP/1.1" 304 249 "http://loopsostenible2.devuocloud.com/servicios/?et_fb=1&PageSpeed=off" "Mozilla/5.0 (Windows NT 10.0; Win64; x64) AppleWebKit/537.36 (KHTML, like Gecko) Chrome/128.0.0.0 Safari/537.36"
191.80.164.71 - - [18/Sep/2024:23:18:56 +0000] "GET /wp-content/uploads/2024/09/Vista_cosecha12-300x169.jpg HTTP/1.1" 304 249 "http://loopsostenible2.devuocloud.com/servicios/?et_fb=1&PageSpeed=off" "Mozilla/5.0 (Windows NT 10.0; Win64; x64) AppleWebKit/537.36 (KHTML, like Gecko) Chrome/128.0.0.0 Safari/537.36"
191.80.164.71 - - [18/Sep/2024:23:18:56 +0000] "GET /wp-content/uploads/2024/09/1722529073402-300x225.jpg HTTP/1.1" 304 249 "http://loopsostenible2.devuocloud.com/servicios/?et_fb=1&PageSpeed=off" "Mozilla/5.0 (Windows NT 10.0; Win64; x64) AppleWebKit/537.36 (KHTML, like Gecko) Chrome/128.0.0.0 Safari/537.36"
191.80.164.71 - - [18/Sep/2024:23:18:56 +0000] "GET /wp-content/uploads/2024/09/1722529073363-300x225.jpg HTTP/1.1" 304 249 "http://loopsostenible2.devuocloud.com/servicios/?et_fb=1&PageSpeed=off" "Mozilla/5.0 (Windows NT 10.0; Win64; x64) AppleWebKit/537.36 (KHTML, like Gecko) Chrome/128.0.0.0 Safari/537.36"
191.80.164.71 - - [18/Sep/2024:23:18:56 +0000] "GET /wp-content/uploads/2024/09/1722529073327-300x225.jpg HTTP/1.1" 304 249 "http://loopsostenible2.devuocloud.com/servicios/?et_fb=1&PageSpeed=off" "Mozilla/5.0 (Windows NT 10.0; Win64; x64) AppleWebKit/537.36 (KHTML, like Gecko) Chrome/128.0.0.0 Safari/537.36"
191.80.164.71 - - [18/Sep/2024:23:18:57 +0000] "GET /wp-content/uploads/2024/09/1722529073290-300x225.jpg HTTP/1.1" 304 249 "http://loopsostenible2.devuocloud.com/servicios/?et_fb=1&PageSpeed=off" "Mozilla/5.0 (Windows NT 10.0; Win64; x64) AppleWebKit/537.36 (KHTML, like Gecko) Chrome/128.0.0.0 Safari/537.36"
191.80.164.71 - - [18/Sep/2024:23:18:57 +0000] "GET /wp-content/uploads/2024/09/Preparativos_siembra3-169x300.jpg HTTP/1.1" 304 249 "http://loopsostenible2.devuocloud.com/servicios/?et_fb=1&PageSpeed=off" "Mozilla/5.0 (Windows NT 10.0; Win64; x64) AppleWebKit/537.36 (KHTML, like Gecko) Chrome/128.0.0.0 Safari/537.36"
191.80.164.71 - - [18/Sep/2024:23:18:57 +0000] "GET /wp-content/uploads/2024/09/Preparativos_siembra2-169x300.jpg HTTP/1.1" 304 249 "http://loopsostenible2.devuocloud.com/servicios/?et_fb=1&PageSpeed=off" "Mozilla/5.0 (Windows NT 10.0; Win64; x64) AppleWebKit/537.36 (KHTML, like Gecko) Chrome/128.0.0.0 Safari/537.36"
191.80.164.71 - - [18/Sep/2024:23:18:57 +0000] "GET /wp-content/uploads/2024/09/Preparativos_siembra1-169x300.jpg HTTP/1.1" 304 249 "http://loopsostenible2.devuocloud.com/servicios/?et_fb=1&PageSpeed=off" "Mozilla/5.0 (Windows NT 10.0; Win64; x64) AppleWebKit/537.36 (KHTML, like Gecko) Chrome/128.0.0.0 Safari/537.36"
191.80.164.71 - - [18/Sep/2024:23:18:57 +0000] "GET /wp-content/uploads/2024/09/Preparativo_siembra3-169x300.jpg HTTP/1.1" 304 249 "http://loopsostenible2.devuocloud.com/servicios/?et_fb=1&PageSpeed=off" "Mozilla/5.0 (Windows NT 10.0; Win64; x64) AppleWebKit/537.36 (KHTML, like Gecko) Chrome/128.0.0.0 Safari/537.36"
191.80.164.71 - - [18/Sep/2024:23:18:57 +0000] "GET /wp-content/uploads/2024/09/planta-verde-169x300.jpg HTTP/1.1" 304 249 "http://loopsostenible2.devuocloud.com/servicios/?et_fb=1&PageSpeed=off" "Mozilla/5.0 (Windows NT 10.0; Win64; x64) AppleWebKit/537.36 (KHTML, like Gecko) Chrome/128.0.0.0 Safari/537.36"
191.80.164.71 - - [18/Sep/2024:23:18:57 +0000] "GET /wp-content/uploads/2024/09/lechugas5-169x300.jpg HTTP/1.1" 304 249 "http://loopsostenible2.devuocloud.com/servicios/?et_fb=1&PageSpeed=off" "Mozilla/5.0 (Windows NT 10.0; Win64; x64) AppleWebKit/537.36 (KHTML, like Gecko) Chrome/128.0.0.0 Safari/537.36"
191.80.164.71 - - [18/Sep/2024:23:18:57 +0000] "GET /wp-content/uploads/2024/09/Lechuga2-169x300.jpg HTTP/1.1" 304 249 "http://loopsostenible2.devuocloud.com/servicios/?et_fb=1&PageSpeed=off" "Mozilla/5.0 (Windows NT 10.0; Win64; x64) AppleWebKit/537.36 (KHTML, like Gecko) Chrome/128.0.0.0 Safari/537.36"
191.80.164.71 - - [18/Sep/2024:23:18:57 +0000] "GET /wp-content/uploads/2024/09/Cosecha5-169x300.jpg HTTP/1.1" 304 249 "http://loopsostenible2.devuocloud.com/servicios/?et_fb=1&PageSpeed=off" "Mozilla/5.0 (Windows NT 10.0; Win64; x64) AppleWebKit/537.36 (KHTML, like Gecko) Chrome/128.0.0.0 Safari/537.36"
191.80.164.71 - - [18/Sep/2024:23:18:57 +0000] "GET /wp-content/uploads/2024/09/Lechuga1-169x300.jpg HTTP/1.1" 304 249 "http://loopsostenible2.devuocloud.com/servicios/?et_fb=1&PageSpeed=off" "Mozilla/5.0 (Windows NT 10.0; Win64; x64) AppleWebKit/537.36 (KHTML, like Gecko) Chrome/128.0.0.0 Safari/537.36"
191.80.164.71 - - [18/Sep/2024:23:18:57 +0000] "GET /wp-content/uploads/2024/09/Cosecha_Zapallo-300x169.jpg HTTP/1.1" 304 249 "http://loopsostenible2.devuocloud.com/servicios/?et_fb=1&PageSpeed=off" "Mozilla/5.0 (Windows NT 10.0; Win64; x64) AppleWebKit/537.36 (KHTML, like Gecko) Chrome/128.0.0.0 Safari/537.36"
191.80.164.71 - - [18/Sep/2024:23:18:57 +0000] "GET /wp-content/uploads/2024/09/Cosecha_tomates6-300x169.jpg HTTP/1.1" 304 249 "http://loopsostenible2.devuocloud.com/servicios/?et_fb=1&PageSpeed=off" "Mozilla/5.0 (Windows NT 10.0; Win64; x64) AppleWebKit/537.36 (KHTML, like Gecko) Chrome/128.0.0.0 Safari/537.36"
191.80.164.71 - - [18/Sep/2024:23:18:57 +0000] "GET /wp-content/uploads/2024/09/Cosecha_tomates3-169x300.jpg HTTP/1.1" 304 249 "http://loopsostenible2.devuocloud.com/servicios/?et_fb=1&PageSpeed=off" "Mozilla/5.0 (Windows NT 10.0; Win64; x64) AppleWebKit/537.36 (KHTML, like Gecko) Chrome/128.0.0.0 Safari/537.36"
191.80.164.71 - - [18/Sep/2024:23:18:57 +0000] "GET /wp-content/uploads/2024/09/Cosecha_tomates5-169x300.jpg HTTP/1.1" 304 249 "http://loopsostenible2.devuocloud.com/servicios/?et_fb=1&PageSpeed=off" "Mozilla/5.0 (Windows NT 10.0; Win64; x64) AppleWebKit/537.36 (KHTML, like Gecko) Chrome/128.0.0.0 Safari/537.36"
191.80.164.71 - - [18/Sep/2024:23:18:57 +0000] "GET /wp-content/uploads/2024/09/Cosecha_tomates1-169x300.jpg HTTP/1.1" 304 249 "http://loopsostenible2.devuocloud.com/servicios/?et_fb=1&PageSpeed=off" "Mozilla/5.0 (Windows NT 10.0; Win64; x64) AppleWebKit/537.36 (KHTML, like Gecko) Chrome/128.0.0.0 Safari/537.36"
191.80.164.71 - - [18/Sep/2024:23:18:57 +0000] "GET /wp-content/uploads/2024/09/Cosecha_Compost1-169x300.jpg HTTP/1.1" 304 249 "http://loopsostenible2.devuocloud.com/servicios/?et_fb=1&PageSpeed=off" "Mozilla/5.0 (Windows NT 10.0; Win64; x64) AppleWebKit/537.36 (KHTML, like Gecko) Chrome/128.0.0.0 Safari/537.36"
191.80.164.71 - - [18/Sep/2024:23:18:57 +0000] "GET /wp-content/uploads/2024/09/Cosecha_berenjenas-169x300.jpg HTTP/1.1" 304 249 "http://loopsostenible2.devuocloud.com/servicios/?et_fb=1&PageSpeed=off" "Mozilla/5.0 (Windows NT 10.0; Win64; x64) AppleWebKit/537.36 (KHTML, like Gecko) Chrome/128.0.0.0 Safari/537.36"
191.80.164.71 - - [18/Sep/2024:23:18:57 +0000] "GET /wp-content/uploads/2024/09/Cosecha_15-169x300.jpg HTTP/1.1" 304 249 "http://loopsostenible2.devuocloud.com/servicios/?et_fb=1&PageSpeed=off" "Mozilla/5.0 (Windows NT 10.0; Win64; x64) AppleWebKit/537.36 (KHTML, like Gecko) Chrome/128.0.0.0 Safari/537.36"
191.80.164.71 - - [18/Sep/2024:23:18:57 +0000] "GET /wp-content/uploads/2024/09/Cosecha_2-169x300.jpg HTTP/1.1" 304 249 "http://loopsostenible2.devuocloud.com/servicios/?et_fb=1&PageSpeed=off" "Mozilla/5.0 (Windows NT 10.0; Win64; x64) AppleWebKit/537.36 (KHTML, like Gecko) Chrome/128.0.0.0 Safari/537.36"
191.80.164.71 - - [18/Sep/2024:23:18:57 +0000] "GET /wp-content/uploads/2024/09/Cosecha_5-300x169.jpg HTTP/1.1" 304 249 "http://loopsostenible2.devuocloud.com/servicios/?et_fb=1&PageSpeed=off" "Mozilla/5.0 (Windows NT 10.0; Win64; x64) AppleWebKit/537.36 (KHTML, like Gecko) Chrome/128.0.0.0 Safari/537.36"
191.80.164.71 - - [18/Sep/2024:23:18:57 +0000] "GET /wp-content/uploads/2024/09/Cosecha-verde-225x300.jpg HTTP/1.1" 304 249 "http://loopsostenible2.devuocloud.com/servicios/?et_fb=1&PageSpeed=off" "Mozilla/5.0 (Windows NT 10.0; Win64; x64) AppleWebKit/537.36 (KHTML, like Gecko) Chrome/128.0.0.0 Safari/537.36"
191.80.164.71 - - [18/Sep/2024:23:18:57 +0000] "GET /wp-content/uploads/2024/09/Cosecha_01-169x300.jpg HTTP/1.1" 304 249 "http://loopsostenible2.devuocloud.com/servicios/?et_fb=1&PageSpeed=off" "Mozilla/5.0 (Windows NT 10.0; Win64; x64) AppleWebKit/537.36 (KHTML, like Gecko) Chrome/128.0.0.0 Safari/537.36"
191.80.164.71 - - [18/Sep/2024:23:18:57 +0000] "GET /wp-content/uploads/2024/09/Compost4-300x225.jpg HTTP/1.1" 304 249 "http://loopsostenible2.devuocloud.com/servicios/?et_fb=1&PageSpeed=off" "Mozilla/5.0 (Windows NT 10.0; Win64; x64) AppleWebKit/537.36 (KHTML, like Gecko) Chrome/128.0.0.0 Safari/537.36"
191.80.164.71 - - [18/Sep/2024:23:18:57 +0000] "GET /wp-content/uploads/2024/09/Compost3-300x225.jpg HTTP/1.1" 304 249 "http://loopsostenible2.devuocloud.com/servicios/?et_fb=1&PageSpeed=off" "Mozilla/5.0 (Windows NT 10.0; Win64; x64) AppleWebKit/537.36 (KHTML, like Gecko) Chrome/128.0.0.0 Safari/537.36"
191.80.164.71 - - [18/Sep/2024:23:18:58 +0000] "GET /wp-content/uploads/2024/09/Compost1-300x169.jpg HTTP/1.1" 304 249 "http://loopsostenible2.devuocloud.com/servicios/?et_fb=1&PageSpeed=off" "Mozilla/5.0 (Windows NT 10.0; Win64; x64) AppleWebKit/537.36 (KHTML, like Gecko) Chrome/128.0.0.0 Safari/537.36"
191.80.164.71 - - [18/Sep/2024:23:18:58 +0000] "GET /wp-content/uploads/2024/09/Compost-300x169.jpg HTTP/1.1" 304 249 "http://loopsostenible2.devuocloud.com/servicios/?et_fb=1&PageSpeed=off" "Mozilla/5.0 (Windows NT 10.0; Win64; x64) AppleWebKit/537.36 (KHTML, like Gecko) Chrome/128.0.0.0 Safari/537.36"
191.80.164.71 - - [18/Sep/2024:23:18:58 +0000] "GET /wp-content/uploads/2024/09/cajon_siembra_pequeno16-169x300.jpeg HTTP/1.1" 304 249 "http://loopsostenible2.devuocloud.com/servicios/?et_fb=1&PageSpeed=off" "Mozilla/5.0 (Windows NT 10.0; Win64; x64) AppleWebKit/537.36 (KHTML, like Gecko) Chrome/128.0.0.0 Safari/537.36"
191.80.164.71 - - [18/Sep/2024:23:18:58 +0000] "GET /wp-content/uploads/2024/09/calabazas-300x169.jpg HTTP/1.1" 304 249 "http://loopsostenible2.devuocloud.com/servicios/?et_fb=1&PageSpeed=off" "Mozilla/5.0 (Windows NT 10.0; Win64; x64) AppleWebKit/537.36 (KHTML, like Gecko) Chrome/128.0.0.0 Safari/537.36"
191.80.164.71 - - [18/Sep/2024:23:18:58 +0000] "GET /wp-content/uploads/2024/09/Cajon_siembra_pequeno9-300x169.jpg HTTP/1.1" 304 249 "http://loopsostenible2.devuocloud.com/servicios/?et_fb=1&PageSpeed=off" "Mozilla/5.0 (Windows NT 10.0; Win64; x64) AppleWebKit/537.36 (KHTML, like Gecko) Chrome/128.0.0.0 Safari/537.36"
191.80.164.71 - - [18/Sep/2024:23:18:58 +0000] "GET /wp-content/uploads/2024/09/Cajon_siembra_pequeno8-300x169.jpg HTTP/1.1" 304 249 "http://loopsostenible2.devuocloud.com/servicios/?et_fb=1&PageSpeed=off" "Mozilla/5.0 (Windows NT 10.0; Win64; x64) AppleWebKit/537.36 (KHTML, like Gecko) Chrome/128.0.0.0 Safari/537.36"
191.80.164.71 - - [18/Sep/2024:23:18:58 +0000] "GET /wp-content/uploads/2024/09/Cajon_siembra_pequeno7-169x300.jpg HTTP/1.1" 304 249 "http://loopsostenible2.devuocloud.com/servicios/?et_fb=1&PageSpeed=off" "Mozilla/5.0 (Windows NT 10.0; Win64; x64) AppleWebKit/537.36 (KHTML, like Gecko) Chrome/128.0.0.0 Safari/537.36"
191.80.164.71 - - [18/Sep/2024:23:18:58 +0000] "GET /wp-content/uploads/2024/09/Cajon_siembra_pequeno6-169x300.jpg HTTP/1.1" 304 249 "http://loopsostenible2.devuocloud.com/servicios/?et_fb=1&PageSpeed=off" "Mozilla/5.0 (Windows NT 10.0; Win64; x64) AppleWebKit/537.36 (KHTML, like Gecko) Chrome/128.0.0.0 Safari/537.36"
191.80.164.71 - - [18/Sep/2024:23:18:58 +0000] "GET /wp-content/uploads/2024/09/Cajon_siembra_pequeno3-169x300.jpg HTTP/1.1" 304 249 "http://loopsostenible2.devuocloud.com/servicios/?et_fb=1&PageSpeed=off" "Mozilla/5.0 (Windows NT 10.0; Win64; x64) AppleWebKit/537.36 (KHTML, like Gecko) Chrome/128.0.0.0 Safari/537.36"
191.80.164.71 - - [18/Sep/2024:23:18:58 +0000] "GET /wp-content/uploads/2024/09/Cajon_siembra_pequeno5-169x300.jpg HTTP/1.1" 304 249 "http://loopsostenible2.devuocloud.com/servicios/?et_fb=1&PageSpeed=off" "Mozilla/5.0 (Windows NT 10.0; Win64; x64) AppleWebKit/537.36 (KHTML, like Gecko) Chrome/128.0.0.0 Safari/537.36"
191.80.164.71 - - [18/Sep/2024:23:18:58 +0000] "GET /wp-content/uploads/2024/09/Cajon_siembra_pequeno2-300x169.jpg HTTP/1.1" 304 249 "http://loopsostenible2.devuocloud.com/servicios/?et_fb=1&PageSpeed=off" "Mozilla/5.0 (Windows NT 10.0; Win64; x64) AppleWebKit/537.36 (KHTML, like Gecko) Chrome/128.0.0.0 Safari/537.36"
191.80.164.71 - - [18/Sep/2024:23:18:58 +0000] "GET /wp-content/uploads/2024/09/Cajon_siembra_pequeno-300x169.jpg HTTP/1.1" 304 249 "http://loopsostenible2.devuocloud.com/servicios/?et_fb=1&PageSpeed=off" "Mozilla/5.0 (Windows NT 10.0; Win64; x64) AppleWebKit/537.36 (KHTML, like Gecko) Chrome/128.0.0.0 Safari/537.36"
191.80.164.71 - - [18/Sep/2024:23:19:04 +0000] "GET /wp-includes/images/uploader-icons.png HTTP/1.1" 304 249 "http://loopsostenible2.devuocloud.com/wp-includes/css/media-views.min.css?ver=6.6.2" "Mozilla/5.0 (Windows NT 10.0; Win64; x64) AppleWebKit/537.36 (KHTML, like Gecko) Chrome/128.0.0.0 Safari/537.36"
191.80.164.71 - - [18/Sep/2024:23:19:05 +0000] "GET /wp-content/uploads/2024/09/calabazas-scaled.jpg HTTP/1.1" 200 731287 "http://loopsostenible2.devuocloud.com/servicios/?et_fb=1&PageSpeed=off" "Mozilla/5.0 (Windows NT 10.0; Win64; x64) AppleWebKit/537.36 (KHTML, like Gecko) Chrome/128.0.0.0 Safari/537.36"
191.80.164.71 - - [18/Sep/2024:23:19:11 +0000] "POST /wp-admin/admin-ajax.php HTTP/1.1" 200 1052 "-" "Mozilla/5.0 (Windows NT 10.0; Win64; x64) AppleWebKit/537.36 (KHTML, like Gecko) Chrome/128.0.0.0 Safari/537.36"
146.190.157.162 - - [18/Sep/2024:23:20:11 +0000] "POST /wp-cron.php?doing_wp_cron=1726701611.9535241127014160156250 HTTP/1.1" 200 259 "-" "WordPress/6.6.2; http://loopsostenible2.devuocloud.com"
191.80.164.71 - - [18/Sep/2024:23:20:11 +0000] "POST /wp-admin/admin-ajax.php HTTP/1.1" 200 811 "-" "Mozilla/5.0 (Windows NT 10.0; Win64; x64) AppleWebKit/537.36 (KHTML, like Gecko) Chrome/128.0.0.0 Safari/537.36"
191.80.164.71 - - [18/Sep/2024:23:20:12 +0000] "POST /wp-admin/admin-ajax.php HTTP/1.1" 200 582 "-" "Mozilla/5.0 (Windows NT 10.0; Win64; x64) AppleWebKit/537.36 (KHTML, like Gecko) Chrome/128.0.0.0 Safari/537.36"
191.80.164.71 - - [18/Sep/2024:23:20:15 +0000] "POST /wp-admin/admin-ajax.php HTTP/1.1" 200 612 "http://loopsostenible2.devuocloud.com/wp-admin/edit.php?post_type=page" "Mozilla/5.0 (Windows NT 10.0; Win64; x64) AppleWebKit/537.36 (KHTML, like Gecko) Chrome/128.0.0.0 Safari/537.36"
191.80.164.71 - - [18/Sep/2024:23:20:33 +0000] "POST /wp-admin/admin-ajax.php HTTP/1.1" 200 657 "-" "Mozilla/5.0 (Windows NT 10.0; Win64; x64) AppleWebKit/537.36 (KHTML, like Gecko) Chrome/128.0.0.0 Safari/537.36"
191.80.164.71 - - [18/Sep/2024:23:20:38 +0000] "POST /wp-admin/admin-ajax.php HTTP/1.1" 200 612 "http://loopsostenible2.devuocloud.com/wp-admin/edit.php?post_type=page" "Mozilla/5.0 (Windows NT 10.0; Win64; x64) AppleWebKit/537.36 (KHTML, like Gecko) Chrome/128.0.0.0 Safari/537.36"
191.80.164.71 - - [18/Sep/2024:23:20:40 +0000] "GET /servicios/ HTTP/1.1" 200 25722 "http://loopsostenible2.devuocloud.com/wp-admin/edit.php?post_type=page" "Mozilla/5.0 (Windows NT 10.0; Win64; x64) AppleWebKit/537.36 (KHTML, like Gecko) Chrome/128.0.0.0 Safari/537.36"
191.80.164.71 - - [18/Sep/2024:23:20:42 +0000] "GET /wp-content/uploads/2024/09/1722529073363-2048x1536.jpg HTTP/1.1" 304 250 "http://loopsostenible2.devuocloud.com/servicios/" "Mozilla/5.0 (Windows NT 10.0; Win64; x64) AppleWebKit/537.36 (KHTML, like Gecko) Chrome/128.0.0.0 Safari/537.36"
191.80.164.71 - - [18/Sep/2024:23:20:53 +0000] "POST /wp-admin/admin-ajax.php HTTP/1.1" 200 613 "http://loopsostenible2.devuocloud.com/wp-admin/edit.php?post_type=page" "Mozilla/5.0 (Windows NT 10.0; Win64; x64) AppleWebKit/537.36 (KHTML, like Gecko) Chrome/128.0.0.0 Safari/537.36"
146.190.157.162 - - [18/Sep/2024:23:21:09 +0000] "POST /wp-cron.php?doing_wp_cron=1726701669.5708730220794677734375 HTTP/1.1" 200 259 "-" "WordPress/6.6.2; http://loopsostenible2.devuocloud.com"
191.80.164.71 - - [18/Sep/2024:23:21:09 +0000] "POST /wp-admin/admin-ajax.php HTTP/1.1" 200 613 "http://loopsostenible2.devuocloud.com/wp-admin/edit.php?post_type=page" "Mozilla/5.0 (Windows NT 10.0; Win64; x64) AppleWebKit/537.36 (KHTML, like Gecko) Chrome/128.0.0.0 Safari/537.36"
191.80.164.71 - - [18/Sep/2024:23:21:12 +0000] "POST /wp-admin/admin-ajax.php HTTP/1.1" 200 33433 "-" "Mozilla/5.0 (Windows NT 10.0; Win64; x64) AppleWebKit/537.36 (KHTML, like Gecko) Chrome/128.0.0.0 Safari/537.36"
191.80.164.71 - - [18/Sep/2024:23:21:48 +0000] "POST /wp-admin/admin-ajax.php HTTP/1.1" 200 657 "-" "Mozilla/5.0 (Windows NT 10.0; Win64; x64) AppleWebKit/537.36 (KHTML, like Gecko) Chrome/128.0.0.0 Safari/537.36"
146.190.157.162 - - [18/Sep/2024:23:22:13 +0000] "POST /wp-cron.php?doing_wp_cron=1726701733.8920080661773681640625 HTTP/1.1" 200 259 "-" "WordPress/6.6.2; http://loopsostenible2.devuocloud.com"
191.80.164.71 - - [18/Sep/2024:23:22:13 +0000] "POST /wp-admin/admin-ajax.php HTTP/1.1" 200 33894 "-" "Mozilla/5.0 (Windows NT 10.0; Win64; x64) AppleWebKit/537.36 (KHTML, like Gecko) Chrome/128.0.0.0 Safari/537.36"
146.190.157.162 - - [18/Sep/2024:23:23:10 +0000] "POST /wp-cron.php?doing_wp_cron=1726701790.5666840076446533203125 HTTP/1.1" 200 259 "-" "WordPress/6.6.2; http://loopsostenible2.devuocloud.com"
191.80.164.71 - - [18/Sep/2024:23:23:10 +0000] "POST /wp-admin/admin-ajax.php HTTP/1.1" 200 613 "http://loopsostenible2.devuocloud.com/wp-admin/edit.php?post_type=page" "Mozilla/5.0 (Windows NT 10.0; Win64; x64) AppleWebKit/537.36 (KHTML, like Gecko) Chrome/128.0.0.0 Safari/537.36"
191.80.164.71 - - [18/Sep/2024:23:23:45 +0000] "POST /wp-admin/admin-ajax.php HTTP/1.1" 200 613 "http://loopsostenible2.devuocloud.com/wp-admin/edit.php?post_type=page" "Mozilla/5.0 (Windows NT 10.0; Win64; x64) AppleWebKit/537.36 (KHTML, like Gecko) Chrome/128.0.0.0 Safari/537.36"
191.80.164.71 - - [18/Sep/2024:23:23:53 +0000] "GET /wp-admin/nav-menus.php HTTP/1.1" 200 24279 "http://loopsostenible2.devuocloud.com/wp-admin/edit.php?post_type=page" "Mozilla/5.0 (Windows NT 10.0; Win64; x64) AppleWebKit/537.36 (KHTML, like Gecko) Chrome/128.0.0.0 Safari/537.36"
191.80.164.71 - - [18/Sep/2024:23:23:54 +0000] "GET /wp-admin/js/nav-menu.min.js?ver=6.6.2 HTTP/1.1" 200 7767 "http://loopsostenible2.devuocloud.com/wp-admin/nav-menus.php" "Mozilla/5.0 (Windows NT 10.0; Win64; x64) AppleWebKit/537.36 (KHTML, like Gecko) Chrome/128.0.0.0 Safari/537.36"
191.80.164.71 - - [18/Sep/2024:23:23:54 +0000] "GET /wp-includes/js/wp-ajax-response.min.js?ver=6.6.2 HTTP/1.1" 200 1435 "http://loopsostenible2.devuocloud.com/wp-admin/nav-menus.php" "Mozilla/5.0 (Windows NT 10.0; Win64; x64) AppleWebKit/537.36 (KHTML, like Gecko) Chrome/128.0.0.0 Safari/537.36"
191.80.164.71 - - [18/Sep/2024:23:23:54 +0000] "GET /wp-includes/js/jquery/jquery.color.min.js?ver=2.2.0 HTTP/1.1" 200 3249 "http://loopsostenible2.devuocloud.com/wp-admin/nav-menus.php" "Mozilla/5.0 (Windows NT 10.0; Win64; x64) AppleWebKit/537.36 (KHTML, like Gecko) Chrome/128.0.0.0 Safari/537.36"
191.80.164.71 - - [18/Sep/2024:23:23:54 +0000] "GET /wp-includes/js/jquery/ui/droppable.min.js?ver=1.13.3 HTTP/1.1" 200 2397 "http://loopsostenible2.devuocloud.com/wp-admin/nav-menus.php" "Mozilla/5.0 (Windows NT 10.0; Win64; x64) AppleWebKit/537.36 (KHTML, like Gecko) Chrome/128.0.0.0 Safari/537.36"
191.80.164.71 - - [18/Sep/2024:23:23:54 +0000] "GET /wp-includes/js/wp-lists.min.js?ver=6.6.2 HTTP/1.1" 200 2879 "http://loopsostenible2.devuocloud.com/wp-admin/nav-menus.php" "Mozilla/5.0 (Windows NT 10.0; Win64; x64) AppleWebKit/537.36 (KHTML, like Gecko) Chrome/128.0.0.0 Safari/537.36"
191.80.164.71 - - [18/Sep/2024:23:23:54 +0000] "GET /wp-admin/js/accordion.min.js?ver=6.6.2 HTTP/1.1" 200 748 "http://loopsostenible2.devuocloud.com/wp-admin/nav-menus.php" "Mozilla/5.0 (Windows NT 10.0; Win64; x64) AppleWebKit/537.36 (KHTML, like Gecko) Chrome/128.0.0.0 Safari/537.36"
191.80.164.71 - - [18/Sep/2024:23:23:54 +0000] "GET /wp-admin/images/spinner.gif HTTP/1.1" 304 248 "http://loopsostenible2.devuocloud.com/wp-admin/load-styles.php?c=0&dir=ltr&load%5Bchunk_0%5D=dashicons,admin-bar,common,forms,admin-menu,dashboard,list-tables,edit,revisions,media,themes,about,nav-menus,wp-pointer,widgets&load%5Bchunk_1%5D=,site-icon,l10n,buttons,wp-auth-check&ver=6.6.2" "Mozilla/5.0 (Windows NT 10.0; Win64; x64) AppleWebKit/537.36 (KHTML, like Gecko) Chrome/128.0.0.0 Safari/537.36"
146.190.157.162 - - [18/Sep/2024:23:24:11 +0000] "POST /wp-cron.php?doing_wp_cron=1726701851.6605329513549804687500 HTTP/1.1" 200 259 "-" "WordPress/6.6.2; http://loopsostenible2.devuocloud.com"
191.80.164.71 - - [18/Sep/2024:23:24:11 +0000] "POST /wp-admin/admin-ajax.php HTTP/1.1" 200 2735 "http://loopsostenible2.devuocloud.com/wp-admin/nav-menus.php" "Mozilla/5.0 (Windows NT 10.0; Win64; x64) AppleWebKit/537.36 (KHTML, like Gecko) Chrome/128.0.0.0 Safari/537.36"
191.80.164.71 - - [18/Sep/2024:23:24:14 +0000] "POST /wp-admin/admin-ajax.php HTTP/1.1" 200 937 "-" "Mozilla/5.0 (Windows NT 10.0; Win64; x64) AppleWebKit/537.36 (KHTML, like Gecko) Chrome/128.0.0.0 Safari/537.36"
146.190.157.162 - - [18/Sep/2024:23:24:55 +0000] "POST /wp-cron.php?doing_wp_cron=1726701895.3591289520263671875000 HTTP/1.1" 200 259 "-" "WordPress/6.6.2; http://loopsostenible2.devuocloud.com"
191.80.164.71 - - [18/Sep/2024:23:24:55 +0000] "POST /wp-admin/admin-ajax.php HTTP/1.1" 200 613 "http://loopsostenible2.devuocloud.com/wp-admin/nav-menus.php" "Mozilla/5.0 (Windows NT 10.0; Win64; x64) AppleWebKit/537.36 (KHTML, like Gecko) Chrome/128.0.0.0 Safari/537.36"
191.80.164.71 - - [18/Sep/2024:23:25:02 +0000] "POST /wp-admin/admin-ajax.php HTTP/1.1" 200 2024 "http://loopsostenible2.devuocloud.com/wp-admin/nav-menus.php" "Mozilla/5.0 (Windows NT 10.0; Win64; x64) AppleWebKit/537.36 (KHTML, like Gecko) Chrome/128.0.0.0 Safari/537.36"
191.80.164.71 - - [18/Sep/2024:23:25:07 +0000] "POST /wp-admin/nav-menus.php HTTP/1.1" 200 24239 "http://loopsostenible2.devuocloud.com/wp-admin/nav-menus.php" "Mozilla/5.0 (Windows NT 10.0; Win64; x64) AppleWebKit/537.36 (KHTML, like Gecko) Chrome/128.0.0.0 Safari/537.36"
191.80.164.71 - - [18/Sep/2024:23:25:09 +0000] "POST /wp-admin/nav-menus.php HTTP/1.1" 200 24238 "http://loopsostenible2.devuocloud.com/wp-admin/nav-menus.php" "Mozilla/5.0 (Windows NT 10.0; Win64; x64) AppleWebKit/537.36 (KHTML, like Gecko) Chrome/128.0.0.0 Safari/537.36"
191.80.164.71 - - [18/Sep/2024:23:25:14 +0000] "POST /wp-admin/admin-ajax.php HTTP/1.1" 200 729 "-" "Mozilla/5.0 (Windows NT 10.0; Win64; x64) AppleWebKit/537.36 (KHTML, like Gecko) Chrome/128.0.0.0 Safari/537.36"
191.80.164.71 - - [18/Sep/2024:23:25:14 +0000] "POST /wp-admin/admin-ajax.php HTTP/1.1" 200 656 "-" "Mozilla/5.0 (Windows NT 10.0; Win64; x64) AppleWebKit/537.36 (KHTML, like Gecko) Chrome/128.0.0.0 Safari/537.36"
191.80.164.71 - - [18/Sep/2024:23:25:19 +0000] "POST /wp-admin/admin-ajax.php HTTP/1.1" 200 581 "-" "Mozilla/5.0 (Windows NT 10.0; Win64; x64) AppleWebKit/537.36 (KHTML, like Gecko) Chrome/128.0.0.0 Safari/537.36"
191.80.164.71 - - [18/Sep/2024:23:25:19 +0000] "GET /servicios/?et_fb=1&PageSpeed=off HTTP/1.1" 200 86100 "http://loopsostenible2.devuocloud.com/wp-admin/edit.php?post_type=page" "Mozilla/5.0 (Windows NT 10.0; Win64; x64) AppleWebKit/537.36 (KHTML, like Gecko) Chrome/128.0.0.0 Safari/537.36"
191.80.164.71 - - [18/Sep/2024:23:25:22 +0000] "GET /wp-content/et-cache/es_ES/helpers-page-17267019203527.js?ver=4.9.1 HTTP/1.1" 200 75418 "-" "Mozilla/5.0 (Windows NT 10.0; Win64; x64) AppleWebKit/537.36 (KHTML, like Gecko) Chrome/128.0.0.0 Safari/537.36"
191.80.164.71 - - [18/Sep/2024:23:25:22 +0000] "GET /wp-content/et-cache/es_ES/definitions-page-17267019204892.js?ver=4.9.1 HTTP/1.1" 200 205526 "-" "Mozilla/5.0 (Windows NT 10.0; Win64; x64) AppleWebKit/537.36 (KHTML, like Gecko) Chrome/128.0.0.0 Safari/537.36"
191.80.164.71 - - [18/Sep/2024:23:25:24 +0000] "GET /?et_pb_preview=true&et_pb_preview_nonce=de69f864fe&iframe_id=et-fb-preview-1726701923133-835 HTTP/1.1" 200 15932 "-" "Mozilla/5.0 (Windows NT 10.0; Win64; x64) AppleWebKit/537.36 (KHTML, like Gecko) Chrome/128.0.0.0 Safari/537.36"
191.80.164.71 - - [18/Sep/2024:23:25:24 +0000] "POST /wp-admin/admin-ajax.php?lang=es_ES HTTP/1.1" 200 772 "-" "Mozilla/5.0 (Windows NT 10.0; Win64; x64) AppleWebKit/537.36 (KHTML, like Gecko) Chrome/128.0.0.0 Safari/537.36"
191.80.164.71 - - [18/Sep/2024:23:25:25 +0000] "POST /?et_pb_preview=true&et_pb_preview_nonce=de69f864fe&iframe_id=et-fb-preview-1726701923133-835 HTTP/1.1" 200 17398 "http://loopsostenible2.devuocloud.com/?et_pb_preview=true&et_pb_preview_nonce=de69f864fe&iframe_id=et-fb-preview-1726701923133-835" "Mozilla/5.0 (Windows NT 10.0; Win64; x64) AppleWebKit/537.36 (KHTML, like Gecko) Chrome/128.0.0.0 Safari/537.36"
191.80.164.71 - - [18/Sep/2024:23:25:38 +0000] "POST /wp-admin/admin-ajax.php HTTP/1.1" 200 2040 "http://loopsostenible2.devuocloud.com/wp-admin/nav-menus.php" "Mozilla/5.0 (Windows NT 10.0; Win64; x64) AppleWebKit/537.36 (KHTML, like Gecko) Chrome/128.0.0.0 Safari/537.36"
146.190.157.162 - - [18/Sep/2024:23:26:11 +0000] "POST /wp-cron.php?doing_wp_cron=1726701971.5746650695800781250000 HTTP/1.1" 200 259 "-" "WordPress/6.6.2; http://loopsostenible2.devuocloud.com"
191.80.164.71 - - [18/Sep/2024:23:26:11 +0000] "POST /wp-admin/admin-ajax.php HTTP/1.1" 200 613 "http://loopsostenible2.devuocloud.com/wp-admin/nav-menus.php" "Mozilla/5.0 (Windows NT 10.0; Win64; x64) AppleWebKit/537.36 (KHTML, like Gecko) Chrome/128.0.0.0 Safari/537.36"
191.80.164.71 - - [18/Sep/2024:23:26:22 +0000] "POST /wp-admin/admin-ajax.php HTTP/1.1" 200 938 "-" "Mozilla/5.0 (Windows NT 10.0; Win64; x64) AppleWebKit/537.36 (KHTML, like Gecko) Chrome/128.0.0.0 Safari/537.36"
191.80.164.71 - - [18/Sep/2024:23:26:50 +0000] "POST /wp-admin/admin-ajax.php HTTP/1.1" 200 2066 "http://loopsostenible2.devuocloud.com/wp-admin/nav-menus.php" "Mozilla/5.0 (Windows NT 10.0; Win64; x64) AppleWebKit/537.36 (KHTML, like Gecko) Chrome/128.0.0.0 Safari/537.36"
146.190.157.162 - - [18/Sep/2024:23:27:11 +0000] "POST /wp-cron.php?doing_wp_cron=1726702031.5720140933990478515625 HTTP/1.1" 200 259 "-" "WordPress/6.6.2; http://loopsostenible2.devuocloud.com"
191.80.164.71 - - [18/Sep/2024:23:27:11 +0000] "POST /wp-admin/admin-ajax.php HTTP/1.1" 200 613 "http://loopsostenible2.devuocloud.com/wp-admin/nav-menus.php" "Mozilla/5.0 (Windows NT 10.0; Win64; x64) AppleWebKit/537.36 (KHTML, like Gecko) Chrome/128.0.0.0 Safari/537.36"
191.80.164.71 - - [18/Sep/2024:23:27:12 +0000] "POST /wp-admin/admin-ajax.php HTTP/1.1" 200 2054 "http://loopsostenible2.devuocloud.com/wp-admin/nav-menus.php" "Mozilla/5.0 (Windows NT 10.0; Win64; x64) AppleWebKit/537.36 (KHTML, like Gecko) Chrome/128.0.0.0 Safari/537.36"
191.80.164.71 - - [18/Sep/2024:23:27:35 +0000] "POST /wp-admin/admin-ajax.php HTTP/1.1" 200 2055 "http://loopsostenible2.devuocloud.com/wp-admin/nav-menus.php" "Mozilla/5.0 (Windows NT 10.0; Win64; x64) AppleWebKit/537.36 (KHTML, like Gecko) Chrome/128.0.0.0 Safari/537.36"
191.80.164.71 - - [18/Sep/2024:23:27:42 +0000] "POST /wp-admin/nav-menus.php HTTP/1.1" 200 25252 "http://loopsostenible2.devuocloud.com/wp-admin/nav-menus.php" "Mozilla/5.0 (Windows NT 10.0; Win64; x64) AppleWebKit/537.36 (KHTML, like Gecko) Chrome/128.0.0.0 Safari/537.36"
191.80.164.71 - - [18/Sep/2024:23:27:45 +0000] "POST /wp-admin/admin-ajax.php HTTP/1.1" 200 729 "-" "Mozilla/5.0 (Windows NT 10.0; Win64; x64) AppleWebKit/537.36 (KHTML, like Gecko) Chrome/128.0.0.0 Safari/537.36"
191.80.164.71 - - [18/Sep/2024:23:27:47 +0000] "POST /wp-admin/admin-ajax.php HTTP/1.1" 200 581 "-" "Mozilla/5.0 (Windows NT 10.0; Win64; x64) AppleWebKit/537.36 (KHTML, like Gecko) Chrome/128.0.0.0 Safari/537.36"
191.80.164.71 - - [18/Sep/2024:23:27:47 +0000] "GET /servicios/?et_fb=1&PageSpeed=off HTTP/1.1" 200 85605 "http://loopsostenible2.devuocloud.com/wp-admin/edit.php?post_type=page" "Mozilla/5.0 (Windows NT 10.0; Win64; x64) AppleWebKit/537.36 (KHTML, like Gecko) Chrome/128.0.0.0 Safari/537.36"
191.80.164.71 - - [18/Sep/2024:23:27:48 +0000] "GET /wp-content/et-cache/13/et-core-unified-cpt-tb-for-1414-13-17267019198378.min.css HTTP/1.1" 200 839 "http://loopsostenible2.devuocloud.com/servicios/?et_fb=1&PageSpeed=off" "Mozilla/5.0 (Windows NT 10.0; Win64; x64) AppleWebKit/537.36 (KHTML, like Gecko) Chrome/128.0.0.0 Safari/537.36"
191.80.164.71 - - [18/Sep/2024:23:27:49 +0000] "GET /wp-content/et-cache/193/et-core-unified-cpt-tb-for-1414-193-17267019198378.min.css HTTP/1.1" 200 689 "http://loopsostenible2.devuocloud.com/servicios/?et_fb=1&PageSpeed=off" "Mozilla/5.0 (Windows NT 10.0; Win64; x64) AppleWebKit/537.36 (KHTML, like Gecko) Chrome/128.0.0.0 Safari/537.36"
191.80.164.71 - - [18/Sep/2024:23:27:49 +0000] "GET /wp-content/et-cache/es_ES/helpers-page-17267020678681.js?ver=4.9.1 HTTP/1.1" 200 75418 "-" "Mozilla/5.0 (Windows NT 10.0; Win64; x64) AppleWebKit/537.36 (KHTML, like Gecko) Chrome/128.0.0.0 Safari/537.36"
191.80.164.71 - - [18/Sep/2024:23:27:49 +0000] "GET /wp-content/et-cache/es_ES/definitions-page-17267020679832.js?ver=4.9.1 HTTP/1.1" 200 205526 "-" "Mozilla/5.0 (Windows NT 10.0; Win64; x64) AppleWebKit/537.36 (KHTML, like Gecko) Chrome/128.0.0.0 Safari/537.36"
191.80.164.71 - - [18/Sep/2024:23:27:51 +0000] "POST /wp-admin/admin-ajax.php?lang=es_ES HTTP/1.1" 200 771 "-" "Mozilla/5.0 (Windows NT 10.0; Win64; x64) AppleWebKit/537.36 (KHTML, like Gecko) Chrome/128.0.0.0 Safari/537.36"
191.80.164.71 - - [18/Sep/2024:23:27:51 +0000] "GET /?et_pb_preview=true&et_pb_preview_nonce=de69f864fe&iframe_id=et-fb-preview-1726702070240-174 HTTP/1.1" 200 15932 "-" "Mozilla/5.0 (Windows NT 10.0; Win64; x64) AppleWebKit/537.36 (KHTML, like Gecko) Chrome/128.0.0.0 Safari/537.36"
191.80.164.71 - - [18/Sep/2024:23:27:52 +0000] "POST /?et_pb_preview=true&et_pb_preview_nonce=de69f864fe&iframe_id=et-fb-preview-1726702070240-174 HTTP/1.1" 200 17398 "http://loopsostenible2.devuocloud.com/?et_pb_preview=true&et_pb_preview_nonce=de69f864fe&iframe_id=et-fb-preview-1726702070240-174" "Mozilla/5.0 (Windows NT 10.0; Win64; x64) AppleWebKit/537.36 (KHTML, like Gecko) Chrome/128.0.0.0 Safari/537.36"
146.190.157.162 - - [18/Sep/2024:23:28:13 +0000] "POST /wp-cron.php?doing_wp_cron=1726702093.8648889064788818359375 HTTP/1.1" 200 259 "-" "WordPress/6.6.2; http://loopsostenible2.devuocloud.com"
191.80.164.71 - - [18/Sep/2024:23:28:13 +0000] "GET /wp-admin/edit.php?post_type=page HTTP/1.1" 200 25239 "http://loopsostenible2.devuocloud.com/wp-admin/nav-menus.php" "Mozilla/5.0 (Windows NT 10.0; Win64; x64) AppleWebKit/537.36 (KHTML, like Gecko) Chrome/128.0.0.0 Safari/537.36"
191.80.164.71 - - [18/Sep/2024:23:28:14 +0000] "POST /wp-admin/admin-ajax.php HTTP/1.1" 200 612 "http://loopsostenible2.devuocloud.com/wp-admin/edit.php?post_type=page" "Mozilla/5.0 (Windows NT 10.0; Win64; x64) AppleWebKit/537.36 (KHTML, like Gecko) Chrome/128.0.0.0 Safari/537.36"
191.80.164.71 - - [18/Sep/2024:23:28:49 +0000] "POST /wp-admin/admin-ajax.php HTTP/1.1" 200 938 "-" "Mozilla/5.0 (Windows NT 10.0; Win64; x64) AppleWebKit/537.36 (KHTML, like Gecko) Chrome/128.0.0.0 Safari/537.36"
146.190.157.162 - - [18/Sep/2024:23:29:57 +0000] "POST /wp-cron.php?doing_wp_cron=1726702197.9886789321899414062500 HTTP/1.1" 200 259 "-" "WordPress/6.6.2; http://loopsostenible2.devuocloud.com"
191.80.164.71 - - [18/Sep/2024:23:29:57 +0000] "POST /wp-admin/admin-ajax.php HTTP/1.1" 200 730 "-" "Mozilla/5.0 (Windows NT 10.0; Win64; x64) AppleWebKit/537.36 (KHTML, like Gecko) Chrome/128.0.0.0 Safari/537.36"
191.80.164.71 - - [18/Sep/2024:23:30:15 +0000] "POST /wp-admin/admin-ajax.php HTTP/1.1" 200 613 "http://loopsostenible2.devuocloud.com/wp-admin/edit.php?post_type=page" "Mozilla/5.0 (Windows NT 10.0; Win64; x64) AppleWebKit/537.36 (KHTML, like Gecko) Chrome/128.0.0.0 Safari/537.36"
191.80.164.71 - - [18/Sep/2024:23:30:31 +0000] "POST /wp-admin/admin-ajax.php HTTP/1.1" 200 613 "http://loopsostenible2.devuocloud.com/wp-admin/edit.php?post_type=page" "Mozilla/5.0 (Windows NT 10.0; Win64; x64) AppleWebKit/537.36 (KHTML, like Gecko) Chrome/128.0.0.0 Safari/537.36"
146.190.157.162 - - [18/Sep/2024:23:30:58 +0000] "POST /wp-cron.php?doing_wp_cron=1726702258.4302730560302734375000 HTTP/1.1" 200 259 "-" "WordPress/6.6.2; http://loopsostenible2.devuocloud.com"
191.80.164.71 - - [18/Sep/2024:23:30:58 +0000] "POST /wp-admin/admin-ajax.php HTTP/1.1" 200 938 "-" "Mozilla/5.0 (Windows NT 10.0; Win64; x64) AppleWebKit/537.36 (KHTML, like Gecko) Chrome/128.0.0.0 Safari/537.36"
146.190.157.162 - - [18/Sep/2024:23:31:53 +0000] "POST /wp-cron.php?doing_wp_cron=1726702313.2098259925842285156250 HTTP/1.1" 200 259 "-" "WordPress/6.6.2; http://loopsostenible2.devuocloud.com"
191.80.164.71 - - [18/Sep/2024:23:31:53 +0000] "POST /wp-admin/admin-ajax.php HTTP/1.1" 200 147079 "http://loopsostenible2.devuocloud.com/servicios/?et_fb=1&PageSpeed=off" "Mozilla/5.0 (Windows NT 10.0; Win64; x64) AppleWebKit/537.36 (KHTML, like Gecko) Chrome/128.0.0.0 Safari/537.36"
146.190.157.162 - - [18/Sep/2024:23:31:58 +0000] "POST /wp-cron.php?doing_wp_cron=1726702318.6740400791168212890625 HTTP/1.1" 200 259 "-" "WordPress/6.6.2; http://loopsostenible2.devuocloud.com"
191.80.164.71 - - [18/Sep/2024:23:31:58 +0000] "POST /wp-admin/admin-ajax.php HTTP/1.1" 200 810 "-" "Mozilla/5.0 (Windows NT 10.0; Win64; x64) AppleWebKit/537.36 (KHTML, like Gecko) Chrome/128.0.0.0 Safari/537.36"
191.80.164.71 - - [18/Sep/2024:23:32:32 +0000] "POST /wp-admin/admin-ajax.php HTTP/1.1" 200 613 "http://loopsostenible2.devuocloud.com/wp-admin/edit.php?post_type=page" "Mozilla/5.0 (Windows NT 10.0; Win64; x64) AppleWebKit/537.36 (KHTML, like Gecko) Chrome/128.0.0.0 Safari/537.36"
191.80.164.71 - - [18/Sep/2024:23:32:45 +0000] "POST /wp-admin/admin-ajax.php HTTP/1.1" 200 657 "-" "Mozilla/5.0 (Windows NT 10.0; Win64; x64) AppleWebKit/537.36 (KHTML, like Gecko) Chrome/128.0.0.0 Safari/537.36"
