191.80.164.71 - - [18/Sep/2024:19:27:13 +0000] "POST /wp-admin/admin-ajax.php?lang=es_ES HTTP/1.1" 200 771 "http://loopsostenible2.devuocloud.com/et_footer_layout/theme-builder-layout/?et_fb=1&PageSpeed=off&et_tb=1" "Mozilla/5.0 (Windows NT 10.0; Win64; x64) AppleWebKit/537.36 (KHTML, like Gecko) Chrome/128.0.0.0 Safari/537.36"
191.80.164.71 - - [18/Sep/2024:19:27:19 +0000] "POST /wp-admin/admin-ajax.php HTTP/1.1" 200 45145 "-" "Mozilla/5.0 (Windows NT 10.0; Win64; x64) AppleWebKit/537.36 (KHTML, like Gecko) Chrome/128.0.0.0 Safari/537.36"
191.80.164.71 - - [18/Sep/2024:19:27:27 +0000] "POST /wp-admin/admin-ajax.php HTTP/1.1" 200 613 "http://loopsostenible2.devuocloud.com/wp-admin/admin.php?page=et_divi_options" "Mozilla/5.0 (Windows NT 10.0; Win64; x64) AppleWebKit/537.36 (KHTML, like Gecko) Chrome/128.0.0.0 Safari/537.36"
191.80.164.71 - - [18/Sep/2024:19:27:49 +0000] "POST /wp-admin/admin-ajax.php HTTP/1.1" 200 809 "http://loopsostenible2.devuocloud.com/et_footer_layout/theme-builder-layout/?et_fb=1&PageSpeed=off&et_tb=1" "Mozilla/5.0 (Windows NT 10.0; Win64; x64) AppleWebKit/537.36 (KHTML, like Gecko) Chrome/128.0.0.0 Safari/537.36"
146.190.157.162 - - [18/Sep/2024:19:28:07 +0000] "POST /wp-cron.php?doing_wp_cron=1726687687.5778450965881347656250 HTTP/1.1" 200 259 "-" "WordPress/6.6.2; http://loopsostenible2.devuocloud.com"
191.80.164.71 - - [18/Sep/2024:19:28:07 +0000] "POST /wp-admin/admin-ajax.php HTTP/1.1" 200 613 "http://loopsostenible2.devuocloud.com/wp-admin/admin.php?page=et_theme_builder" "Mozilla/5.0 (Windows NT 10.0; Win64; x64) AppleWebKit/537.36 (KHTML, like Gecko) Chrome/128.0.0.0 Safari/537.36"
191.80.164.71 - - [18/Sep/2024:19:28:49 +0000] "POST /wp-admin/admin-ajax.php HTTP/1.1" 200 810 "http://loopsostenible2.devuocloud.com/et_footer_layout/theme-builder-layout/?et_fb=1&PageSpeed=off&et_tb=1" "Mozilla/5.0 (Windows NT 10.0; Win64; x64) AppleWebKit/537.36 (KHTML, like Gecko) Chrome/128.0.0.0 Safari/537.36"
191.80.164.71 - - [18/Sep/2024:19:28:53 +0000] "POST /wp-admin/admin-ajax.php HTTP/1.1" 200 656 "http://loopsostenible2.devuocloud.com/et_footer_layout/theme-builder-layout/?et_fb=1&PageSpeed=off&et_tb=1" "Mozilla/5.0 (Windows NT 10.0; Win64; x64) AppleWebKit/537.36 (KHTML, like Gecko) Chrome/128.0.0.0 Safari/537.36"
146.190.157.162 - - [18/Sep/2024:19:28:54 +0000] "POST /wp-cron.php?doing_wp_cron=1726687734.8290350437164306640625 HTTP/1.1" 200 259 "-" "WordPress/6.6.2; http://loopsostenible2.devuocloud.com"
191.80.164.71 - - [18/Sep/2024:19:28:54 +0000] "POST /wp-admin/admin-ajax.php HTTP/1.1" 200 819 "http://loopsostenible2.devuocloud.com/et_footer_layout/theme-builder-layout/?et_fb=1&PageSpeed=off&et_tb=1" "Mozilla/5.0 (Windows NT 10.0; Win64; x64) AppleWebKit/537.36 (KHTML, like Gecko) Chrome/128.0.0.0 Safari/537.36"
191.80.164.71 - - [18/Sep/2024:19:29:01 +0000] "POST /wp-admin/admin-ajax.php HTTP/1.1" 200 6199 "http://loopsostenible2.devuocloud.com/wp-admin/admin.php?page=et_theme_builder" "Mozilla/5.0 (Windows NT 10.0; Win64; x64) AppleWebKit/537.36 (KHTML, like Gecko) Chrome/128.0.0.0 Safari/537.36"
191.80.164.71 - - [18/Sep/2024:19:29:03 +0000] "POST /wp-admin/admin-ajax.php HTTP/1.1" 200 729 "-" "Mozilla/5.0 (Windows NT 10.0; Win64; x64) AppleWebKit/537.36 (KHTML, like Gecko) Chrome/128.0.0.0 Safari/537.36"
191.80.164.71 - - [18/Sep/2024:19:29:07 +0000] "POST /wp-admin/admin-ajax.php HTTP/1.1" 200 612 "http://loopsostenible2.devuocloud.com/wp-admin/admin.php?page=et_theme_builder" "Mozilla/5.0 (Windows NT 10.0; Win64; x64) AppleWebKit/537.36 (KHTML, like Gecko) Chrome/128.0.0.0 Safari/537.36"
191.80.164.71 - - [18/Sep/2024:19:29:14 +0000] "POST /wp-admin/admin-ajax.php HTTP/1.1" 200 657 "-" "Mozilla/5.0 (Windows NT 10.0; Win64; x64) AppleWebKit/537.36 (KHTML, like Gecko) Chrome/128.0.0.0 Safari/537.36"
191.80.164.71 - - [18/Sep/2024:19:29:21 +0000] "GET /wp-includes/js/tinymce/skins/wordpress/wp-content.css HTTP/1.1" 200 2952 "-" "Mozilla/5.0 (Windows NT 10.0; Win64; x64) AppleWebKit/537.36 (KHTML, like Gecko) Chrome/128.0.0.0 Safari/537.36"
191.80.164.71 - - [18/Sep/2024:19:29:21 +0000] "GET /wp-content/themes/Divi/includes/builder/frontend-builder/assets/vendors/tinymce-skin/content.min.css HTTP/1.1" 200 1407 "-" "Mozilla/5.0 (Windows NT 10.0; Win64; x64) AppleWebKit/537.36 (KHTML, like Gecko) Chrome/128.0.0.0 Safari/537.36"
191.80.164.71 - - [18/Sep/2024:19:29:28 +0000] "POST /wp-admin/admin-ajax.php HTTP/1.1" 200 613 "http://loopsostenible2.devuocloud.com/wp-admin/admin.php?page=et_divi_options" "Mozilla/5.0 (Windows NT 10.0; Win64; x64) AppleWebKit/537.36 (KHTML, like Gecko) Chrome/128.0.0.0 Safari/537.36"
146.190.157.162 - - [18/Sep/2024:19:30:03 +0000] "POST /wp-cron.php?doing_wp_cron=1726687803.7398018836975097656250 HTTP/1.1" 200 259 "-" "WordPress/6.6.2; http://loopsostenible2.devuocloud.com"
191.80.164.71 - - [18/Sep/2024:19:30:03 +0000] "POST /wp-admin/admin-ajax.php HTTP/1.1" 200 45239 "-" "Mozilla/5.0 (Windows NT 10.0; Win64; x64) AppleWebKit/537.36 (KHTML, like Gecko) Chrome/128.0.0.0 Safari/537.36"
146.190.157.162 - - [18/Sep/2024:19:30:59 +0000] "POST /wp-cron.php?doing_wp_cron=1726687859.9744439125061035156250 HTTP/1.1" 200 259 "-" "WordPress/6.6.2; http://loopsostenible2.devuocloud.com"
191.80.164.71 - - [18/Sep/2024:19:30:59 +0000] "POST /wp-admin/admin-ajax.php HTTP/1.1" 200 657 "-" "Mozilla/5.0 (Windows NT 10.0; Win64; x64) AppleWebKit/537.36 (KHTML, like Gecko) Chrome/128.0.0.0 Safari/537.36"
191.80.164.71 - - [18/Sep/2024:19:31:03 +0000] "POST /wp-admin/admin-ajax.php HTTP/1.1" 200 45425 "-" "Mozilla/5.0 (Windows NT 10.0; Win64; x64) AppleWebKit/537.36 (KHTML, like Gecko) Chrome/128.0.0.0 Safari/537.36"
191.80.164.71 - - [18/Sep/2024:19:31:07 +0000] "POST /wp-admin/admin-ajax.php HTTP/1.1" 200 612 "http://loopsostenible2.devuocloud.com/wp-admin/admin.php?page=et_theme_builder" "Mozilla/5.0 (Windows NT 10.0; Win64; x64) AppleWebKit/537.36 (KHTML, like Gecko) Chrome/128.0.0.0 Safari/537.36"
191.80.164.71 - - [18/Sep/2024:19:31:29 +0000] "POST /wp-admin/admin-ajax.php HTTP/1.1" 200 613 "http://loopsostenible2.devuocloud.com/wp-admin/admin.php?page=et_divi_options" "Mozilla/5.0 (Windows NT 10.0; Win64; x64) AppleWebKit/537.36 (KHTML, like Gecko) Chrome/128.0.0.0 Safari/537.36"
146.190.157.162 - - [18/Sep/2024:19:32:04 +0000] "POST /wp-cron.php?doing_wp_cron=1726687924.6955130100250244140625 HTTP/1.1" 200 259 "-" "WordPress/6.6.2; http://loopsostenible2.devuocloud.com"
191.80.164.71 - - [18/Sep/2024:19:32:04 +0000] "POST /wp-admin/admin-ajax.php HTTP/1.1" 200 936 "-" "Mozilla/5.0 (Windows NT 10.0; Win64; x64) AppleWebKit/537.36 (KHTML, like Gecko) Chrome/128.0.0.0 Safari/537.36"
146.190.157.162 - - [18/Sep/2024:19:33:07 +0000] "POST /wp-cron.php?doing_wp_cron=1726687987.6552400588989257812500 HTTP/1.1" 200 259 "-" "WordPress/6.6.2; http://loopsostenible2.devuocloud.com"
191.80.164.71 - - [18/Sep/2024:19:33:07 +0000] "POST /wp-admin/admin-ajax.php HTTP/1.1" 200 613 "http://loopsostenible2.devuocloud.com/wp-admin/admin.php?page=et_theme_builder" "Mozilla/5.0 (Windows NT 10.0; Win64; x64) AppleWebKit/537.36 (KHTML, like Gecko) Chrome/128.0.0.0 Safari/537.36"
191.80.164.71 - - [18/Sep/2024:19:33:30 +0000] "POST /wp-admin/admin-ajax.php HTTP/1.1" 200 613 "http://loopsostenible2.devuocloud.com/wp-admin/admin.php?page=et_divi_options" "Mozilla/5.0 (Windows NT 10.0; Win64; x64) AppleWebKit/537.36 (KHTML, like Gecko) Chrome/128.0.0.0 Safari/537.36"
146.190.157.162 - - [18/Sep/2024:19:34:05 +0000] "POST /wp-cron.php?doing_wp_cron=1726688045.8273820877075195312500 HTTP/1.1" 200 259 "-" "WordPress/6.6.2; http://loopsostenible2.devuocloud.com"
191.80.164.71 - - [18/Sep/2024:19:34:05 +0000] "POST /wp-admin/admin-ajax.php HTTP/1.1" 200 936 "-" "Mozilla/5.0 (Windows NT 10.0; Win64; x64) AppleWebKit/537.36 (KHTML, like Gecko) Chrome/128.0.0.0 Safari/537.36"
191.80.164.71 - - [18/Sep/2024:19:34:29 +0000] "POST /wp-admin/admin-ajax.php HTTP/1.1" 200 613 "http://loopsostenible2.devuocloud.com/wp-admin/admin.php?page=et_theme_builder" "Mozilla/5.0 (Windows NT 10.0; Win64; x64) AppleWebKit/537.36 (KHTML, like Gecko) Chrome/128.0.0.0 Safari/537.36"
191.80.164.71 - - [18/Sep/2024:19:34:31 +0000] "POST /wp-admin/admin-ajax.php HTTP/1.1" 200 612 "http://loopsostenible2.devuocloud.com/wp-admin/admin.php?page=et_divi_options" "Mozilla/5.0 (Windows NT 10.0; Win64; x64) AppleWebKit/537.36 (KHTML, like Gecko) Chrome/128.0.0.0 Safari/537.36"
146.190.157.162 - - [18/Sep/2024:19:35:06 +0000] "POST /wp-cron.php?doing_wp_cron=1726688106.6990830898284912109375 HTTP/1.1" 200 259 "-" "WordPress/6.6.2; http://loopsostenible2.devuocloud.com"
191.80.164.71 - - [18/Sep/2024:19:35:06 +0000] "POST /wp-admin/admin-ajax.php HTTP/1.1" 200 936 "-" "Mozilla/5.0 (Windows NT 10.0; Win64; x64) AppleWebKit/537.36 (KHTML, like Gecko) Chrome/128.0.0.0 Safari/537.36"
191.80.164.71 - - [18/Sep/2024:19:35:29 +0000] "POST /wp-admin/admin-ajax.php HTTP/1.1" 200 613 "http://loopsostenible2.devuocloud.com/wp-admin/admin.php?page=et_theme_builder" "Mozilla/5.0 (Windows NT 10.0; Win64; x64) AppleWebKit/537.36 (KHTML, like Gecko) Chrome/128.0.0.0 Safari/537.36"
191.80.164.71 - - [18/Sep/2024:19:35:44 +0000] "POST /wp-admin/admin-ajax.php HTTP/1.1" 200 657 "-" "Mozilla/5.0 (Windows NT 10.0; Win64; x64) AppleWebKit/537.36 (KHTML, like Gecko) Chrome/128.0.0.0 Safari/537.36"
146.190.157.162 - - [18/Sep/2024:19:35:55 +0000] "POST /wp-cron.php?doing_wp_cron=1726688155.1196680068969726562500 HTTP/1.1" 200 259 "-" "WordPress/6.6.2; http://loopsostenible2.devuocloud.com"
191.80.164.71 - - [18/Sep/2024:19:35:54 +0000] "POST /wp-admin/admin-ajax.php HTTP/1.1" 200 657 "-" "Mozilla/5.0 (Windows NT 10.0; Win64; x64) AppleWebKit/537.36 (KHTML, like Gecko) Chrome/128.0.0.0 Safari/537.36"
191.80.164.71 - - [18/Sep/2024:19:36:00 +0000] "POST /wp-admin/admin-ajax.php HTTP/1.1" 200 581 "-" "Mozilla/5.0 (Windows NT 10.0; Win64; x64) AppleWebKit/537.36 (KHTML, like Gecko) Chrome/128.0.0.0 Safari/537.36"
191.80.164.71 - - [18/Sep/2024:19:36:00 +0000] "GET /?et_fb=1&PageSpeed=off HTTP/1.1" 200 84652 "http://loopsostenible2.devuocloud.com/wp-admin/edit.php?post_type=page" "Mozilla/5.0 (Windows NT 10.0; Win64; x64) AppleWebKit/537.36 (KHTML, like Gecko) Chrome/128.0.0.0 Safari/537.36"
191.80.164.71 - - [18/Sep/2024:19:36:02 +0000] "GET /wp-includes/css/dashicons.min.css?ver=6.6.2 HTTP/1.1" 200 36068 "http://loopsostenible2.devuocloud.com/?et_fb=1&PageSpeed=off" "Mozilla/5.0 (Windows NT 10.0; Win64; x64) AppleWebKit/537.36 (KHTML, like Gecko) Chrome/128.0.0.0 Safari/537.36"
191.80.164.71 - - [18/Sep/2024:19:36:02 +0000] "GET /wp-includes/css/admin-bar.min.css?ver=6.6.2 HTTP/1.1" 200 4149 "http://loopsostenible2.devuocloud.com/?et_fb=1&PageSpeed=off" "Mozilla/5.0 (Windows NT 10.0; Win64; x64) AppleWebKit/537.36 (KHTML, like Gecko) Chrome/128.0.0.0 Safari/537.36"
191.80.164.71 - - [18/Sep/2024:19:36:02 +0000] "GET /wp-content/plugins/contact-form-7/includes/css/styles.css?ver=5.9.8 HTTP/1.1" 200 1351 "http://loopsostenible2.devuocloud.com/?et_fb=1&PageSpeed=off" "Mozilla/5.0 (Windows NT 10.0; Win64; x64) AppleWebKit/537.36 (KHTML, like Gecko) Chrome/128.0.0.0 Safari/537.36"
191.80.164.71 - - [18/Sep/2024:19:36:02 +0000] "GET /wp-includes/css/dist/block-library/style.min.css?ver=6.6.2 HTTP/1.1" 200 15179 "http://loopsostenible2.devuocloud.com/?et_fb=1&PageSpeed=off" "Mozilla/5.0 (Windows NT 10.0; Win64; x64) AppleWebKit/537.36 (KHTML, like Gecko) Chrome/128.0.0.0 Safari/537.36"
191.80.164.71 - - [18/Sep/2024:19:36:02 +0000] "GET /wp-content/plugins/wordpress-seo/css/dist/adminbar-2340.css HTTP/1.1" 200 1948 "http://loopsostenible2.devuocloud.com/?et_fb=1&PageSpeed=off" "Mozilla/5.0 (Windows NT 10.0; Win64; x64) AppleWebKit/537.36 (KHTML, like Gecko) Chrome/128.0.0.0 Safari/537.36"
191.80.164.71 - - [18/Sep/2024:19:36:02 +0000] "GET /wp-includes/css/buttons.min.css?ver=6.6.2 HTTP/1.1" 200 1808 "http://loopsostenible2.devuocloud.com/?et_fb=1&PageSpeed=off" "Mozilla/5.0 (Windows NT 10.0; Win64; x64) AppleWebKit/537.36 (KHTML, like Gecko) Chrome/128.0.0.0 Safari/537.36"
191.80.164.71 - - [18/Sep/2024:19:36:02 +0000] "GET /wp-includes/js/mediaelement/mediaelementplayer-legacy.min.css?ver=4.2.17 HTTP/1.1" 200 2930 "http://loopsostenible2.devuocloud.com/?et_fb=1&PageSpeed=off" "Mozilla/5.0 (Windows NT 10.0; Win64; x64) AppleWebKit/537.36 (KHTML, like Gecko) Chrome/128.0.0.0 Safari/537.36"
191.80.164.71 - - [18/Sep/2024:19:36:02 +0000] "GET /wp-content/themes/Divi/style.css?ver=4.9.1 HTTP/1.1" 200 83128 "http://loopsostenible2.devuocloud.com/?et_fb=1&PageSpeed=off" "Mozilla/5.0 (Windows NT 10.0; Win64; x64) AppleWebKit/537.36 (KHTML, like Gecko) Chrome/128.0.0.0 Safari/537.36"
191.80.164.71 - - [18/Sep/2024:19:36:02 +0000] "GET /wp-includes/js/mediaelement/wp-mediaelement.min.css?ver=6.6.2 HTTP/1.1" 200 1493 "http://loopsostenible2.devuocloud.com/?et_fb=1&PageSpeed=off" "Mozilla/5.0 (Windows NT 10.0; Win64; x64) AppleWebKit/537.36 (KHTML, like Gecko) Chrome/128.0.0.0 Safari/537.36"
191.80.164.71 - - [18/Sep/2024:19:36:02 +0000] "GET /wp-includes/css/media-views.min.css?ver=6.6.2 HTTP/1.1" 200 9037 "http://loopsostenible2.devuocloud.com/?et_fb=1&PageSpeed=off" "Mozilla/5.0 (Windows NT 10.0; Win64; x64) AppleWebKit/537.36 (KHTML, like Gecko) Chrome/128.0.0.0 Safari/537.36"
191.80.164.71 - - [18/Sep/2024:19:36:02 +0000] "GET /wp-includes/js/imgareaselect/imgareaselect.css?ver=0.9.8 HTTP/1.1" 200 600 "http://loopsostenible2.devuocloud.com/?et_fb=1&PageSpeed=off" "Mozilla/5.0 (Windows NT 10.0; Win64; x64) AppleWebKit/537.36 (KHTML, like Gecko) Chrome/128.0.0.0 Safari/537.36"
191.80.164.71 - - [18/Sep/2024:19:36:02 +0000] "GET /wp-admin/css/color-picker.min.css?ver=6.6.2 HTTP/1.1" 200 1211 "http://loopsostenible2.devuocloud.com/?et_fb=1&PageSpeed=off" "Mozilla/5.0 (Windows NT 10.0; Win64; x64) AppleWebKit/537.36 (KHTML, like Gecko) Chrome/128.0.0.0 Safari/537.36"
191.80.164.71 - - [18/Sep/2024:19:36:02 +0000] "GET /wp-content/themes/Divi/core/admin/css/core.css?ver=4.9.1 HTTP/1.1" 200 4754 "http://loopsostenible2.devuocloud.com/?et_fb=1&PageSpeed=off" "Mozilla/5.0 (Windows NT 10.0; Win64; x64) AppleWebKit/537.36 (KHTML, like Gecko) Chrome/128.0.0.0 Safari/537.36"
191.80.164.71 - - [18/Sep/2024:19:36:03 +0000] "GET /wp-content/themes/Divi/core/admin/css/portability.css?ver=4.9.1 HTTP/1.1" 200 1542 "http://loopsostenible2.devuocloud.com/?et_fb=1&PageSpeed=off" "Mozilla/5.0 (Windows NT 10.0; Win64; x64) AppleWebKit/537.36 (KHTML, like Gecko) Chrome/128.0.0.0 Safari/537.36"
191.80.164.71 - - [18/Sep/2024:19:36:03 +0000] "GET /wp-content/themes/Divi/includes/builder/styles/jquery-ui-1.12.1.custom.css?ver=4.9.1 HTTP/1.1" 200 4716 "http://loopsostenible2.devuocloud.com/?et_fb=1&PageSpeed=off" "Mozilla/5.0 (Windows NT 10.0; Win64; x64) AppleWebKit/537.36 (KHTML, like Gecko) Chrome/128.0.0.0 Safari/537.36"
191.80.164.71 - - [18/Sep/2024:19:36:03 +0000] "GET /wp-content/themes/Divi/includes/builder/frontend-builder/assets/css/failure_modal.css?ver=4.9.1 HTTP/1.1" 200 954 "http://loopsostenible2.devuocloud.com/?et_fb=1&PageSpeed=off" "Mozilla/5.0 (Windows NT 10.0; Win64; x64) AppleWebKit/537.36 (KHTML, like Gecko) Chrome/128.0.0.0 Safari/537.36"
191.80.164.71 - - [18/Sep/2024:19:36:03 +0000] "GET /wp-content/themes/Divi/includes/builder/frontend-builder/build/bundle.css?ver=4.9.1 HTTP/1.1" 200 57115 "http://loopsostenible2.devuocloud.com/?et_fb=1&PageSpeed=off" "Mozilla/5.0 (Windows NT 10.0; Win64; x64) AppleWebKit/537.36 (KHTML, like Gecko) Chrome/128.0.0.0 Safari/537.36"
191.80.164.71 - - [18/Sep/2024:19:36:03 +0000] "GET /wp-content/themes/Divi/includes/builder/styles/notification_popup_styles.css?ver=4.9.1 HTTP/1.1" 200 2192 "http://loopsostenible2.devuocloud.com/?et_fb=1&PageSpeed=off" "Mozilla/5.0 (Windows NT 10.0; Win64; x64) AppleWebKit/537.36 (KHTML, like Gecko) Chrome/128.0.0.0 Safari/537.36"
191.80.164.71 - - [18/Sep/2024:19:36:03 +0000] "GET /wp-includes/js/jquery/jquery-migrate.min.js?ver=3.4.1 HTTP/1.1" 200 5216 "http://loopsostenible2.devuocloud.com/?et_fb=1&PageSpeed=off" "Mozilla/5.0 (Windows NT 10.0; Win64; x64) AppleWebKit/537.36 (KHTML, like Gecko) Chrome/128.0.0.0 Safari/537.36"
191.80.164.71 - - [18/Sep/2024:19:36:03 +0000] "GET /wp-includes/js/jquery/jquery.min.js?ver=3.7.1 HTTP/1.1" 200 30714 "http://loopsostenible2.devuocloud.com/?et_fb=1&PageSpeed=off" "Mozilla/5.0 (Windows NT 10.0; Win64; x64) AppleWebKit/537.36 (KHTML, like Gecko) Chrome/128.0.0.0 Safari/537.36"
191.80.164.71 - - [18/Sep/2024:19:36:03 +0000] "GET /wp-includes/js/utils.min.js?ver=6.6.2 HTTP/1.1" 200 1161 "http://loopsostenible2.devuocloud.com/?et_fb=1&PageSpeed=off" "Mozilla/5.0 (Windows NT 10.0; Win64; x64) AppleWebKit/537.36 (KHTML, like Gecko) Chrome/128.0.0.0 Safari/537.36"
191.80.164.71 - - [18/Sep/2024:19:36:03 +0000] "GET /wp-includes/js/plupload/moxie.min.js?ver=1.3.5 HTTP/1.1" 200 27724 "http://loopsostenible2.devuocloud.com/?et_fb=1&PageSpeed=off" "Mozilla/5.0 (Windows NT 10.0; Win64; x64) AppleWebKit/537.36 (KHTML, like Gecko) Chrome/128.0.0.0 Safari/537.36"
191.80.164.71 - - [18/Sep/2024:19:36:03 +0000] "GET /wp-includes/js/plupload/plupload.min.js?ver=2.1.9 HTTP/1.1" 200 5931 "http://loopsostenible2.devuocloud.com/?et_fb=1&PageSpeed=off" "Mozilla/5.0 (Windows NT 10.0; Win64; x64) AppleWebKit/537.36 (KHTML, like Gecko) Chrome/128.0.0.0 Safari/537.36"
191.80.164.71 - - [18/Sep/2024:19:36:03 +0000] "GET /wp-content/themes/Divi/core/admin/fonts/modules.ttf HTTP/1.1" 304 250 "http://loopsostenible2.devuocloud.com/?et_fb=1&PageSpeed=off" "Mozilla/5.0 (Windows NT 10.0; Win64; x64) AppleWebKit/537.36 (KHTML, like Gecko) Chrome/128.0.0.0 Safari/537.36"
191.80.164.71 - - [18/Sep/2024:19:36:03 +0000] "GET /wp-content/uploads/2024/09/logo.png HTTP/1.1" 304 249 "http://loopsostenible2.devuocloud.com/?et_fb=1&PageSpeed=off" "Mozilla/5.0 (Windows NT 10.0; Win64; x64) AppleWebKit/537.36 (KHTML, like Gecko) Chrome/128.0.0.0 Safari/537.36"
191.80.164.71 - - [18/Sep/2024:19:36:03 +0000] "GET /wp-content/uploads/2024/09/logo-footer2.png HTTP/1.1" 304 249 "http://loopsostenible2.devuocloud.com/?et_fb=1&PageSpeed=off" "Mozilla/5.0 (Windows NT 10.0; Win64; x64) AppleWebKit/537.36 (KHTML, like Gecko) Chrome/128.0.0.0 Safari/537.36"
191.80.164.71 - - [18/Sep/2024:19:36:03 +0000] "GET /wp-content/uploads/2024/09/kit_digital-1024x61-1.png HTTP/1.1" 304 249 "http://loopsostenible2.devuocloud.com/?et_fb=1&PageSpeed=off" "Mozilla/5.0 (Windows NT 10.0; Win64; x64) AppleWebKit/537.36 (KHTML, like Gecko) Chrome/128.0.0.0 Safari/537.36"
191.80.164.71 - - [18/Sep/2024:19:36:03 +0000] "GET /wp-includes/css/wp-auth-check.min.css?ver=6.6.2 HTTP/1.1" 200 1078 "http://loopsostenible2.devuocloud.com/?et_fb=1&PageSpeed=off" "Mozilla/5.0 (Windows NT 10.0; Win64; x64) AppleWebKit/537.36 (KHTML, like Gecko) Chrome/128.0.0.0 Safari/537.36"
191.80.164.71 - - [18/Sep/2024:19:36:03 +0000] "GET /wp-includes/js/admin-bar.min.js?ver=6.6.2 HTTP/1.1" 200 1700 "http://loopsostenible2.devuocloud.com/?et_fb=1&PageSpeed=off" "Mozilla/5.0 (Windows NT 10.0; Win64; x64) AppleWebKit/537.36 (KHTML, like Gecko) Chrome/128.0.0.0 Safari/537.36"
191.80.164.71 - - [18/Sep/2024:19:36:03 +0000] "GET /wp-includes/js/dist/hooks.min.js?ver=2810c76e705dd1a53b18 HTTP/1.1" 200 1885 "http://loopsostenible2.devuocloud.com/?et_fb=1&PageSpeed=off" "Mozilla/5.0 (Windows NT 10.0; Win64; x64) AppleWebKit/537.36 (KHTML, like Gecko) Chrome/128.0.0.0 Safari/537.36"
191.80.164.71 - - [18/Sep/2024:19:36:03 +0000] "GET /wp-includes/js/hoverintent-js.min.js?ver=2.2.1 HTTP/1.1" 200 1060 "http://loopsostenible2.devuocloud.com/?et_fb=1&PageSpeed=off" "Mozilla/5.0 (Windows NT 10.0; Win64; x64) AppleWebKit/537.36 (KHTML, like Gecko) Chrome/128.0.0.0 Safari/537.36"
191.80.164.71 - - [18/Sep/2024:19:36:03 +0000] "GET /wp-includes/js/dist/i18n.min.js?ver=5e580eb46a90c2b997e6 HTTP/1.1" 200 4011 "http://loopsostenible2.devuocloud.com/?et_fb=1&PageSpeed=off" "Mozilla/5.0 (Windows NT 10.0; Win64; x64) AppleWebKit/537.36 (KHTML, like Gecko) Chrome/128.0.0.0 Safari/537.36"
191.80.164.71 - - [18/Sep/2024:19:36:04 +0000] "GET /wp-content/plugins/contact-form-7/includes/swv/js/index.js?ver=5.9.8 HTTP/1.1" 200 3698 "http://loopsostenible2.devuocloud.com/?et_fb=1&PageSpeed=off" "Mozilla/5.0 (Windows NT 10.0; Win64; x64) AppleWebKit/537.36 (KHTML, like Gecko) Chrome/128.0.0.0 Safari/537.36"
191.80.164.71 - - [18/Sep/2024:19:36:04 +0000] "GET /wp-content/plugins/contact-form-7/includes/js/index.js?ver=5.9.8 HTTP/1.1" 200 4601 "http://loopsostenible2.devuocloud.com/?et_fb=1&PageSpeed=off" "Mozilla/5.0 (Windows NT 10.0; Win64; x64) AppleWebKit/537.36 (KHTML, like Gecko) Chrome/128.0.0.0 Safari/537.36"
191.80.164.71 - - [18/Sep/2024:19:36:04 +0000] "GET /wp-includes/js/underscore.min.js?ver=1.13.4 HTTP/1.1" 200 7655 "http://loopsostenible2.devuocloud.com/?et_fb=1&PageSpeed=off" "Mozilla/5.0 (Windows NT 10.0; Win64; x64) AppleWebKit/537.36 (KHTML, like Gecko) Chrome/128.0.0.0 Safari/537.36"
191.80.164.71 - - [18/Sep/2024:19:36:04 +0000] "GET /wp-includes/js/shortcode.min.js?ver=6.6.2 HTTP/1.1" 200 1488 "http://loopsostenible2.devuocloud.com/?et_fb=1&PageSpeed=off" "Mozilla/5.0 (Windows NT 10.0; Win64; x64) AppleWebKit/537.36 (KHTML, like Gecko) Chrome/128.0.0.0 Safari/537.36"
191.80.164.71 - - [18/Sep/2024:19:36:04 +0000] "GET /wp-includes/js/backbone.min.js?ver=1.5.0 HTTP/1.1" 200 8304 "http://loopsostenible2.devuocloud.com/?et_fb=1&PageSpeed=off" "Mozilla/5.0 (Windows NT 10.0; Win64; x64) AppleWebKit/537.36 (KHTML, like Gecko) Chrome/128.0.0.0 Safari/537.36"
191.80.164.71 - - [18/Sep/2024:19:36:04 +0000] "GET /wp-content/themes/Divi/js/custom.unified.js?ver=4.9.1 HTTP/1.1" 200 138723 "http://loopsostenible2.devuocloud.com/?et_fb=1&PageSpeed=off" "Mozilla/5.0 (Windows NT 10.0; Win64; x64) AppleWebKit/537.36 (KHTML, like Gecko) Chrome/128.0.0.0 Safari/537.36"
191.80.164.71 - - [18/Sep/2024:19:36:04 +0000] "GET /wp-includes/js/wp-util.min.js?ver=6.6.2 HTTP/1.1" 200 1098 "http://loopsostenible2.devuocloud.com/?et_fb=1&PageSpeed=off" "Mozilla/5.0 (Windows NT 10.0; Win64; x64) AppleWebKit/537.36 (KHTML, like Gecko) Chrome/128.0.0.0 Safari/537.36"
191.80.164.71 - - [18/Sep/2024:19:36:04 +0000] "GET /wp-includes/js/wp-backbone.min.js?ver=6.6.2 HTTP/1.1" 200 1518 "http://loopsostenible2.devuocloud.com/?et_fb=1&PageSpeed=off" "Mozilla/5.0 (Windows NT 10.0; Win64; x64) AppleWebKit/537.36 (KHTML, like Gecko) Chrome/128.0.0.0 Safari/537.36"
191.80.164.71 - - [18/Sep/2024:19:36:04 +0000] "GET /wp-includes/js/media-models.min.js?ver=6.6.2 HTTP/1.1" 200 4442 "http://loopsostenible2.devuocloud.com/?et_fb=1&PageSpeed=off" "Mozilla/5.0 (Windows NT 10.0; Win64; x64) AppleWebKit/537.36 (KHTML, like Gecko) Chrome/128.0.0.0 Safari/537.36"
191.80.164.71 - - [18/Sep/2024:19:36:04 +0000] "GET /wp-includes/js/plupload/wp-plupload.min.js?ver=6.6.2 HTTP/1.1" 200 2682 "http://loopsostenible2.devuocloud.com/?et_fb=1&PageSpeed=off" "Mozilla/5.0 (Windows NT 10.0; Win64; x64) AppleWebKit/537.36 (KHTML, like Gecko) Chrome/128.0.0.0 Safari/537.36"
191.80.164.71 - - [18/Sep/2024:19:36:04 +0000] "GET /wp-includes/js/jquery/ui/core.min.js?ver=1.13.3 HTTP/1.1" 200 7450 "http://loopsostenible2.devuocloud.com/?et_fb=1&PageSpeed=off" "Mozilla/5.0 (Windows NT 10.0; Win64; x64) AppleWebKit/537.36 (KHTML, like Gecko) Chrome/128.0.0.0 Safari/537.36"
191.80.164.71 - - [18/Sep/2024:19:36:04 +0000] "GET /wp-includes/js/jquery/ui/mouse.min.js?ver=1.13.3 HTTP/1.1" 200 1441 "http://loopsostenible2.devuocloud.com/?et_fb=1&PageSpeed=off" "Mozilla/5.0 (Windows NT 10.0; Win64; x64) AppleWebKit/537.36 (KHTML, like Gecko) Chrome/128.0.0.0 Safari/537.36"
191.80.164.71 - - [18/Sep/2024:19:36:04 +0000] "GET /wp-includes/js/jquery/ui/sortable.min.js?ver=1.13.3 HTTP/1.1" 200 6930 "http://loopsostenible2.devuocloud.com/?et_fb=1&PageSpeed=off" "Mozilla/5.0 (Windows NT 10.0; Win64; x64) AppleWebKit/537.36 (KHTML, like Gecko) Chrome/128.0.0.0 Safari/537.36"
191.80.164.71 - - [18/Sep/2024:19:36:04 +0000] "GET /wp-includes/js/mediaelement/mediaelement-and-player.min.js?ver=4.2.17 HTTP/1.1" 200 39135 "http://loopsostenible2.devuocloud.com/?et_fb=1&PageSpeed=off" "Mozilla/5.0 (Windows NT 10.0; Win64; x64) AppleWebKit/537.36 (KHTML, like Gecko) Chrome/128.0.0.0 Safari/537.36"
191.80.164.71 - - [18/Sep/2024:19:36:04 +0000] "GET /wp-includes/js/mediaelement/mediaelement-migrate.min.js?ver=6.6.2 HTTP/1.1" 200 882 "http://loopsostenible2.devuocloud.com/?et_fb=1&PageSpeed=off" "Mozilla/5.0 (Windows NT 10.0; Win64; x64) AppleWebKit/537.36 (KHTML, like Gecko) Chrome/128.0.0.0 Safari/537.36"
191.80.164.71 - - [18/Sep/2024:19:36:04 +0000] "GET /wp-includes/js/api-request.min.js?ver=6.6.2 HTTP/1.1" 200 932 "http://loopsostenible2.devuocloud.com/?et_fb=1&PageSpeed=off" "Mozilla/5.0 (Windows NT 10.0; Win64; x64) AppleWebKit/537.36 (KHTML, like Gecko) Chrome/128.0.0.0 Safari/537.36"
191.80.164.71 - - [18/Sep/2024:19:36:04 +0000] "GET /wp-includes/js/dist/dom-ready.min.js?ver=f77871ff7694fffea381 HTTP/1.1" 200 662 "http://loopsostenible2.devuocloud.com/?et_fb=1&PageSpeed=off" "Mozilla/5.0 (Windows NT 10.0; Win64; x64) AppleWebKit/537.36 (KHTML, like Gecko) Chrome/128.0.0.0 Safari/537.36"
191.80.164.71 - - [18/Sep/2024:19:36:04 +0000] "GET /wp-includes/js/dist/a11y.min.js?ver=d90eebea464f6c09bfd5 HTTP/1.1" 200 1292 "http://loopsostenible2.devuocloud.com/?et_fb=1&PageSpeed=off" "Mozilla/5.0 (Windows NT 10.0; Win64; x64) AppleWebKit/537.36 (KHTML, like Gecko) Chrome/128.0.0.0 Safari/537.36"
191.80.164.71 - - [18/Sep/2024:19:36:04 +0000] "GET /wp-includes/js/clipboard.min.js?ver=2.0.11 HTTP/1.1" 200 3494 "http://loopsostenible2.devuocloud.com/?et_fb=1&PageSpeed=off" "Mozilla/5.0 (Windows NT 10.0; Win64; x64) AppleWebKit/537.36 (KHTML, like Gecko) Chrome/128.0.0.0 Safari/537.36"
191.80.164.71 - - [18/Sep/2024:19:36:04 +0000] "GET /wp-includes/js/media-views.min.js?ver=6.6.2 HTTP/1.1" 200 26151 "http://loopsostenible2.devuocloud.com/?et_fb=1&PageSpeed=off" "Mozilla/5.0 (Windows NT 10.0; Win64; x64) AppleWebKit/537.36 (KHTML, like Gecko) Chrome/128.0.0.0 Safari/537.36"
191.80.164.71 - - [18/Sep/2024:19:36:05 +0000] "GET /wp-includes/js/media-editor.min.js?ver=6.6.2 HTTP/1.1" 200 3947 "http://loopsostenible2.devuocloud.com/?et_fb=1&PageSpeed=off" "Mozilla/5.0 (Windows NT 10.0; Win64; x64) AppleWebKit/537.36 (KHTML, like Gecko) Chrome/128.0.0.0 Safari/537.36"
191.80.164.71 - - [18/Sep/2024:19:36:05 +0000] "GET /wp-includes/js/media-audiovideo.min.js?ver=6.6.2 HTTP/1.1" 200 3707 "http://loopsostenible2.devuocloud.com/?et_fb=1&PageSpeed=off" "Mozilla/5.0 (Windows NT 10.0; Win64; x64) AppleWebKit/537.36 (KHTML, like Gecko) Chrome/128.0.0.0 Safari/537.36"
191.80.164.71 - - [18/Sep/2024:19:36:05 +0000] "GET /wp-content/themes/Divi/includes/builder/scripts/ext/media-library.js?ver=4.9.1 HTTP/1.1" 200 1995 "http://loopsostenible2.devuocloud.com/?et_fb=1&PageSpeed=off" "Mozilla/5.0 (Windows NT 10.0; Win64; x64) AppleWebKit/537.36 (KHTML, like Gecko) Chrome/128.0.0.0 Safari/537.36"
191.80.164.71 - - [18/Sep/2024:19:36:05 +0000] "GET /wp-includes/js/jquery/ui/draggable.min.js?ver=1.13.3 HTTP/1.1" 200 5219 "http://loopsostenible2.devuocloud.com/?et_fb=1&PageSpeed=off" "Mozilla/5.0 (Windows NT 10.0; Win64; x64) AppleWebKit/537.36 (KHTML, like Gecko) Chrome/128.0.0.0 Safari/537.36"
191.80.164.71 - - [18/Sep/2024:19:36:05 +0000] "GET /wp-includes/js/jquery/ui/slider.min.js?ver=1.13.3 HTTP/1.1" 200 3482 "http://loopsostenible2.devuocloud.com/?et_fb=1&PageSpeed=off" "Mozilla/5.0 (Windows NT 10.0; Win64; x64) AppleWebKit/537.36 (KHTML, like Gecko) Chrome/128.0.0.0 Safari/537.36"
191.80.164.71 - - [18/Sep/2024:19:36:05 +0000] "GET /wp-includes/js/jquery/jquery.ui.touch-punch.js?ver=0.2.2 HTTP/1.1" 200 927 "http://loopsostenible2.devuocloud.com/?et_fb=1&PageSpeed=off" "Mozilla/5.0 (Windows NT 10.0; Win64; x64) AppleWebKit/537.36 (KHTML, like Gecko) Chrome/128.0.0.0 Safari/537.36"
191.80.164.71 - - [18/Sep/2024:19:36:05 +0000] "GET /wp-admin/js/iris.min.js?ver=6.6.2 HTTP/1.1" 200 8423 "http://loopsostenible2.devuocloud.com/?et_fb=1&PageSpeed=off" "Mozilla/5.0 (Windows NT 10.0; Win64; x64) AppleWebKit/537.36 (KHTML, like Gecko) Chrome/128.0.0.0 Safari/537.36"
191.80.164.71 - - [18/Sep/2024:19:36:05 +0000] "GET /wp-admin/js/color-picker.min.js?ver=6.6.2 HTTP/1.1" 200 1548 "http://loopsostenible2.devuocloud.com/?et_fb=1&PageSpeed=off" "Mozilla/5.0 (Windows NT 10.0; Win64; x64) AppleWebKit/537.36 (KHTML, like Gecko) Chrome/128.0.0.0 Safari/537.36"
191.80.164.71 - - [18/Sep/2024:19:36:05 +0000] "GET /wp-content/themes/Divi/includes/builder/scripts/ext/wp-color-picker-alpha.min.js?ver=4.9.1 HTTP/1.1" 200 3792 "http://loopsostenible2.devuocloud.com/?et_fb=1&PageSpeed=off" "Mozilla/5.0 (Windows NT 10.0; Win64; x64) AppleWebKit/537.36 (KHTML, like Gecko) Chrome/128.0.0.0 Safari/537.36"
191.80.164.71 - - [18/Sep/2024:19:36:05 +0000] "GET /wp-includes/js/mce-view.min.js?ver=6.6.2 HTTP/1.1" 200 4074 "http://loopsostenible2.devuocloud.com/?et_fb=1&PageSpeed=off" "Mozilla/5.0 (Windows NT 10.0; Win64; x64) AppleWebKit/537.36 (KHTML, like Gecko) Chrome/128.0.0.0 Safari/537.36"
191.80.164.71 - - [18/Sep/2024:19:36:05 +0000] "GET /wp-content/themes/Divi/includes/builder/scripts/ext/jquery.visible.min.js?ver=4.9.1 HTTP/1.1" 200 1424 "http://loopsostenible2.devuocloud.com/?et_fb=1&PageSpeed=off" "Mozilla/5.0 (Windows NT 10.0; Win64; x64) AppleWebKit/537.36 (KHTML, like Gecko) Chrome/128.0.0.0 Safari/537.36"
191.80.164.71 - - [18/Sep/2024:19:36:05 +0000] "GET /wp-content/themes/Divi/core/admin/js/common.js?ver=4.9.1 HTTP/1.1" 200 908 "http://loopsostenible2.devuocloud.com/?et_fb=1&PageSpeed=off" "Mozilla/5.0 (Windows NT 10.0; Win64; x64) AppleWebKit/537.36 (KHTML, like Gecko) Chrome/128.0.0.0 Safari/537.36"
191.80.164.71 - - [18/Sep/2024:19:36:05 +0000] "GET /wp-includes/js/jquery/ui/tabs.min.js?ver=1.13.3 HTTP/1.1" 200 4289 "http://loopsostenible2.devuocloud.com/?et_fb=1&PageSpeed=off" "Mozilla/5.0 (Windows NT 10.0; Win64; x64) AppleWebKit/537.36 (KHTML, like Gecko) Chrome/128.0.0.0 Safari/537.36"
191.80.164.71 - - [18/Sep/2024:19:36:05 +0000] "GET /wp-includes/js/jquery/jquery.form.min.js?ver=4.3.0 HTTP/1.1" 200 6302 "http://loopsostenible2.devuocloud.com/?et_fb=1&PageSpeed=off" "Mozilla/5.0 (Windows NT 10.0; Win64; x64) AppleWebKit/537.36 (KHTML, like Gecko) Chrome/128.0.0.0 Safari/537.36"
191.80.164.71 - - [18/Sep/2024:19:36:05 +0000] "GET /wp-content/themes/Divi/core/admin/js/core.js?ver=4.9.1 HTTP/1.1" 200 2032 "http://loopsostenible2.devuocloud.com/?et_fb=1&PageSpeed=off" "Mozilla/5.0 (Windows NT 10.0; Win64; x64) AppleWebKit/537.36 (KHTML, like Gecko) Chrome/128.0.0.0 Safari/537.36"
191.80.164.71 - - [18/Sep/2024:19:36:05 +0000] "GET /wp-content/themes/Divi/core/admin/js/portability.js?ver=4.9.1 HTTP/1.1" 200 5930 "http://loopsostenible2.devuocloud.com/?et_fb=1&PageSpeed=off" "Mozilla/5.0 (Windows NT 10.0; Win64; x64) AppleWebKit/537.36 (KHTML, like Gecko) Chrome/128.0.0.0 Safari/537.36"
191.80.164.71 - - [18/Sep/2024:19:36:05 +0000] "GET /wp-content/themes/Divi/core/admin/js/react.production.min.js?ver=16.12.0 HTTP/1.1" 200 5327 "http://loopsostenible2.devuocloud.com/?et_fb=1&PageSpeed=off" "Mozilla/5.0 (Windows NT 10.0; Win64; x64) AppleWebKit/537.36 (KHTML, like Gecko) Chrome/128.0.0.0 Safari/537.36"
191.80.164.71 - - [18/Sep/2024:19:36:05 +0000] "GET /wp-content/themes/Divi/core/admin/js/react-dom.production.min.js?ver=16.12.0 HTTP/1.1" 200 39154 "http://loopsostenible2.devuocloud.com/?et_fb=1&PageSpeed=off" "Mozilla/5.0 (Windows NT 10.0; Win64; x64) AppleWebKit/537.36 (KHTML, like Gecko) Chrome/128.0.0.0 Safari/537.36"
191.80.164.71 - - [18/Sep/2024:19:36:05 +0000] "GET /wp-includes/js/jquery/ui/resizable.min.js?ver=1.13.3 HTTP/1.1" 200 5698 "http://loopsostenible2.devuocloud.com/?et_fb=1&PageSpeed=off" "Mozilla/5.0 (Windows NT 10.0; Win64; x64) AppleWebKit/537.36 (KHTML, like Gecko) Chrome/128.0.0.0 Safari/537.36"
191.80.164.71 - - [18/Sep/2024:19:36:05 +0000] "GET /wp-includes/js/jquery/ui/effect.min.js?ver=1.13.3 HTTP/1.1" 200 4230 "http://loopsostenible2.devuocloud.com/?et_fb=1&PageSpeed=off" "Mozilla/5.0 (Windows NT 10.0; Win64; x64) AppleWebKit/537.36 (KHTML, like Gecko) Chrome/128.0.0.0 Safari/537.36"
191.80.164.71 - - [18/Sep/2024:19:36:05 +0000] "GET /wp-includes/js/jquery/ui/datepicker.min.js?ver=1.13.3 HTTP/1.1" 200 11254 "http://loopsostenible2.devuocloud.com/?et_fb=1&PageSpeed=off" "Mozilla/5.0 (Windows NT 10.0; Win64; x64) AppleWebKit/537.36 (KHTML, like Gecko) Chrome/128.0.0.0 Safari/537.36"
191.80.164.71 - - [18/Sep/2024:19:36:05 +0000] "GET /wp-content/themes/Divi/includes/builder/scripts/ext/jquery-ui-timepicker-addon.js?ver=4.9.1 HTTP/1.1" 200 18011 "http://loopsostenible2.devuocloud.com/?et_fb=1&PageSpeed=off" "Mozilla/5.0 (Windows NT 10.0; Win64; x64) AppleWebKit/537.36 (KHTML, like Gecko) Chrome/128.0.0.0 Safari/537.36"
191.80.164.71 - - [18/Sep/2024:19:36:05 +0000] "GET /wp-content/themes/Divi/includes/builder/frontend-builder/build/boot.js?ver=4.9.1 HTTP/1.1" 200 11451 "http://loopsostenible2.devuocloud.com/?et_fb=1&PageSpeed=off" "Mozilla/5.0 (Windows NT 10.0; Win64; x64) AppleWebKit/537.36 (KHTML, like Gecko) Chrome/128.0.0.0 Safari/537.36"
191.80.164.71 - - [18/Sep/2024:19:36:05 +0000] "GET /wp-content/themes/Divi/includes/builder/frontend-builder/assets/scripts/failure_notice.js?ver=4.9.1 HTTP/1.1" 200 1450 "http://loopsostenible2.devuocloud.com/?et_fb=1&PageSpeed=off" "Mozilla/5.0 (Windows NT 10.0; Win64; x64) AppleWebKit/537.36 (KHTML, like Gecko) Chrome/128.0.0.0 Safari/537.36"
191.80.164.71 - - [18/Sep/2024:19:36:06 +0000] "GET /wp-includes/js/wp-auth-check.min.js?ver=6.6.2 HTTP/1.1" 200 1115 "http://loopsostenible2.devuocloud.com/?et_fb=1&PageSpeed=off" "Mozilla/5.0 (Windows NT 10.0; Win64; x64) AppleWebKit/537.36 (KHTML, like Gecko) Chrome/128.0.0.0 Safari/537.36"
191.80.164.71 - - [18/Sep/2024:19:36:06 +0000] "GET /wp-includes/js/autosave.min.js?ver=6.6.2 HTTP/1.1" 200 2637 "http://loopsostenible2.devuocloud.com/?et_fb=1&PageSpeed=off" "Mozilla/5.0 (Windows NT 10.0; Win64; x64) AppleWebKit/537.36 (KHTML, like Gecko) Chrome/128.0.0.0 Safari/537.36"
191.80.164.71 - - [18/Sep/2024:19:36:05 +0000] "GET /wp-content/themes/Divi/includes/builder/frontend-builder/assets/vendors/tinymce.min.js?ver=6.6.2 HTTP/1.1" 200 124869 "http://loopsostenible2.devuocloud.com/?et_fb=1&PageSpeed=off" "Mozilla/5.0 (Windows NT 10.0; Win64; x64) AppleWebKit/537.36 (KHTML, like Gecko) Chrome/128.0.0.0 Safari/537.36"
191.80.164.71 - - [18/Sep/2024:19:36:06 +0000] "GET /wp-content/et-cache/es_ES/helpers-page-17266852780071.js?ver=4.9.1 HTTP/1.1" 200 75418 "-" "Mozilla/5.0 (Windows NT 10.0; Win64; x64) AppleWebKit/537.36 (KHTML, like Gecko) Chrome/128.0.0.0 Safari/537.36"
191.80.164.71 - - [18/Sep/2024:19:36:06 +0000] "GET /wp-content/et-cache/es_ES/definitions-page-17266852781418.js?ver=4.9.1 HTTP/1.1" 200 205526 "-" "Mozilla/5.0 (Windows NT 10.0; Win64; x64) AppleWebKit/537.36 (KHTML, like Gecko) Chrome/128.0.0.0 Safari/537.36"
191.80.164.71 - - [18/Sep/2024:19:36:07 +0000] "GET /wp-content/themes/Divi/includes/builder/frontend-builder/build/bundle.modals.62f00d99.css HTTP/1.1" 200 31870 "http://loopsostenible2.devuocloud.com/?et_fb=1&PageSpeed=off" "Mozilla/5.0 (Windows NT 10.0; Win64; x64) AppleWebKit/537.36 (KHTML, like Gecko) Chrome/128.0.0.0 Safari/537.36"
191.80.164.71 - - [18/Sep/2024:19:36:07 +0000] "GET /wp-content/uploads/2024/09/image5.jpg HTTP/1.1" 304 250 "-" "Mozilla/5.0 (Windows NT 10.0; Win64; x64) AppleWebKit/537.36 (KHTML, like Gecko) Chrome/128.0.0.0 Safari/537.36"
191.80.164.71 - - [18/Sep/2024:19:36:07 +0000] "GET /wp-content/uploads/2024/09/1722529073363-scaled.jpg HTTP/1.1" 304 250 "-" "Mozilla/5.0 (Windows NT 10.0; Win64; x64) AppleWebKit/537.36 (KHTML, like Gecko) Chrome/128.0.0.0 Safari/537.36"
191.80.164.71 - - [18/Sep/2024:19:36:07 +0000] "GET /wp-content/uploads/2024/09/Plantacion-2.jpg HTTP/1.1" 304 250 "-" "Mozilla/5.0 (Windows NT 10.0; Win64; x64) AppleWebKit/537.36 (KHTML, like Gecko) Chrome/128.0.0.0 Safari/537.36"
191.80.164.71 - - [18/Sep/2024:19:36:07 +0000] "GET /wp-content/themes/Divi/core/admin/fonts/modules.woff HTTP/1.1" 304 250 "http://loopsostenible2.devuocloud.com/wp-content/themes/Divi/style.css?ver=4.9.1" "Mozilla/5.0 (Windows NT 10.0; Win64; x64) AppleWebKit/537.36 (KHTML, like Gecko) Chrome/128.0.0.0 Safari/537.36"
191.80.164.71 - - [18/Sep/2024:19:36:07 +0000] "POST /wp-admin/admin-ajax.php?lang=es_ES HTTP/1.1" 200 771 "-" "Mozilla/5.0 (Windows NT 10.0; Win64; x64) AppleWebKit/537.36 (KHTML, like Gecko) Chrome/128.0.0.0 Safari/537.36"
191.80.164.71 - - [18/Sep/2024:19:36:32 +0000] "POST /wp-admin/admin-ajax.php HTTP/1.1" 200 613 "http://loopsostenible2.devuocloud.com/wp-admin/admin.php?page=et_divi_options" "Mozilla/5.0 (Windows NT 10.0; Win64; x64) AppleWebKit/537.36 (KHTML, like Gecko) Chrome/128.0.0.0 Safari/537.36"
146.190.157.162 - - [18/Sep/2024:19:37:06 +0000] "POST /wp-cron.php?doing_wp_cron=1726688226.9648311138153076171875 HTTP/1.1" 200 259 "-" "WordPress/6.6.2; http://loopsostenible2.devuocloud.com"
191.80.164.71 - - [18/Sep/2024:19:37:06 +0000] "POST /wp-admin/admin-ajax.php HTTP/1.1" 200 936 "-" "Mozilla/5.0 (Windows NT 10.0; Win64; x64) AppleWebKit/537.36 (KHTML, like Gecko) Chrome/128.0.0.0 Safari/537.36"
191.80.164.71 - - [18/Sep/2024:19:37:30 +0000] "POST /wp-admin/admin-ajax.php HTTP/1.1" 200 613 "http://loopsostenible2.devuocloud.com/wp-admin/admin.php?page=et_theme_builder" "Mozilla/5.0 (Windows NT 10.0; Win64; x64) AppleWebKit/537.36 (KHTML, like Gecko) Chrome/128.0.0.0 Safari/537.36"
146.190.157.162 - - [18/Sep/2024:19:38:33 +0000] "POST /wp-cron.php?doing_wp_cron=1726688313.6374490261077880859375 HTTP/1.1" 200 259 "-" "WordPress/6.6.2; http://loopsostenible2.devuocloud.com"
191.80.164.71 - - [18/Sep/2024:19:38:33 +0000] "POST /wp-admin/admin-ajax.php HTTP/1.1" 200 613 "http://loopsostenible2.devuocloud.com/wp-admin/admin.php?page=et_divi_options" "Mozilla/5.0 (Windows NT 10.0; Win64; x64) AppleWebKit/537.36 (KHTML, like Gecko) Chrome/128.0.0.0 Safari/537.36"
146.190.157.162 - - [18/Sep/2024:19:39:07 +0000] "POST /wp-cron.php?doing_wp_cron=1726688347.1921570301055908203125 HTTP/1.1" 200 259 "-" "WordPress/6.6.2; http://loopsostenible2.devuocloud.com"
191.80.164.71 - - [18/Sep/2024:19:39:06 +0000] "POST /wp-admin/admin-ajax.php HTTP/1.1" 200 936 "-" "Mozilla/5.0 (Windows NT 10.0; Win64; x64) AppleWebKit/537.36 (KHTML, like Gecko) Chrome/128.0.0.0 Safari/537.36"
191.80.164.71 - - [18/Sep/2024:19:39:31 +0000] "POST /wp-admin/admin-ajax.php HTTP/1.1" 200 613 "http://loopsostenible2.devuocloud.com/wp-admin/admin.php?page=et_theme_builder" "Mozilla/5.0 (Windows NT 10.0; Win64; x64) AppleWebKit/537.36 (KHTML, like Gecko) Chrome/128.0.0.0 Safari/537.36"
146.190.157.162 - - [18/Sep/2024:19:40:34 +0000] "POST /wp-cron.php?doing_wp_cron=1726688434.6378359794616699218750 HTTP/1.1" 200 259 "-" "WordPress/6.6.2; http://loopsostenible2.devuocloud.com"
191.80.164.71 - - [18/Sep/2024:19:40:34 +0000] "POST /wp-admin/admin-ajax.php HTTP/1.1" 200 613 "http://loopsostenible2.devuocloud.com/wp-admin/admin.php?page=et_divi_options" "Mozilla/5.0 (Windows NT 10.0; Win64; x64) AppleWebKit/537.36 (KHTML, like Gecko) Chrome/128.0.0.0 Safari/537.36"
146.190.157.162 - - [18/Sep/2024:19:41:07 +0000] "POST /wp-cron.php?doing_wp_cron=1726688467.2110140323638916015625 HTTP/1.1" 200 259 "-" "WordPress/6.6.2; http://loopsostenible2.devuocloud.com"
191.80.164.71 - - [18/Sep/2024:19:41:06 +0000] "POST /wp-admin/admin-ajax.php HTTP/1.1" 200 936 "-" "Mozilla/5.0 (Windows NT 10.0; Win64; x64) AppleWebKit/537.36 (KHTML, like Gecko) Chrome/128.0.0.0 Safari/537.36"
191.80.164.71 - - [18/Sep/2024:19:41:32 +0000] "POST /wp-admin/admin-ajax.php HTTP/1.1" 200 613 "http://loopsostenible2.devuocloud.com/wp-admin/admin.php?page=et_theme_builder" "Mozilla/5.0 (Windows NT 10.0; Win64; x64) AppleWebKit/537.36 (KHTML, like Gecko) Chrome/128.0.0.0 Safari/537.36"
146.190.157.162 - - [18/Sep/2024:19:42:35 +0000] "POST /wp-cron.php?doing_wp_cron=1726688555.6998870372772216796875 HTTP/1.1" 200 259 "-" "WordPress/6.6.2; http://loopsostenible2.devuocloud.com"
191.80.164.71 - - [18/Sep/2024:19:42:35 +0000] "POST /wp-admin/admin-ajax.php HTTP/1.1" 200 613 "http://loopsostenible2.devuocloud.com/wp-admin/admin.php?page=et_divi_options" "Mozilla/5.0 (Windows NT 10.0; Win64; x64) AppleWebKit/537.36 (KHTML, like Gecko) Chrome/128.0.0.0 Safari/537.36"
146.190.157.162 - - [18/Sep/2024:19:43:07 +0000] "POST /wp-cron.php?doing_wp_cron=1726688587.1390900611877441406250 HTTP/1.1" 200 259 "-" "WordPress/6.6.2; http://loopsostenible2.devuocloud.com"
191.80.164.71 - - [18/Sep/2024:19:43:06 +0000] "POST /wp-admin/admin-ajax.php HTTP/1.1" 200 936 "-" "Mozilla/5.0 (Windows NT 10.0; Win64; x64) AppleWebKit/537.36 (KHTML, like Gecko) Chrome/128.0.0.0 Safari/537.36"
191.80.164.71 - - [18/Sep/2024:19:43:33 +0000] "POST /wp-admin/admin-ajax.php HTTP/1.1" 200 613 "http://loopsostenible2.devuocloud.com/wp-admin/admin.php?page=et_theme_builder" "Mozilla/5.0 (Windows NT 10.0; Win64; x64) AppleWebKit/537.36 (KHTML, like Gecko) Chrome/128.0.0.0 Safari/537.36"
146.190.157.162 - - [18/Sep/2024:19:45:07 +0000] "POST /wp-cron.php?doing_wp_cron=1726688707.2121291160583496093750 HTTP/1.1" 200 259 "-" "WordPress/6.6.2; http://loopsostenible2.devuocloud.com"
191.80.164.71 - - [18/Sep/2024:19:45:06 +0000] "POST /wp-admin/admin-ajax.php HTTP/1.1" 200 936 "-" "Mozilla/5.0 (Windows NT 10.0; Win64; x64) AppleWebKit/537.36 (KHTML, like Gecko) Chrome/128.0.0.0 Safari/537.36"
146.190.157.162 - - [18/Sep/2024:19:47:07 +0000] "POST /wp-cron.php?doing_wp_cron=1726688827.1742100715637207031250 HTTP/1.1" 200 259 "-" "WordPress/6.6.2; http://loopsostenible2.devuocloud.com"
191.80.164.71 - - [18/Sep/2024:19:47:06 +0000] "POST /wp-admin/admin-ajax.php HTTP/1.1" 200 936 "-" "Mozilla/5.0 (Windows NT 10.0; Win64; x64) AppleWebKit/537.36 (KHTML, like Gecko) Chrome/128.0.0.0 Safari/537.36"
146.190.157.162 - - [18/Sep/2024:19:49:07 +0000] "POST /wp-cron.php?doing_wp_cron=1726688947.1927030086517333984375 HTTP/1.1" 200 259 "-" "WordPress/6.6.2; http://loopsostenible2.devuocloud.com"
191.80.164.71 - - [18/Sep/2024:19:49:06 +0000] "POST /wp-admin/admin-ajax.php HTTP/1.1" 200 936 "-" "Mozilla/5.0 (Windows NT 10.0; Win64; x64) AppleWebKit/537.36 (KHTML, like Gecko) Chrome/128.0.0.0 Safari/537.36"
146.190.157.162 - - [18/Sep/2024:19:51:07 +0000] "POST /wp-cron.php?doing_wp_cron=1726689067.2710309028625488281250 HTTP/1.1" 200 259 "-" "WordPress/6.6.2; http://loopsostenible2.devuocloud.com"
191.80.164.71 - - [18/Sep/2024:19:51:06 +0000] "POST /wp-admin/admin-ajax.php HTTP/1.1" 200 936 "-" "Mozilla/5.0 (Windows NT 10.0; Win64; x64) AppleWebKit/537.36 (KHTML, like Gecko) Chrome/128.0.0.0 Safari/537.36"
146.190.157.162 - - [18/Sep/2024:19:53:07 +0000] "POST /wp-cron.php?doing_wp_cron=1726689187.2593450546264648437500 HTTP/1.1" 200 259 "-" "WordPress/6.6.2; http://loopsostenible2.devuocloud.com"
191.80.164.71 - - [18/Sep/2024:19:53:07 +0000] "POST /wp-admin/admin-ajax.php HTTP/1.1" 200 936 "-" "Mozilla/5.0 (Windows NT 10.0; Win64; x64) AppleWebKit/537.36 (KHTML, like Gecko) Chrome/128.0.0.0 Safari/537.36"
146.190.157.162 - - [18/Sep/2024:19:55:07 +0000] "POST /wp-cron.php?doing_wp_cron=1726689307.3041799068450927734375 HTTP/1.1" 200 259 "-" "WordPress/6.6.2; http://loopsostenible2.devuocloud.com"
191.80.164.71 - - [18/Sep/2024:19:55:07 +0000] "POST /wp-admin/admin-ajax.php HTTP/1.1" 200 936 "-" "Mozilla/5.0 (Windows NT 10.0; Win64; x64) AppleWebKit/537.36 (KHTML, like Gecko) Chrome/128.0.0.0 Safari/537.36"
146.190.157.162 - - [18/Sep/2024:19:57:07 +0000] "POST /wp-cron.php?doing_wp_cron=1726689427.2569980621337890625000 HTTP/1.1" 200 259 "-" "WordPress/6.6.2; http://loopsostenible2.devuocloud.com"
191.80.164.71 - - [18/Sep/2024:19:57:07 +0000] "POST /wp-admin/admin-ajax.php HTTP/1.1" 200 936 "-" "Mozilla/5.0 (Windows NT 10.0; Win64; x64) AppleWebKit/537.36 (KHTML, like Gecko) Chrome/128.0.0.0 Safari/537.36"
146.190.157.162 - - [18/Sep/2024:19:59:07 +0000] "POST /wp-cron.php?doing_wp_cron=1726689547.2679419517517089843750 HTTP/1.1" 200 259 "-" "WordPress/6.6.2; http://loopsostenible2.devuocloud.com"
191.80.164.71 - - [18/Sep/2024:19:59:07 +0000] "POST /wp-admin/admin-ajax.php HTTP/1.1" 200 936 "-" "Mozilla/5.0 (Windows NT 10.0; Win64; x64) AppleWebKit/537.36 (KHTML, like Gecko) Chrome/128.0.0.0 Safari/537.36"
146.190.157.162 - - [18/Sep/2024:20:01:07 +0000] "POST /wp-cron.php?doing_wp_cron=1726689667.2658801078796386718750 HTTP/1.1" 200 259 "-" "WordPress/6.6.2; http://loopsostenible2.devuocloud.com"
191.80.164.71 - - [18/Sep/2024:20:01:07 +0000] "POST /wp-admin/admin-ajax.php HTTP/1.1" 200 936 "-" "Mozilla/5.0 (Windows NT 10.0; Win64; x64) AppleWebKit/537.36 (KHTML, like Gecko) Chrome/128.0.0.0 Safari/537.36"
146.190.157.162 - - [18/Sep/2024:20:03:07 +0000] "POST /wp-cron.php?doing_wp_cron=1726689787.2486081123352050781250 HTTP/1.1" 200 259 "-" "WordPress/6.6.2; http://loopsostenible2.devuocloud.com"
191.80.164.71 - - [18/Sep/2024:20:03:07 +0000] "POST /wp-admin/admin-ajax.php HTTP/1.1" 200 936 "-" "Mozilla/5.0 (Windows NT 10.0; Win64; x64) AppleWebKit/537.36 (KHTML, like Gecko) Chrome/128.0.0.0 Safari/537.36"
146.190.157.162 - - [18/Sep/2024:20:05:07 +0000] "POST /wp-cron.php?doing_wp_cron=1726689907.2648301124572753906250 HTTP/1.1" 200 259 "-" "WordPress/6.6.2; http://loopsostenible2.devuocloud.com"
191.80.164.71 - - [18/Sep/2024:20:05:07 +0000] "POST /wp-admin/admin-ajax.php HTTP/1.1" 200 936 "-" "Mozilla/5.0 (Windows NT 10.0; Win64; x64) AppleWebKit/537.36 (KHTML, like Gecko) Chrome/128.0.0.0 Safari/537.36"
146.190.157.162 - - [18/Sep/2024:20:07:07 +0000] "POST /wp-cron.php?doing_wp_cron=1726690027.2978649139404296875000 HTTP/1.1" 200 259 "-" "WordPress/6.6.2; http://loopsostenible2.devuocloud.com"
191.80.164.71 - - [18/Sep/2024:20:07:07 +0000] "POST /wp-admin/admin-ajax.php HTTP/1.1" 200 936 "-" "Mozilla/5.0 (Windows NT 10.0; Win64; x64) AppleWebKit/537.36 (KHTML, like Gecko) Chrome/128.0.0.0 Safari/537.36"
146.190.157.162 - - [18/Sep/2024:20:09:07 +0000] "POST /wp-cron.php?doing_wp_cron=1726690147.3161740303039550781250 HTTP/1.1" 200 259 "-" "WordPress/6.6.2; http://loopsostenible2.devuocloud.com"
191.80.164.71 - - [18/Sep/2024:20:09:07 +0000] "POST /wp-admin/admin-ajax.php HTTP/1.1" 200 936 "-" "Mozilla/5.0 (Windows NT 10.0; Win64; x64) AppleWebKit/537.36 (KHTML, like Gecko) Chrome/128.0.0.0 Safari/537.36"
146.190.157.162 - - [18/Sep/2024:20:11:07 +0000] "POST /wp-cron.php?doing_wp_cron=1726690267.6704590320587158203125 HTTP/1.1" 200 259 "-" "WordPress/6.6.2; http://loopsostenible2.devuocloud.com"
191.80.164.71 - - [18/Sep/2024:20:11:07 +0000] "POST /wp-admin/admin-ajax.php HTTP/1.1" 200 936 "-" "Mozilla/5.0 (Windows NT 10.0; Win64; x64) AppleWebKit/537.36 (KHTML, like Gecko) Chrome/128.0.0.0 Safari/537.36"
146.190.157.162 - - [18/Sep/2024:20:13:07 +0000] "POST /wp-cron.php?doing_wp_cron=1726690387.2812669277191162109375 HTTP/1.1" 200 259 "-" "WordPress/6.6.2; http://loopsostenible2.devuocloud.com"
191.80.164.71 - - [18/Sep/2024:20:13:07 +0000] "POST /wp-admin/admin-ajax.php HTTP/1.1" 200 936 "-" "Mozilla/5.0 (Windows NT 10.0; Win64; x64) AppleWebKit/537.36 (KHTML, like Gecko) Chrome/128.0.0.0 Safari/537.36"
146.190.157.162 - - [18/Sep/2024:20:15:08 +0000] "POST /wp-cron.php?doing_wp_cron=1726690508.6850891113281250000000 HTTP/1.1" 200 259 "-" "WordPress/6.6.2; http://loopsostenible2.devuocloud.com"
191.80.164.71 - - [18/Sep/2024:20:15:07 +0000] "POST /wp-admin/admin-ajax.php HTTP/1.1" 200 936 "-" "Mozilla/5.0 (Windows NT 10.0; Win64; x64) AppleWebKit/537.36 (KHTML, like Gecko) Chrome/128.0.0.0 Safari/537.36"
146.190.157.162 - - [18/Sep/2024:20:17:07 +0000] "POST /wp-cron.php?doing_wp_cron=1726690627.2051620483398437500000 HTTP/1.1" 200 259 "-" "WordPress/6.6.2; http://loopsostenible2.devuocloud.com"
191.80.164.71 - - [18/Sep/2024:20:17:07 +0000] "POST /wp-admin/admin-ajax.php HTTP/1.1" 200 936 "-" "Mozilla/5.0 (Windows NT 10.0; Win64; x64) AppleWebKit/537.36 (KHTML, like Gecko) Chrome/128.0.0.0 Safari/537.36"
146.190.157.162 - - [18/Sep/2024:20:19:07 +0000] "POST /wp-cron.php?doing_wp_cron=1726690747.2226579189300537109375 HTTP/1.1" 200 259 "-" "WordPress/6.6.2; http://loopsostenible2.devuocloud.com"
191.80.164.71 - - [18/Sep/2024:20:19:07 +0000] "POST /wp-admin/admin-ajax.php HTTP/1.1" 200 936 "-" "Mozilla/5.0 (Windows NT 10.0; Win64; x64) AppleWebKit/537.36 (KHTML, like Gecko) Chrome/128.0.0.0 Safari/537.36"
146.190.157.162 - - [18/Sep/2024:20:21:07 +0000] "POST /wp-cron.php?doing_wp_cron=1726690867.2220380306243896484375 HTTP/1.1" 200 259 "-" "WordPress/6.6.2; http://loopsostenible2.devuocloud.com"
191.80.164.71 - - [18/Sep/2024:20:21:07 +0000] "POST /wp-admin/admin-ajax.php HTTP/1.1" 200 936 "-" "Mozilla/5.0 (Windows NT 10.0; Win64; x64) AppleWebKit/537.36 (KHTML, like Gecko) Chrome/128.0.0.0 Safari/537.36"
146.190.157.162 - - [18/Sep/2024:20:23:07 +0000] "POST /wp-cron.php?doing_wp_cron=1726690987.2205460071563720703125 HTTP/1.1" 200 259 "-" "WordPress/6.6.2; http://loopsostenible2.devuocloud.com"
191.80.164.71 - - [18/Sep/2024:20:23:07 +0000] "POST /wp-admin/admin-ajax.php HTTP/1.1" 200 936 "-" "Mozilla/5.0 (Windows NT 10.0; Win64; x64) AppleWebKit/537.36 (KHTML, like Gecko) Chrome/128.0.0.0 Safari/537.36"
146.190.157.162 - - [18/Sep/2024:20:25:07 +0000] "POST /wp-cron.php?doing_wp_cron=1726691107.2526040077209472656250 HTTP/1.1" 200 259 "-" "WordPress/6.6.2; http://loopsostenible2.devuocloud.com"
191.80.164.71 - - [18/Sep/2024:20:25:07 +0000] "POST /wp-admin/admin-ajax.php HTTP/1.1" 200 936 "-" "Mozilla/5.0 (Windows NT 10.0; Win64; x64) AppleWebKit/537.36 (KHTML, like Gecko) Chrome/128.0.0.0 Safari/537.36"
146.190.157.162 - - [18/Sep/2024:20:27:07 +0000] "POST /wp-cron.php?doing_wp_cron=1726691227.2620310783386230468750 HTTP/1.1" 200 259 "-" "WordPress/6.6.2; http://loopsostenible2.devuocloud.com"
