191.80.164.71 - - [18/Sep/2024:22:09:48 +0000] "GET /wp-content/uploads/2023/04/Timberline%C2%AEUHDwithDualShadowLine-WeatheredWood-777cee29-1-150x150.png HTTP/1.1" 304 249 "http://loopsostenible2.devuocloud.com/sostenibilidad-2/?et_fb=1&PageSpeed=off" "Mozilla/5.0 (Windows NT 10.0; Win64; x64) AppleWebKit/537.36 (KHTML, like Gecko) Chrome/128.0.0.0 Safari/537.36"
191.80.164.71 - - [18/Sep/2024:22:09:48 +0000] "GET /wp-content/uploads/2023/04/Timberline%C2%AEUHDwithDualShadowLine-PatriotRed-b07eaf1e-1-150x150.png HTTP/1.1" 304 249 "http://loopsostenible2.devuocloud.com/sostenibilidad-2/?et_fb=1&PageSpeed=off" "Mozilla/5.0 (Windows NT 10.0; Win64; x64) AppleWebKit/537.36 (KHTML, like Gecko) Chrome/128.0.0.0 Safari/537.36"
191.80.164.71 - - [18/Sep/2024:22:09:48 +0000] "GET /wp-content/uploads/2023/04/Timberline%C2%AEASII-WeatheredWood-50aa9405-1-150x150.png HTTP/1.1" 304 249 "http://loopsostenible2.devuocloud.com/sostenibilidad-2/?et_fb=1&PageSpeed=off" "Mozilla/5.0 (Windows NT 10.0; Win64; x64) AppleWebKit/537.36 (KHTML, like Gecko) Chrome/128.0.0.0 Safari/537.36"
191.80.164.71 - - [18/Sep/2024:22:09:48 +0000] "GET /wp-content/uploads/2023/04/Timberline%C2%AEHDZ%E2%84%A2-Shakewood-29b4189c-1-150x150.png HTTP/1.1" 304 249 "http://loopsostenible2.devuocloud.com/sostenibilidad-2/?et_fb=1&PageSpeed=off" "Mozilla/5.0 (Windows NT 10.0; Win64; x64) AppleWebKit/537.36 (KHTML, like Gecko) Chrome/128.0.0.0 Safari/537.36"
191.80.164.71 - - [18/Sep/2024:22:10:15 +0000] "GET /wp-content/uploads/2024/09/Cosecha_Zapallo-scaled.jpg HTTP/1.1" 200 502443 "http://loopsostenible2.devuocloud.com/sostenibilidad-2/?et_fb=1&PageSpeed=off" "Mozilla/5.0 (Windows NT 10.0; Win64; x64) AppleWebKit/537.36 (KHTML, like Gecko) Chrome/128.0.0.0 Safari/537.36"
146.190.157.162 - - [18/Sep/2024:22:10:21 +0000] "POST /wp-cron.php?doing_wp_cron=1726697421.9342029094696044921875 HTTP/1.1" 200 259 "-" "WordPress/6.6.2; http://loopsostenible2.devuocloud.com"
191.80.164.71 - - [18/Sep/2024:22:10:21 +0000] "POST /wp-admin/admin-ajax.php HTTP/1.1" 200 1053 "-" "Mozilla/5.0 (Windows NT 10.0; Win64; x64) AppleWebKit/537.36 (KHTML, like Gecko) Chrome/128.0.0.0 Safari/537.36"
146.190.157.162 - - [18/Sep/2024:22:11:01 +0000] "POST /wp-cron.php?doing_wp_cron=1726697461.5711910724639892578125 HTTP/1.1" 200 259 "-" "WordPress/6.6.2; http://loopsostenible2.devuocloud.com"
191.80.164.71 - - [18/Sep/2024:22:11:01 +0000] "POST /wp-admin/admin-ajax.php HTTP/1.1" 200 613 "http://loopsostenible2.devuocloud.com/wp-admin/admin.php?page=et_divi_options" "Mozilla/5.0 (Windows NT 10.0; Win64; x64) AppleWebKit/537.36 (KHTML, like Gecko) Chrome/128.0.0.0 Safari/537.36"
191.80.164.71 - - [18/Sep/2024:22:11:06 +0000] "POST /wp-admin/admin-ajax.php HTTP/1.1" 200 656 "-" "Mozilla/5.0 (Windows NT 10.0; Win64; x64) AppleWebKit/537.36 (KHTML, like Gecko) Chrome/128.0.0.0 Safari/537.36"
191.80.164.71 - - [18/Sep/2024:22:11:21 +0000] "POST /wp-admin/admin-ajax.php HTTP/1.1" 200 32867 "-" "Mozilla/5.0 (Windows NT 10.0; Win64; x64) AppleWebKit/537.36 (KHTML, like Gecko) Chrome/128.0.0.0 Safari/537.36"
191.80.164.71 - - [18/Sep/2024:22:11:25 +0000] "POST /wp-admin/admin-ajax.php HTTP/1.1" 200 612 "http://loopsostenible2.devuocloud.com/wp-admin/edit.php?post_type=page" "Mozilla/5.0 (Windows NT 10.0; Win64; x64) AppleWebKit/537.36 (KHTML, like Gecko) Chrome/128.0.0.0 Safari/537.36"
146.190.157.162 - - [18/Sep/2024:22:12:21 +0000] "POST /wp-cron.php?doing_wp_cron=1726697541.9053080081939697265625 HTTP/1.1" 200 259 "-" "WordPress/6.6.2; http://loopsostenible2.devuocloud.com"
191.80.164.71 - - [18/Sep/2024:22:12:21 +0000] "POST /wp-admin/admin-ajax.php HTTP/1.1" 200 811 "-" "Mozilla/5.0 (Windows NT 10.0; Win64; x64) AppleWebKit/537.36 (KHTML, like Gecko) Chrome/128.0.0.0 Safari/537.36"
191.80.164.71 - - [18/Sep/2024:22:12:48 +0000] "POST /wp-admin/admin-ajax.php HTTP/1.1" 200 613 "http://loopsostenible2.devuocloud.com/wp-admin/admin.php?page=et_divi_options" "Mozilla/5.0 (Windows NT 10.0; Win64; x64) AppleWebKit/537.36 (KHTML, like Gecko) Chrome/128.0.0.0 Safari/537.36"
146.190.157.162 - - [18/Sep/2024:22:13:21 +0000] "POST /wp-cron.php?doing_wp_cron=1726697601.8919289112091064453125 HTTP/1.1" 200 259 "-" "WordPress/6.6.2; http://loopsostenible2.devuocloud.com"
191.80.164.71 - - [18/Sep/2024:22:13:21 +0000] "POST /wp-admin/admin-ajax.php HTTP/1.1" 200 811 "-" "Mozilla/5.0 (Windows NT 10.0; Win64; x64) AppleWebKit/537.36 (KHTML, like Gecko) Chrome/128.0.0.0 Safari/537.36"
191.80.164.71 - - [18/Sep/2024:22:13:26 +0000] "POST /wp-admin/admin-ajax.php HTTP/1.1" 200 612 "http://loopsostenible2.devuocloud.com/wp-admin/edit.php?post_type=page" "Mozilla/5.0 (Windows NT 10.0; Win64; x64) AppleWebKit/537.36 (KHTML, like Gecko) Chrome/128.0.0.0 Safari/537.36"
191.80.164.71 - - [18/Sep/2024:22:13:48 +0000] "POST /wp-admin/admin-ajax.php HTTP/1.1" 200 613 "http://loopsostenible2.devuocloud.com/wp-admin/admin.php?page=et_divi_options" "Mozilla/5.0 (Windows NT 10.0; Win64; x64) AppleWebKit/537.36 (KHTML, like Gecko) Chrome/128.0.0.0 Safari/537.36"
146.190.157.162 - - [18/Sep/2024:22:14:22 +0000] "POST /wp-cron.php?doing_wp_cron=1726697662.8786680698394775390625 HTTP/1.1" 200 259 "-" "WordPress/6.6.2; http://loopsostenible2.devuocloud.com"
191.80.164.71 - - [18/Sep/2024:22:14:22 +0000] "POST /wp-admin/admin-ajax.php HTTP/1.1" 200 33917 "-" "Mozilla/5.0 (Windows NT 10.0; Win64; x64) AppleWebKit/537.36 (KHTML, like Gecko) Chrome/128.0.0.0 Safari/537.36"
146.190.157.162 - - [18/Sep/2024:22:15:21 +0000] "POST /wp-cron.php?doing_wp_cron=1726697721.6074590682983398437500 HTTP/1.1" 200 259 "-" "WordPress/6.6.2; http://loopsostenible2.devuocloud.com"
191.80.164.71 - - [18/Sep/2024:22:15:21 +0000] "POST /wp-admin/admin-ajax.php HTTP/1.1" 200 147079 "http://loopsostenible2.devuocloud.com/sostenibilidad-2/?et_fb=1&PageSpeed=off" "Mozilla/5.0 (Windows NT 10.0; Win64; x64) AppleWebKit/537.36 (KHTML, like Gecko) Chrome/128.0.0.0 Safari/537.36"
191.80.164.71 - - [18/Sep/2024:22:15:23 +0000] "POST /wp-admin/admin-ajax.php HTTP/1.1" 200 810 "-" "Mozilla/5.0 (Windows NT 10.0; Win64; x64) AppleWebKit/537.36 (KHTML, like Gecko) Chrome/128.0.0.0 Safari/537.36"
191.80.164.71 - - [18/Sep/2024:22:15:27 +0000] "POST /wp-admin/admin-ajax.php HTTP/1.1" 200 612 "http://loopsostenible2.devuocloud.com/wp-admin/edit.php?post_type=page" "Mozilla/5.0 (Windows NT 10.0; Win64; x64) AppleWebKit/537.36 (KHTML, like Gecko) Chrome/128.0.0.0 Safari/537.36"
191.80.164.71 - - [18/Sep/2024:22:15:27 +0000] "POST /wp-admin/admin-ajax.php HTTP/1.1" 200 122099 "http://loopsostenible2.devuocloud.com/sostenibilidad-2/?et_fb=1&PageSpeed=off" "Mozilla/5.0 (Windows NT 10.0; Win64; x64) AppleWebKit/537.36 (KHTML, like Gecko) Chrome/128.0.0.0 Safari/537.36"
191.80.164.71 - - [18/Sep/2024:22:15:33 +0000] "GET /wp-content/uploads/2024/09/Plantacion-scaled.jpg HTTP/1.1" 200 744099 "-" "Mozilla/5.0 (Windows NT 10.0; Win64; x64) AppleWebKit/537.36 (KHTML, like Gecko) Chrome/128.0.0.0 Safari/537.36"
191.80.164.71 - - [18/Sep/2024:22:15:44 +0000] "POST /wp-admin/admin-ajax.php HTTP/1.1" 200 657 "-" "Mozilla/5.0 (Windows NT 10.0; Win64; x64) AppleWebKit/537.36 (KHTML, like Gecko) Chrome/128.0.0.0 Safari/537.36"
191.80.164.71 - - [18/Sep/2024:22:15:49 +0000] "POST /wp-admin/admin-ajax.php HTTP/1.1" 200 612 "http://loopsostenible2.devuocloud.com/wp-admin/admin.php?page=et_divi_options" "Mozilla/5.0 (Windows NT 10.0; Win64; x64) AppleWebKit/537.36 (KHTML, like Gecko) Chrome/128.0.0.0 Safari/537.36"
146.190.157.162 - - [18/Sep/2024:22:16:19 +0000] "POST /wp-cron.php?doing_wp_cron=1726697779.1931030750274658203125 HTTP/1.1" 200 259 "-" "WordPress/6.6.2; http://loopsostenible2.devuocloud.com"
191.80.164.71 - - [18/Sep/2024:22:16:19 +0000] "POST /wp-admin/admin-ajax.php HTTP/1.1" 200 147079 "http://loopsostenible2.devuocloud.com/sostenibilidad-2/?et_fb=1&PageSpeed=off" "Mozilla/5.0 (Windows NT 10.0; Win64; x64) AppleWebKit/537.36 (KHTML, like Gecko) Chrome/128.0.0.0 Safari/537.36"
191.80.164.71 - - [18/Sep/2024:22:16:22 +0000] "POST /wp-admin/admin-ajax.php HTTP/1.1" 200 122099 "http://loopsostenible2.devuocloud.com/sostenibilidad-2/?et_fb=1&PageSpeed=off" "Mozilla/5.0 (Windows NT 10.0; Win64; x64) AppleWebKit/537.36 (KHTML, like Gecko) Chrome/128.0.0.0 Safari/537.36"
191.80.164.71 - - [18/Sep/2024:22:16:23 +0000] "POST /wp-admin/admin-ajax.php HTTP/1.1" 200 810 "-" "Mozilla/5.0 (Windows NT 10.0; Win64; x64) AppleWebKit/537.36 (KHTML, like Gecko) Chrome/128.0.0.0 Safari/537.36"
191.80.164.71 - - [18/Sep/2024:22:16:32 +0000] "GET /wp-content/uploads/2024/09/Cajon_siembra_grande7-scaled.jpeg HTTP/1.1" 200 708831 "-" "Mozilla/5.0 (Windows NT 10.0; Win64; x64) AppleWebKit/537.36 (KHTML, like Gecko) Chrome/128.0.0.0 Safari/537.36"
146.190.157.162 - - [18/Sep/2024:22:17:23 +0000] "POST /wp-cron.php?doing_wp_cron=1726697843.7959980964660644531250 HTTP/1.1" 200 259 "-" "WordPress/6.6.2; http://loopsostenible2.devuocloud.com"
191.80.164.71 - - [18/Sep/2024:22:17:23 +0000] "POST /wp-admin/admin-ajax.php HTTP/1.1" 200 811 "-" "Mozilla/5.0 (Windows NT 10.0; Win64; x64) AppleWebKit/537.36 (KHTML, like Gecko) Chrome/128.0.0.0 Safari/537.36"
191.80.164.71 - - [18/Sep/2024:22:17:28 +0000] "POST /wp-admin/admin-ajax.php HTTP/1.1" 200 612 "http://loopsostenible2.devuocloud.com/wp-admin/edit.php?post_type=page" "Mozilla/5.0 (Windows NT 10.0; Win64; x64) AppleWebKit/537.36 (KHTML, like Gecko) Chrome/128.0.0.0 Safari/537.36"
191.80.164.71 - - [18/Sep/2024:22:17:49 +0000] "POST /wp-admin/admin-ajax.php HTTP/1.1" 200 657 "-" "Mozilla/5.0 (Windows NT 10.0; Win64; x64) AppleWebKit/537.36 (KHTML, like Gecko) Chrome/128.0.0.0 Safari/537.36"
191.80.164.71 - - [18/Sep/2024:22:17:50 +0000] "POST /wp-admin/admin-ajax.php HTTP/1.1" 200 612 "http://loopsostenible2.devuocloud.com/wp-admin/admin.php?page=et_divi_options" "Mozilla/5.0 (Windows NT 10.0; Win64; x64) AppleWebKit/537.36 (KHTML, like Gecko) Chrome/128.0.0.0 Safari/537.36"
146.190.157.162 - - [18/Sep/2024:22:18:23 +0000] "POST /wp-cron.php?doing_wp_cron=1726697903.6730239391326904296875 HTTP/1.1" 200 259 "-" "WordPress/6.6.2; http://loopsostenible2.devuocloud.com"
191.80.164.71 - - [18/Sep/2024:22:18:23 +0000] "POST /wp-admin/admin-ajax.php HTTP/1.1" 200 38148 "-" "Mozilla/5.0 (Windows NT 10.0; Win64; x64) AppleWebKit/537.36 (KHTML, like Gecko) Chrome/128.0.0.0 Safari/537.36"
191.80.164.71 - - [18/Sep/2024:22:18:25 +0000] "GET /wp-content/uploads/2024/09/Preparativos_siembra3-576x1024.jpg HTTP/1.1" 304 250 "http://loopsostenible2.devuocloud.com/sostenibilidad-2/?et_fb=1&PageSpeed=off" "Mozilla/5.0 (Windows NT 10.0; Win64; x64) AppleWebKit/537.36 (KHTML, like Gecko) Chrome/128.0.0.0 Safari/537.36"
191.80.164.71 - - [18/Sep/2024:22:18:34 +0000] "POST /wp-admin/admin-ajax.php HTTP/1.1" 200 657 "-" "Mozilla/5.0 (Windows NT 10.0; Win64; x64) AppleWebKit/537.36 (KHTML, like Gecko) Chrome/128.0.0.0 Safari/537.36"
146.190.157.162 - - [18/Sep/2024:22:19:24 +0000] "POST /wp-cron.php?doing_wp_cron=1726697964.8868720531463623046875 HTTP/1.1" 200 259 "-" "WordPress/6.6.2; http://loopsostenible2.devuocloud.com"
191.80.164.71 - - [18/Sep/2024:22:19:24 +0000] "POST /wp-admin/admin-ajax.php HTTP/1.1" 200 38148 "-" "Mozilla/5.0 (Windows NT 10.0; Win64; x64) AppleWebKit/537.36 (KHTML, like Gecko) Chrome/128.0.0.0 Safari/537.36"
191.80.164.71 - - [18/Sep/2024:22:19:36 +0000] "POST /wp-admin/admin-ajax.php HTTP/1.1" 200 657 "-" "Mozilla/5.0 (Windows NT 10.0; Win64; x64) AppleWebKit/537.36 (KHTML, like Gecko) Chrome/128.0.0.0 Safari/537.36"
191.80.164.71 - - [18/Sep/2024:22:19:51 +0000] "POST /wp-admin/admin-ajax.php HTTP/1.1" 200 613 "http://loopsostenible2.devuocloud.com/wp-admin/admin.php?page=et_divi_options" "Mozilla/5.0 (Windows NT 10.0; Win64; x64) AppleWebKit/537.36 (KHTML, like Gecko) Chrome/128.0.0.0 Safari/537.36"
191.80.164.71 - - [18/Sep/2024:22:20:12 +0000] "GET /wp-content/themes/Divi/includes/builder/frontend-builder/assets/vendors/tinymce-skin/content.min.css HTTP/1.1" 200 1407 "-" "Mozilla/5.0 (Windows NT 10.0; Win64; x64) AppleWebKit/537.36 (KHTML, like Gecko) Chrome/128.0.0.0 Safari/537.36"
191.80.164.71 - - [18/Sep/2024:22:20:12 +0000] "GET /wp-includes/js/tinymce/skins/wordpress/wp-content.css HTTP/1.1" 200 2952 "-" "Mozilla/5.0 (Windows NT 10.0; Win64; x64) AppleWebKit/537.36 (KHTML, like Gecko) Chrome/128.0.0.0 Safari/537.36"
146.190.157.162 - - [18/Sep/2024:22:20:25 +0000] "POST /wp-cron.php?doing_wp_cron=1726698025.3010690212249755859375 HTTP/1.1" 200 259 "-" "WordPress/6.6.2; http://loopsostenible2.devuocloud.com"
191.80.164.71 - - [18/Sep/2024:22:20:24 +0000] "POST /wp-admin/admin-ajax.php HTTP/1.1" 200 811 "-" "Mozilla/5.0 (Windows NT 10.0; Win64; x64) AppleWebKit/537.36 (KHTML, like Gecko) Chrome/128.0.0.0 Safari/537.36"
191.80.164.71 - - [18/Sep/2024:22:20:47 +0000] "POST /wp-admin/admin-ajax.php HTTP/1.1" 200 657 "-" "Mozilla/5.0 (Windows NT 10.0; Win64; x64) AppleWebKit/537.36 (KHTML, like Gecko) Chrome/128.0.0.0 Safari/537.36"
146.190.157.162 - - [18/Sep/2024:22:21:25 +0000] "POST /wp-cron.php?doing_wp_cron=1726698085.5521540641784667968750 HTTP/1.1" 200 259 "-" "WordPress/6.6.2; http://loopsostenible2.devuocloud.com"
191.80.164.71 - - [18/Sep/2024:22:21:25 +0000] "POST /wp-admin/admin-ajax.php HTTP/1.1" 200 811 "-" "Mozilla/5.0 (Windows NT 10.0; Win64; x64) AppleWebKit/537.36 (KHTML, like Gecko) Chrome/128.0.0.0 Safari/537.36"
191.80.164.71 - - [18/Sep/2024:22:21:52 +0000] "POST /wp-admin/admin-ajax.php HTTP/1.1" 200 613 "http://loopsostenible2.devuocloud.com/wp-admin/admin.php?page=et_divi_options" "Mozilla/5.0 (Windows NT 10.0; Win64; x64) AppleWebKit/537.36 (KHTML, like Gecko) Chrome/128.0.0.0 Safari/537.36"
146.190.157.162 - - [18/Sep/2024:22:22:12 +0000] "POST /wp-cron.php?doing_wp_cron=1726698132.9496819972991943359375 HTTP/1.1" 200 259 "-" "WordPress/6.6.2; http://loopsostenible2.devuocloud.com"
191.80.164.71 - - [18/Sep/2024:22:22:12 +0000] "POST /wp-admin/admin-ajax.php HTTP/1.1" 200 774 "-" "Mozilla/5.0 (Windows NT 10.0; Win64; x64) AppleWebKit/537.36 (KHTML, like Gecko) Chrome/128.0.0.0 Safari/537.36"
191.80.164.71 - - [18/Sep/2024:22:22:16 +0000] "POST /wp-admin/admin-ajax.php HTTP/1.1" 200 147078 "http://loopsostenible2.devuocloud.com/sostenibilidad-2/?et_fb=1&PageSpeed=off" "Mozilla/5.0 (Windows NT 10.0; Win64; x64) AppleWebKit/537.36 (KHTML, like Gecko) Chrome/128.0.0.0 Safari/537.36"
191.80.164.71 - - [18/Sep/2024:22:22:21 +0000] "POST /wp-admin/admin-ajax.php HTTP/1.1" 200 122099 "http://loopsostenible2.devuocloud.com/sostenibilidad-2/?et_fb=1&PageSpeed=off" "Mozilla/5.0 (Windows NT 10.0; Win64; x64) AppleWebKit/537.36 (KHTML, like Gecko) Chrome/128.0.0.0 Safari/537.36"
191.80.164.71 - - [18/Sep/2024:22:22:24 +0000] "POST /wp-admin/admin-ajax.php HTTP/1.1" 200 810 "-" "Mozilla/5.0 (Windows NT 10.0; Win64; x64) AppleWebKit/537.36 (KHTML, like Gecko) Chrome/128.0.0.0 Safari/537.36"
191.80.164.71 - - [18/Sep/2024:22:22:38 +0000] "GET /wp-content/uploads/2024/09/Compostaje.jpg HTTP/1.1" 200 1212241 "-" "Mozilla/5.0 (Windows NT 10.0; Win64; x64) AppleWebKit/537.36 (KHTML, like Gecko) Chrome/128.0.0.0 Safari/537.36"
191.80.164.71 - - [18/Sep/2024:22:22:46 +0000] "POST /wp-admin/admin-ajax.php HTTP/1.1" 200 147079 "http://loopsostenible2.devuocloud.com/sostenibilidad-2/?et_fb=1&PageSpeed=off" "Mozilla/5.0 (Windows NT 10.0; Win64; x64) AppleWebKit/537.36 (KHTML, like Gecko) Chrome/128.0.0.0 Safari/537.36"
191.80.164.71 - - [18/Sep/2024:22:22:49 +0000] "POST /wp-admin/admin-ajax.php HTTP/1.1" 200 122099 "http://loopsostenible2.devuocloud.com/sostenibilidad-2/?et_fb=1&PageSpeed=off" "Mozilla/5.0 (Windows NT 10.0; Win64; x64) AppleWebKit/537.36 (KHTML, like Gecko) Chrome/128.0.0.0 Safari/537.36"
191.80.164.71 - - [18/Sep/2024:22:22:54 +0000] "GET /wp-content/uploads/2024/09/Compostaje2560px.jpg HTTP/1.1" 200 1980901 "-" "Mozilla/5.0 (Windows NT 10.0; Win64; x64) AppleWebKit/537.36 (KHTML, like Gecko) Chrome/128.0.0.0 Safari/537.36"
146.190.157.162 - - [18/Sep/2024:22:23:13 +0000] "POST /wp-cron.php?doing_wp_cron=1726698193.8608219623565673828125 HTTP/1.1" 200 259 "-" "WordPress/6.6.2; http://loopsostenible2.devuocloud.com"
191.80.164.71 - - [18/Sep/2024:22:23:13 +0000] "POST /wp-admin/admin-ajax.php HTTP/1.1" 200 147079 "http://loopsostenible2.devuocloud.com/sostenibilidad-2/?et_fb=1&PageSpeed=off" "Mozilla/5.0 (Windows NT 10.0; Win64; x64) AppleWebKit/537.36 (KHTML, like Gecko) Chrome/128.0.0.0 Safari/537.36"
191.80.164.71 - - [18/Sep/2024:22:23:25 +0000] "POST /wp-admin/admin-ajax.php HTTP/1.1" 200 811 "-" "Mozilla/5.0 (Windows NT 10.0; Win64; x64) AppleWebKit/537.36 (KHTML, like Gecko) Chrome/128.0.0.0 Safari/537.36"
191.80.164.71 - - [18/Sep/2024:22:23:33 +0000] "GET /wp-content/uploads/2024/09/Cajon_siembra_pequeno8-scaled.jpg HTTP/1.1" 200 793401 "-" "Mozilla/5.0 (Windows NT 10.0; Win64; x64) AppleWebKit/537.36 (KHTML, like Gecko) Chrome/128.0.0.0 Safari/537.36"
191.80.164.71 - - [18/Sep/2024:22:23:50 +0000] "POST /wp-admin/admin-ajax.php HTTP/1.1" 200 147079 "http://loopsostenible2.devuocloud.com/sostenibilidad-2/?et_fb=1&PageSpeed=off" "Mozilla/5.0 (Windows NT 10.0; Win64; x64) AppleWebKit/537.36 (KHTML, like Gecko) Chrome/128.0.0.0 Safari/537.36"
146.190.157.162 - - [18/Sep/2024:22:23:57 +0000] "POST /wp-cron.php?doing_wp_cron=1726698237.9012110233306884765625 HTTP/1.1" 200 259 "-" "WordPress/6.6.2; http://loopsostenible2.devuocloud.com"
191.80.164.71 - - [18/Sep/2024:22:23:57 +0000] "POST /wp-admin/admin-ajax.php HTTP/1.1" 200 122100 "http://loopsostenible2.devuocloud.com/sostenibilidad-2/?et_fb=1&PageSpeed=off" "Mozilla/5.0 (Windows NT 10.0; Win64; x64) AppleWebKit/537.36 (KHTML, like Gecko) Chrome/128.0.0.0 Safari/537.36"
191.80.164.71 - - [18/Sep/2024:22:24:08 +0000] "GET /wp-content/uploads/2024/09/Tierra-siembra-a-la-vist.jpg HTTP/1.1" 200 222831 "-" "Mozilla/5.0 (Windows NT 10.0; Win64; x64) AppleWebKit/537.36 (KHTML, like Gecko) Chrome/128.0.0.0 Safari/537.36"
191.80.164.71 - - [18/Sep/2024:22:24:14 +0000] "POST /wp-admin/admin-ajax.php HTTP/1.1" 200 147079 "http://loopsostenible2.devuocloud.com/sostenibilidad-2/?et_fb=1&PageSpeed=off" "Mozilla/5.0 (Windows NT 10.0; Win64; x64) AppleWebKit/537.36 (KHTML, like Gecko) Chrome/128.0.0.0 Safari/537.36"
191.80.164.71 - - [18/Sep/2024:22:24:21 +0000] "GET /wp-content/uploads/2024/09/Vista_cosecha10-scaled.jpg HTTP/1.1" 200 630897 "-" "Mozilla/5.0 (Windows NT 10.0; Win64; x64) AppleWebKit/537.36 (KHTML, like Gecko) Chrome/128.0.0.0 Safari/537.36"
191.80.164.71 - - [18/Sep/2024:22:24:25 +0000] "POST /wp-admin/admin-ajax.php HTTP/1.1" 200 39255 "-" "Mozilla/5.0 (Windows NT 10.0; Win64; x64) AppleWebKit/537.36 (KHTML, like Gecko) Chrome/128.0.0.0 Safari/537.36"
191.80.164.71 - - [18/Sep/2024:22:24:33 +0000] "POST /wp-admin/admin-ajax.php HTTP/1.1" 200 657 "-" "Mozilla/5.0 (Windows NT 10.0; Win64; x64) AppleWebKit/537.36 (KHTML, like Gecko) Chrome/128.0.0.0 Safari/537.36"
191.80.164.71 - - [18/Sep/2024:22:24:51 +0000] "POST /wp-admin/admin-ajax.php HTTP/1.1" 200 583 "-" "Mozilla/5.0 (Windows NT 10.0; Win64; x64) AppleWebKit/537.36 (KHTML, like Gecko) Chrome/128.0.0.0 Safari/537.36"
146.190.157.162 - - [18/Sep/2024:22:25:26 +0000] "POST /wp-cron.php?doing_wp_cron=1726698326.5505390167236328125000 HTTP/1.1" 200 259 "-" "WordPress/6.6.2; http://loopsostenible2.devuocloud.com"
191.80.164.71 - - [18/Sep/2024:22:25:26 +0000] "POST /wp-admin/admin-ajax.php HTTP/1.1" 200 811 "-" "Mozilla/5.0 (Windows NT 10.0; Win64; x64) AppleWebKit/537.36 (KHTML, like Gecko) Chrome/128.0.0.0 Safari/537.36"
146.190.157.162 - - [18/Sep/2024:22:26:26 +0000] "POST /wp-cron.php?doing_wp_cron=1726698386.5630960464477539062500 HTTP/1.1" 200 259 "-" "WordPress/6.6.2; http://loopsostenible2.devuocloud.com"
191.80.164.71 - - [18/Sep/2024:22:26:26 +0000] "POST /wp-admin/admin-ajax.php HTTP/1.1" 200 40126 "-" "Mozilla/5.0 (Windows NT 10.0; Win64; x64) AppleWebKit/537.36 (KHTML, like Gecko) Chrome/128.0.0.0 Safari/537.36"
146.190.157.162 - - [18/Sep/2024:22:27:26 +0000] "POST /wp-cron.php?doing_wp_cron=1726698446.5965240001678466796875 HTTP/1.1" 200 259 "-" "WordPress/6.6.2; http://loopsostenible2.devuocloud.com"
191.80.164.71 - - [18/Sep/2024:22:27:26 +0000] "POST /wp-admin/admin-ajax.php HTTP/1.1" 200 811 "-" "Mozilla/5.0 (Windows NT 10.0; Win64; x64) AppleWebKit/537.36 (KHTML, like Gecko) Chrome/128.0.0.0 Safari/537.36"
146.190.157.162 - - [18/Sep/2024:22:28:26 +0000] "POST /wp-cron.php?doing_wp_cron=1726698506.6486101150512695312500 HTTP/1.1" 200 259 "-" "WordPress/6.6.2; http://loopsostenible2.devuocloud.com"
191.80.164.71 - - [18/Sep/2024:22:28:26 +0000] "POST /wp-admin/admin-ajax.php HTTP/1.1" 200 811 "-" "Mozilla/5.0 (Windows NT 10.0; Win64; x64) AppleWebKit/537.36 (KHTML, like Gecko) Chrome/128.0.0.0 Safari/537.36"
146.190.157.162 - - [18/Sep/2024:22:29:26 +0000] "POST /wp-cron.php?doing_wp_cron=1726698566.5850899219512939453125 HTTP/1.1" 200 259 "-" "WordPress/6.6.2; http://loopsostenible2.devuocloud.com"
191.80.164.71 - - [18/Sep/2024:22:29:26 +0000] "POST /wp-admin/admin-ajax.php HTTP/1.1" 200 42958 "-" "Mozilla/5.0 (Windows NT 10.0; Win64; x64) AppleWebKit/537.36 (KHTML, like Gecko) Chrome/128.0.0.0 Safari/537.36"
191.80.164.71 - - [18/Sep/2024:22:29:31 +0000] "POST /wp-admin/admin-ajax.php HTTP/1.1" 200 656 "-" "Mozilla/5.0 (Windows NT 10.0; Win64; x64) AppleWebKit/537.36 (KHTML, like Gecko) Chrome/128.0.0.0 Safari/537.36"
146.190.157.162 - - [18/Sep/2024:22:30:26 +0000] "POST /wp-cron.php?doing_wp_cron=1726698626.9269299507141113281250 HTTP/1.1" 200 259 "-" "WordPress/6.6.2; http://loopsostenible2.devuocloud.com"
191.80.164.71 - - [18/Sep/2024:22:30:26 +0000] "POST /wp-admin/admin-ajax.php HTTP/1.1" 200 42902 "-" "Mozilla/5.0 (Windows NT 10.0; Win64; x64) AppleWebKit/537.36 (KHTML, like Gecko) Chrome/128.0.0.0 Safari/537.36"
146.190.157.162 - - [18/Sep/2024:22:30:57 +0000] "POST /wp-cron.php?doing_wp_cron=1726698657.7140979766845703125000 HTTP/1.1" 200 259 "-" "WordPress/6.6.2; http://loopsostenible2.devuocloud.com"
191.80.164.71 - - [18/Sep/2024:22:30:57 +0000] "POST /wp-admin/admin-ajax.php HTTP/1.1" 200 147079 "http://loopsostenible2.devuocloud.com/sostenibilidad-2/?et_fb=1&PageSpeed=off" "Mozilla/5.0 (Windows NT 10.0; Win64; x64) AppleWebKit/537.36 (KHTML, like Gecko) Chrome/128.0.0.0 Safari/537.36"
146.190.157.162 - - [18/Sep/2024:22:31:26 +0000] "POST /wp-cron.php?doing_wp_cron=1726698686.8864259719848632812500 HTTP/1.1" 200 259 "-" "WordPress/6.6.2; http://loopsostenible2.devuocloud.com"
191.80.164.71 - - [18/Sep/2024:22:31:26 +0000] "POST /wp-admin/admin-ajax.php HTTP/1.1" 200 811 "-" "Mozilla/5.0 (Windows NT 10.0; Win64; x64) AppleWebKit/537.36 (KHTML, like Gecko) Chrome/128.0.0.0 Safari/537.36"
146.190.157.162 - - [18/Sep/2024:22:31:56 +0000] "POST /wp-cron.php?doing_wp_cron=1726698716.6427900791168212890625 HTTP/1.1" 200 259 "-" "WordPress/6.6.2; http://loopsostenible2.devuocloud.com"
191.80.164.71 - - [18/Sep/2024:22:31:56 +0000] "POST /wp-admin/admin-ajax.php HTTP/1.1" 200 657 "-" "Mozilla/5.0 (Windows NT 10.0; Win64; x64) AppleWebKit/537.36 (KHTML, like Gecko) Chrome/128.0.0.0 Safari/537.36"
191.80.164.71 - - [18/Sep/2024:22:32:26 +0000] "POST /wp-admin/admin-ajax.php HTTP/1.1" 200 48976 "-" "Mozilla/5.0 (Windows NT 10.0; Win64; x64) AppleWebKit/537.36 (KHTML, like Gecko) Chrome/128.0.0.0 Safari/537.36"
146.190.157.162 - - [18/Sep/2024:22:33:26 +0000] "POST /wp-cron.php?doing_wp_cron=1726698806.8910639286041259765625 HTTP/1.1" 200 259 "-" "WordPress/6.6.2; http://loopsostenible2.devuocloud.com"
191.80.164.71 - - [18/Sep/2024:22:33:26 +0000] "POST /wp-admin/admin-ajax.php HTTP/1.1" 200 811 "-" "Mozilla/5.0 (Windows NT 10.0; Win64; x64) AppleWebKit/537.36 (KHTML, like Gecko) Chrome/128.0.0.0 Safari/537.36"
146.190.157.162 - - [18/Sep/2024:22:34:26 +0000] "POST /wp-cron.php?doing_wp_cron=1726698866.9114499092102050781250 HTTP/1.1" 200 259 "-" "WordPress/6.6.2; http://loopsostenible2.devuocloud.com"
191.80.164.71 - - [18/Sep/2024:22:34:26 +0000] "POST /wp-admin/admin-ajax.php HTTP/1.1" 200 50110 "-" "Mozilla/5.0 (Windows NT 10.0; Win64; x64) AppleWebKit/537.36 (KHTML, like Gecko) Chrome/128.0.0.0 Safari/537.36"
191.80.164.71 - - [18/Sep/2024:22:34:33 +0000] "POST /wp-admin/admin-ajax.php HTTP/1.1" 200 657 "-" "Mozilla/5.0 (Windows NT 10.0; Win64; x64) AppleWebKit/537.36 (KHTML, like Gecko) Chrome/128.0.0.0 Safari/537.36"
146.190.157.162 - - [18/Sep/2024:22:35:26 +0000] "POST /wp-cron.php?doing_wp_cron=1726698926.6486730575561523437500 HTTP/1.1" 200 259 "-" "WordPress/6.6.2; http://loopsostenible2.devuocloud.com"
191.80.164.71 - - [18/Sep/2024:22:35:26 +0000] "POST /wp-admin/admin-ajax.php HTTP/1.1" 200 49958 "-" "Mozilla/5.0 (Windows NT 10.0; Win64; x64) AppleWebKit/537.36 (KHTML, like Gecko) Chrome/128.0.0.0 Safari/537.36"
146.190.157.162 - - [18/Sep/2024:22:37:26 +0000] "POST /wp-cron.php?doing_wp_cron=1726699046.9429299831390380859375 HTTP/1.1" 200 259 "-" "WordPress/6.6.2; http://loopsostenible2.devuocloud.com"
191.80.164.71 - - [18/Sep/2024:22:37:26 +0000] "POST /wp-admin/admin-ajax.php HTTP/1.1" 200 938 "-" "Mozilla/5.0 (Windows NT 10.0; Win64; x64) AppleWebKit/537.36 (KHTML, like Gecko) Chrome/128.0.0.0 Safari/537.36"
146.190.157.162 - - [18/Sep/2024:22:39:26 +0000] "POST /wp-cron.php?doing_wp_cron=1726699166.6689429283142089843750 HTTP/1.1" 200 259 "-" "WordPress/6.6.2; http://loopsostenible2.devuocloud.com"
191.80.164.71 - - [18/Sep/2024:22:39:26 +0000] "POST /wp-admin/admin-ajax.php HTTP/1.1" 200 938 "-" "Mozilla/5.0 (Windows NT 10.0; Win64; x64) AppleWebKit/537.36 (KHTML, like Gecko) Chrome/128.0.0.0 Safari/537.36"
146.190.157.162 - - [18/Sep/2024:22:41:26 +0000] "POST /wp-cron.php?doing_wp_cron=1726699286.6911211013793945312500 HTTP/1.1" 200 259 "-" "WordPress/6.6.2; http://loopsostenible2.devuocloud.com"
191.80.164.71 - - [18/Sep/2024:22:41:26 +0000] "POST /wp-admin/admin-ajax.php HTTP/1.1" 200 938 "-" "Mozilla/5.0 (Windows NT 10.0; Win64; x64) AppleWebKit/537.36 (KHTML, like Gecko) Chrome/128.0.0.0 Safari/537.36"
146.190.157.162 - - [18/Sep/2024:22:43:26 +0000] "POST /wp-cron.php?doing_wp_cron=1726699406.6927549839019775390625 HTTP/1.1" 200 259 "-" "WordPress/6.6.2; http://loopsostenible2.devuocloud.com"
191.80.164.71 - - [18/Sep/2024:22:43:26 +0000] "POST /wp-admin/admin-ajax.php HTTP/1.1" 200 938 "-" "Mozilla/5.0 (Windows NT 10.0; Win64; x64) AppleWebKit/537.36 (KHTML, like Gecko) Chrome/128.0.0.0 Safari/537.36"
146.190.157.162 - - [18/Sep/2024:23:00:16 +0000] "POST /wp-cron.php?doing_wp_cron=1726700416.5216660499572753906250 HTTP/1.1" 200 259 "-" "WordPress/6.6.2; http://loopsostenible2.devuocloud.com"
191.80.164.71 - - [18/Sep/2024:23:00:16 +0000] "POST /wp-admin/admin-ajax.php HTTP/1.1" 200 730 "-" "Mozilla/5.0 (Windows NT 10.0; Win64; x64) AppleWebKit/537.36 (KHTML, like Gecko) Chrome/128.0.0.0 Safari/537.36"
146.190.157.162 - - [18/Sep/2024:23:01:16 +0000] "POST /wp-cron.php?doing_wp_cron=1726700476.6892960071563720703125 HTTP/1.1" 200 259 "-" "WordPress/6.6.2; http://loopsostenible2.devuocloud.com"
191.80.164.71 - - [18/Sep/2024:23:01:16 +0000] "POST /wp-admin/admin-ajax.php HTTP/1.1" 200 938 "-" "Mozilla/5.0 (Windows NT 10.0; Win64; x64) AppleWebKit/537.36 (KHTML, like Gecko) Chrome/128.0.0.0 Safari/537.36"
146.190.157.162 - - [18/Sep/2024:23:02:16 +0000] "POST /wp-cron.php?doing_wp_cron=1726700536.6385059356689453125000 HTTP/1.1" 200 259 "-" "WordPress/6.6.2; http://loopsostenible2.devuocloud.com"
191.80.164.71 - - [18/Sep/2024:23:02:16 +0000] "POST /wp-admin/admin-ajax.php HTTP/1.1" 200 730 "-" "Mozilla/5.0 (Windows NT 10.0; Win64; x64) AppleWebKit/537.36 (KHTML, like Gecko) Chrome/128.0.0.0 Safari/537.36"
191.80.164.71 - - [18/Sep/2024:23:03:13 +0000] "GET /wp-content/themes/Divi/includes/builder/frontend-builder/assets/vendors/tinymce-skin/content.min.css HTTP/1.1" 200 1407 "-" "Mozilla/5.0 (Windows NT 10.0; Win64; x64) AppleWebKit/537.36 (KHTML, like Gecko) Chrome/128.0.0.0 Safari/537.36"
191.80.164.71 - - [18/Sep/2024:23:03:13 +0000] "GET /wp-includes/js/tinymce/skins/wordpress/wp-content.css HTTP/1.1" 200 2952 "-" "Mozilla/5.0 (Windows NT 10.0; Win64; x64) AppleWebKit/537.36 (KHTML, like Gecko) Chrome/128.0.0.0 Safari/537.36"
146.190.157.162 - - [18/Sep/2024:23:03:17 +0000] "POST /wp-cron.php?doing_wp_cron=1726700597.6366229057312011718750 HTTP/1.1" 200 259 "-" "WordPress/6.6.2; http://loopsostenible2.devuocloud.com"
191.80.164.71 - - [18/Sep/2024:23:03:17 +0000] "POST /wp-admin/admin-ajax.php HTTP/1.1" 200 1052 "-" "Mozilla/5.0 (Windows NT 10.0; Win64; x64) AppleWebKit/537.36 (KHTML, like Gecko) Chrome/128.0.0.0 Safari/537.36"
146.190.157.162 - - [18/Sep/2024:23:04:18 +0000] "POST /wp-cron.php?doing_wp_cron=1726700658.8836901187896728515625 HTTP/1.1" 200 259 "-" "WordPress/6.6.2; http://loopsostenible2.devuocloud.com"
191.80.164.71 - - [18/Sep/2024:23:04:18 +0000] "POST /wp-admin/admin-ajax.php HTTP/1.1" 200 1053 "-" "Mozilla/5.0 (Windows NT 10.0; Win64; x64) AppleWebKit/537.36 (KHTML, like Gecko) Chrome/128.0.0.0 Safari/537.36"
146.190.157.162 - - [18/Sep/2024:23:05:19 +0000] "POST /wp-cron.php?doing_wp_cron=1726700719.9043118953704833984375 HTTP/1.1" 200 259 "-" "WordPress/6.6.2; http://loopsostenible2.devuocloud.com"
191.80.164.71 - - [18/Sep/2024:23:05:19 +0000] "POST /wp-admin/admin-ajax.php HTTP/1.1" 200 1053 "-" "Mozilla/5.0 (Windows NT 10.0; Win64; x64) AppleWebKit/537.36 (KHTML, like Gecko) Chrome/128.0.0.0 Safari/537.36"
191.80.164.71 - - [18/Sep/2024:23:05:31 +0000] "POST /wp-admin/admin-ajax.php HTTP/1.1" 200 613 "http://loopsostenible2.devuocloud.com/wp-admin/edit.php?post_type=page" "Mozilla/5.0 (Windows NT 10.0; Win64; x64) AppleWebKit/537.36 (KHTML, like Gecko) Chrome/128.0.0.0 Safari/537.36"
191.80.164.71 - - [18/Sep/2024:23:05:30 +0000] "POST /wp-admin/admin-ajax.php HTTP/1.1" 200 657 "-" "Mozilla/5.0 (Windows NT 10.0; Win64; x64) AppleWebKit/537.36 (KHTML, like Gecko) Chrome/128.0.0.0 Safari/537.36"
191.80.164.71 - - [18/Sep/2024:23:05:35 +0000] "GET /sostenibilidad-2/ HTTP/1.1" 200 26999 "http://loopsostenible2.devuocloud.com/wp-admin/edit.php?post_type=page" "Mozilla/5.0 (Windows NT 10.0; Win64; x64) AppleWebKit/537.36 (KHTML, like Gecko) Chrome/128.0.0.0 Safari/537.36"
191.80.164.71 - - [18/Sep/2024:23:05:36 +0000] "GET /wp-includes/css/dashicons.min.css?ver=6.6.2 HTTP/1.1" 200 36068 "http://loopsostenible2.devuocloud.com/sostenibilidad-2/" "Mozilla/5.0 (Windows NT 10.0; Win64; x64) AppleWebKit/537.36 (KHTML, like Gecko) Chrome/128.0.0.0 Safari/537.36"
191.80.164.71 - - [18/Sep/2024:23:05:36 +0000] "GET /wp-includes/css/admin-bar.min.css?ver=6.6.2 HTTP/1.1" 200 4149 "http://loopsostenible2.devuocloud.com/sostenibilidad-2/" "Mozilla/5.0 (Windows NT 10.0; Win64; x64) AppleWebKit/537.36 (KHTML, like Gecko) Chrome/128.0.0.0 Safari/537.36"
191.80.164.71 - - [18/Sep/2024:23:05:36 +0000] "GET /wp-includes/css/dist/block-library/style.min.css?ver=6.6.2 HTTP/1.1" 200 15180 "http://loopsostenible2.devuocloud.com/sostenibilidad-2/" "Mozilla/5.0 (Windows NT 10.0; Win64; x64) AppleWebKit/537.36 (KHTML, like Gecko) Chrome/128.0.0.0 Safari/537.36"
191.80.164.71 - - [18/Sep/2024:23:05:37 +0000] "GET /wp-content/plugins/contact-form-7/includes/css/styles.css?ver=5.9.8 HTTP/1.1" 200 1351 "http://loopsostenible2.devuocloud.com/sostenibilidad-2/" "Mozilla/5.0 (Windows NT 10.0; Win64; x64) AppleWebKit/537.36 (KHTML, like Gecko) Chrome/128.0.0.0 Safari/537.36"
191.80.164.71 - - [18/Sep/2024:23:05:37 +0000] "GET /wp-content/plugins/wordpress-seo/css/dist/adminbar-2340.css HTTP/1.1" 200 1947 "http://loopsostenible2.devuocloud.com/sostenibilidad-2/" "Mozilla/5.0 (Windows NT 10.0; Win64; x64) AppleWebKit/537.36 (KHTML, like Gecko) Chrome/128.0.0.0 Safari/537.36"
191.80.164.71 - - [18/Sep/2024:23:05:37 +0000] "GET /wp-content/themes/Divi/style.css?ver=4.9.1 HTTP/1.1" 200 83127 "http://loopsostenible2.devuocloud.com/sostenibilidad-2/" "Mozilla/5.0 (Windows NT 10.0; Win64; x64) AppleWebKit/537.36 (KHTML, like Gecko) Chrome/128.0.0.0 Safari/537.36"
191.80.164.71 - - [18/Sep/2024:23:05:37 +0000] "GET /wp-includes/js/jquery/jquery.min.js?ver=3.7.1 HTTP/1.1" 200 30715 "http://loopsostenible2.devuocloud.com/sostenibilidad-2/" "Mozilla/5.0 (Windows NT 10.0; Win64; x64) AppleWebKit/537.36 (KHTML, like Gecko) Chrome/128.0.0.0 Safari/537.36"
191.80.164.71 - - [18/Sep/2024:23:05:37 +0000] "GET /wp-content/uploads/2024/09/logo.png HTTP/1.1" 304 249 "http://loopsostenible2.devuocloud.com/sostenibilidad-2/" "Mozilla/5.0 (Windows NT 10.0; Win64; x64) AppleWebKit/537.36 (KHTML, like Gecko) Chrome/128.0.0.0 Safari/537.36"
191.80.164.71 - - [18/Sep/2024:23:05:37 +0000] "GET /wp-content/uploads/2024/09/Plantacion-scaled.jpg HTTP/1.1" 304 250 "http://loopsostenible2.devuocloud.com/sostenibilidad-2/" "Mozilla/5.0 (Windows NT 10.0; Win64; x64) AppleWebKit/537.36 (KHTML, like Gecko) Chrome/128.0.0.0 Safari/537.36"
191.80.164.71 - - [18/Sep/2024:23:05:37 +0000] "GET /wp-content/themes/Divi/core/admin/fonts/modules.ttf HTTP/1.1" 304 251 "http://loopsostenible2.devuocloud.com/sostenibilidad-2/" "Mozilla/5.0 (Windows NT 10.0; Win64; x64) AppleWebKit/537.36 (KHTML, like Gecko) Chrome/128.0.0.0 Safari/537.36"
191.80.164.71 - - [18/Sep/2024:23:05:37 +0000] "GET /wp-includes/js/jquery/jquery-migrate.min.js?ver=3.4.1 HTTP/1.1" 200 5217 "http://loopsostenible2.devuocloud.com/sostenibilidad-2/" "Mozilla/5.0 (Windows NT 10.0; Win64; x64) AppleWebKit/537.36 (KHTML, like Gecko) Chrome/128.0.0.0 Safari/537.36"
191.80.164.71 - - [18/Sep/2024:23:05:37 +0000] "GET /wp-content/uploads/2024/09/Cajon_siembra_grande7-scaled.jpeg HTTP/1.1" 304 250 "http://loopsostenible2.devuocloud.com/sostenibilidad-2/" "Mozilla/5.0 (Windows NT 10.0; Win64; x64) AppleWebKit/537.36 (KHTML, like Gecko) Chrome/128.0.0.0 Safari/537.36"
191.80.164.71 - - [18/Sep/2024:23:05:38 +0000] "GET /wp-includes/js/hoverintent-js.min.js?ver=2.2.1 HTTP/1.1" 200 1060 "http://loopsostenible2.devuocloud.com/sostenibilidad-2/" "Mozilla/5.0 (Windows NT 10.0; Win64; x64) AppleWebKit/537.36 (KHTML, like Gecko) Chrome/128.0.0.0 Safari/537.36"
191.80.164.71 - - [18/Sep/2024:23:05:38 +0000] "GET /wp-includes/js/dist/hooks.min.js?ver=2810c76e705dd1a53b18 HTTP/1.1" 200 1885 "http://loopsostenible2.devuocloud.com/sostenibilidad-2/" "Mozilla/5.0 (Windows NT 10.0; Win64; x64) AppleWebKit/537.36 (KHTML, like Gecko) Chrome/128.0.0.0 Safari/537.36"
191.80.164.71 - - [18/Sep/2024:23:05:38 +0000] "GET /wp-includes/js/dist/i18n.min.js?ver=5e580eb46a90c2b997e6 HTTP/1.1" 200 4011 "http://loopsostenible2.devuocloud.com/sostenibilidad-2/" "Mozilla/5.0 (Windows NT 10.0; Win64; x64) AppleWebKit/537.36 (KHTML, like Gecko) Chrome/128.0.0.0 Safari/537.36"
191.80.164.71 - - [18/Sep/2024:23:05:38 +0000] "GET /wp-includes/js/admin-bar.min.js?ver=6.6.2 HTTP/1.1" 200 1700 "http://loopsostenible2.devuocloud.com/sostenibilidad-2/" "Mozilla/5.0 (Windows NT 10.0; Win64; x64) AppleWebKit/537.36 (KHTML, like Gecko) Chrome/128.0.0.0 Safari/537.36"
191.80.164.71 - - [18/Sep/2024:23:05:38 +0000] "GET /wp-content/themes/Divi/core/admin/js/common.js?ver=4.9.1 HTTP/1.1" 200 908 "http://loopsostenible2.devuocloud.com/sostenibilidad-2/" "Mozilla/5.0 (Windows NT 10.0; Win64; x64) AppleWebKit/537.36 (KHTML, like Gecko) Chrome/128.0.0.0 Safari/537.36"
191.80.164.71 - - [18/Sep/2024:23:05:38 +0000] "GET /wp-content/plugins/contact-form-7/includes/js/index.js?ver=5.9.8 HTTP/1.1" 200 4601 "http://loopsostenible2.devuocloud.com/sostenibilidad-2/" "Mozilla/5.0 (Windows NT 10.0; Win64; x64) AppleWebKit/537.36 (KHTML, like Gecko) Chrome/128.0.0.0 Safari/537.36"
191.80.164.71 - - [18/Sep/2024:23:05:38 +0000] "GET /wp-content/plugins/contact-form-7/includes/swv/js/index.js?ver=5.9.8 HTTP/1.1" 200 3698 "http://loopsostenible2.devuocloud.com/sostenibilidad-2/" "Mozilla/5.0 (Windows NT 10.0; Win64; x64) AppleWebKit/537.36 (KHTML, like Gecko) Chrome/128.0.0.0 Safari/537.36"
191.80.164.71 - - [18/Sep/2024:23:05:37 +0000] "GET /wp-content/uploads/2024/09/Compostaje2560px-2048x1152.jpg HTTP/1.1" 200 708176 "http://loopsostenible2.devuocloud.com/sostenibilidad-2/" "Mozilla/5.0 (Windows NT 10.0; Win64; x64) AppleWebKit/537.36 (KHTML, like Gecko) Chrome/128.0.0.0 Safari/537.36"
191.80.164.71 - - [18/Sep/2024:23:05:38 +0000] "GET /wp-content/themes/Divi/js/custom.unified.js?ver=4.9.1 HTTP/1.1" 200 138723 "http://loopsostenible2.devuocloud.com/sostenibilidad-2/" "Mozilla/5.0 (Windows NT 10.0; Win64; x64) AppleWebKit/537.36 (KHTML, like Gecko) Chrome/128.0.0.0 Safari/537.36"
191.80.164.71 - - [18/Sep/2024:23:05:38 +0000] "GET /wp-content/uploads/2024/09/Tierra-siembra-a-la-vist.jpg HTTP/1.1" 304 250 "http://loopsostenible2.devuocloud.com/sostenibilidad-2/" "Mozilla/5.0 (Windows NT 10.0; Win64; x64) AppleWebKit/537.36 (KHTML, like Gecko) Chrome/128.0.0.0 Safari/537.36"
191.80.164.71 - - [18/Sep/2024:23:05:38 +0000] "GET /wp-content/uploads/2024/09/Vista_cosecha10-2048x1152.jpg HTTP/1.1" 200 457218 "http://loopsostenible2.devuocloud.com/sostenibilidad-2/" "Mozilla/5.0 (Windows NT 10.0; Win64; x64) AppleWebKit/537.36 (KHTML, like Gecko) Chrome/128.0.0.0 Safari/537.36"
191.80.164.71 - - [18/Sep/2024:23:05:38 +0000] "GET /wp-content/uploads/2024/09/logo-footer2.png HTTP/1.1" 304 249 "http://loopsostenible2.devuocloud.com/sostenibilidad-2/" "Mozilla/5.0 (Windows NT 10.0; Win64; x64) AppleWebKit/537.36 (KHTML, like Gecko) Chrome/128.0.0.0 Safari/537.36"
191.80.164.71 - - [18/Sep/2024:23:05:38 +0000] "GET /wp-content/uploads/2024/09/Cajon_siembra_pequeno8-2048x1152.jpg HTTP/1.1" 200 574813 "http://loopsostenible2.devuocloud.com/sostenibilidad-2/" "Mozilla/5.0 (Windows NT 10.0; Win64; x64) AppleWebKit/537.36 (KHTML, like Gecko) Chrome/128.0.0.0 Safari/537.36"
191.80.164.71 - - [18/Sep/2024:23:05:39 +0000] "GET /wp-content/uploads/2024/09/kit_digital-1024x61-1.png HTTP/1.1" 304 249 "http://loopsostenible2.devuocloud.com/sostenibilidad-2/" "Mozilla/5.0 (Windows NT 10.0; Win64; x64) AppleWebKit/537.36 (KHTML, like Gecko) Chrome/128.0.0.0 Safari/537.36"
191.80.164.71 - - [18/Sep/2024:23:05:39 +0000] "GET /wp-content/uploads/2024/09/Cosecha_Zapallo-scaled.jpg HTTP/1.1" 304 250 "http://loopsostenible2.devuocloud.com/sostenibilidad-2/" "Mozilla/5.0 (Windows NT 10.0; Win64; x64) AppleWebKit/537.36 (KHTML, like Gecko) Chrome/128.0.0.0 Safari/537.36"
191.80.164.71 - - [18/Sep/2024:23:05:39 +0000] "GET /wp-content/uploads/2024/09/Vista_cosecha10-scaled.jpg HTTP/1.1" 304 250 "http://loopsostenible2.devuocloud.com/sostenibilidad-2/" "Mozilla/5.0 (Windows NT 10.0; Win64; x64) AppleWebKit/537.36 (KHTML, like Gecko) Chrome/128.0.0.0 Safari/537.36"
191.80.164.71 - - [18/Sep/2024:23:05:39 +0000] "GET /wp-includes/js/wp-emoji-release.min.js?ver=6.6.2 HTTP/1.1" 200 5406 "http://loopsostenible2.devuocloud.com/sostenibilidad-2/" "Mozilla/5.0 (Windows NT 10.0; Win64; x64) AppleWebKit/537.36 (KHTML, like Gecko) Chrome/128.0.0.0 Safari/537.36"
191.80.164.71 - - [18/Sep/2024:23:05:39 +0000] "GET /wp-content/uploads/2024/09/cropped-isologo-32x32.png HTTP/1.1" 304 248 "http://loopsostenible2.devuocloud.com/sostenibilidad-2/" "Mozilla/5.0 (Windows NT 10.0; Win64; x64) AppleWebKit/537.36 (KHTML, like Gecko) Chrome/128.0.0.0 Safari/537.36"
191.80.164.71 - - [18/Sep/2024:23:05:47 +0000] "POST /wp-admin/admin-ajax.php HTTP/1.1" 200 613 "http://loopsostenible2.devuocloud.com/wp-admin/edit.php?post_type=page" "Mozilla/5.0 (Windows NT 10.0; Win64; x64) AppleWebKit/537.36 (KHTML, like Gecko) Chrome/128.0.0.0 Safari/537.36"
146.190.157.162 - - [18/Sep/2024:23:06:03 +0000] "POST /wp-cron.php?doing_wp_cron=1726700763.6464478969573974609375 HTTP/1.1" 200 259 "-" "WordPress/6.6.2; http://loopsostenible2.devuocloud.com"
191.80.164.71 - - [18/Sep/2024:23:06:03 +0000] "POST /wp-admin/admin-ajax.php HTTP/1.1" 200 613 "http://loopsostenible2.devuocloud.com/wp-admin/edit.php?post_type=page" "Mozilla/5.0 (Windows NT 10.0; Win64; x64) AppleWebKit/537.36 (KHTML, like Gecko) Chrome/128.0.0.0 Safari/537.36"
191.80.164.71 - - [18/Sep/2024:23:06:19 +0000] "POST /wp-admin/admin-ajax.php HTTP/1.1" 200 64699 "-" "Mozilla/5.0 (Windows NT 10.0; Win64; x64) AppleWebKit/537.36 (KHTML, like Gecko) Chrome/128.0.0.0 Safari/537.36"
191.80.164.71 - - [18/Sep/2024:23:06:23 +0000] "POST /wp-admin/admin-ajax.php HTTP/1.1" 200 656 "-" "Mozilla/5.0 (Windows NT 10.0; Win64; x64) AppleWebKit/537.36 (KHTML, like Gecko) Chrome/128.0.0.0 Safari/537.36"
191.80.164.71 - - [18/Sep/2024:23:06:28 +0000] "POST /wp-admin/admin-ajax.php HTTP/1.1" 200 612 "http://loopsostenible2.devuocloud.com/wp-admin/edit.php?post_type=page" "Mozilla/5.0 (Windows NT 10.0; Win64; x64) AppleWebKit/537.36 (KHTML, like Gecko) Chrome/128.0.0.0 Safari/537.36"
191.80.164.71 - - [18/Sep/2024:23:06:30 +0000] "GET /sostenibilidad-2/ HTTP/1.1" 200 26815 "http://loopsostenible2.devuocloud.com/wp-admin/edit.php?post_type=page" "Mozilla/5.0 (Windows NT 10.0; Win64; x64) AppleWebKit/537.36 (KHTML, like Gecko) Chrome/128.0.0.0 Safari/537.36"
191.80.164.71 - - [18/Sep/2024:23:06:44 +0000] "POST /wp-admin/admin-ajax.php HTTP/1.1" 200 613 "http://loopsostenible2.devuocloud.com/wp-admin/edit.php?post_type=page" "Mozilla/5.0 (Windows NT 10.0; Win64; x64) AppleWebKit/537.36 (KHTML, like Gecko) Chrome/128.0.0.0 Safari/537.36"
146.190.157.162 - - [18/Sep/2024:23:07:04 +0000] "POST /wp-cron.php?doing_wp_cron=1726700824.1410830020904541015625 HTTP/1.1" 200 259 "-" "WordPress/6.6.2; http://loopsostenible2.devuocloud.com"
191.80.164.71 - - [18/Sep/2024:23:07:04 +0000] "POST /wp-admin/admin-ajax.php HTTP/1.1" 200 613 "http://loopsostenible2.devuocloud.com/wp-admin/edit.php?post_type=page" "Mozilla/5.0 (Windows NT 10.0; Win64; x64) AppleWebKit/537.36 (KHTML, like Gecko) Chrome/128.0.0.0 Safari/537.36"
191.80.164.71 - - [18/Sep/2024:23:07:19 +0000] "POST /wp-admin/admin-ajax.php HTTP/1.1" 200 613 "http://loopsostenible2.devuocloud.com/wp-admin/edit.php?post_type=page" "Mozilla/5.0 (Windows NT 10.0; Win64; x64) AppleWebKit/537.36 (KHTML, like Gecko) Chrome/128.0.0.0 Safari/537.36"
191.80.164.71 - - [18/Sep/2024:23:07:20 +0000] "POST /wp-admin/admin-ajax.php HTTP/1.1" 200 59729 "-" "Mozilla/5.0 (Windows NT 10.0; Win64; x64) AppleWebKit/537.36 (KHTML, like Gecko) Chrome/128.0.0.0 Safari/537.36"
146.190.157.162 - - [18/Sep/2024:23:08:20 +0000] "POST /wp-cron.php?doing_wp_cron=1726700900.8792068958282470703125 HTTP/1.1" 200 259 "-" "WordPress/6.6.2; http://loopsostenible2.devuocloud.com"
191.80.164.71 - - [18/Sep/2024:23:08:20 +0000] "POST /wp-admin/admin-ajax.php HTTP/1.1" 200 811 "-" "Mozilla/5.0 (Windows NT 10.0; Win64; x64) AppleWebKit/537.36 (KHTML, like Gecko) Chrome/128.0.0.0 Safari/537.36"
146.190.157.162 - - [18/Sep/2024:23:09:20 +0000] "POST /wp-cron.php?doing_wp_cron=1726700960.5677170753479003906250 HTTP/1.1" 200 259 "-" "WordPress/6.6.2; http://loopsostenible2.devuocloud.com"
191.80.164.71 - - [18/Sep/2024:23:09:20 +0000] "POST /wp-admin/admin-ajax.php HTTP/1.1" 200 613 "http://loopsostenible2.devuocloud.com/wp-admin/edit.php?post_type=page" "Mozilla/5.0 (Windows NT 10.0; Win64; x64) AppleWebKit/537.36 (KHTML, like Gecko) Chrome/128.0.0.0 Safari/537.36"
191.80.164.71 - - [18/Sep/2024:23:09:20 +0000] "POST /wp-admin/admin-ajax.php HTTP/1.1" 200 811 "-" "Mozilla/5.0 (Windows NT 10.0; Win64; x64) AppleWebKit/537.36 (KHTML, like Gecko) Chrome/128.0.0.0 Safari/537.36"
146.190.157.162 - - [18/Sep/2024:23:10:06 +0000] "POST /wp-cron.php?doing_wp_cron=1726701006.6676928997039794921875 HTTP/1.1" 200 259 "-" "WordPress/6.6.2; http://loopsostenible2.devuocloud.com"
191.80.164.71 - - [18/Sep/2024:23:10:06 +0000] "POST /wp-admin/admin-ajax.php HTTP/1.1" 200 657 "-" "Mozilla/5.0 (Windows NT 10.0; Win64; x64) AppleWebKit/537.36 (KHTML, like Gecko) Chrome/128.0.0.0 Safari/537.36"
191.80.164.71 - - [18/Sep/2024:23:10:20 +0000] "POST /wp-admin/admin-ajax.php HTTP/1.1" 200 811 "-" "Mozilla/5.0 (Windows NT 10.0; Win64; x64) AppleWebKit/537.36 (KHTML, like Gecko) Chrome/128.0.0.0 Safari/537.36"
146.190.157.162 - - [18/Sep/2024:23:11:21 +0000] "POST /wp-cron.php?doing_wp_cron=1726701081.5785939693450927734375 HTTP/1.1" 200 259 "-" "WordPress/6.6.2; http://loopsostenible2.devuocloud.com"
191.80.164.71 - - [18/Sep/2024:23:11:21 +0000] "POST /wp-admin/admin-ajax.php HTTP/1.1" 200 613 "http://loopsostenible2.devuocloud.com/wp-admin/edit.php?post_type=page" "Mozilla/5.0 (Windows NT 10.0; Win64; x64) AppleWebKit/537.36 (KHTML, like Gecko) Chrome/128.0.0.0 Safari/537.36"
191.80.164.71 - - [18/Sep/2024:23:11:21 +0000] "POST /wp-admin/admin-ajax.php HTTP/1.1" 200 59744 "-" "Mozilla/5.0 (Windows NT 10.0; Win64; x64) AppleWebKit/537.36 (KHTML, like Gecko) Chrome/128.0.0.0 Safari/537.36"
146.190.157.162 - - [18/Sep/2024:23:12:01 +0000] "POST /wp-cron.php?doing_wp_cron=1726701121.4539859294891357421875 HTTP/1.1" 200 259 "-" "WordPress/6.6.2; http://loopsostenible2.devuocloud.com"
191.80.164.71 - - [18/Sep/2024:23:12:01 +0000] "POST /wp-admin/admin-ajax.php HTTP/1.1" 200 613 "http://loopsostenible2.devuocloud.com/wp-admin/edit.php?post_type=page" "Mozilla/5.0 (Windows NT 10.0; Win64; x64) AppleWebKit/537.36 (KHTML, like Gecko) Chrome/128.0.0.0 Safari/537.36"
191.80.164.71 - - [18/Sep/2024:23:12:02 +0000] "POST /wp-admin/admin-ajax.php HTTP/1.1" 200 612 "http://loopsostenible2.devuocloud.com/wp-admin/admin.php?page=et_divi_options" "Mozilla/5.0 (Windows NT 10.0; Win64; x64) AppleWebKit/537.36 (KHTML, like Gecko) Chrome/128.0.0.0 Safari/537.36"
191.80.164.71 - - [18/Sep/2024:23:12:16 +0000] "POST /wp-admin/admin-ajax.php HTTP/1.1" 200 613 "http://loopsostenible2.devuocloud.com/wp-admin/edit.php?post_type=page" "Mozilla/5.0 (Windows NT 10.0; Win64; x64) AppleWebKit/537.36 (KHTML, like Gecko) Chrome/128.0.0.0 Safari/537.36"
191.80.164.71 - - [18/Sep/2024:23:12:21 +0000] "POST /wp-admin/admin-ajax.php HTTP/1.1" 200 1097 "-" "Mozilla/5.0 (Windows NT 10.0; Win64; x64) AppleWebKit/537.36 (KHTML, like Gecko) Chrome/128.0.0.0 Safari/537.36"
146.190.157.162 - - [18/Sep/2024:23:13:01 +0000] "POST /wp-cron.php?doing_wp_cron=1726701181.4352300167083740234375 HTTP/1.1" 200 259 "-" "WordPress/6.6.2; http://loopsostenible2.devuocloud.com"
191.80.164.71 - - [18/Sep/2024:23:13:00 +0000] "POST /wp-admin/admin-ajax.php HTTP/1.1" 200 657 "-" "Mozilla/5.0 (Windows NT 10.0; Win64; x64) AppleWebKit/537.36 (KHTML, like Gecko) Chrome/128.0.0.0 Safari/537.36"
191.80.164.71 - - [18/Sep/2024:23:13:03 +0000] "POST /wp-admin/admin-ajax.php HTTP/1.1" 200 612 "http://loopsostenible2.devuocloud.com/wp-admin/admin.php?page=et_divi_options" "Mozilla/5.0 (Windows NT 10.0; Win64; x64) AppleWebKit/537.36 (KHTML, like Gecko) Chrome/128.0.0.0 Safari/537.36"
191.80.164.71 - - [18/Sep/2024:23:13:21 +0000] "POST /wp-admin/admin-ajax.php HTTP/1.1" 200 59817 "-" "Mozilla/5.0 (Windows NT 10.0; Win64; x64) AppleWebKit/537.36 (KHTML, like Gecko) Chrome/128.0.0.0 Safari/537.36"
146.190.157.162 - - [18/Sep/2024:23:14:10 +0000] "POST /wp-cron.php?doing_wp_cron=1726701250.0726358890533447265625 HTTP/1.1" 200 259 "-" "WordPress/6.6.2; http://loopsostenible2.devuocloud.com"
191.80.164.71 - - [18/Sep/2024:23:14:09 +0000] "POST /wp-admin/admin-ajax.php HTTP/1.1" 200 657 "-" "Mozilla/5.0 (Windows NT 10.0; Win64; x64) AppleWebKit/537.36 (KHTML, like Gecko) Chrome/128.0.0.0 Safari/537.36"
191.80.164.71 - - [18/Sep/2024:23:14:17 +0000] "POST /wp-admin/admin-ajax.php HTTP/1.1" 200 613 "http://loopsostenible2.devuocloud.com/wp-admin/edit.php?post_type=page" "Mozilla/5.0 (Windows NT 10.0; Win64; x64) AppleWebKit/537.36 (KHTML, like Gecko) Chrome/128.0.0.0 Safari/537.36"
191.80.164.71 - - [18/Sep/2024:23:14:21 +0000] "POST /wp-admin/admin-ajax.php HTTP/1.1" 200 810 "-" "Mozilla/5.0 (Windows NT 10.0; Win64; x64) AppleWebKit/537.36 (KHTML, like Gecko) Chrome/128.0.0.0 Safari/537.36"
146.190.157.162 - - [18/Sep/2024:23:15:04 +0000] "POST /wp-cron.php?doing_wp_cron=1726701304.5757939815521240234375 HTTP/1.1" 200 259 "-" "WordPress/6.6.2; http://loopsostenible2.devuocloud.com"
191.80.164.71 - - [18/Sep/2024:23:15:04 +0000] "POST /wp-admin/admin-ajax.php HTTP/1.1" 200 613 "http://loopsostenible2.devuocloud.com/wp-admin/admin.php?page=et_divi_options" "Mozilla/5.0 (Windows NT 10.0; Win64; x64) AppleWebKit/537.36 (KHTML, like Gecko) Chrome/128.0.0.0 Safari/537.36"
191.80.164.71 - - [18/Sep/2024:23:15:22 +0000] "POST /wp-admin/admin-ajax.php HTTP/1.1" 200 59862 "-" "Mozilla/5.0 (Windows NT 10.0; Win64; x64) AppleWebKit/537.36 (KHTML, like Gecko) Chrome/128.0.0.0 Safari/537.36"
146.190.157.162 - - [18/Sep/2024:23:16:03 +0000] "POST /wp-cron.php?doing_wp_cron=1726701363.0689740180969238281250 HTTP/1.1" 200 259 "-" "WordPress/6.6.2; http://loopsostenible2.devuocloud.com"
191.80.164.71 - - [18/Sep/2024:23:16:01 +0000] "POST /wp-admin/admin-ajax.php HTTP/1.1" 200 657 "-" "Mozilla/5.0 (Windows NT 10.0; Win64; x64) AppleWebKit/537.36 (KHTML, like Gecko) Chrome/128.0.0.0 Safari/537.36"
146.190.157.162 - - [18/Sep/2024:23:16:18 +0000] "POST /wp-cron.php?doing_wp_cron=1726701378.5926580429077148437500 HTTP/1.1" 200 259 "-" "WordPress/6.6.2; http://loopsostenible2.devuocloud.com"
191.80.164.71 - - [18/Sep/2024:23:16:18 +0000] "POST /wp-admin/admin-ajax.php HTTP/1.1" 200 613 "http://loopsostenible2.devuocloud.com/wp-admin/edit.php?post_type=page" "Mozilla/5.0 (Windows NT 10.0; Win64; x64) AppleWebKit/537.36 (KHTML, like Gecko) Chrome/128.0.0.0 Safari/537.36"
191.80.164.71 - - [18/Sep/2024:23:16:20 +0000] "POST /wp-admin/admin-ajax.php HTTP/1.1" 200 612 "http://loopsostenible2.devuocloud.com/wp-admin/admin.php?page=et_divi_options" "Mozilla/5.0 (Windows NT 10.0; Win64; x64) AppleWebKit/537.36 (KHTML, like Gecko) Chrome/128.0.0.0 Safari/537.36"
191.80.164.71 - - [18/Sep/2024:23:16:22 +0000] "POST /wp-admin/admin-ajax.php HTTP/1.1" 200 810 "-" "Mozilla/5.0 (Windows NT 10.0; Win64; x64) AppleWebKit/537.36 (KHTML, like Gecko) Chrome/128.0.0.0 Safari/537.36"
191.80.164.71 - - [18/Sep/2024:23:16:33 +0000] "POST /wp-admin/admin-ajax.php HTTP/1.1" 200 613 "http://loopsostenible2.devuocloud.com/wp-admin/edit.php?post_type=page" "Mozilla/5.0 (Windows NT 10.0; Win64; x64) AppleWebKit/537.36 (KHTML, like Gecko) Chrome/128.0.0.0 Safari/537.36"
