191.80.164.71 - - [18/Sep/2024:21:24:38 +0000] "GET /wp-content/uploads/2023/04/img-gutter.png HTTP/1.1" 304 250 "http://loopsostenible2.devuocloud.com/contacto/?et_fb=1&PageSpeed=off" "Mozilla/5.0 (Windows NT 10.0; Win64; x64) AppleWebKit/537.36 (KHTML, like Gecko) Chrome/128.0.0.0 Safari/537.36"
191.80.164.71 - - [18/Sep/2024:21:24:38 +0000] "GET /wp-content/uploads/2023/04/work.png HTTP/1.1" 304 249 "http://loopsostenible2.devuocloud.com/contacto/?et_fb=1&PageSpeed=off" "Mozilla/5.0 (Windows NT 10.0; Win64; x64) AppleWebKit/537.36 (KHTML, like Gecko) Chrome/128.0.0.0 Safari/537.36"
191.80.164.71 - - [18/Sep/2024:21:24:38 +0000] "GET /wp-content/uploads/2023/04/rain_diverters.png HTTP/1.1" 304 249 "http://loopsostenible2.devuocloud.com/contacto/?et_fb=1&PageSpeed=off" "Mozilla/5.0 (Windows NT 10.0; Win64; x64) AppleWebKit/537.36 (KHTML, like Gecko) Chrome/128.0.0.0 Safari/537.36"
191.80.164.71 - - [18/Sep/2024:21:24:39 +0000] "GET /wp-content/uploads/2023/04/mapa1.png HTTP/1.1" 304 250 "http://loopsostenible2.devuocloud.com/contacto/?et_fb=1&PageSpeed=off" "Mozilla/5.0 (Windows NT 10.0; Win64; x64) AppleWebKit/537.36 (KHTML, like Gecko) Chrome/128.0.0.0 Safari/537.36"
191.80.164.71 - - [18/Sep/2024:21:24:39 +0000] "GET /wp-content/uploads/2023/04/Timberline%C2%AEAH-AppalachianSky-e2584f2b-1.png HTTP/1.1" 304 249 "http://loopsostenible2.devuocloud.com/contacto/?et_fb=1&PageSpeed=off" "Mozilla/5.0 (Windows NT 10.0; Win64; x64) AppleWebKit/537.36 (KHTML, like Gecko) Chrome/128.0.0.0 Safari/537.36"
191.80.164.71 - - [18/Sep/2024:21:24:39 +0000] "GET /wp-content/uploads/2023/04/mapagr-300x138.png HTTP/1.1" 304 250 "http://loopsostenible2.devuocloud.com/contacto/?et_fb=1&PageSpeed=off" "Mozilla/5.0 (Windows NT 10.0; Win64; x64) AppleWebKit/537.36 (KHTML, like Gecko) Chrome/128.0.0.0 Safari/537.36"
191.80.164.71 - - [18/Sep/2024:21:24:39 +0000] "GET /wp-content/uploads/2023/04/NORTH-ANDOVER-300x214.png HTTP/1.1" 304 249 "http://loopsostenible2.devuocloud.com/contacto/?et_fb=1&PageSpeed=off" "Mozilla/5.0 (Windows NT 10.0; Win64; x64) AppleWebKit/537.36 (KHTML, like Gecko) Chrome/128.0.0.0 Safari/537.36"
191.80.164.71 - - [18/Sep/2024:21:24:39 +0000] "GET /wp-content/uploads/2023/04/hero-area-1-300x117.png HTTP/1.1" 304 249 "http://loopsostenible2.devuocloud.com/contacto/?et_fb=1&PageSpeed=off" "Mozilla/5.0 (Windows NT 10.0; Win64; x64) AppleWebKit/537.36 (KHTML, like Gecko) Chrome/128.0.0.0 Safari/537.36"
191.80.164.71 - - [18/Sep/2024:21:24:39 +0000] "GET /wp-content/uploads/2023/04/Timberline%C2%AEAH-NantucketMorning-912b5b04-1-150x150.png HTTP/1.1" 304 249 "http://loopsostenible2.devuocloud.com/contacto/?et_fb=1&PageSpeed=off" "Mozilla/5.0 (Windows NT 10.0; Win64; x64) AppleWebKit/537.36 (KHTML, like Gecko) Chrome/128.0.0.0 Safari/537.36"
191.80.164.71 - - [18/Sep/2024:21:24:39 +0000] "GET /wp-content/uploads/2023/04/Timberline%C2%AEAH-CedarFalls-58435c2e-1.png HTTP/1.1" 304 250 "http://loopsostenible2.devuocloud.com/contacto/?et_fb=1&PageSpeed=off" "Mozilla/5.0 (Windows NT 10.0; Win64; x64) AppleWebKit/537.36 (KHTML, like Gecko) Chrome/128.0.0.0 Safari/537.36"
191.80.164.71 - - [18/Sep/2024:21:24:39 +0000] "GET /wp-content/uploads/2023/04/TimberlineHD%C2%AE-BiscayneBlue-7eb6e47c-1-150x150.png HTTP/1.1" 304 249 "http://loopsostenible2.devuocloud.com/contacto/?et_fb=1&PageSpeed=off" "Mozilla/5.0 (Windows NT 10.0; Win64; x64) AppleWebKit/537.36 (KHTML, like Gecko) Chrome/128.0.0.0 Safari/537.36"
191.80.164.71 - - [18/Sep/2024:21:24:39 +0000] "GET /wp-content/uploads/2023/04/Timberline%C2%AEAH-GoldenHarvest-8a34d6aa-1-150x150.png HTTP/1.1" 304 249 "http://loopsostenible2.devuocloud.com/contacto/?et_fb=1&PageSpeed=off" "Mozilla/5.0 (Windows NT 10.0; Win64; x64) AppleWebKit/537.36 (KHTML, like Gecko) Chrome/128.0.0.0 Safari/537.36"
191.80.164.71 - - [18/Sep/2024:21:24:39 +0000] "GET /wp-content/uploads/2023/04/Timberline%C2%AECS-AntiqueSlate-8f5248c6-1-150x150.png HTTP/1.1" 304 249 "http://loopsostenible2.devuocloud.com/contacto/?et_fb=1&PageSpeed=off" "Mozilla/5.0 (Windows NT 10.0; Win64; x64) AppleWebKit/537.36 (KHTML, like Gecko) Chrome/128.0.0.0 Safari/537.36"
191.80.164.71 - - [18/Sep/2024:21:24:39 +0000] "GET /wp-content/uploads/2023/04/Timberline%C2%AEAH-SaddkewoodRanch-aad55006-1.png HTTP/1.1" 304 250 "http://loopsostenible2.devuocloud.com/contacto/?et_fb=1&PageSpeed=off" "Mozilla/5.0 (Windows NT 10.0; Win64; x64) AppleWebKit/537.36 (KHTML, like Gecko) Chrome/128.0.0.0 Safari/537.36"
191.80.164.71 - - [18/Sep/2024:21:24:39 +0000] "GET /wp-content/uploads/2023/04/Timberline%C2%AEHDZ%E2%84%A2-OysterGray-daa0eaf5-1-150x150.png HTTP/1.1" 304 249 "http://loopsostenible2.devuocloud.com/contacto/?et_fb=1&PageSpeed=off" "Mozilla/5.0 (Windows NT 10.0; Win64; x64) AppleWebKit/537.36 (KHTML, like Gecko) Chrome/128.0.0.0 Safari/537.36"
191.80.164.71 - - [18/Sep/2024:21:24:39 +0000] "GET /wp-content/uploads/2023/04/TimberlineHD%C2%AE-FoxHollowGray-82e66f35-1.png HTTP/1.1" 304 250 "http://loopsostenible2.devuocloud.com/contacto/?et_fb=1&PageSpeed=off" "Mozilla/5.0 (Windows NT 10.0; Win64; x64) AppleWebKit/537.36 (KHTML, like Gecko) Chrome/128.0.0.0 Safari/537.36"
191.80.164.71 - - [18/Sep/2024:21:24:39 +0000] "GET /wp-content/uploads/2023/04/Timberline%C2%AEUHDwithDualShadowLine-FoxHollowGray-2b899b63-1.png HTTP/1.1" 304 249 "http://loopsostenible2.devuocloud.com/contacto/?et_fb=1&PageSpeed=off" "Mozilla/5.0 (Windows NT 10.0; Win64; x64) AppleWebKit/537.36 (KHTML, like Gecko) Chrome/128.0.0.0 Safari/537.36"
191.80.164.71 - - [18/Sep/2024:21:24:39 +0000] "GET /wp-content/uploads/2023/04/TimberlineHD%C2%AE-MissionBrown-20a48b27-1.png HTTP/1.1" 304 250 "http://loopsostenible2.devuocloud.com/contacto/?et_fb=1&PageSpeed=off" "Mozilla/5.0 (Windows NT 10.0; Win64; x64) AppleWebKit/537.36 (KHTML, like Gecko) Chrome/128.0.0.0 Safari/537.36"
191.80.164.71 - - [18/Sep/2024:21:24:39 +0000] "GET /wp-content/uploads/2023/04/Timberline%C2%AEHDZ%E2%84%A2-MissionBrown-db5effc9-1-150x150.png HTTP/1.1" 304 249 "http://loopsostenible2.devuocloud.com/contacto/?et_fb=1&PageSpeed=off" "Mozilla/5.0 (Windows NT 10.0; Win64; x64) AppleWebKit/537.36 (KHTML, like Gecko) Chrome/128.0.0.0 Safari/537.36"
191.80.164.71 - - [18/Sep/2024:21:24:39 +0000] "GET /wp-content/uploads/2023/04/Timberline%C2%AEASII-PewterGray-6ae218af-1.png HTTP/1.1" 304 249 "http://loopsostenible2.devuocloud.com/contacto/?et_fb=1&PageSpeed=off" "Mozilla/5.0 (Windows NT 10.0; Win64; x64) AppleWebKit/537.36 (KHTML, like Gecko) Chrome/128.0.0.0 Safari/537.36"
191.80.164.71 - - [18/Sep/2024:21:24:39 +0000] "GET /wp-content/uploads/2023/04/Timberline%C2%AENS-PewterGray-1e817a35-1-150x150.png HTTP/1.1" 304 249 "http://loopsostenible2.devuocloud.com/contacto/?et_fb=1&PageSpeed=off" "Mozilla/5.0 (Windows NT 10.0; Win64; x64) AppleWebKit/537.36 (KHTML, like Gecko) Chrome/128.0.0.0 Safari/537.36"
191.80.164.71 - - [18/Sep/2024:21:24:39 +0000] "GET /wp-content/uploads/2023/04/TimberlineHD%C2%AE-Charcoal-059daf9f-1-1-150x150.png HTTP/1.1" 304 249 "http://loopsostenible2.devuocloud.com/contacto/?et_fb=1&PageSpeed=off" "Mozilla/5.0 (Windows NT 10.0; Win64; x64) AppleWebKit/537.36 (KHTML, like Gecko) Chrome/128.0.0.0 Safari/537.36"
191.80.164.71 - - [18/Sep/2024:21:24:39 +0000] "GET /wp-content/uploads/2023/04/TimberlineHD%C2%AE-Charcoal-059daf9f-1.png HTTP/1.1" 304 249 "http://loopsostenible2.devuocloud.com/contacto/?et_fb=1&PageSpeed=off" "Mozilla/5.0 (Windows NT 10.0; Win64; x64) AppleWebKit/537.36 (KHTML, like Gecko) Chrome/128.0.0.0 Safari/537.36"
191.80.164.71 - - [18/Sep/2024:21:24:39 +0000] "GET /wp-content/uploads/2023/04/Timberline%C2%AEHDZ%E2%84%A2-Charcoal-4b8524d8-1.png HTTP/1.1" 304 249 "http://loopsostenible2.devuocloud.com/contacto/?et_fb=1&PageSpeed=off" "Mozilla/5.0 (Windows NT 10.0; Win64; x64) AppleWebKit/537.36 (KHTML, like Gecko) Chrome/128.0.0.0 Safari/537.36"
191.80.164.71 - - [18/Sep/2024:21:24:39 +0000] "GET /wp-content/uploads/2023/04/Timberline%C2%AEASII-Charcoal-974ebc2c-1-150x150.png HTTP/1.1" 304 249 "http://loopsostenible2.devuocloud.com/contacto/?et_fb=1&PageSpeed=off" "Mozilla/5.0 (Windows NT 10.0; Win64; x64) AppleWebKit/537.36 (KHTML, like Gecko) Chrome/128.0.0.0 Safari/537.36"
191.80.164.71 - - [18/Sep/2024:21:24:39 +0000] "GET /wp-content/uploads/2023/04/Timberline%C2%AEUHDwithDualShadowLine-Charcoal-d037e43f-1-150x150.png HTTP/1.1" 304 249 "http://loopsostenible2.devuocloud.com/contacto/?et_fb=1&PageSpeed=off" "Mozilla/5.0 (Windows NT 10.0; Win64; x64) AppleWebKit/537.36 (KHTML, like Gecko) Chrome/128.0.0.0 Safari/537.36"
191.80.164.71 - - [18/Sep/2024:21:24:39 +0000] "GET /wp-content/uploads/2023/04/Timberline%C2%AENS-Charcoal-e7977421-1.png HTTP/1.1" 304 249 "http://loopsostenible2.devuocloud.com/contacto/?et_fb=1&PageSpeed=off" "Mozilla/5.0 (Windows NT 10.0; Win64; x64) AppleWebKit/537.36 (KHTML, like Gecko) Chrome/128.0.0.0 Safari/537.36"
191.80.164.71 - - [18/Sep/2024:21:24:39 +0000] "GET /wp-content/uploads/2023/04/TimberlineHD%C2%AE-Slate-13c800bf-1-150x150.png HTTP/1.1" 304 249 "http://loopsostenible2.devuocloud.com/contacto/?et_fb=1&PageSpeed=off" "Mozilla/5.0 (Windows NT 10.0; Win64; x64) AppleWebKit/537.36 (KHTML, like Gecko) Chrome/128.0.0.0 Safari/537.36"
191.80.164.71 - - [18/Sep/2024:21:24:39 +0000] "GET /wp-content/uploads/2023/04/Timberline%C2%AEUHDwithDualShadowLine-Slate-e4dd6f08-1-150x150.png HTTP/1.1" 304 249 "http://loopsostenible2.devuocloud.com/contacto/?et_fb=1&PageSpeed=off" "Mozilla/5.0 (Windows NT 10.0; Win64; x64) AppleWebKit/537.36 (KHTML, like Gecko) Chrome/128.0.0.0 Safari/537.36"
191.80.164.71 - - [18/Sep/2024:21:24:40 +0000] "GET /wp-content/uploads/2023/04/Timberline%C2%AEUHDwithDualShadowLine-HunterGreen-1fb0141f-1-150x150.png HTTP/1.1" 304 249 "http://loopsostenible2.devuocloud.com/contacto/?et_fb=1&PageSpeed=off" "Mozilla/5.0 (Windows NT 10.0; Win64; x64) AppleWebKit/537.36 (KHTML, like Gecko) Chrome/128.0.0.0 Safari/537.36"
191.80.164.71 - - [18/Sep/2024:21:24:40 +0000] "GET /wp-content/uploads/2023/04/Timberline%C2%AEHDZ%E2%84%A2-Slate-d29f3465-1.png HTTP/1.1" 304 249 "http://loopsostenible2.devuocloud.com/contacto/?et_fb=1&PageSpeed=off" "Mozilla/5.0 (Windows NT 10.0; Win64; x64) AppleWebKit/537.36 (KHTML, like Gecko) Chrome/128.0.0.0 Safari/537.36"
191.80.164.71 - - [18/Sep/2024:21:24:40 +0000] "GET /wp-content/uploads/2023/04/Timberline%C2%AEHDZ%E2%84%A2-HunterGreen-2390c492-1.png HTTP/1.1" 304 250 "http://loopsostenible2.devuocloud.com/contacto/?et_fb=1&PageSpeed=off" "Mozilla/5.0 (Windows NT 10.0; Win64; x64) AppleWebKit/537.36 (KHTML, like Gecko) Chrome/128.0.0.0 Safari/537.36"
191.80.164.71 - - [18/Sep/2024:21:24:40 +0000] "GET /wp-content/uploads/2023/04/TimberlineHD%C2%AE-HunterGreen-41ead5a1-1.png HTTP/1.1" 304 250 "http://loopsostenible2.devuocloud.com/contacto/?et_fb=1&PageSpeed=off" "Mozilla/5.0 (Windows NT 10.0; Win64; x64) AppleWebKit/537.36 (KHTML, like Gecko) Chrome/128.0.0.0 Safari/537.36"
191.80.164.71 - - [18/Sep/2024:21:24:40 +0000] "GET /wp-content/uploads/2023/04/Timberline%C2%AEUHDwithDualShadowLine-WeatheredWood-777cee29-1-150x150.png HTTP/1.1" 304 249 "http://loopsostenible2.devuocloud.com/contacto/?et_fb=1&PageSpeed=off" "Mozilla/5.0 (Windows NT 10.0; Win64; x64) AppleWebKit/537.36 (KHTML, like Gecko) Chrome/128.0.0.0 Safari/537.36"
191.80.164.71 - - [18/Sep/2024:21:24:40 +0000] "GET /wp-content/uploads/2023/04/Timberline%C2%AEUHDwithDualShadowLine-PatriotRed-b07eaf1e-1-150x150.png HTTP/1.1" 304 249 "http://loopsostenible2.devuocloud.com/contacto/?et_fb=1&PageSpeed=off" "Mozilla/5.0 (Windows NT 10.0; Win64; x64) AppleWebKit/537.36 (KHTML, like Gecko) Chrome/128.0.0.0 Safari/537.36"
191.80.164.71 - - [18/Sep/2024:21:24:40 +0000] "GET /wp-content/uploads/2023/04/Timberline%C2%AEASII-WeatheredWood-50aa9405-1-150x150.png HTTP/1.1" 304 249 "http://loopsostenible2.devuocloud.com/contacto/?et_fb=1&PageSpeed=off" "Mozilla/5.0 (Windows NT 10.0; Win64; x64) AppleWebKit/537.36 (KHTML, like Gecko) Chrome/128.0.0.0 Safari/537.36"
191.80.164.71 - - [18/Sep/2024:21:24:40 +0000] "GET /wp-content/uploads/2023/04/Timberline%C2%AEHDZ%E2%84%A2-Shakewood-29b4189c-1-150x150.png HTTP/1.1" 304 249 "http://loopsostenible2.devuocloud.com/contacto/?et_fb=1&PageSpeed=off" "Mozilla/5.0 (Windows NT 10.0; Win64; x64) AppleWebKit/537.36 (KHTML, like Gecko) Chrome/128.0.0.0 Safari/537.36"
191.80.164.71 - - [18/Sep/2024:21:24:40 +0000] "GET /wp-content/uploads/2024/09/grad1.jpg HTTP/1.1" 200 276865 "http://loopsostenible2.devuocloud.com/contacto/?et_fb=1&PageSpeed=off" "Mozilla/5.0 (Windows NT 10.0; Win64; x64) AppleWebKit/537.36 (KHTML, like Gecko) Chrome/128.0.0.0 Safari/537.36"
146.190.157.162 - - [18/Sep/2024:21:25:12 +0000] "POST /wp-cron.php?doing_wp_cron=1726694712.0352559089660644531250 HTTP/1.1" 200 259 "-" "WordPress/6.6.2; http://loopsostenible2.devuocloud.com"
191.80.164.71 - - [18/Sep/2024:21:25:11 +0000] "POST /wp-admin/admin-ajax.php HTTP/1.1" 200 583 "-" "Mozilla/5.0 (Windows NT 10.0; Win64; x64) AppleWebKit/537.36 (KHTML, like Gecko) Chrome/128.0.0.0 Safari/537.36"
191.80.164.71 - - [18/Sep/2024:21:25:16 +0000] "POST /wp-admin/admin-ajax.php HTTP/1.1" 200 656 "-" "Mozilla/5.0 (Windows NT 10.0; Win64; x64) AppleWebKit/537.36 (KHTML, like Gecko) Chrome/128.0.0.0 Safari/537.36"
191.80.164.71 - - [18/Sep/2024:21:25:32 +0000] "POST /wp-admin/admin-ajax.php HTTP/1.1" 200 613 "http://loopsostenible2.devuocloud.com/wp-admin/admin.php?page=et_theme_builder" "Mozilla/5.0 (Windows NT 10.0; Win64; x64) AppleWebKit/537.36 (KHTML, like Gecko) Chrome/128.0.0.0 Safari/537.36"
191.80.164.71 - - [18/Sep/2024:21:25:34 +0000] "POST /wp-admin/admin-ajax.php HTTP/1.1" 200 20620 "-" "Mozilla/5.0 (Windows NT 10.0; Win64; x64) AppleWebKit/537.36 (KHTML, like Gecko) Chrome/128.0.0.0 Safari/537.36"
191.80.164.71 - - [18/Sep/2024:21:25:38 +0000] "POST /wp-admin/admin-ajax.php HTTP/1.1" 200 612 "http://loopsostenible2.devuocloud.com/wp-admin/edit.php?post_type=page" "Mozilla/5.0 (Windows NT 10.0; Win64; x64) AppleWebKit/537.36 (KHTML, like Gecko) Chrome/128.0.0.0 Safari/537.36"
191.80.164.71 - - [18/Sep/2024:21:25:40 +0000] "GET /wp-admin/admin.php?page=wpcf7 HTTP/1.1" 200 16254 "http://loopsostenible2.devuocloud.com/wp-admin/edit.php?post_type=page" "Mozilla/5.0 (Windows NT 10.0; Win64; x64) AppleWebKit/537.36 (KHTML, like Gecko) Chrome/128.0.0.0 Safari/537.36"
191.80.164.71 - - [18/Sep/2024:21:25:41 +0000] "GET /wp-content/plugins/contact-form-7/admin/css/styles.css?ver=5.9.8 HTTP/1.1" 200 2630 "http://loopsostenible2.devuocloud.com/wp-admin/admin.php?page=wpcf7" "Mozilla/5.0 (Windows NT 10.0; Win64; x64) AppleWebKit/537.36 (KHTML, like Gecko) Chrome/128.0.0.0 Safari/537.36"
191.80.164.71 - - [18/Sep/2024:21:25:41 +0000] "GET /wp-includes/js/thickbox/thickbox.css?ver=6.6.2 HTTP/1.1" 200 1275 "http://loopsostenible2.devuocloud.com/wp-admin/admin.php?page=wpcf7" "Mozilla/5.0 (Windows NT 10.0; Win64; x64) AppleWebKit/537.36 (KHTML, like Gecko) Chrome/128.0.0.0 Safari/537.36"
191.80.164.71 - - [18/Sep/2024:21:25:41 +0000] "GET /wp-content/plugins/contact-form-7/admin/js/scripts.js?ver=5.9.8 HTTP/1.1" 200 2823 "http://loopsostenible2.devuocloud.com/wp-admin/admin.php?page=wpcf7" "Mozilla/5.0 (Windows NT 10.0; Win64; x64) AppleWebKit/537.36 (KHTML, like Gecko) Chrome/128.0.0.0 Safari/537.36"
191.80.164.71 - - [18/Sep/2024:21:25:41 +0000] "GET /wp-content/plugins/contact-form-7/admin/js/tag-generator.js?ver=5.9.8 HTTP/1.1" 200 2011 "http://loopsostenible2.devuocloud.com/wp-admin/admin.php?page=wpcf7" "Mozilla/5.0 (Windows NT 10.0; Win64; x64) AppleWebKit/537.36 (KHTML, like Gecko) Chrome/128.0.0.0 Safari/537.36"
146.190.157.162 - - [18/Sep/2024:21:25:59 +0000] "POST /wp-cron.php?doing_wp_cron=1726694759.9726829528808593750000 HTTP/1.1" 200 259 "-" "WordPress/6.6.2; http://loopsostenible2.devuocloud.com"
191.80.164.71 - - [18/Sep/2024:21:25:59 +0000] "GET /wp-admin/admin.php?page=wpcf7&post=565&action=edit HTTP/1.1" 200 21221 "http://loopsostenible2.devuocloud.com/wp-admin/admin.php?page=wpcf7" "Mozilla/5.0 (Windows NT 10.0; Win64; x64) AppleWebKit/537.36 (KHTML, like Gecko) Chrome/128.0.0.0 Safari/537.36"
191.80.164.71 - - [18/Sep/2024:21:26:00 +0000] "GET /wp-content/uploads/2024/09/cropped-isologo-32x32.png HTTP/1.1" 304 248 "http://loopsostenible2.devuocloud.com/wp-admin/admin.php?page=wpcf7&post=565&action=edit" "Mozilla/5.0 (Windows NT 10.0; Win64; x64) AppleWebKit/537.36 (KHTML, like Gecko) Chrome/128.0.0.0 Safari/537.36"
191.80.164.71 - - [18/Sep/2024:21:26:07 +0000] "POST /wp-json/contact-form-7/v1/contact-forms/565 HTTP/1.1" 200 5477 "http://loopsostenible2.devuocloud.com/wp-admin/admin.php?page=wpcf7&post=565&action=edit" "Mozilla/5.0 (Windows NT 10.0; Win64; x64) AppleWebKit/537.36 (KHTML, like Gecko) Chrome/128.0.0.0 Safari/537.36"
146.190.157.162 - - [18/Sep/2024:21:26:18 +0000] "POST /wp-cron.php?doing_wp_cron=1726694778.2070040702819824218750 HTTP/1.1" 200 259 "-" "WordPress/6.6.2; http://loopsostenible2.devuocloud.com"
191.80.164.71 - - [18/Sep/2024:21:26:18 +0000] "POST /wp-json/contact-form-7/v1/contact-forms/565 HTTP/1.1" 200 5485 "http://loopsostenible2.devuocloud.com/wp-admin/admin.php?page=wpcf7&post=565&action=edit" "Mozilla/5.0 (Windows NT 10.0; Win64; x64) AppleWebKit/537.36 (KHTML, like Gecko) Chrome/128.0.0.0 Safari/537.36"
191.80.164.71 - - [18/Sep/2024:21:26:24 +0000] "POST /wp-json/contact-form-7/v1/contact-forms/565 HTTP/1.1" 200 5462 "http://loopsostenible2.devuocloud.com/wp-admin/admin.php?page=wpcf7&post=565&action=edit" "Mozilla/5.0 (Windows NT 10.0; Win64; x64) AppleWebKit/537.36 (KHTML, like Gecko) Chrome/128.0.0.0 Safari/537.36"
191.80.164.71 - - [18/Sep/2024:21:26:35 +0000] "POST /wp-json/contact-form-7/v1/contact-forms/565 HTTP/1.1" 200 5303 "http://loopsostenible2.devuocloud.com/wp-admin/admin.php?page=wpcf7&post=565&action=edit" "Mozilla/5.0 (Windows NT 10.0; Win64; x64) AppleWebKit/537.36 (KHTML, like Gecko) Chrome/128.0.0.0 Safari/537.36"
191.80.164.71 - - [18/Sep/2024:21:26:35 +0000] "POST /wp-admin/admin-ajax.php HTTP/1.1" 200 937 "-" "Mozilla/5.0 (Windows NT 10.0; Win64; x64) AppleWebKit/537.36 (KHTML, like Gecko) Chrome/128.0.0.0 Safari/537.36"
191.80.164.71 - - [18/Sep/2024:21:26:43 +0000] "POST /wp-json/contact-form-7/v1/contact-forms/565 HTTP/1.1" 200 5368 "http://loopsostenible2.devuocloud.com/wp-admin/admin.php?page=wpcf7&post=565&action=edit" "Mozilla/5.0 (Windows NT 10.0; Win64; x64) AppleWebKit/537.36 (KHTML, like Gecko) Chrome/128.0.0.0 Safari/537.36"
146.190.157.162 - - [18/Sep/2024:21:26:55 +0000] "POST /wp-cron.php?doing_wp_cron=1726694815.9131369590759277343750 HTTP/1.1" 200 259 "-" "WordPress/6.6.2; http://loopsostenible2.devuocloud.com"
191.80.164.71 - - [18/Sep/2024:21:26:55 +0000] "POST /wp-json/contact-form-7/v1/contact-forms/565 HTTP/1.1" 200 5376 "http://loopsostenible2.devuocloud.com/wp-admin/admin.php?page=wpcf7&post=565&action=edit" "Mozilla/5.0 (Windows NT 10.0; Win64; x64) AppleWebKit/537.36 (KHTML, like Gecko) Chrome/128.0.0.0 Safari/537.36"
191.80.164.71 - - [18/Sep/2024:21:27:00 +0000] "POST /wp-json/contact-form-7/v1/contact-forms/565 HTTP/1.1" 200 5377 "http://loopsostenible2.devuocloud.com/wp-admin/admin.php?page=wpcf7&post=565&action=edit" "Mozilla/5.0 (Windows NT 10.0; Win64; x64) AppleWebKit/537.36 (KHTML, like Gecko) Chrome/128.0.0.0 Safari/537.36"
191.80.164.71 - - [18/Sep/2024:21:27:01 +0000] "POST /wp-admin/admin-ajax.php HTTP/1.1" 200 612 "http://loopsostenible2.devuocloud.com/wp-admin/admin.php?page=wpcf7&post=565&action=edit" "Mozilla/5.0 (Windows NT 10.0; Win64; x64) AppleWebKit/537.36 (KHTML, like Gecko) Chrome/128.0.0.0 Safari/537.36"
191.80.164.71 - - [18/Sep/2024:21:27:05 +0000] "POST /wp-json/contact-form-7/v1/contact-forms/565 HTTP/1.1" 200 5376 "http://loopsostenible2.devuocloud.com/wp-admin/admin.php?page=wpcf7&post=565&action=edit" "Mozilla/5.0 (Windows NT 10.0; Win64; x64) AppleWebKit/537.36 (KHTML, like Gecko) Chrome/128.0.0.0 Safari/537.36"
191.80.164.71 - - [18/Sep/2024:21:27:10 +0000] "POST /wp-json/contact-form-7/v1/contact-forms/565 HTTP/1.1" 200 5378 "http://loopsostenible2.devuocloud.com/wp-admin/admin.php?page=wpcf7&post=565&action=edit" "Mozilla/5.0 (Windows NT 10.0; Win64; x64) AppleWebKit/537.36 (KHTML, like Gecko) Chrome/128.0.0.0 Safari/537.36"
191.80.164.71 - - [18/Sep/2024:21:27:16 +0000] "POST /wp-json/contact-form-7/v1/contact-forms/565 HTTP/1.1" 200 5356 "http://loopsostenible2.devuocloud.com/wp-admin/admin.php?page=wpcf7&post=565&action=edit" "Mozilla/5.0 (Windows NT 10.0; Win64; x64) AppleWebKit/537.36 (KHTML, like Gecko) Chrome/128.0.0.0 Safari/537.36"
191.80.164.71 - - [18/Sep/2024:21:27:21 +0000] "POST /wp-json/contact-form-7/v1/contact-forms/565 HTTP/1.1" 200 5358 "http://loopsostenible2.devuocloud.com/wp-admin/admin.php?page=wpcf7&post=565&action=edit" "Mozilla/5.0 (Windows NT 10.0; Win64; x64) AppleWebKit/537.36 (KHTML, like Gecko) Chrome/128.0.0.0 Safari/537.36"
191.80.164.71 - - [18/Sep/2024:21:27:32 +0000] "POST /wp-json/contact-form-7/v1/contact-forms/565 HTTP/1.1" 200 5369 "http://loopsostenible2.devuocloud.com/wp-admin/admin.php?page=wpcf7&post=565&action=edit" "Mozilla/5.0 (Windows NT 10.0; Win64; x64) AppleWebKit/537.36 (KHTML, like Gecko) Chrome/128.0.0.0 Safari/537.36"
191.80.164.71 - - [18/Sep/2024:21:27:33 +0000] "POST /wp-admin/admin-ajax.php HTTP/1.1" 200 612 "http://loopsostenible2.devuocloud.com/wp-admin/admin.php?page=et_theme_builder" "Mozilla/5.0 (Windows NT 10.0; Win64; x64) AppleWebKit/537.36 (KHTML, like Gecko) Chrome/128.0.0.0 Safari/537.36"
191.80.164.71 - - [18/Sep/2024:21:27:40 +0000] "POST /wp-json/contact-form-7/v1/contact-forms/565 HTTP/1.1" 200 5397 "http://loopsostenible2.devuocloud.com/wp-admin/admin.php?page=wpcf7&post=565&action=edit" "Mozilla/5.0 (Windows NT 10.0; Win64; x64) AppleWebKit/537.36 (KHTML, like Gecko) Chrome/128.0.0.0 Safari/537.36"
191.80.164.71 - - [18/Sep/2024:21:27:47 +0000] "POST /wp-json/contact-form-7/v1/contact-forms/565 HTTP/1.1" 200 5427 "http://loopsostenible2.devuocloud.com/wp-admin/admin.php?page=wpcf7&post=565&action=edit" "Mozilla/5.0 (Windows NT 10.0; Win64; x64) AppleWebKit/537.36 (KHTML, like Gecko) Chrome/128.0.0.0 Safari/537.36"
146.190.157.162 - - [18/Sep/2024:21:27:57 +0000] "POST /wp-cron.php?doing_wp_cron=1726694877.8490140438079833984375 HTTP/1.1" 200 259 "-" "WordPress/6.6.2; http://loopsostenible2.devuocloud.com"
191.80.164.71 - - [18/Sep/2024:21:27:57 +0000] "POST /wp-admin/admin.php?page=wpcf7&post=565 HTTP/1.1" 302 538 "http://loopsostenible2.devuocloud.com/wp-admin/admin.php?page=wpcf7&post=565&action=edit" "Mozilla/5.0 (Windows NT 10.0; Win64; x64) AppleWebKit/537.36 (KHTML, like Gecko) Chrome/128.0.0.0 Safari/537.36"
191.80.164.71 - - [18/Sep/2024:21:27:58 +0000] "GET /wp-admin/admin.php?page=wpcf7&post=565&active-tab=0&message=saved HTTP/1.1" 200 21457 "http://loopsostenible2.devuocloud.com/wp-admin/admin.php?page=wpcf7&post=565&action=edit" "Mozilla/5.0 (Windows NT 10.0; Win64; x64) AppleWebKit/537.36 (KHTML, like Gecko) Chrome/128.0.0.0 Safari/537.36"
191.80.164.71 - - [18/Sep/2024:21:28:19 +0000] "POST /wp-admin/admin-ajax.php HTTP/1.1" 200 730 "-" "Mozilla/5.0 (Windows NT 10.0; Win64; x64) AppleWebKit/537.36 (KHTML, like Gecko) Chrome/128.0.0.0 Safari/537.36"
191.80.164.71 - - [18/Sep/2024:21:28:25 +0000] "GET /?et_pb_preview=true&et_pb_preview_nonce=de69f864fe&iframe_id=et-fb-preview-1726694903582-509 HTTP/1.1" 200 15933 "-" "Mozilla/5.0 (Windows NT 10.0; Win64; x64) AppleWebKit/537.36 (KHTML, like Gecko) Chrome/128.0.0.0 Safari/537.36"
191.80.164.71 - - [18/Sep/2024:21:28:26 +0000] "POST /?et_pb_preview=true&et_pb_preview_nonce=de69f864fe&iframe_id=et-fb-preview-1726694903582-509 HTTP/1.1" 200 16698 "http://loopsostenible2.devuocloud.com/?et_pb_preview=true&et_pb_preview_nonce=de69f864fe&iframe_id=et-fb-preview-1726694903582-509" "Mozilla/5.0 (Windows NT 10.0; Win64; x64) AppleWebKit/537.36 (KHTML, like Gecko) Chrome/128.0.0.0 Safari/537.36"
191.80.164.71 - - [18/Sep/2024:21:28:26 +0000] "GET /wp-json/contact-form-7/v1/contact-forms/565/feedback/schema HTTP/1.1" 200 2133 "http://loopsostenible2.devuocloud.com/?et_pb_preview=true&et_pb_preview_nonce=de69f864fe&iframe_id=et-fb-preview-1726694903582-509" "Mozilla/5.0 (Windows NT 10.0; Win64; x64) AppleWebKit/537.36 (KHTML, like Gecko) Chrome/128.0.0.0 Safari/537.36"
191.80.164.71 - - [18/Sep/2024:21:28:29 +0000] "GET /wp-admin/edit.php?post_type=page HTTP/1.1" 200 23436 "http://loopsostenible2.devuocloud.com/wp-admin/admin.php?page=wpcf7&post=565&active-tab=0" "Mozilla/5.0 (Windows NT 10.0; Win64; x64) AppleWebKit/537.36 (KHTML, like Gecko) Chrome/128.0.0.0 Safari/537.36"
191.80.164.71 - - [18/Sep/2024:21:28:30 +0000] "POST /wp-admin/admin-ajax.php HTTP/1.1" 200 612 "http://loopsostenible2.devuocloud.com/wp-admin/edit.php?post_type=page" "Mozilla/5.0 (Windows NT 10.0; Win64; x64) AppleWebKit/537.36 (KHTML, like Gecko) Chrome/128.0.0.0 Safari/537.36"
191.80.164.71 - - [18/Sep/2024:21:28:46 +0000] "POST /wp-admin/admin-ajax.php HTTP/1.1" 200 613 "http://loopsostenible2.devuocloud.com/wp-admin/edit.php?post_type=page" "Mozilla/5.0 (Windows NT 10.0; Win64; x64) AppleWebKit/537.36 (KHTML, like Gecko) Chrome/128.0.0.0 Safari/537.36"
191.80.164.71 - - [18/Sep/2024:21:28:49 +0000] "GET /?et_pb_preview=true&et_pb_preview_nonce=de69f864fe&iframe_id=et-fb-preview-1726694928272-519 HTTP/1.1" 200 15932 "-" "Mozilla/5.0 (Windows NT 10.0; Win64; x64) AppleWebKit/537.36 (KHTML, like Gecko) Chrome/128.0.0.0 Safari/537.36"
191.80.164.71 - - [18/Sep/2024:21:28:49 +0000] "GET /?et_pb_preview=true&et_pb_preview_nonce=de69f864fe&iframe_id=et-fb-preview-1726694928353-897 HTTP/1.1" 200 15933 "-" "Mozilla/5.0 (Windows NT 10.0; Win64; x64) AppleWebKit/537.36 (KHTML, like Gecko) Chrome/128.0.0.0 Safari/537.36"
191.80.164.71 - - [18/Sep/2024:21:28:50 +0000] "POST /?et_pb_preview=true&et_pb_preview_nonce=de69f864fe&iframe_id=et-fb-preview-1726694928272-519 HTTP/1.1" 200 16698 "http://loopsostenible2.devuocloud.com/?et_pb_preview=true&et_pb_preview_nonce=de69f864fe&iframe_id=et-fb-preview-1726694928272-519" "Mozilla/5.0 (Windows NT 10.0; Win64; x64) AppleWebKit/537.36 (KHTML, like Gecko) Chrome/128.0.0.0 Safari/537.36"
191.80.164.71 - - [18/Sep/2024:21:28:50 +0000] "POST /?et_pb_preview=true&et_pb_preview_nonce=de69f864fe&iframe_id=et-fb-preview-1726694928353-897 HTTP/1.1" 200 16699 "http://loopsostenible2.devuocloud.com/?et_pb_preview=true&et_pb_preview_nonce=de69f864fe&iframe_id=et-fb-preview-1726694928353-897" "Mozilla/5.0 (Windows NT 10.0; Win64; x64) AppleWebKit/537.36 (KHTML, like Gecko) Chrome/128.0.0.0 Safari/537.36"
191.80.164.71 - - [18/Sep/2024:21:28:50 +0000] "GET /wp-json/contact-form-7/v1/contact-forms/565/feedback/schema HTTP/1.1" 200 2133 "http://loopsostenible2.devuocloud.com/?et_pb_preview=true&et_pb_preview_nonce=de69f864fe&iframe_id=et-fb-preview-1726694928272-519" "Mozilla/5.0 (Windows NT 10.0; Win64; x64) AppleWebKit/537.36 (KHTML, like Gecko) Chrome/128.0.0.0 Safari/537.36"
191.80.164.71 - - [18/Sep/2024:21:28:51 +0000] "GET /wp-json/contact-form-7/v1/contact-forms/565/feedback/schema HTTP/1.1" 200 2133 "http://loopsostenible2.devuocloud.com/?et_pb_preview=true&et_pb_preview_nonce=de69f864fe&iframe_id=et-fb-preview-1726694928353-897" "Mozilla/5.0 (Windows NT 10.0; Win64; x64) AppleWebKit/537.36 (KHTML, like Gecko) Chrome/128.0.0.0 Safari/537.36"
146.190.157.162 - - [18/Sep/2024:21:29:02 +0000] "POST /wp-cron.php?doing_wp_cron=1726694942.4527750015258789062500 HTTP/1.1" 200 259 "-" "WordPress/6.6.2; http://loopsostenible2.devuocloud.com"
191.80.164.71 - - [18/Sep/2024:21:29:02 +0000] "POST /wp-admin/admin-ajax.php HTTP/1.1" 200 657 "-" "Mozilla/5.0 (Windows NT 10.0; Win64; x64) AppleWebKit/537.36 (KHTML, like Gecko) Chrome/128.0.0.0 Safari/537.36"
191.80.164.71 - - [18/Sep/2024:21:29:19 +0000] "POST /wp-admin/admin-ajax.php HTTP/1.1" 200 14892 "-" "Mozilla/5.0 (Windows NT 10.0; Win64; x64) AppleWebKit/537.36 (KHTML, like Gecko) Chrome/128.0.0.0 Safari/537.36"
191.80.164.71 - - [18/Sep/2024:21:29:34 +0000] "POST /wp-admin/admin-ajax.php HTTP/1.1" 200 613 "http://loopsostenible2.devuocloud.com/wp-admin/admin.php?page=et_theme_builder" "Mozilla/5.0 (Windows NT 10.0; Win64; x64) AppleWebKit/537.36 (KHTML, like Gecko) Chrome/128.0.0.0 Safari/537.36"
146.190.157.162 - - [18/Sep/2024:21:30:19 +0000] "POST /wp-cron.php?doing_wp_cron=1726695019.3907721042633056640625 HTTP/1.1" 200 259 "-" "WordPress/6.6.2; http://loopsostenible2.devuocloud.com"
191.80.164.71 - - [18/Sep/2024:21:30:19 +0000] "POST /wp-admin/admin-ajax.php HTTP/1.1" 200 1052 "-" "Mozilla/5.0 (Windows NT 10.0; Win64; x64) AppleWebKit/537.36 (KHTML, like Gecko) Chrome/128.0.0.0 Safari/537.36"
191.80.164.71 - - [18/Sep/2024:21:30:47 +0000] "POST /wp-admin/admin-ajax.php HTTP/1.1" 200 613 "http://loopsostenible2.devuocloud.com/wp-admin/edit.php?post_type=page" "Mozilla/5.0 (Windows NT 10.0; Win64; x64) AppleWebKit/537.36 (KHTML, like Gecko) Chrome/128.0.0.0 Safari/537.36"
146.190.157.162 - - [18/Sep/2024:21:30:56 +0000] "POST /wp-cron.php?doing_wp_cron=1726695056.4821710586547851562500 HTTP/1.1" 200 259 "-" "WordPress/6.6.2; http://loopsostenible2.devuocloud.com"
191.80.164.71 - - [18/Sep/2024:21:30:56 +0000] "POST /wp-admin/admin-ajax.php HTTP/1.1" 200 147079 "http://loopsostenible2.devuocloud.com/contacto/?et_fb=1&PageSpeed=off" "Mozilla/5.0 (Windows NT 10.0; Win64; x64) AppleWebKit/537.36 (KHTML, like Gecko) Chrome/128.0.0.0 Safari/537.36"
191.80.164.71 - - [18/Sep/2024:21:30:59 +0000] "POST /wp-admin/admin-ajax.php HTTP/1.1" 200 122099 "http://loopsostenible2.devuocloud.com/contacto/?et_fb=1&PageSpeed=off" "Mozilla/5.0 (Windows NT 10.0; Win64; x64) AppleWebKit/537.36 (KHTML, like Gecko) Chrome/128.0.0.0 Safari/537.36"
146.190.157.162 - - [18/Sep/2024:21:31:17 +0000] "POST /wp-cron.php?doing_wp_cron=1726695077.3006761074066162109375 HTTP/1.1" 200 259 "-" "WordPress/6.6.2; http://loopsostenible2.devuocloud.com"
191.80.164.71 - - [18/Sep/2024:21:31:16 +0000] "POST /wp-admin/admin-ajax.php HTTP/1.1" 200 657 "-" "Mozilla/5.0 (Windows NT 10.0; Win64; x64) AppleWebKit/537.36 (KHTML, like Gecko) Chrome/128.0.0.0 Safari/537.36"
191.80.164.71 - - [18/Sep/2024:21:31:19 +0000] "POST /wp-admin/admin-ajax.php HTTP/1.1" 200 809 "-" "Mozilla/5.0 (Windows NT 10.0; Win64; x64) AppleWebKit/537.36 (KHTML, like Gecko) Chrome/128.0.0.0 Safari/537.36"
191.80.164.71 - - [18/Sep/2024:21:31:35 +0000] "POST /wp-admin/admin-ajax.php HTTP/1.1" 200 613 "http://loopsostenible2.devuocloud.com/wp-admin/admin.php?page=et_theme_builder" "Mozilla/5.0 (Windows NT 10.0; Win64; x64) AppleWebKit/537.36 (KHTML, like Gecko) Chrome/128.0.0.0 Safari/537.36"
146.190.157.162 - - [18/Sep/2024:21:32:19 +0000] "POST /wp-cron.php?doing_wp_cron=1726695139.6328940391540527343750 HTTP/1.1" 200 259 "-" "WordPress/6.6.2; http://loopsostenible2.devuocloud.com"
191.80.164.71 - - [18/Sep/2024:21:32:19 +0000] "POST /wp-admin/admin-ajax.php HTTP/1.1" 200 10700 "-" "Mozilla/5.0 (Windows NT 10.0; Win64; x64) AppleWebKit/537.36 (KHTML, like Gecko) Chrome/128.0.0.0 Safari/537.36"
191.80.164.71 - - [18/Sep/2024:21:32:48 +0000] "POST /wp-admin/admin-ajax.php HTTP/1.1" 200 613 "http://loopsostenible2.devuocloud.com/wp-admin/edit.php?post_type=page" "Mozilla/5.0 (Windows NT 10.0; Win64; x64) AppleWebKit/537.36 (KHTML, like Gecko) Chrome/128.0.0.0 Safari/537.36"
146.190.157.162 - - [18/Sep/2024:21:33:19 +0000] "POST /wp-cron.php?doing_wp_cron=1726695199.6255381107330322265625 HTTP/1.1" 200 259 "-" "WordPress/6.6.2; http://loopsostenible2.devuocloud.com"
191.80.164.71 - - [18/Sep/2024:21:33:19 +0000] "POST /wp-admin/admin-ajax.php HTTP/1.1" 200 810 "-" "Mozilla/5.0 (Windows NT 10.0; Win64; x64) AppleWebKit/537.36 (KHTML, like Gecko) Chrome/128.0.0.0 Safari/537.36"
191.80.164.71 - - [18/Sep/2024:21:33:36 +0000] "POST /wp-admin/admin-ajax.php HTTP/1.1" 200 613 "http://loopsostenible2.devuocloud.com/wp-admin/admin.php?page=et_theme_builder" "Mozilla/5.0 (Windows NT 10.0; Win64; x64) AppleWebKit/537.36 (KHTML, like Gecko) Chrome/128.0.0.0 Safari/537.36"
146.190.157.162 - - [18/Sep/2024:21:34:19 +0000] "POST /wp-cron.php?doing_wp_cron=1726695259.9559280872344970703125 HTTP/1.1" 200 259 "-" "WordPress/6.6.2; http://loopsostenible2.devuocloud.com"
191.80.164.71 - - [18/Sep/2024:21:34:19 +0000] "POST /wp-admin/admin-ajax.php HTTP/1.1" 200 810 "-" "Mozilla/5.0 (Windows NT 10.0; Win64; x64) AppleWebKit/537.36 (KHTML, like Gecko) Chrome/128.0.0.0 Safari/537.36"
191.80.164.71 - - [18/Sep/2024:21:34:49 +0000] "POST /wp-admin/admin-ajax.php HTTP/1.1" 200 613 "http://loopsostenible2.devuocloud.com/wp-admin/edit.php?post_type=page" "Mozilla/5.0 (Windows NT 10.0; Win64; x64) AppleWebKit/537.36 (KHTML, like Gecko) Chrome/128.0.0.0 Safari/537.36"
146.190.157.162 - - [18/Sep/2024:21:35:20 +0000] "POST /wp-cron.php?doing_wp_cron=1726695320.6376159191131591796875 HTTP/1.1" 200 259 "-" "WordPress/6.6.2; http://loopsostenible2.devuocloud.com"
191.80.164.71 - - [18/Sep/2024:21:35:20 +0000] "POST /wp-admin/admin-ajax.php HTTP/1.1" 200 10835 "-" "Mozilla/5.0 (Windows NT 10.0; Win64; x64) AppleWebKit/537.36 (KHTML, like Gecko) Chrome/128.0.0.0 Safari/537.36"
146.190.157.162 - - [18/Sep/2024:21:36:04 +0000] "POST /wp-cron.php?doing_wp_cron=1726695364.9386389255523681640625 HTTP/1.1" 200 259 "-" "WordPress/6.6.2; http://loopsostenible2.devuocloud.com"
191.80.164.71 - - [18/Sep/2024:21:36:04 +0000] "POST /wp-admin/admin-ajax.php HTTP/1.1" 200 657 "-" "Mozilla/5.0 (Windows NT 10.0; Win64; x64) AppleWebKit/537.36 (KHTML, like Gecko) Chrome/128.0.0.0 Safari/537.36"
191.80.164.71 - - [18/Sep/2024:21:36:20 +0000] "POST /wp-admin/admin-ajax.php HTTP/1.1" 200 10748 "-" "Mozilla/5.0 (Windows NT 10.0; Win64; x64) AppleWebKit/537.36 (KHTML, like Gecko) Chrome/128.0.0.0 Safari/537.36"
191.80.164.71 - - [18/Sep/2024:21:36:50 +0000] "POST /wp-admin/admin-ajax.php HTTP/1.1" 200 613 "http://loopsostenible2.devuocloud.com/wp-admin/edit.php?post_type=page" "Mozilla/5.0 (Windows NT 10.0; Win64; x64) AppleWebKit/537.36 (KHTML, like Gecko) Chrome/128.0.0.0 Safari/537.36"
146.190.157.162 - - [18/Sep/2024:21:37:20 +0000] "POST /wp-cron.php?doing_wp_cron=1726695440.6340939998626708984375 HTTP/1.1" 200 259 "-" "WordPress/6.6.2; http://loopsostenible2.devuocloud.com"
191.80.164.71 - - [18/Sep/2024:21:37:20 +0000] "POST /wp-admin/admin-ajax.php HTTP/1.1" 200 810 "-" "Mozilla/5.0 (Windows NT 10.0; Win64; x64) AppleWebKit/537.36 (KHTML, like Gecko) Chrome/128.0.0.0 Safari/537.36"
146.190.157.162 - - [18/Sep/2024:21:38:20 +0000] "POST /wp-cron.php?doing_wp_cron=1726695500.6226871013641357421875 HTTP/1.1" 200 259 "-" "WordPress/6.6.2; http://loopsostenible2.devuocloud.com"
191.80.164.71 - - [18/Sep/2024:21:38:20 +0000] "POST /wp-admin/admin-ajax.php HTTP/1.1" 200 810 "-" "Mozilla/5.0 (Windows NT 10.0; Win64; x64) AppleWebKit/537.36 (KHTML, like Gecko) Chrome/128.0.0.0 Safari/537.36"
191.80.164.71 - - [18/Sep/2024:21:38:51 +0000] "POST /wp-admin/admin-ajax.php HTTP/1.1" 200 613 "http://loopsostenible2.devuocloud.com/wp-admin/edit.php?post_type=page" "Mozilla/5.0 (Windows NT 10.0; Win64; x64) AppleWebKit/537.36 (KHTML, like Gecko) Chrome/128.0.0.0 Safari/537.36"
191.80.164.71 - - [18/Sep/2024:21:38:51 +0000] "POST /wp-admin/admin-ajax.php HTTP/1.1" 200 656 "-" "Mozilla/5.0 (Windows NT 10.0; Win64; x64) AppleWebKit/537.36 (KHTML, like Gecko) Chrome/128.0.0.0 Safari/537.36"
146.190.157.162 - - [18/Sep/2024:21:39:20 +0000] "POST /wp-cron.php?doing_wp_cron=1726695560.6318750381469726562500 HTTP/1.1" 200 259 "-" "WordPress/6.6.2; http://loopsostenible2.devuocloud.com"
191.80.164.71 - - [18/Sep/2024:21:39:20 +0000] "POST /wp-admin/admin-ajax.php HTTP/1.1" 200 10909 "-" "Mozilla/5.0 (Windows NT 10.0; Win64; x64) AppleWebKit/537.36 (KHTML, like Gecko) Chrome/128.0.0.0 Safari/537.36"
191.80.164.71 - - [18/Sep/2024:21:39:38 +0000] "POST /wp-admin/admin-ajax.php HTTP/1.1" 200 657 "-" "Mozilla/5.0 (Windows NT 10.0; Win64; x64) AppleWebKit/537.36 (KHTML, like Gecko) Chrome/128.0.0.0 Safari/537.36"
146.190.157.162 - - [18/Sep/2024:21:40:20 +0000] "POST /wp-cron.php?doing_wp_cron=1726695620.6370849609375000000000 HTTP/1.1" 200 259 "-" "WordPress/6.6.2; http://loopsostenible2.devuocloud.com"
191.80.164.71 - - [18/Sep/2024:21:40:20 +0000] "POST /wp-admin/admin-ajax.php HTTP/1.1" 200 10794 "-" "Mozilla/5.0 (Windows NT 10.0; Win64; x64) AppleWebKit/537.36 (KHTML, like Gecko) Chrome/128.0.0.0 Safari/537.36"
191.80.164.71 - - [18/Sep/2024:21:40:52 +0000] "POST /wp-admin/admin-ajax.php HTTP/1.1" 200 613 "http://loopsostenible2.devuocloud.com/wp-admin/edit.php?post_type=page" "Mozilla/5.0 (Windows NT 10.0; Win64; x64) AppleWebKit/537.36 (KHTML, like Gecko) Chrome/128.0.0.0 Safari/537.36"
146.190.157.162 - - [18/Sep/2024:21:41:20 +0000] "POST /wp-cron.php?doing_wp_cron=1726695680.4148778915405273437500 HTTP/1.1" 200 259 "-" "WordPress/6.6.2; http://loopsostenible2.devuocloud.com"
191.80.164.71 - - [18/Sep/2024:21:41:20 +0000] "POST /wp-admin/admin-ajax.php HTTP/1.1" 200 730 "-" "Mozilla/5.0 (Windows NT 10.0; Win64; x64) AppleWebKit/537.36 (KHTML, like Gecko) Chrome/128.0.0.0 Safari/537.36"
191.80.164.71 - - [18/Sep/2024:21:41:39 +0000] "POST /wp-admin/admin-ajax.php HTTP/1.1" 200 657 "-" "Mozilla/5.0 (Windows NT 10.0; Win64; x64) AppleWebKit/537.36 (KHTML, like Gecko) Chrome/128.0.0.0 Safari/537.36"
191.80.164.71 - - [18/Sep/2024:21:41:46 +0000] "POST /wp-admin/admin-ajax.php HTTP/1.1" 200 613 "http://loopsostenible2.devuocloud.com/wp-admin/edit.php?post_type=page" "Mozilla/5.0 (Windows NT 10.0; Win64; x64) AppleWebKit/537.36 (KHTML, like Gecko) Chrome/128.0.0.0 Safari/537.36"
191.80.164.71 - - [18/Sep/2024:21:41:49 +0000] "GET /?et_fb=1&PageSpeed=off HTTP/1.1" 200 86734 "http://loopsostenible2.devuocloud.com/wp-admin/edit.php?post_type=page" "Mozilla/5.0 (Windows NT 10.0; Win64; x64) AppleWebKit/537.36 (KHTML, like Gecko) Chrome/128.0.0.0 Safari/537.36"
191.80.164.71 - - [18/Sep/2024:21:41:51 +0000] "GET /wp-content/plugins/contact-form-7/includes/css/styles.css?ver=5.9.8 HTTP/1.1" 200 1351 "http://loopsostenible2.devuocloud.com/?et_fb=1&PageSpeed=off" "Mozilla/5.0 (Windows NT 10.0; Win64; x64) AppleWebKit/537.36 (KHTML, like Gecko) Chrome/128.0.0.0 Safari/537.36"
191.80.164.71 - - [18/Sep/2024:21:41:51 +0000] "GET /wp-content/plugins/wordpress-seo/css/dist/adminbar-2340.css HTTP/1.1" 200 1947 "http://loopsostenible2.devuocloud.com/?et_fb=1&PageSpeed=off" "Mozilla/5.0 (Windows NT 10.0; Win64; x64) AppleWebKit/537.36 (KHTML, like Gecko) Chrome/128.0.0.0 Safari/537.36"
191.80.164.71 - - [18/Sep/2024:21:41:51 +0000] "GET /wp-content/plugins/contact-form-7/includes/swv/js/index.js?ver=5.9.8 HTTP/1.1" 200 3699 "http://loopsostenible2.devuocloud.com/?et_fb=1&PageSpeed=off" "Mozilla/5.0 (Windows NT 10.0; Win64; x64) AppleWebKit/537.36 (KHTML, like Gecko) Chrome/128.0.0.0 Safari/537.36"
191.80.164.71 - - [18/Sep/2024:21:41:51 +0000] "GET /wp-content/plugins/contact-form-7/includes/js/index.js?ver=5.9.8 HTTP/1.1" 200 4602 "http://loopsostenible2.devuocloud.com/?et_fb=1&PageSpeed=off" "Mozilla/5.0 (Windows NT 10.0; Win64; x64) AppleWebKit/537.36 (KHTML, like Gecko) Chrome/128.0.0.0 Safari/537.36"
191.80.164.71 - - [18/Sep/2024:21:41:52 +0000] "GET /wp-content/et-cache/es_ES/helpers-page-17266852780071.js?ver=4.9.1 HTTP/1.1" 200 75418 "-" "Mozilla/5.0 (Windows NT 10.0; Win64; x64) AppleWebKit/537.36 (KHTML, like Gecko) Chrome/128.0.0.0 Safari/537.36"
191.80.164.71 - - [18/Sep/2024:21:41:52 +0000] "GET /wp-content/et-cache/es_ES/definitions-page-17266852781418.js?ver=4.9.1 HTTP/1.1" 200 205526 "-" "Mozilla/5.0 (Windows NT 10.0; Win64; x64) AppleWebKit/537.36 (KHTML, like Gecko) Chrome/128.0.0.0 Safari/537.36"
191.80.164.71 - - [18/Sep/2024:21:41:55 +0000] "GET /wp-content/uploads/2024/09/Plantacion-2.jpg HTTP/1.1" 304 250 "-" "Mozilla/5.0 (Windows NT 10.0; Win64; x64) AppleWebKit/537.36 (KHTML, like Gecko) Chrome/128.0.0.0 Safari/537.36"
146.190.157.162 - - [18/Sep/2024:21:41:55 +0000] "POST /wp-cron.php?doing_wp_cron=1726695715.1760571002960205078125 HTTP/1.1" 200 259 "-" "WordPress/6.6.2; http://loopsostenible2.devuocloud.com"
191.80.164.71 - - [18/Sep/2024:21:41:55 +0000] "GET /wp-content/uploads/2024/09/Sostenibilidad.jpg HTTP/1.1" 304 251 "-" "Mozilla/5.0 (Windows NT 10.0; Win64; x64) AppleWebKit/537.36 (KHTML, like Gecko) Chrome/128.0.0.0 Safari/537.36"
191.80.164.71 - - [18/Sep/2024:21:41:55 +0000] "GET /?et_pb_preview=true&et_pb_preview_nonce=de69f864fe&iframe_id=et-fb-preview-1726695713844-895 HTTP/1.1" 200 15932 "-" "Mozilla/5.0 (Windows NT 10.0; Win64; x64) AppleWebKit/537.36 (KHTML, like Gecko) Chrome/128.0.0.0 Safari/537.36"
146.190.157.162 - - [18/Sep/2024:21:41:55 +0000] "POST /wp-cron.php?doing_wp_cron=1726695715.3446130752563476562500 HTTP/1.1" 200 259 "-" "WordPress/6.6.2; http://loopsostenible2.devuocloud.com"
191.80.164.71 - - [18/Sep/2024:21:41:55 +0000] "GET /wp-content/uploads/2024/09/image5.jpg HTTP/1.1" 304 250 "-" "Mozilla/5.0 (Windows NT 10.0; Win64; x64) AppleWebKit/537.36 (KHTML, like Gecko) Chrome/128.0.0.0 Safari/537.36"
191.80.164.71 - - [18/Sep/2024:21:41:55 +0000] "GET /wp-content/uploads/2024/09/1722529073363-scaled.jpg HTTP/1.1" 304 250 "-" "Mozilla/5.0 (Windows NT 10.0; Win64; x64) AppleWebKit/537.36 (KHTML, like Gecko) Chrome/128.0.0.0 Safari/537.36"
191.80.164.71 - - [18/Sep/2024:21:41:55 +0000] "POST /wp-admin/admin-ajax.php?lang=es_ES HTTP/1.1" 200 771 "-" "Mozilla/5.0 (Windows NT 10.0; Win64; x64) AppleWebKit/537.36 (KHTML, like Gecko) Chrome/128.0.0.0 Safari/537.36"
191.80.164.71 - - [18/Sep/2024:21:41:56 +0000] "POST /?et_pb_preview=true&et_pb_preview_nonce=de69f864fe&iframe_id=et-fb-preview-1726695713844-895 HTTP/1.1" 200 17398 "http://loopsostenible2.devuocloud.com/?et_pb_preview=true&et_pb_preview_nonce=de69f864fe&iframe_id=et-fb-preview-1726695713844-895" "Mozilla/5.0 (Windows NT 10.0; Win64; x64) AppleWebKit/537.36 (KHTML, like Gecko) Chrome/128.0.0.0 Safari/537.36"
191.80.164.71 - - [18/Sep/2024:21:41:56 +0000] "GET /wp-content/plugins/slide-anything/owl-carousel/sa-owl-theme.css?ver=2.0 HTTP/1.1" 200 2661 "http://loopsostenible2.devuocloud.com/?et_pb_preview=true&et_pb_preview_nonce=de69f864fe&iframe_id=et-fb-preview-1726695713844-895" "Mozilla/5.0 (Windows NT 10.0; Win64; x64) AppleWebKit/537.36 (KHTML, like Gecko) Chrome/128.0.0.0 Safari/537.36"
191.80.164.71 - - [18/Sep/2024:21:41:56 +0000] "GET /wp-content/plugins/slide-anything/owl-carousel/owl.carousel.css?ver=2.2.1.1 HTTP/1.1" 200 1838 "http://loopsostenible2.devuocloud.com/?et_pb_preview=true&et_pb_preview_nonce=de69f864fe&iframe_id=et-fb-preview-1726695713844-895" "Mozilla/5.0 (Windows NT 10.0; Win64; x64) AppleWebKit/537.36 (KHTML, like Gecko) Chrome/128.0.0.0 Safari/537.36"
191.80.164.71 - - [18/Sep/2024:21:41:57 +0000] "GET /wp-content/plugins/slide-anything/owl-carousel/animate.min.css?ver=2.0 HTTP/1.1" 200 4321 "http://loopsostenible2.devuocloud.com/?et_pb_preview=true&et_pb_preview_nonce=de69f864fe&iframe_id=et-fb-preview-1726695713844-895" "Mozilla/5.0 (Windows NT 10.0; Win64; x64) AppleWebKit/537.36 (KHTML, like Gecko) Chrome/128.0.0.0 Safari/537.36"
191.80.164.71 - - [18/Sep/2024:21:41:57 +0000] "GET /wp-content/plugins/slide-anything/lightgallery/css/lightgallery.css?ver=2.5.0 HTTP/1.1" 200 3268 "http://loopsostenible2.devuocloud.com/?et_pb_preview=true&et_pb_preview_nonce=de69f864fe&iframe_id=et-fb-preview-1726695713844-895" "Mozilla/5.0 (Windows NT 10.0; Win64; x64) AppleWebKit/537.36 (KHTML, like Gecko) Chrome/128.0.0.0 Safari/537.36"
191.80.164.71 - - [18/Sep/2024:21:41:57 +0000] "GET /wp-content/plugins/slide-anything/lightgallery/css/lightgallery-bundle.min.css?ver=2.5.0 HTTP/1.1" 200 5566 "http://loopsostenible2.devuocloud.com/?et_pb_preview=true&et_pb_preview_nonce=de69f864fe&iframe_id=et-fb-preview-1726695713844-895" "Mozilla/5.0 (Windows NT 10.0; Win64; x64) AppleWebKit/537.36 (KHTML, like Gecko) Chrome/128.0.0.0 Safari/537.36"
191.80.164.71 - - [18/Sep/2024:21:41:57 +0000] "GET /wp-content/plugins/slide-anything/owl-carousel/owl.carousel.min.js?ver=2.2.1 HTTP/1.1" 200 11757 "http://loopsostenible2.devuocloud.com/?et_pb_preview=true&et_pb_preview_nonce=de69f864fe&iframe_id=et-fb-preview-1726695713844-895" "Mozilla/5.0 (Windows NT 10.0; Win64; x64) AppleWebKit/537.36 (KHTML, like Gecko) Chrome/128.0.0.0 Safari/537.36"
191.80.164.71 - - [18/Sep/2024:21:41:57 +0000] "GET /wp-content/plugins/slide-anything/js/jquery.mousewheel.min.js?ver=3.1.13 HTTP/1.1" 200 1512 "http://loopsostenible2.devuocloud.com/?et_pb_preview=true&et_pb_preview_nonce=de69f864fe&iframe_id=et-fb-preview-1726695713844-895" "Mozilla/5.0 (Windows NT 10.0; Win64; x64) AppleWebKit/537.36 (KHTML, like Gecko) Chrome/128.0.0.0 Safari/537.36"
191.80.164.71 - - [18/Sep/2024:21:41:57 +0000] "GET /wp-content/plugins/slide-anything/owl-carousel/owl.carousel2.thumbs.min.js?ver=0.1.8 HTTP/1.1" 200 1466 "http://loopsostenible2.devuocloud.com/?et_pb_preview=true&et_pb_preview_nonce=de69f864fe&iframe_id=et-fb-preview-1726695713844-895" "Mozilla/5.0 (Windows NT 10.0; Win64; x64) AppleWebKit/537.36 (KHTML, like Gecko) Chrome/128.0.0.0 Safari/537.36"
191.80.164.71 - - [18/Sep/2024:21:41:57 +0000] "GET /wp-content/plugins/slide-anything/lightgallery/lightgallery.min.js?ver=2.5.0 HTTP/1.1" 200 13764 "http://loopsostenible2.devuocloud.com/?et_pb_preview=true&et_pb_preview_nonce=de69f864fe&iframe_id=et-fb-preview-1726695713844-895" "Mozilla/5.0 (Windows NT 10.0; Win64; x64) AppleWebKit/537.36 (KHTML, like Gecko) Chrome/128.0.0.0 Safari/537.36"
191.80.164.71 - - [18/Sep/2024:21:41:57 +0000] "GET /wp-content/plugins/slide-anything/lightgallery/plugins/video/lg-video.min.js?ver=2.5.0 HTTP/1.1" 200 3005 "http://loopsostenible2.devuocloud.com/?et_pb_preview=true&et_pb_preview_nonce=de69f864fe&iframe_id=et-fb-preview-1726695713844-895" "Mozilla/5.0 (Windows NT 10.0; Win64; x64) AppleWebKit/537.36 (KHTML, like Gecko) Chrome/128.0.0.0 Safari/537.36"
191.80.164.71 - - [18/Sep/2024:21:41:58 +0000] "GET /wp-content/plugins/slide-anything/lightgallery/plugins/zoom/lg-zoom.min.js?ver=2.5.0 HTTP/1.1" 200 4897 "http://loopsostenible2.devuocloud.com/?et_pb_preview=true&et_pb_preview_nonce=de69f864fe&iframe_id=et-fb-preview-1726695713844-895" "Mozilla/5.0 (Windows NT 10.0; Win64; x64) AppleWebKit/537.36 (KHTML, like Gecko) Chrome/128.0.0.0 Safari/537.36"
191.80.164.71 - - [18/Sep/2024:21:41:58 +0000] "GET /wp-content/plugins/slide-anything/lightgallery/plugins/autoplay/lg-autoplay.min.js?ver=2.5.0 HTTP/1.1" 200 1676 "http://loopsostenible2.devuocloud.com/?et_pb_preview=true&et_pb_preview_nonce=de69f864fe&iframe_id=et-fb-preview-1726695713844-895" "Mozilla/5.0 (Windows NT 10.0; Win64; x64) AppleWebKit/537.36 (KHTML, like Gecko) Chrome/128.0.0.0 Safari/537.36"
191.80.164.71 - - [18/Sep/2024:21:41:58 +0000] "GET /wp-content/plugins/slide-anything/lightgallery/player.min.js?ver=2.17.1 HTTP/1.1" 200 6711 "http://loopsostenible2.devuocloud.com/?et_pb_preview=true&et_pb_preview_nonce=de69f864fe&iframe_id=et-fb-preview-1726695713844-895" "Mozilla/5.0 (Windows NT 10.0; Win64; x64) AppleWebKit/537.36 (KHTML, like Gecko) Chrome/128.0.0.0 Safari/537.36"
191.80.164.71 - - [18/Sep/2024:21:42:02 +0000] "POST /wp-admin/admin-ajax.php HTTP/1.1" 200 612 "http://loopsostenible2.devuocloud.com/wp-admin/edit.php?post_type=page" "Mozilla/5.0 (Windows NT 10.0; Win64; x64) AppleWebKit/537.36 (KHTML, like Gecko) Chrome/128.0.0.0 Safari/537.36"
191.80.164.71 - - [18/Sep/2024:21:42:18 +0000] "POST /wp-admin/admin-ajax.php HTTP/1.1" 200 613 "http://loopsostenible2.devuocloud.com/wp-admin/edit.php?post_type=page" "Mozilla/5.0 (Windows NT 10.0; Win64; x64) AppleWebKit/537.36 (KHTML, like Gecko) Chrome/128.0.0.0 Safari/537.36"
191.80.164.71 - - [18/Sep/2024:21:42:21 +0000] "POST /wp-admin/admin-ajax.php HTTP/1.1" 200 10908 "-" "Mozilla/5.0 (Windows NT 10.0; Win64; x64) AppleWebKit/537.36 (KHTML, like Gecko) Chrome/128.0.0.0 Safari/537.36"
191.80.164.71 - - [18/Sep/2024:21:42:41 +0000] "POST /wp-admin/admin-ajax.php HTTP/1.1" 200 657 "-" "Mozilla/5.0 (Windows NT 10.0; Win64; x64) AppleWebKit/537.36 (KHTML, like Gecko) Chrome/128.0.0.0 Safari/537.36"
191.80.164.71 - - [18/Sep/2024:21:42:49 +0000] "POST /wp-admin/admin-ajax.php HTTP/1.1" 200 613 "http://loopsostenible2.devuocloud.com/wp-admin/edit.php?post_type=page" "Mozilla/5.0 (Windows NT 10.0; Win64; x64) AppleWebKit/537.36 (KHTML, like Gecko) Chrome/128.0.0.0 Safari/537.36"
191.80.164.71 - - [18/Sep/2024:21:42:51 +0000] "POST /wp-admin/admin-ajax.php HTTP/1.1" 200 612 "http://loopsostenible2.devuocloud.com/wp-admin/admin.php?page=et_theme_builder" "Mozilla/5.0 (Windows NT 10.0; Win64; x64) AppleWebKit/537.36 (KHTML, like Gecko) Chrome/128.0.0.0 Safari/537.36"
191.80.164.71 - - [18/Sep/2024:21:42:52 +0000] "GET /et_footer_layout/theme-builder-layout/?et_fb=1&PageSpeed=off&et_tb=1 HTTP/1.1" 200 70856 "http://loopsostenible2.devuocloud.com/wp-admin/admin.php?page=et_theme_builder" "Mozilla/5.0 (Windows NT 10.0; Win64; x64) AppleWebKit/537.36 (KHTML, like Gecko) Chrome/128.0.0.0 Safari/537.36"
191.80.164.71 - - [18/Sep/2024:21:42:54 +0000] "GET /wp-content/themes/Divi/style-cpt.css?ver=4.9.1 HTTP/1.1" 200 88219 "http://loopsostenible2.devuocloud.com/et_footer_layout/theme-builder-layout/?et_fb=1&PageSpeed=off&et_tb=1" "Mozilla/5.0 (Windows NT 10.0; Win64; x64) AppleWebKit/537.36 (KHTML, like Gecko) Chrome/128.0.0.0 Safari/537.36"
191.80.164.71 - - [18/Sep/2024:21:42:54 +0000] "GET /wp-includes/js/mediaelement/mediaelementplayer-legacy.min.css?ver=4.2.17 HTTP/1.1" 200 2929 "http://loopsostenible2.devuocloud.com/et_footer_layout/theme-builder-layout/?et_fb=1&PageSpeed=off&et_tb=1" "Mozilla/5.0 (Windows NT 10.0; Win64; x64) AppleWebKit/537.36 (KHTML, like Gecko) Chrome/128.0.0.0 Safari/537.36"
