164.92.107.174 - - [30/Sep/2024:15:48:49 +0000] "GET /s/236313e2735313e2039313e2634313/_/;/META-INF/maven/com.atlassian.jira/jira-webapp-dist/pom.properties HTTP/1.1" 404 28870 "-" "Go-http-client/1.1"
164.92.107.174 - - [30/Sep/2024:15:48:49 +0000] "GET /config.json HTTP/1.1" 404 28870 "-" "Go-http-client/1.1"
164.92.107.174 - - [30/Sep/2024:15:48:50 +0000] "GET /telescope/requests HTTP/1.1" 404 28870 "-" "Go-http-client/1.1"
164.92.107.174 - - [30/Sep/2024:15:48:51 +0000] "GET /?rest_route=/wp/v2/users/ HTTP/1.1" 200 1554 "-" "Go-http-client/1.1"
146.190.157.162 - - [30/Sep/2024:16:05:54 +0000] "POST /wp-cron.php?doing_wp_cron=1727712354.4292490482330322265625 HTTP/1.1" 200 2869 "-" "WordPress/6.6.2; https://template-7.devuocloud.com"
107.180.107.116 - - [30/Sep/2024:16:05:54 +0000] "POST /xmlrpc.php HTTP/1.1" 200 3188 "-" "Mozilla/5.0 (Windows NT 6.1; WOW64; rv:38.0) Gecko/20100101 Firefox/38.0"
154.0.173.95 - - [30/Sep/2024:16:10:59 +0000] "POST /wp-login.php HTTP/1.1" 200 5107 "-" "Mozilla/5.0 (Windows NT 10.0; Win64; x64) AppleWebKit/537.36 (KHTML, like Gecko) Chrome/64.0.3282.167 Safari/537.36"
34.72.0.42 - - [30/Sep/2024:16:38:31 +0000] "POST /wp-login.php HTTP/1.1" 200 5105 "-" "Mozilla/5.0 (Windows NT 6.1; WOW64) AppleWebKit/537.36 (KHTML, like Gecko) Chrome/63.0.3239.132 Safari/537.36"
146.190.157.162 - - [30/Sep/2024:17:05:42 +0000] "POST /wp-cron.php?doing_wp_cron=1727715942.2464718818664550781250 HTTP/1.1" 200 2870 "-" "WordPress/6.6.2; https://template-7.devuocloud.com"
138.128.245.84 - - [30/Sep/2024:17:05:41 +0000] "POST /wp-login.php HTTP/1.1" 200 5105 "-" "Mozilla/5.0 (Windows NT 10.0; Win64; x64) AppleWebKit/537.36 (KHTML, like Gecko) Chrome/78.0.3904.70 Safari/537.36"
173.236.197.230 - - [30/Sep/2024:17:32:24 +0000] "POST /wp-login.php HTTP/1.1" 200 5105 "-" "Mozilla/5.0 (Windows; U; Windows NT 5.1; en-US) AppleWebKit/533.4 (KHTML, like Gecko) Chrome/5.0.375.99 Safari/533.4"
47.244.50.243 - - [30/Sep/2024:17:58:37 +0000] "POST /wp-login.php HTTP/1.1" 200 5106 "-" "Mozilla/5.0 (Windows NT 6.1; Win64; x64) AppleWebKit/537.36 (KHTML, like Gecko) Chrome/79.0.3945.117 Safari/537.36"
146.190.157.162 - - [30/Sep/2024:18:24:19 +0000] "POST /wp-cron.php?doing_wp_cron=1727720659.6122159957885742187500 HTTP/1.1" 200 2869 "-" "WordPress/6.6.2; https://template-7.devuocloud.com"
159.203.113.26 - - [30/Sep/2024:18:24:19 +0000] "POST /wp-login.php HTTP/1.1" 200 5105 "-" "Mozilla/5.0 (Windows NT 6.1; Win64; x64) AppleWebKit/537.36 (KHTML, like Gecko) Chrome/60.0.3112.113 Safari/537.36"
35.204.172.12 - - [30/Sep/2024:18:49:45 +0000] "POST /wp-login.php HTTP/1.1" 200 5106 "-" "Mozilla/5.0 (Windows NT 6.1; WOW64) AppleWebKit/537.36 (KHTML, like Gecko) Chrome/51.0.2704.106 Safari/537.36"
146.190.157.162 - - [30/Sep/2024:19:14:31 +0000] "POST /wp-cron.php?doing_wp_cron=1727723671.8843579292297363281250 HTTP/1.1" 200 2870 "-" "WordPress/6.6.2; https://template-7.devuocloud.com"
143.244.160.172 - - [30/Sep/2024:19:14:31 +0000] "POST /wp-login.php HTTP/1.1" 200 5107 "-" "Mozilla/5.0 (Windows NT 10.0; Win64; x64) AppleWebKit/537.36 (KHTML, like Gecko) Chrome/64.0.3282.167 Safari/537.36"
108.160.138.223 - - [30/Sep/2024:19:39:14 +0000] "POST /wp-login.php HTTP/1.1" 200 5105 "-" "Mozilla/5.0 (Windows NT 10.0; Win64; x64) AppleWebKit/537.36 (KHTML, like Gecko) Chrome/73.0.3683.75 Safari/537.36"
146.190.157.162 - - [30/Sep/2024:20:04:05 +0000] "POST /wp-cron.php?doing_wp_cron=1727726645.4677960872650146484375 HTTP/1.1" 200 2869 "-" "WordPress/6.6.2; https://template-7.devuocloud.com"
162.214.197.33 - - [30/Sep/2024:20:04:05 +0000] "POST /wp-login.php HTTP/1.1" 200 5105 "-" "Mozilla/5.0 (Windows NT 6.1; Win64; x64) AppleWebKit/537.36 (KHTML, like Gecko) Chrome/66.0.3359.117 Safari/537.36"
103.231.231.118 - - [30/Sep/2024:20:29:08 +0000] "POST /wp-login.php HTTP/1.1" 200 5106 "-" "Mozilla/5.0 (Windows NT 6.1; WOW64) AppleWebKit/537.36 (KHTML, like Gecko) Chrome/63.0.3239.132 Safari/537.36"
47.106.243.226 - - [30/Sep/2024:20:54:18 +0000] "POST /wp-login.php HTTP/1.1" 200 5106 "-" "Mozilla/5.0 (Windows; U; Windows NT 5.1; en-US) AppleWebKit/533.4 (KHTML, like Gecko) Chrome/5.0.375.99 Safari/533.4"
146.190.157.162 - - [30/Sep/2024:21:19:31 +0000] "POST /wp-cron.php?doing_wp_cron=1727731171.3230669498443603515625 HTTP/1.1" 200 2869 "-" "WordPress/6.6.2; https://template-7.devuocloud.com"
45.79.209.150 - - [30/Sep/2024:21:19:31 +0000] "POST /wp-login.php HTTP/1.1" 200 5106 "-" "Mozilla/5.0 (Windows NT 10.0; WOW64) AppleWebKit/537.36 (KHTML, like Gecko) Chrome/56.0.2924.87 Safari/537.36"
47.106.243.226 - - [30/Sep/2024:21:44:29 +0000] "POST /wp-login.php HTTP/1.1" 200 5105 "-" "Mozilla/5.0 (Windows NT 10.0; Win64; x64) AppleWebKit/537.36 (KHTML, like Gecko) Chrome/70.0.3538.67 Safari/537.36"
146.190.157.162 - - [30/Sep/2024:22:09:33 +0000] "POST /wp-cron.php?doing_wp_cron=1727734173.3330910205841064453125 HTTP/1.1" 200 2868 "-" "WordPress/6.6.2; https://template-7.devuocloud.com"
164.92.174.157 - - [30/Sep/2024:22:09:33 +0000] "POST /wp-login.php HTTP/1.1" 200 5106 "-" "Mozilla/5.0 (Windows NT 10.0; Win64; x64) AppleWebKit/537.36 (KHTML, like Gecko) Chrome/73.0.3683.86 Safari/537.36"
146.190.157.162 - - [30/Sep/2024:23:00:25 +0000] "POST /wp-cron.php?doing_wp_cron=1727737225.7693119049072265625000 HTTP/1.1" 200 2870 "-" "WordPress/6.6.2; https://template-7.devuocloud.com"
143.244.160.172 - - [30/Sep/2024:23:00:25 +0000] "POST /wp-login.php HTTP/1.1" 200 5107 "-" "Mozilla/5.0 (Windows NT 10.0; Win64; x64) AppleWebKit/537.36 (KHTML, like Gecko) Chrome/86.0.4240.193 Safari/537.36"
165.22.220.140 - - [01/Oct/2024:13:29:39 +0000] "GET /index.php HTTP/1.1" 301 585 "template-7.devuocloud.com" "Mozilla/5.1 (Windows NT 6.0; WOW64) AppleWebKit/537.37 (KHTML, like Gecko) Chrome/58.0.1145.75 Safari/537.37"
165.22.220.140 - - [01/Oct/2024:13:29:40 +0000] "GET /index.php HTTP/1.1" 301 2848 "template-7.devuocloud.com" "Mozilla/5.1 (Windows NT 6.0; WOW64) AppleWebKit/537.37 (KHTML, like Gecko) Chrome/58.0.1145.75 Safari/537.37"
146.190.157.162 - - [01/Oct/2024:13:29:41 +0000] "POST /wp-cron.php?doing_wp_cron=1727789381.0350029468536376953125 HTTP/1.1" 200 2870 "-" "WordPress/6.6.2; https://template-7.devuocloud.com"
165.22.220.140 - - [01/Oct/2024:13:29:43 +0000] "GET / HTTP/1.1" 200 53709 "template-7.devuocloud.com" "Mozilla/5.1 (Windows NT 6.0; WOW64) AppleWebKit/537.37 (KHTML, like Gecko) Chrome/58.0.1145.75 Safari/537.37"
165.22.220.140 - - [01/Oct/2024:13:52:56 +0000] "GET /index.php HTTP/1.1" 301 585 "template-7.devuocloud.com" "Mozilla/5.1 (Windows NT 6.0; WOW64) AppleWebKit/537.37 (KHTML, like Gecko) Chrome/58.0.1145.75 Safari/537.37"
165.22.220.140 - - [01/Oct/2024:13:52:57 +0000] "GET /index.php HTTP/1.1" 301 2847 "template-7.devuocloud.com" "Mozilla/5.1 (Windows NT 6.0; WOW64) AppleWebKit/537.37 (KHTML, like Gecko) Chrome/58.0.1145.75 Safari/537.37"
165.22.220.140 - - [01/Oct/2024:13:52:58 +0000] "GET / HTTP/1.1" 200 53707 "template-7.devuocloud.com" "Mozilla/5.1 (Windows NT 6.0; WOW64) AppleWebKit/537.37 (KHTML, like Gecko) Chrome/58.0.1145.75 Safari/537.37"
147.185.132.106 - - [01/Oct/2024:19:50:57 +0000] "GET / HTTP/1.1" 200 53664 "-" "Expanse, a Palo Alto Networks company, searches across the global IPv4 space multiple times per day to identify customers' presences on the Internet. If you would like to be excluded from our scans, please send IP addresses/domains to: scaninfo@paloaltonetworks.com"
146.190.157.162 - - [01/Oct/2024:19:50:57 +0000] "POST /wp-cron.php?doing_wp_cron=1727812257.5619769096374511718750 HTTP/1.1" 200 2868 "-" "WordPress/6.6.2; https://template-7.devuocloud.com"
13.92.232.140 - - [02/Oct/2024:13:07:51 +0000] "GET /wp-content/themes/sahifa/index.php?here=1111 HTTP/1.1" 301 655 "template-7.devuocloud.com" "Mozilla/5.0 (Windows NT 6.1; Win64; x64) AppleWebKit/537.36 (KHTML, like Gecko) Chrome/242.02.8301.120 Safari/537.36"
13.92.232.140 - - [02/Oct/2024:13:07:51 +0000] "GET /wp-content/themes/sahifa/index.php?here=1111 HTTP/1.1" 301 2976 "template-7.devuocloud.com" "Mozilla/5.0 (Windows NT 6.1; Win64; x64) AppleWebKit/537.36 (KHTML, like Gecko) Chrome/242.02.8301.120 Safari/537.36"
146.190.157.162 - - [02/Oct/2024:13:07:52 +0000] "POST /wp-cron.php?doing_wp_cron=1727874472.3745501041412353515625 HTTP/1.1" 200 2869 "-" "WordPress/6.6.2; https://template-7.devuocloud.com"
13.92.232.140 - - [02/Oct/2024:13:07:54 +0000] "GET /wp-content/themes/sahifa/?here=1111 HTTP/1.1" 404 31143 "template-7.devuocloud.com" "Mozilla/5.0 (Windows NT 6.1; Win64; x64) AppleWebKit/537.36 (KHTML, like Gecko) Chrome/242.02.8301.120 Safari/537.36"
13.92.232.140 - - [02/Oct/2024:13:08:40 +0000] "GET /wp-content/backups-dup-pro/index.php?here=1111 HTTP/1.1" 301 659 "template-7.devuocloud.com" "Mozilla/5.0 (Windows NT 6.1; Win64; x64) AppleWebKit/537.36 (KHTML, like Gecko) Chrome/242.02.8301.120 Safari/537.36"
13.92.232.140 - - [02/Oct/2024:13:08:40 +0000] "GET /wp-content/backups-dup-pro/index.php?here=1111 HTTP/1.1" 301 2978 "template-7.devuocloud.com" "Mozilla/5.0 (Windows NT 6.1; Win64; x64) AppleWebKit/537.36 (KHTML, like Gecko) Chrome/242.02.8301.120 Safari/537.36"
13.92.232.140 - - [02/Oct/2024:13:08:41 +0000] "GET /wp-content/backups-dup-pro/?here=1111 HTTP/1.1" 404 31143 "template-7.devuocloud.com" "Mozilla/5.0 (Windows NT 6.1; Win64; x64) AppleWebKit/537.36 (KHTML, like Gecko) Chrome/242.02.8301.120 Safari/537.36"
13.92.232.140 - - [02/Oct/2024:13:09:23 +0000] "GET /wp-content/ai1wm-backups/index.php?here=1111 HTTP/1.1" 301 655 "template-7.devuocloud.com" "Mozilla/5.0 (Windows NT 6.1; Win64; x64) AppleWebKit/537.36 (KHTML, like Gecko) Chrome/242.02.8301.120 Safari/537.36"
13.92.232.140 - - [02/Oct/2024:13:09:23 +0000] "GET /wp-content/ai1wm-backups/index.php?here=1111 HTTP/1.1" 301 2977 "template-7.devuocloud.com" "Mozilla/5.0 (Windows NT 6.1; Win64; x64) AppleWebKit/537.36 (KHTML, like Gecko) Chrome/242.02.8301.120 Safari/537.36"
13.92.232.140 - - [02/Oct/2024:13:09:24 +0000] "GET /wp-content/ai1wm-backups/?here=1111 HTTP/1.1" 404 31144 "template-7.devuocloud.com" "Mozilla/5.0 (Windows NT 6.1; Win64; x64) AppleWebKit/537.36 (KHTML, like Gecko) Chrome/242.02.8301.120 Safari/537.36"
13.92.232.140 - - [02/Oct/2024:13:09:33 +0000] "GET /wp-content/backups-dup-lite/index.php?here=1111 HTTP/1.1" 301 661 "template-7.devuocloud.com" "Mozilla/5.0 (Windows NT 6.1; Win64; x64) AppleWebKit/537.36 (KHTML, like Gecko) Chrome/242.02.8301.120 Safari/537.36"
13.92.232.140 - - [02/Oct/2024:13:09:33 +0000] "GET /wp-content/backups-dup-lite/index.php?here=1111 HTTP/1.1" 301 2978 "template-7.devuocloud.com" "Mozilla/5.0 (Windows NT 6.1; Win64; x64) AppleWebKit/537.36 (KHTML, like Gecko) Chrome/242.02.8301.120 Safari/537.36"
13.92.232.140 - - [02/Oct/2024:13:09:34 +0000] "GET /wp-content/backups-dup-lite/?here=1111 HTTP/1.1" 404 31143 "template-7.devuocloud.com" "Mozilla/5.0 (Windows NT 6.1; Win64; x64) AppleWebKit/537.36 (KHTML, like Gecko) Chrome/242.02.8301.120 Safari/537.36"
138.68.86.32 - - [02/Oct/2024:19:20:27 +0000] "GET / HTTP/1.1" 200 2557 "-" "-"
138.68.86.32 - - [02/Oct/2024:19:20:29 +0000] "GET / HTTP/1.1" 200 53691 "-" "Mozilla/5.0 (Linux; Android 6.0; HTC One M9 Build/MRA969164) AppleWebKit/537.36 (KHTML, like Gecko) Chrome/52.0.2461.98 Mobile Safari/537.3"
146.190.157.162 - - [02/Oct/2024:19:20:28 +0000] "POST /wp-cron.php?doing_wp_cron=1727896828.5594000816345214843750 HTTP/1.1" 200 2868 "-" "WordPress/6.6.2; https://template-7.devuocloud.com"
138.68.86.32 - - [02/Oct/2024:19:20:30 +0000] "GET /server HTTP/1.1" 404 31120 "-" "Go-http-client/1.1"
138.68.86.32 - - [02/Oct/2024:19:20:31 +0000] "GET /.vscode/sftp.json HTTP/1.1" 404 28870 "-" "Go-http-client/1.1"
138.68.86.32 - - [02/Oct/2024:19:20:32 +0000] "GET /about HTTP/1.1" 404 28870 "-" "Go-http-client/1.1"
138.68.86.32 - - [02/Oct/2024:19:20:33 +0000] "GET /debug/default/view?panel=config HTTP/1.1" 404 28870 "-" "Go-http-client/1.1"
138.68.86.32 - - [02/Oct/2024:19:20:35 +0000] "GET /v2/_catalog HTTP/1.1" 404 28870 "-" "Go-http-client/1.1"
138.68.86.32 - - [02/Oct/2024:19:20:36 +0000] "GET /ecp/Current/exporttool/microsoft.exchange.ediscovery.exporttool.application HTTP/1.1" 404 28870 "-" "Go-http-client/1.1"
138.68.86.32 - - [02/Oct/2024:19:20:37 +0000] "GET /server-status HTTP/1.1" 403 801 "-" "Go-http-client/1.1"
138.68.86.32 - - [02/Oct/2024:19:20:38 +0000] "GET /login.action HTTP/1.1" 404 28870 "-" "Go-http-client/1.1"
138.68.86.32 - - [02/Oct/2024:19:20:39 +0000] "GET /_all_dbs HTTP/1.1" 404 28870 "-" "Mozilla/5.0 (l9scan/2.0.236313e2735313e2039313e2634313; +https://leakix.net)"
138.68.86.32 - - [02/Oct/2024:19:20:40 +0000] "GET /.DS_Store HTTP/1.1" 404 28870 "-" "Go-http-client/1.1"
138.68.86.32 - - [02/Oct/2024:19:20:41 +0000] "GET /.env HTTP/1.1" 404 28870 "-" "Go-http-client/1.1"
138.68.86.32 - - [02/Oct/2024:19:20:42 +0000] "GET /.git/config HTTP/1.1" 404 28870 "-" "Go-http-client/1.1"
138.68.86.32 - - [02/Oct/2024:19:20:43 +0000] "GET /s/236313e2735313e2039313e2634313/_/;/META-INF/maven/com.atlassian.jira/jira-webapp-dist/pom.properties HTTP/1.1" 404 28870 "-" "Go-http-client/1.1"
138.68.86.32 - - [02/Oct/2024:19:20:44 +0000] "GET /config.json HTTP/1.1" 404 28870 "-" "Go-http-client/1.1"
138.68.86.32 - - [02/Oct/2024:19:20:45 +0000] "GET /telescope/requests HTTP/1.1" 404 28870 "-" "Go-http-client/1.1"
138.68.86.32 - - [02/Oct/2024:19:20:47 +0000] "GET /?rest_route=/wp/v2/users/ HTTP/1.1" 200 1554 "-" "Go-http-client/1.1"
146.190.157.162 - - [02/Oct/2024:23:56:26 +0000] "POST /wp-cron.php?doing_wp_cron=1727913386.7993419170379638671875 HTTP/1.1" 200 2869 "-" "WordPress/6.6.2; https://template-7.devuocloud.com"
45.148.10.59 - - [02/Oct/2024:23:56:25 +0000] "GET / HTTP/1.1" 200 13174 "-" "Mozilla/5.0 (Linux; Android 9; Pixel 3 XL) AppleWebKit/537.36 (KHTML, like Gecko) Chrome/76.0.3809.89 Mobile Safari/537.36"
45.148.10.59 - - [02/Oct/2024:23:56:43 +0000] "GET //template-7.devuocloud.com/wp-content/themes/Divi/js/custom.unified.js?ver=4 HTTP/1.1" 301 717 "-" "Mozilla/5.0 (compatible; Konqueror/4.4; Linux) KHTML/4.4.1 (like Gecko) Fedora/4.4.1-1.fc12"
45.148.10.59 - - [02/Oct/2024:23:56:43 +0000] "GET //template-7.devuocloud.com/wp-content/plugins/contact-form-7/includes/js/index.js?ver=5 HTTP/1.1" 301 739 "-" "Mozilla/5.0 (X11; Linux x86_64) AppleWebKit/537.36 (KHTML, like Gecko) snap Chromium/76.0.3809.87 Chrome/76.0.3809.87 Safari/537.36"
45.148.10.59 - - [02/Oct/2024:23:56:43 +0000] "GET //template-7.devuocloud.com/wp-content/plugins/contact-form-7/includes/swv/js/index.js HTTP/1.1" 301 735 "-" "Mozilla/5.0 (Linux; Android 8.0.0; SM-G950U1) AppleWebKit/537.36 (KHTML, like Gecko) Chrome/76.0.3809.111 Mobile Safari/537.36"
45.148.10.59 - - [02/Oct/2024:23:56:43 +0000] "GET //template-7.devuocloud.com/wp-content/plugins/contact-form-7/includes/swv/js/index.js?ver=5 HTTP/1.1" 301 747 "-" "Mozilla/5.0 (Linux; Android 9; Redmi Note 7) AppleWebKit/537.36 (KHTML, like Gecko) Chrome/75.0.3770.89 Mobile Safari/537.36"
45.148.10.59 - - [02/Oct/2024:23:56:43 +0000] "GET //template-7.devuocloud.com/wp-content/plugins/contact-form-7/includes/js/index.js HTTP/1.1" 301 727 "-" "Nokia3230/2.0 (5.0614.0) SymbianOS/7.0s Series60/2.1 Profile/MIDP-2.0 Configuration/CLDC-1.0"
45.148.10.59 - - [02/Oct/2024:23:56:43 +0000] "GET //template-7.devuocloud.com/wp-content/themes/Divi/core/admin/js/common.js HTTP/1.1" 301 711 "-" "Mozilla/5.0 (X11; Linux x86_64) AppleWebKit/537.36 (KHTML, like Gecko) Chrome/77.0.3844.0 Safari/537.36"
45.148.10.59 - - [02/Oct/2024:23:56:43 +0000] "GET //template-7.devuocloud.com/wp-includes/js/jquery/jquery-migrate.min.js?ver=3 HTTP/1.1" 301 717 "-" "Mozilla/5.0 (Linux; Android 9; ELE-L09) AppleWebKit/537.36 (KHTML, like Gecko) Chrome/76.0.3809.111 Mobile Safari/537.36"
45.148.10.59 - - [02/Oct/2024:23:56:43 +0000] "GET //template-7.devuocloud.com/wp-content/themes/Divi/core/admin/js/common.js?ver=4 HTTP/1.1" 301 723 "-" "Mozilla/5.0 (Windows NT 6.1; WOW64) AppleWebKit/537.36 (KHTML, like Gecko) Chrome/63.0.3239.132 Safari/537.36"
45.148.10.59 - - [02/Oct/2024:23:56:43 +0000] "GET //template-7.devuocloud.com/wp-includes/js/jquery/jquery.min.js?ver=3 HTTP/1.1" 301 701 "-" "Mozilla/5.0 (Linux; Android 9; ONEPLUS A6013) AppleWebKit/537.36 (KHTML, like Gecko) Chrome/78.0.3880.5 Mobile Safari/537.36"
45.148.10.59 - - [02/Oct/2024:23:56:43 +0000] "GET //template-7.devuocloud.com/wp-includes/js/jquery/jquery.min.js HTTP/1.1" 301 689 "-" "Mozilla/5.0 (Windows NT 6.1; Win64; x64) AppleWebKit/537.36 (KHTML, like Gecko) Chrome/74.0.3729.169 Safari/537.36"
45.148.10.59 - - [02/Oct/2024:23:56:43 +0000] "GET /%5C/s.w.org%5C/images%5C/core%5C/emoji%5C/15.0.3%5C/72x72%5C/%22,%22ext%22:%22.png%22,%22svgUrl%22:%22https:%5C/%5C/s.w.org%5C/images%5C/core%5C/emoji%5C/15.0.3%5C/svg%5C/%22,%22svgExt%22:%22.svg%22,%22source%22:%7B%22concatemoji%22:%22https:%5C/%5C/template-7.devuocloud.com%5C/wp-includes%5C/js%5C/wp-emoji-release.min.js HTTP/1.1" 301 1147 "-" "Mozilla/5.0 (Linux; U; Android 8.1.0; zh-CN; EML-AL00 Build/HUAWEIEML-AL00) AppleWebKit/537.36 (KHTML, like Gecko) Version/4.0 Chrome/57.0.2987.108 baidu.sogo.uc.UCBrowser/11.9.4.974 UWS/2.13.1.48 Mobile Safari/537.36 AliApp(DingTalk/4.5.11) com.alibaba.android.rimet/10487439 Channel/227200 language/zh-CN"
45.148.10.59 - - [02/Oct/2024:23:56:43 +0000] "GET //template-7.devuocloud.com/wp-content/themes/Divi/js/custom.unified.js HTTP/1.1" 301 705 "-" "Mozilla/5.0 (X11; Ubuntu; Linux x86_64) AppleWebKit/605.1.15 (KHTML, like Gecko) Version/11.0 Safari/605.1.15 Epiphany/605.1.15"
45.148.10.59 - - [02/Oct/2024:23:56:43 +0000] "GET /wp-emoji-release.min.js HTTP/1.1" 301 613 "-" "Mozilla/5.0 (Windows NT 6.3; WOW64) AppleWebKit/537.36 (KHTML, like Gecko) Chrome/75.0.3770.90 Safari/537.36"
45.148.10.59 - - [02/Oct/2024:23:56:43 +0000] "GET /%5C/template-7.devuocloud.com%5C/wp-includes%5C/js%5C/wp-emoji-release.min.js HTTP/1.1" 301 705 "-" "Mozilla/5.0 (Macintosh; Intel Mac OS X 10_14_6) AppleWebKit/537.36 (KHTML, like Gecko) Chrome/75.0.3770.80 Safari/537.36"
45.148.10.59 - - [02/Oct/2024:23:56:43 +0000] "GET /wp-emoji-release.min.js?ver=6 HTTP/1.1" 301 625 "-" "Mozilla/5.0 (Macintosh; U; PPC Mac OS X 10.5; en-US; rv:1.9.2.15) Gecko/20110303 Firefox/3.6.15"
45.148.10.59 - - [02/Oct/2024:23:56:43 +0000] "GET //template-7.devuocloud.com/wp-includes/js/jquery/jquery-migrate.min.js HTTP/1.1" 301 705 "-" "Mozilla/5.0 (Windows NT 10.0; rv:45.9) Gecko/20100101 Goanna/3.2 Firefox/45.9 PaleMoon/27.4.0"
45.148.10.59 - - [02/Oct/2024:23:56:39 +0000] "GET //template-7.devuocloud.com/wp-includes/js/jquery/jquery.min.js?ver=3 HTTP/1.1" 301 2992 "-" "Mozilla/5.0 (X11; CrOS x86_64 12425.0.0) AppleWebKit/537.36 (KHTML, like Gecko) Chrome/78.0.3877.0 Safari/537.36"
45.148.10.59 - - [02/Oct/2024:23:56:38 +0000] "GET //template-7.devuocloud.com/wp-content/themes/Divi/core/admin/js/common.js HTTP/1.1" 301 2998 "-" "Mozilla/5.0 (PLAYSTATION 3; 1.10)"
45.148.10.59 - - [02/Oct/2024:23:56:38 +0000] "GET //template-7.devuocloud.com/wp-content/plugins/contact-form-7/includes/js/index.js HTTP/1.1" 301 3005 "-" "Mozilla/5.0 (Linux; Android 7.0; SAMSUNG SM-G925R6 Build/NRD90M) AppleWebKit/537.36 (KHTML, like Gecko) SamsungBrowser/5.4 Chrome/51.0.2704.106 Mobile Safari/537.36"
45.148.10.59 - - [02/Oct/2024:23:56:38 +0000] "GET //template-7.devuocloud.com/wp-content/plugins/contact-form-7/includes/swv/js/index.js?ver=5 HTTP/1.1" 301 3015 "-" "Mozilla/5.0 (X11; Linux x86_64) AppleWebKit/537.36 (KHTML, like Gecko) Ubuntu Chromium/67.0.3396.99 Chrome/67.0.3396.99 Safari/537.36"
45.148.10.59 - - [02/Oct/2024:23:56:38 +0000] "GET //template-7.devuocloud.com/wp-includes/js/jquery/jquery-migrate.min.js?ver=3 HTTP/1.1" 301 3000 "-" "Mozilla/5.0 (Linux; U; Android 7.1.2; el-gr; Redmi 4X Build/N2G47H) AppleWebKit/537.36 (KHTML, like Gecko) Version/4.0 Chrome/71.0.3578.141 Mobile Safari/537.36 XiaoMi/MiuiBrowser/10.9.7-g"
45.148.10.59 - - [02/Oct/2024:23:56:38 +0000] "GET //template-7.devuocloud.com/wp-content/plugins/contact-form-7/includes/js/index.js?ver=5 HTTP/1.1" 301 3011 "-" "Mozilla/5.0 (Windows NT 10.0; WOW64) AppleWebKit/537.36 (KHTML, like Gecko) Chrome/48.0.2564.116 UBrowser/5.6.13705.206 Safari/537.36"
45.148.10.59 - - [02/Oct/2024:23:56:38 +0000] "GET //template-7.devuocloud.com/wp-content/themes/Divi/core/admin/js/common.js?ver=4 HTTP/1.1" 301 3003 "-" "Mozilla/5.0 (X11; Linux x86_64; rv:38.0) Gecko/20100101 Firefox/38.0 Iceweasel/38.2.1"
45.148.10.59 - - [02/Oct/2024:23:56:38 +0000] "GET //template-7.devuocloud.com/wp-content/plugins/contact-form-7/includes/swv/js/index.js HTTP/1.1" 301 3008 "-" "Mozilla/5.0 (X11; U; Linux x86_64; en-gb) AppleWebKit/534.35 (KHTML, like Gecko) Chrome/11.0.696.65 Safari/534.35 Puffin/2.9174AP"
45.148.10.59 - - [02/Oct/2024:23:56:39 +0000] "GET //template-7.devuocloud.com/wp-includes/js/jquery/jquery.min.js HTTP/1.1" 301 2985 "-" "Mozilla/5.0 (iPhone; CPU iPhone OS 12_1_2 like Mac OS X) AppleWebKit/605.1.15 (KHTML, like Gecko) Mobile/16C104 MicroMessenger/7.0.5(0x17000523) NetType/4G Language/zh_CN"
45.148.10.59 - - [02/Oct/2024:23:56:39 +0000] "GET /%5C/s.w.org%5C/images%5C/core%5C/emoji%5C/15.0.3%5C/72x72%5C/%22,%22ext%22:%22.png%22,%22svgUrl%22:%22https:%5C/%5C/s.w.org%5C/images%5C/core%5C/emoji%5C/15.0.3%5C/svg%5C/%22,%22svgExt%22:%22.svg%22,%22source%22:%7B%22concatemoji%22:%22https:%5C/%5C/template-7.devuocloud.com%5C/wp-includes%5C/js%5C/wp-emoji-release.min.js HTTP/1.1" 404 17576 "-" "Mozilla/5.0 (X11; Ubuntu; Linux x86_64; rv:49.0) Gecko/20100101 Firefox/49.0"
45.148.10.59 - - [02/Oct/2024:23:56:40 +0000] "GET //template-7.devuocloud.com/wp-content/themes/Divi/js/custom.unified.js HTTP/1.1" 301 2994 "-" "Mozilla/5.0 (Windows NT 6.2; Win64; x64; rv:16.0) Gecko/16.0 Firefox/16.0"
45.148.10.59 - - [02/Oct/2024:23:56:40 +0000] "GET //template-7.devuocloud.com/wp-includes/js/jquery/jquery-migrate.min.js HTTP/1.1" 301 2994 "-" "Mozilla/5.0 (iPhone; CPU iPhone OS 11_3 like Mac OS X) AppleWebKit/605.1.15 (KHTML, like Gecko) Version/11.0 Mobile/15E148 Safari/604.1"
45.148.10.59 - - [02/Oct/2024:23:56:42 +0000] "GET //template-7.devuocloud.com/wp-content/themes/Divi/js/custom.unified.js?ver=4 HTTP/1.1" 301 3000 "-" "Mozilla/5.0 (Windows NT 10.0; WOW64; rv:40.0) Gecko/20100101 Firefox/40.0"
45.148.10.59 - - [02/Oct/2024:23:56:40 +0000] "GET /wp-emoji-release.min.js HTTP/1.1" 404 17576 "-" "Mozilla/5.0 (Linux; Android 9; ONEPLUS A6003) AppleWebKit/537.36 (KHTML, like Gecko) Chrome/76.0.3809.89 Mobile Safari/537.36"
45.148.10.59 - - [02/Oct/2024:23:56:40 +0000] "GET /wp-emoji-release.min.js?ver=6 HTTP/1.1" 404 17577 "-" "Mozilla/5.0 (Windows NT 6.1; Win64; x64; rv:35.0) Gecko/20100101 Firefox/35.0"
45.148.10.59 - - [02/Oct/2024:23:56:40 +0000] "GET /%5C/template-7.devuocloud.com%5C/wp-includes%5C/js%5C/wp-emoji-release.min.js HTTP/1.1" 404 17577 "-" "Mozilla/5.0 (Linux; Android 4.4.2; GT-I9190) AppleWebKit/537.36 (KHTML, like Gecko) Chrome/76.0.3809.89 Mobile Safari/537.36"
45.148.10.59 - - [02/Oct/2024:23:56:55 +0000] "GET //template-7.devuocloud.com/wp-content/themes/Divi/js/custom.unified.js HTTP/1.1" 301 705 "-" "Mozilla/5.0 (iPad; CPU OS 6_0 like Mac OS X) AppleWebKit/536.26 (KHTML, like Gecko) Version/6.0 Mobile/10A5355d Safari/8536.25"
45.148.10.59 - - [02/Oct/2024:23:56:55 +0000] "GET //template-7.devuocloud.com/wp-content/plugins/contact-form-7/includes/swv/js/index.js?ver=5 HTTP/1.1" 301 747 "-" "portalmmm/2.0 N410i(c20;TB)"
45.148.10.59 - - [02/Oct/2024:23:56:55 +0000] "GET //template-7.devuocloud.com/wp-content/plugins/contact-form-7/includes/js/index.js?ver=5 HTTP/1.1" 301 739 "-" "Mozilla/5.0 (Macintosh; Intel Mac OS X 10_13_6) AppleWebKit/537.36 (KHTML, like Gecko) Chrome/68.0.3440.84 Safari/537.36"
45.148.10.59 - - [02/Oct/2024:23:56:55 +0000] "GET //template-7.devuocloud.com/wp-content/plugins/contact-form-7/includes/swv/js/index.js HTTP/1.1" 301 735 "-" "Mozilla/5.0 (Linux; Android 9; STF-L09) AppleWebKit/537.36 (KHTML, like Gecko) Chrome/76.0.3809.111 Mobile Safari/537.36"
45.148.10.59 - - [02/Oct/2024:23:56:55 +0000] "GET //template-7.devuocloud.com/wp-content/plugins/contact-form-7/includes/js/index.js HTTP/1.1" 301 727 "-" "Mozilla/5.0 (OS/2; Warp 4.5; rv:38.0) Gecko/20100101 Firefox/38.0 SeaMonkey/2.35"
45.148.10.59 - - [02/Oct/2024:23:56:55 +0000] "GET //template-7.devuocloud.com/wp-content/themes/Divi/core/admin/js/common.js HTTP/1.1" 301 711 "-" "Mozilla/5.0 (Windows NT 6.3; Win64; x64) AppleWebKit/537.36 (KHTML, like Gecko) Chrome/65.0.3325.162 Safari/537.36"
45.148.10.59 - - [02/Oct/2024:23:56:55 +0000] "GET //template-7.devuocloud.com/wp-content/themes/Divi/core/admin/js/common.js?ver=4 HTTP/1.1" 301 723 "-" "Mozilla/5.0 (Windows NT 6.0) AppleWebKit/535.2 (KHTML, like Gecko) Chrome/15.0.874.120 Safari/535.2"
45.148.10.59 - - [02/Oct/2024:23:56:55 +0000] "GET //template-7.devuocloud.com/wp-content/themes/Divi/js/custom.unified.js?ver=4 HTTP/1.1" 301 717 "-" "SonyEricssonK810i/R1KG Browser/NetFront/3.3 Profile/MIDP-2.0 Configuration/CLDC-1.1"
45.148.10.59 - - [02/Oct/2024:23:56:55 +0000] "GET //template-7.devuocloud.com/wp-includes/js/jquery/jquery.min.js HTTP/1.1" 301 689 "-" "Mozilla/5.0 (Macintosh; U; PPC Mac OS X; fr-fr) AppleWebKit/312.5 (KHTML, like Gecko) Safari/312.3"
45.148.10.59 - - [02/Oct/2024:23:56:55 +0000] "GET /wp-emoji-release.min.js HTTP/1.1" 301 613 "-" "Mozilla/5.0 (SMART-TV; X11; Linux armv7l) AppleWebkit/537.42 (KHTML, like Gecko) Chromium/25.0.1349.2 Chrome/25.0.1349.2 Safari/537.42"
45.148.10.59 - - [02/Oct/2024:23:56:55 +0000] "GET /%5C/template-7.devuocloud.com%5C/wp-includes%5C/js%5C/wp-emoji-release.min.js HTTP/1.1" 301 705 "-" "Mozilla/5.0 (Linux; Android 4.4.2; SAMSUNG-SM-G900A Build/KOT49H) AppleWebKit/537.36 (KHTML, like Gecko) Chrome/45.0.2454.94 Mobile Safari/537.36"
45.148.10.59 - - [02/Oct/2024:23:56:55 +0000] "GET //template-7.devuocloud.com/wp-includes/js/jquery/jquery-migrate.min.js HTTP/1.1" 301 705 "-" "Mozilla/5.0 (Windows NT 10.0; WOW64) AppleWebKit/537.36 (KHTML, like Gecko) Chrome/72.0.3626.122 Safari/537.36 Vivaldi/2.3.1440.61"
45.148.10.59 - - [02/Oct/2024:23:56:56 +0000] "GET //template-7.devuocloud.com/wp-includes/js/jquery/jquery-migrate.min.js?ver=3 HTTP/1.1" 301 717 "-" "Mozilla/5.0 (Macintosh; Intel Mac OS X 10_14_3) AppleWebKit/537.36 (KHTML, like Gecko) Chrome/76.0.3809.100 Safari/537.36"
45.148.10.59 - - [02/Oct/2024:23:56:56 +0000] "GET /wp-emoji-release.min.js?ver=6 HTTP/1.1" 301 625 "-" "Mozilla/5.0 (Macintosh; Intel Mac OS X 10_14_0) AppleWebKit/537.36 (KHTML, like Gecko) Chrome/76.0.3809.100 Safari/537.36"
45.148.10.59 - - [02/Oct/2024:23:56:56 +0000] "GET //template-7.devuocloud.com/wp-includes/js/jquery/jquery.min.js?ver=3 HTTP/1.1" 301 701 "-" "Mozilla/5.0 (Windows NT 6.2) AppleWebKit/536.6 (KHTML, like Gecko) Chrome/20.0.1090.0 Safari/536.6"
45.148.10.59 - - [02/Oct/2024:23:56:56 +0000] "GET /%5C/s.w.org%5C/images%5C/core%5C/emoji%5C/15.0.3%5C/72x72%5C/%22,%22ext%22:%22.png%22,%22svgUrl%22:%22https:%5C/%5C/s.w.org%5C/images%5C/core%5C/emoji%5C/15.0.3%5C/svg%5C/%22,%22svgExt%22:%22.svg%22,%22source%22:%7B%22concatemoji%22:%22https:%5C/%5C/template-7.devuocloud.com%5C/wp-includes%5C/js%5C/wp-emoji-release.min.js HTTP/1.1" 301 1147 "-" "Mozilla/5.0 (Linux; Android 8.0.0; MI 6) AppleWebKit/537.36 (KHTML, like Gecko) Chrome/75.0.3770.101 Mobile Safari/537.36"
45.148.10.59 - - [02/Oct/2024:23:56:50 +0000] "GET //template-7.devuocloud.com/wp-content/themes/Divi/js/custom.unified.js HTTP/1.1" 301 2994 "-" "Mozilla/4.0 (compatible; MSIE 7.0; Windows Phone OS 7.0; Trident/3.1; IEMobile/7.0)"
45.148.10.59 - - [02/Oct/2024:23:56:50 +0000] "GET //template-7.devuocloud.com/wp-content/plugins/contact-form-7/includes/js/index.js HTTP/1.1" 301 3005 "-" "Mozilla/5.0 (Linux; Android 8.0.0; SM-G930F) AppleWebKit/537.36 (KHTML, like Gecko) Chrome/76.0.3809.111 Mobile Safari/537.36"
45.148.10.59 - - [02/Oct/2024:23:56:50 +0000] "GET //template-7.devuocloud.com/wp-content/themes/Divi/core/admin/js/common.js?ver=4 HTTP/1.1" 301 3004 "-" "Mozilla/5.0 (Windows NT 10.0; WOW64) AppleWebKit/537.36 (KHTML, like Gecko) Chrome/75.0.3770.143 YaBrowser/19.7.2.470 Yowser/2.5 Safari/537.36"
45.148.10.59 - - [02/Oct/2024:23:56:50 +0000] "GET //template-7.devuocloud.com/wp-content/plugins/contact-form-7/includes/swv/js/index.js HTTP/1.1" 301 3008 "-" "Mozilla/5.0 (Linux; Android 9; SAMSUNG SM-G950F Build/PPR1.180610.011) AppleWebKit/537.36 (KHTML, like Gecko) SamsungBrowser/9.4 Chrome/67.0.3396.87 Mobile Safari/537.36"
45.148.10.59 - - [02/Oct/2024:23:56:51 +0000] "GET //template-7.devuocloud.com/wp-includes/js/jquery/jquery.min.js HTTP/1.1" 301 2985 "-" "Mozilla/5.0 (Linux; Android 8.0.0; SM-N950F) AppleWebKit/537.36 (KHTML, like Gecko) Chrome/76.0.3809.89 Mobile Safari/537.36"
45.148.10.59 - - [02/Oct/2024:23:56:50 +0000] "GET //template-7.devuocloud.com/wp-content/plugins/contact-form-7/includes/js/index.js?ver=5 HTTP/1.1" 301 3011 "-" "SearchExpress"
45.148.10.59 - - [02/Oct/2024:23:56:50 +0000] "GET //template-7.devuocloud.com/wp-content/plugins/contact-form-7/includes/swv/js/index.js?ver=5 HTTP/1.1" 301 3016 "-" "Mozilla/5.0 (compatible; Konqueror/4.5; Windows) KHTML/4.5.4 (like Gecko)"
45.148.10.59 - - [02/Oct/2024:23:56:51 +0000] "GET //template-7.devuocloud.com/wp-includes/js/jquery/jquery.min.js?ver=3 HTTP/1.1" 301 2993 "-" "Mozilla/5.0 (iPhone; CPU iPhone OS 10_0 like Mac OS X) AppleWebKit/602.1.50 (KHTML, like Gecko) Version/10.0 Mobile/14A346 Safari/602.1"
45.148.10.59 - - [02/Oct/2024:23:56:51 +0000] "GET //template-7.devuocloud.com/wp-content/themes/Divi/js/custom.unified.js?ver=4 HTTP/1.1" 301 3000 "-" "Mozilla/5.0 (X11; Linux x86_64) AppleWebKit/537.36 (KHTML, like Gecko) Ubuntu Chromium/73.0.3683.86 Chrome/73.0.3683.86 Safari/537.36"
45.148.10.59 - - [02/Oct/2024:23:56:50 +0000] "GET //template-7.devuocloud.com/wp-content/themes/Divi/core/admin/js/common.js HTTP/1.1" 301 2996 "-" "Mozilla/4.0 (compatible; MSIE 7.0; Windows Phone OS 7.0; Trident/3.1; IEMobile/7.0)"
45.148.10.59 - - [02/Oct/2024:23:56:51 +0000] "GET /wp-emoji-release.min.js HTTP/1.1" 404 17577 "-" "Opera/9.80 (Android; Opera Mini/7.6.40234/151.113; U; en) Presto/2.12.423 Version/12.16"
45.148.10.59 - - [02/Oct/2024:23:56:51 +0000] "GET //template-7.devuocloud.com/wp-includes/js/jquery/jquery-migrate.min.js HTTP/1.1" 301 2994 "-" "Mozilla/5.0 (Linux; U; Android 4.3; en-us; sdk Build/MR1) AppleWebKit/536.23 (KHTML, like Gecko) Version/4.3 Mobile Safari/536.23"
45.148.10.59 - - [02/Oct/2024:23:56:51 +0000] "GET //template-7.devuocloud.com/wp-includes/js/jquery/jquery-migrate.min.js?ver=3 HTTP/1.1" 301 3000 "-" "Mozilla/5.0 (Linux; Android 5.1.1; A37f) AppleWebKit/537.36 (KHTML, like Gecko) Chrome/76.0.3809.111 Mobile Safari/537.36"
45.148.10.59 - - [02/Oct/2024:23:56:51 +0000] "GET /%5C/template-7.devuocloud.com%5C/wp-includes%5C/js%5C/wp-emoji-release.min.js HTTP/1.1" 404 17577 "-" "Mozilla/5.0 (Windows NT 10.0; Win64; x64) AppleWebKit/537.36 (KHTML, like Gecko) Chrome/69.0.3497.100 Safari/537.36"
45.148.10.59 - - [02/Oct/2024:23:56:51 +0000] "GET /wp-emoji-release.min.js?ver=6 HTTP/1.1" 404 17578 "-" "Mozilla/5.0 (Macintosh; Intel Mac OS X 10_14_6) AppleWebKit/537.36 (KHTML, like Gecko) Chrome/75.0.3770.90 Safari/537.36"
45.148.10.59 - - [02/Oct/2024:23:56:51 +0000] "GET /%5C/s.w.org%5C/images%5C/core%5C/emoji%5C/15.0.3%5C/72x72%5C/%22,%22ext%22:%22.png%22,%22svgUrl%22:%22https:%5C/%5C/s.w.org%5C/images%5C/core%5C/emoji%5C/15.0.3%5C/svg%5C/%22,%22svgExt%22:%22.svg%22,%22source%22:%7B%22concatemoji%22:%22https:%5C/%5C/template-7.devuocloud.com%5C/wp-includes%5C/js%5C/wp-emoji-release.min.js HTTP/1.1" 404 17578 "-" "Mozilla/5.0 (Macintosh; Intel Mac OS X 10_14_6) AppleWebKit/537.36 (KHTML, like Gecko) Chrome/75.0.3770.100 YaBrowser/19.7.0.1990 Yowser/2.5 Safari/537.36"
193.34.213.181 - - [04/Oct/2024:14:51:59 +0000] "GET /wp-includes/ HTTP/1.1" 301 628 "-" "Mozlila/5.0 (Linux; Android 7.0; SM-G892A Bulid/NRD90M; wv) AppleWebKit/537.36 (KHTML, like Gecko) Version/4.0 Chrome/60.0.3112.107 Moblie Safari/537.36"
193.34.213.181 - - [04/Oct/2024:14:52:04 +0000] "GET /wp-includes/ HTTP/1.1" 200 7113 "-" "Mozlila/5.0 (Linux; Android 7.0; SM-G892A Bulid/NRD90M; wv) AppleWebKit/537.36 (KHTML, like Gecko) Version/4.0 Chrome/60.0.3112.107 Moblie Safari/537.36"
193.34.213.138 - - [04/Oct/2024:20:54:47 +0000] "GET /wp-admin/includes/nav.php HTTP/1.1" 301 654 "-" "Mozlila/5.0 (Linux; Android 7.0; SM-G892A Bulid/NRD90M; wv) AppleWebKit/537.36 (KHTML, like Gecko) Version/4.0 Chrome/60.0.3112.107 Moblie Safari/537.36"
193.34.213.138 - - [04/Oct/2024:20:54:53 +0000] "GET /wp-admin/includes/nav.php HTTP/1.1" 404 31193 "-" "Mozlila/5.0 (Linux; Android 7.0; SM-G892A Bulid/NRD90M; wv) AppleWebKit/537.36 (KHTML, like Gecko) Version/4.0 Chrome/60.0.3112.107 Moblie Safari/537.36"
146.190.157.162 - - [04/Oct/2024:20:54:56 +0000] "POST /wp-cron.php HTTP/1.1" 200 2868 "-" "WordPress/6.6.2; https://template-7.devuocloud.com"
146.190.157.162 - - [04/Oct/2024:20:54:56 +0000] "GET / HTTP/1.1" 200 13202 "-" "WordPress/6.6.2; https://template-7.devuocloud.com"
146.190.157.162 - - [04/Oct/2024:20:54:57 +0000] "GET / HTTP/1.1" 200 13203 "-" "WordPress/6.6.2; https://template-7.devuocloud.com"
146.190.157.162 - - [04/Oct/2024:20:54:58 +0000] "GET / HTTP/1.1" 200 13204 "-" "WordPress/6.6.2; https://template-7.devuocloud.com"
146.190.157.162 - - [04/Oct/2024:20:54:58 +0000] "GET / HTTP/1.1" 200 13204 "-" "WordPress/6.6.2; https://template-7.devuocloud.com"
146.190.157.162 - - [04/Oct/2024:20:54:53 +0000] "POST /wp-cron.php?doing_wp_cron=1728075293.7842450141906738281250 HTTP/1.1" 200 2870 "-" "WordPress/6.6.2; https://template-7.devuocloud.com"
146.190.157.162 - - [04/Oct/2024:21:05:13 +0000] "POST /wp-cron.php?doing_wp_cron=1728075913.8485379219055175781250 HTTP/1.1" 200 2870 "-" "WordPress/6.6.2; https://template-7.devuocloud.com"
64.226.65.160 - - [04/Oct/2024:21:05:13 +0000] "GET / HTTP/1.1" 200 17668 "-" "-"
64.226.65.160 - - [04/Oct/2024:21:05:18 +0000] "GET / HTTP/1.1" 200 53690 "-" "Mozilla/5.0 (Linux; Android 6.0; HTC One M9 Build/MRA969164) AppleWebKit/537.36 (KHTML, like Gecko) Chrome/52.0.2461.98 Mobile Safari/537.3"
64.226.65.160 - - [04/Oct/2024:21:05:19 +0000] "GET /server HTTP/1.1" 404 31120 "-" "Go-http-client/1.1"
64.226.65.160 - - [04/Oct/2024:21:05:20 +0000] "GET /.vscode/sftp.json HTTP/1.1" 404 28870 "-" "Go-http-client/1.1"
64.226.65.160 - - [04/Oct/2024:21:05:21 +0000] "GET /about HTTP/1.1" 404 28870 "-" "Go-http-client/1.1"
64.226.65.160 - - [04/Oct/2024:21:05:22 +0000] "GET /debug/default/view?panel=config HTTP/1.1" 404 28870 "-" "Go-http-client/1.1"
64.226.65.160 - - [04/Oct/2024:21:05:23 +0000] "GET /v2/_catalog HTTP/1.1" 404 28870 "-" "Go-http-client/1.1"
64.226.65.160 - - [04/Oct/2024:21:05:24 +0000] "GET /ecp/Current/exporttool/microsoft.exchange.ediscovery.exporttool.application HTTP/1.1" 404 28870 "-" "Go-http-client/1.1"
64.226.65.160 - - [04/Oct/2024:21:05:26 +0000] "GET /server-status HTTP/1.1" 403 801 "-" "Go-http-client/1.1"
64.226.65.160 - - [04/Oct/2024:21:05:26 +0000] "GET /login.action HTTP/1.1" 404 28870 "-" "Go-http-client/1.1"
64.226.65.160 - - [04/Oct/2024:21:05:27 +0000] "GET /_all_dbs HTTP/1.1" 404 28870 "-" "Mozilla/5.0 (l9scan/2.0.236313e2735313e2039313e2634313; +https://leakix.net)"
64.226.65.160 - - [04/Oct/2024:21:05:28 +0000] "GET /.DS_Store HTTP/1.1" 404 28870 "-" "Go-http-client/1.1"
64.226.65.160 - - [04/Oct/2024:21:05:30 +0000] "GET /.env HTTP/1.1" 404 28870 "-" "Go-http-client/1.1"
64.226.65.160 - - [04/Oct/2024:21:05:31 +0000] "GET /.git/config HTTP/1.1" 404 28870 "-" "Go-http-client/1.1"
64.226.65.160 - - [04/Oct/2024:21:05:32 +0000] "GET /s/236313e2735313e2039313e2634313/_/;/META-INF/maven/com.atlassian.jira/jira-webapp-dist/pom.properties HTTP/1.1" 404 28870 "-" "Go-http-client/1.1"
64.226.65.160 - - [04/Oct/2024:21:05:33 +0000] "GET /config.json HTTP/1.1" 404 28870 "-" "Go-http-client/1.1"
64.226.65.160 - - [04/Oct/2024:21:05:35 +0000] "GET /telescope/requests HTTP/1.1" 404 28870 "-" "Go-http-client/1.1"
64.226.65.160 - - [04/Oct/2024:21:05:36 +0000] "GET /?rest_route=/wp/v2/users/ HTTP/1.1" 200 1554 "-" "Go-http-client/1.1"
193.34.213.181 - - [05/Oct/2024:03:08:10 +0000] "GET /wp-includes/ HTTP/1.1" 301 628 "-" "Mozlila/5.0 (Linux; Android 7.0; SM-G892A Bulid/NRD90M; wv) AppleWebKit/537.36 (KHTML, like Gecko) Version/4.0 Chrome/60.0.3112.107 Moblie Safari/537.36"
193.34.213.181 - - [05/Oct/2024:03:08:11 +0000] "GET /wp-includes/ HTTP/1.1" 200 7112 "-" "Mozlila/5.0 (Linux; Android 7.0; SM-G892A Bulid/NRD90M; wv) AppleWebKit/537.36 (KHTML, like Gecko) Version/4.0 Chrome/60.0.3112.107 Moblie Safari/537.36"
198.235.24.245 - - [05/Oct/2024:04:01:01 +0000] "GET / HTTP/1.1" 200 53666 "-" "Expanse, a Palo Alto Networks company, searches across the global IPv4 space multiple times per day to identify customers' presences on the Internet. If you would like to be excluded from our scans, please send IP addresses/domains to: scaninfo@paloaltonetworks.com"
146.190.157.162 - - [05/Oct/2024:04:01:01 +0000] "POST /wp-cron.php?doing_wp_cron=1728100861.4456720352172851562500 HTTP/1.1" 200 2868 "-" "WordPress/6.6.2; https://template-7.devuocloud.com"
198.235.24.13 - - [05/Oct/2024:17:27:46 +0000] "GET / HTTP/1.1" 301 548 "-" "-"
198.235.24.13 - - [05/Oct/2024:17:27:46 +0000] "GET / HTTP/1.1" 200 53664 "http://146.190.157.162:80/" "-"
146.190.157.162 - - [05/Oct/2024:17:27:47 +0000] "POST /wp-cron.php?doing_wp_cron=1728149267.1857850551605224609375 HTTP/1.1" 200 2870 "-" "WordPress/6.6.2; https://template-7.devuocloud.com"
146.190.157.162 - - [05/Oct/2024:21:34:06 +0000] "POST /wp-cron.php?doing_wp_cron=1728164046.9715240001678466796875 HTTP/1.1" 200 2869 "-" "WordPress/6.6.2; https://template-7.devuocloud.com"
35.171.144.152 - - [05/Oct/2024:21:34:06 +0000] "GET / HTTP/1.1" 200 53705 "-" "Mozilla/5.0 \\(Windows NT 10.0\\; Win64\\; x64\\) AppleWebKit/537.36 \\(KHTML, like Gecko\\) Chrome/100.0.4896.60 Safari/537.36"
54.88.179.33 - - [05/Oct/2024:21:34:07 +0000] "GET / HTTP/1.1" 301 548 "-" "Mozilla/5.0 \\(Windows NT 10.0\\; Win64\\; x64\\) AppleWebKit/537.36 \\(KHTML, like Gecko\\) Chrome/100.0.4896.60 Safari/537.36"
35.171.144.152 - - [05/Oct/2024:21:34:07 +0000] "GET / HTTP/1.1" 200 51116 "-" "Mozilla/5.0 \\(Windows NT 10.0\\; Win64\\; x64\\) AppleWebKit/537.36 \\(KHTML, like Gecko\\) Chrome/100.0.4896.60 Safari/537.36"
35.215.73.183 - - [05/Oct/2024:21:52:16 +0000] "GET / HTTP/1.1" 301 604 "-" "Mozilla/5.0 (Windows NT 10.0; Win64; x64) AppleWebKit/537.36 (KHTML, like Gecko; compatible; BW/1.2; rb.gy/oupwis) Chrome/124.0.0.0 Safari/537.36"
35.215.73.183 - - [05/Oct/2024:21:52:20 +0000] "GET / HTTP/1.1" 200 13243 "-" "Mozilla/5.0 (Windows NT 10.0; Win64; x64) AppleWebKit/537.36 (KHTML, like Gecko; compatible; BW/1.2; rb.gy/oupwis) Chrome/124.0.0.0 Safari/537.36"
35.215.73.183 - - [05/Oct/2024:21:52:22 +0000] "GET /robots.txt HTTP/1.1" 200 371 "-" "Mozilla/5.0 (Windows NT 10.0; Win64; x64) AppleWebKit/537.36 (KHTML, like Gecko; compatible; BW/1.2; rb.gy/oupwis) Chrome/124.0.0.0 Safari/537.36"
35.215.73.183 - - [05/Oct/2024:21:52:25 +0000] "GET /fuel-delivery/ HTTP/1.1" 200 10556 "-" "Mozilla/5.0 (Windows NT 10.0; Win64; x64) AppleWebKit/537.36 (KHTML, like Gecko; compatible; BW/1.2; rb.gy/oupwis) Chrome/124.0.0.0 Safari/537.36"
35.215.73.183 - - [05/Oct/2024:21:52:27 +0000] "GET /fuel-delivery/ HTTP/1.1" 200 10216 "-" "Mozilla/5.0 (Windows NT 10.0; Win64; x64) AppleWebKit/537.36 (KHTML, like Gecko; compatible; BW/1.2; rb.gy/oupwis) Chrome/124.0.0.0 Safari/537.36"
35.215.73.183 - - [05/Oct/2024:21:52:27 +0000] "GET /ads.txt HTTP/1.1" 404 28606 "-" "Mozilla/5.0 (Windows NT 10.0; Win64; x64) AppleWebKit/537.36 (KHTML, like Gecko; compatible; BW/1.2; rb.gy/oupwis) Chrome/124.0.0.0 Safari/537.36"
195.3.223.154 - - [06/Oct/2024:02:51:26 +0000] "GET /wp-includes/sodium_compat/src/Core32/Curve25519/Ge/Core32.php HTTP/1.1" 301 726 "-" "Mozlila/5.0 (Linux; Android 7.0; SM-G892A Bulid/NRD90M; wv) AppleWebKit/537.36 (KHTML, like Gecko) Version/4.0 Chrome/60.0.3112.107 Moblie Safari/537.36"
146.190.157.162 - - [06/Oct/2024:02:51:28 +0000] "POST /wp-cron.php?doing_wp_cron=1728183088.0497050285339355468750 HTTP/1.1" 200 2869 "-" "WordPress/6.6.2; https://template-7.devuocloud.com"
195.3.223.154 - - [06/Oct/2024:02:51:27 +0000] "GET /wp-includes/sodium_compat/src/Core32/Curve25519/Ge/Core32.php HTTP/1.1" 404 31193 "-" "Mozlila/5.0 (Linux; Android 7.0; SM-G892A Bulid/NRD90M; wv) AppleWebKit/537.36 (KHTML, like Gecko) Version/4.0 Chrome/60.0.3112.107 Moblie Safari/537.36"
195.3.223.154 - - [06/Oct/2024:02:51:33 +0000] "GET /wp-admin/includes/nav.php HTTP/1.1" 301 654 "-" "Mozlila/5.0 (Linux; Android 7.0; SM-G892A Bulid/NRD90M; wv) AppleWebKit/537.36 (KHTML, like Gecko) Version/4.0 Chrome/60.0.3112.107 Moblie Safari/537.36"
195.3.223.154 - - [06/Oct/2024:02:51:34 +0000] "GET /wp-admin/includes/nav.php HTTP/1.1" 404 31192 "-" "Mozlila/5.0 (Linux; Android 7.0; SM-G892A Bulid/NRD90M; wv) AppleWebKit/537.36 (KHTML, like Gecko) Version/4.0 Chrome/60.0.3112.107 Moblie Safari/537.36"
195.3.223.154 - - [06/Oct/2024:02:51:53 +0000] "GET /wp-admin/maint/wp-act.php HTTP/1.1" 301 654 "-" "Mozlila/5.0 (Linux; Android 7.0; SM-G892A Bulid/NRD90M; wv) AppleWebKit/537.36 (KHTML, like Gecko) Version/4.0 Chrome/60.0.3112.107 Moblie Safari/537.36"
195.3.223.154 - - [06/Oct/2024:02:51:54 +0000] "GET /wp-admin/maint/wp-act.php HTTP/1.1" 404 31194 "-" "Mozlila/5.0 (Linux; Android 7.0; SM-G892A Bulid/NRD90M; wv) AppleWebKit/537.36 (KHTML, like Gecko) Version/4.0 Chrome/60.0.3112.107 Moblie Safari/537.36"
188.166.108.93 - - [06/Oct/2024:06:18:46 +0000] "GET / HTTP/1.1" 200 2556 "-" "-"
188.166.108.93 - - [06/Oct/2024:06:18:47 +0000] "GET / HTTP/1.1" 200 53691 "-" "Mozilla/5.0 (Linux; Android 6.0; HTC One M9 Build/MRA969164) AppleWebKit/537.36 (KHTML, like Gecko) Chrome/52.0.2461.98 Mobile Safari/537.3"
146.190.157.162 - - [06/Oct/2024:06:18:46 +0000] "POST /wp-cron.php?doing_wp_cron=1728195526.5333919525146484375000 HTTP/1.1" 200 2869 "-" "WordPress/6.6.2; https://template-7.devuocloud.com"
188.166.108.93 - - [06/Oct/2024:06:18:48 +0000] "GET /server HTTP/1.1" 404 31120 "-" "Go-http-client/1.1"
188.166.108.93 - - [06/Oct/2024:06:18:49 +0000] "GET /.vscode/sftp.json HTTP/1.1" 404 28870 "-" "Go-http-client/1.1"
188.166.108.93 - - [06/Oct/2024:06:18:50 +0000] "GET /about HTTP/1.1" 404 28870 "-" "Go-http-client/1.1"
188.166.108.93 - - [06/Oct/2024:06:18:51 +0000] "GET /debug/default/view?panel=config HTTP/1.1" 404 28870 "-" "Go-http-client/1.1"
188.166.108.93 - - [06/Oct/2024:06:18:53 +0000] "GET /v2/_catalog HTTP/1.1" 404 28870 "-" "Go-http-client/1.1"
188.166.108.93 - - [06/Oct/2024:06:18:54 +0000] "GET /ecp/Current/exporttool/microsoft.exchange.ediscovery.exporttool.application HTTP/1.1" 404 28870 "-" "Go-http-client/1.1"
188.166.108.93 - - [06/Oct/2024:06:18:55 +0000] "GET /server-status HTTP/1.1" 403 801 "-" "Go-http-client/1.1"
188.166.108.93 - - [06/Oct/2024:06:18:56 +0000] "GET /login.action HTTP/1.1" 404 28870 "-" "Go-http-client/1.1"
188.166.108.93 - - [06/Oct/2024:06:18:57 +0000] "GET /_all_dbs HTTP/1.1" 404 28870 "-" "Mozilla/5.0 (l9scan/2.0.236313e2735313e2039313e2634313; +https://leakix.net)"
188.166.108.93 - - [06/Oct/2024:06:18:58 +0000] "GET /.DS_Store HTTP/1.1" 404 28870 "-" "Go-http-client/1.1"
188.166.108.93 - - [06/Oct/2024:06:18:59 +0000] "GET /.env HTTP/1.1" 404 28870 "-" "Go-http-client/1.1"
188.166.108.93 - - [06/Oct/2024:06:19:00 +0000] "GET /.git/config HTTP/1.1" 404 28870 "-" "Go-http-client/1.1"
188.166.108.93 - - [06/Oct/2024:06:19:01 +0000] "GET /s/236313e2735313e2039313e2634313/_/;/META-INF/maven/com.atlassian.jira/jira-webapp-dist/pom.properties HTTP/1.1" 404 28870 "-" "Go-http-client/1.1"
188.166.108.93 - - [06/Oct/2024:06:19:03 +0000] "GET /config.json HTTP/1.1" 404 28870 "-" "Go-http-client/1.1"
188.166.108.93 - - [06/Oct/2024:06:19:04 +0000] "GET /telescope/requests HTTP/1.1" 404 28870 "-" "Go-http-client/1.1"
188.166.108.93 - - [06/Oct/2024:06:19:05 +0000] "GET /?rest_route=/wp/v2/users/ HTTP/1.1" 200 1554 "-" "Go-http-client/1.1"
195.3.223.154 - - [06/Oct/2024:12:40:59 +0000] "GET /wp-admin/maint/wp-act.php HTTP/1.1" 301 654 "-" "Mozlila/5.0 (Linux; Android 7.0; SM-G892A Bulid/NRD90M; wv) AppleWebKit/537.36 (KHTML, like Gecko) Version/4.0 Chrome/60.0.3112.107 Moblie Safari/537.36"
146.190.157.162 - - [06/Oct/2024:12:41:09 +0000] "POST /wp-cron.php?doing_wp_cron=1728218469.6884820461273193359375 HTTP/1.1" 200 2869 "-" "WordPress/6.6.2; https://template-7.devuocloud.com"
195.3.223.154 - - [06/Oct/2024:12:41:09 +0000] "GET /wp-admin/maint/wp-act.php HTTP/1.1" 404 31194 "-" "Mozlila/5.0 (Linux; Android 7.0; SM-G892A Bulid/NRD90M; wv) AppleWebKit/537.36 (KHTML, like Gecko) Version/4.0 Chrome/60.0.3112.107 Moblie Safari/537.36"
164.92.235.25 - - [06/Oct/2024:13:10:01 +0000] "GET / HTTP/1.1" 301 548 "-" "Mozilla/5.0 (Windows NT 10.0; Win64; x64) AppleWebKit/537.36 (KHTML, like Gecko) Chrome/126.0.0.0 Safari/537.36"
146.190.157.162 - - [06/Oct/2024:13:10:02 +0000] "POST /wp-cron.php?doing_wp_cron=1728220202.6064689159393310546875 HTTP/1.1" 200 2869 "-" "WordPress/6.6.2; https://template-7.devuocloud.com"
164.92.235.25 - - [06/Oct/2024:13:10:02 +0000] "GET / HTTP/1.1" 200 13170 "-" "Mozilla/5.0 (Windows NT 10.0; Win64; x64) AppleWebKit/537.36 (KHTML, like Gecko) Chrome/126.0.0.0 Safari/537.36"
123.160.223.72 - - [06/Oct/2024:18:19:37 +0000] "GET / HTTP/1.1" 200 13153 "-" "Mozilla/5.0 (Macintosh; Intel Mac OS X 10_15_7) AppleWebKit/537.36 (KHTML, like Gecko) Chrome/96.0.4664.110 Safari/537.36"
146.190.157.162 - - [06/Oct/2024:18:19:37 +0000] "POST /wp-cron.php?doing_wp_cron=1728238777.4633529186248779296875 HTTP/1.1" 200 2868 "-" "WordPress/6.6.2; https://template-7.devuocloud.com"
123.160.223.74 - - [06/Oct/2024:18:19:39 +0000] "GET / HTTP/1.1" 200 13155 "-" "Mozilla/5.0 (Macintosh; Intel Mac OS X 11_0_0) AppleWebKit/537.36 (KHTML, like Gecko) Chrome/87.0.4280.88 Safari/537.36"
123.160.223.74 - - [06/Oct/2024:18:19:41 +0000] "GET /wp-includes/js/jquery/jquery-migrate.min.js?ver=3.4.1 HTTP/1.1" 200 7740 "https://template-7.devuocloud.com/" "Mozilla/5.0 (Macintosh; Intel Mac OS X 11_0_0) AppleWebKit/537.36 (KHTML, like Gecko) Chrome/87.0.4280.88 Safari/537.36"
123.160.223.75 - - [06/Oct/2024:18:19:41 +0000] "GET /wp-includes/js/jquery/jquery.min.js?ver=3.7.1 HTTP/1.1" 200 33349 "https://template-7.devuocloud.com/" "Mozilla/5.0 (Macintosh; Intel Mac OS X 11_0_0) AppleWebKit/537.36 (KHTML, like Gecko) Chrome/87.0.4280.88 Safari/537.36"
123.160.223.75 - - [06/Oct/2024:18:19:41 +0000] "GET /wp-content/plugins/contact-form-7/includes/swv/js/index.js?ver=5.8.3 HTTP/1.1" 200 6079 "https://template-7.devuocloud.com/" "Mozilla/5.0 (Macintosh; Intel Mac OS X 11_0_0) AppleWebKit/537.36 (KHTML, like Gecko) Chrome/87.0.4280.88 Safari/537.36"
123.160.223.75 - - [06/Oct/2024:18:19:41 +0000] "GET /wp-content/themes/Divi/core/admin/js/common.js?ver=4.9.1 HTTP/1.1" 200 3432 "https://template-7.devuocloud.com/" "Mozilla/5.0 (Macintosh; Intel Mac OS X 11_0_0) AppleWebKit/537.36 (KHTML, like Gecko) Chrome/87.0.4280.88 Safari/537.36"
123.160.223.75 - - [06/Oct/2024:18:19:41 +0000] "GET /wp-content/plugins/contact-form-7/includes/js/index.js?ver=5.8.3 HTTP/1.1" 200 7059 "https://template-7.devuocloud.com/" "Mozilla/5.0 (Macintosh; Intel Mac OS X 11_0_0) AppleWebKit/537.36 (KHTML, like Gecko) Chrome/87.0.4280.88 Safari/537.36"
123.160.223.74 - - [06/Oct/2024:18:19:41 +0000] "GET /wp-content/themes/Divi/js/custom.unified.js?ver=4.9.1 HTTP/1.1" 200 141841 "https://template-7.devuocloud.com/" "Mozilla/5.0 (Macintosh; Intel Mac OS X 11_0_0) AppleWebKit/537.36 (KHTML, like Gecko) Chrome/87.0.4280.88 Safari/537.36"
123.160.223.75 - - [06/Oct/2024:18:19:43 +0000] "GET /wp-json/contact-form-7/v1/contact-forms/135/refill HTTP/1.1" 200 3066 "https://template-7.devuocloud.com/" "Mozilla/5.0 (Macintosh; Intel Mac OS X 11_0_0) AppleWebKit/537.36 (KHTML, like Gecko) Chrome/87.0.4280.88 Safari/537.36"
123.160.223.74 - - [06/Oct/2024:18:19:43 +0000] "GET /wp-json/contact-form-7/v1/contact-forms/135/feedback/schema HTTP/1.1" 200 3538 "https://template-7.devuocloud.com/" "Mozilla/5.0 (Macintosh; Intel Mac OS X 11_0_0) AppleWebKit/537.36 (KHTML, like Gecko) Chrome/87.0.4280.88 Safari/537.36"
123.160.223.75 - - [06/Oct/2024:18:19:45 +0000] "GET / HTTP/1.1" 200 13154 "-" "Mozilla/5.0 (Macintosh; Intel Mac OS X 10_15_7) AppleWebKit/537.36 (KHTML, like Gecko) Chrome/96.0.4664.110 Safari/537.36"
205.210.31.151 - - [07/Oct/2024:05:43:17 +0000] "GET / HTTP/1.1" 200 53666 "-" "-"
146.190.157.162 - - [07/Oct/2024:05:43:17 +0000] "POST /wp-cron.php?doing_wp_cron=1728279797.9743309020996093750000 HTTP/1.1" 200 2870 "-" "WordPress/6.6.2; https://template-7.devuocloud.com"
146.190.157.162 - - [07/Oct/2024:07:00:48 +0000] "POST /wp-cron.php?doing_wp_cron=1728284448.3060040473937988281250 HTTP/1.1" 200 2869 "-" "WordPress/6.6.2; https://template-7.devuocloud.com"
3.254.204.135 - - [07/Oct/2024:07:00:48 +0000] "GET / HTTP/1.0" 200 42271 "-" "Mozilla/5.0 (compatible; NetcraftSurveyAgent/1.0; +info@netcraft.com)"
3.254.149.39 - - [07/Oct/2024:16:06:35 +0000] "GET / HTTP/1.0" 301 567 "-" "Mozilla/5.0 (compatible; NetcraftSurveyAgent/1.0; +info@netcraft.com)"
3.254.149.39 - - [07/Oct/2024:16:06:38 +0000] "GET / HTTP/1.0" 200 53599 "-" "Mozilla/5.0 (compatible; NetcraftSurveyAgent/1.0; +info@netcraft.com)"
146.190.157.162 - - [07/Oct/2024:16:06:38 +0000] "POST /wp-cron.php?doing_wp_cron=1728317198.8408789634704589843750 HTTP/1.1" 200 2869 "-" "WordPress/6.6.2; https://template-7.devuocloud.com"
92.118.39.244 - - [07/Oct/2024:16:18:24 +0000] "GET /.env HTTP/1.1" 404 31193 "-" "Mozilla/5.0 (X11; Linux x86_64) AppleWebKit/537.36 (KHTML, like Gecko) Chrome/81.0.4044.129 Safari/537.36"
92.118.39.244 - - [07/Oct/2024:16:18:26 +0000] "GET /api/.env HTTP/1.1" 404 31194 "-" "Mozilla/5.0 (X11; Linux x86_64) AppleWebKit/537.36 (KHTML, like Gecko) Chrome/81.0.4044.129 Safari/537.36"
