220.158.232.220 - - [15/Oct/2024:13:59:31 +0000] "GET /?author=3 HTTP/1.1" 404 30981 "-" "Mozilla/5.0 (Linux; Android 10; LM-Q710(FGN)) AppleWebKit/537.36 (KHTML, like Gecko) Chrome/91.0.4472.114 Mobile Safari/537.36"
199.108.99.54 - - [15/Oct/2024:13:59:32 +0000] "GET /?author=46 HTTP/1.1" 404 25620 "-" "Mozilla/5.0 (X11; Ubuntu; Linux i686; rv:24.0) Gecko/20100101 Firefox/24.0"
199.108.99.54 - - [15/Oct/2024:13:59:32 +0000] "GET /?author=47 HTTP/1.1" 404 17369 "-" "Mozilla/5.0 (X11; Ubuntu; Linux i686; rv:24.0) Gecko/20100101 Firefox/24.0"
199.108.99.54 - - [15/Oct/2024:13:59:33 +0000] "GET /?author=48 HTTP/1.1" 404 17370 "-" "Mozilla/5.0 (X11; Ubuntu; Linux i686; rv:24.0) Gecko/20100101 Firefox/24.0"
220.158.232.220 - - [15/Oct/2024:13:59:34 +0000] "GET /?author=4 HTTP/1.1" 404 30982 "-" "Mozilla/5.0 (Linux; Android 10; LM-Q710(FGN)) AppleWebKit/537.36 (KHTML, like Gecko) Chrome/91.0.4472.114 Mobile Safari/537.36"
199.108.99.54 - - [15/Oct/2024:13:59:34 +0000] "GET /?author=49 HTTP/1.1" 404 17369 "-" "Mozilla/5.0 (X11; Ubuntu; Linux i686; rv:24.0) Gecko/20100101 Firefox/24.0"
199.108.99.54 - - [15/Oct/2024:13:59:35 +0000] "GET /?author=50 HTTP/1.1" 404 17370 "-" "Mozilla/5.0 (X11; Ubuntu; Linux i686; rv:24.0) Gecko/20100101 Firefox/24.0"
220.158.232.220 - - [15/Oct/2024:13:59:35 +0000] "GET /?author=5 HTTP/1.1" 404 30981 "-" "Mozilla/5.0 (Linux; Android 10; LM-Q710(FGN)) AppleWebKit/537.36 (KHTML, like Gecko) Chrome/91.0.4472.114 Mobile Safari/537.36"
220.158.232.220 - - [15/Oct/2024:13:59:37 +0000] "GET /?author=6 HTTP/1.1" 404 30982 "-" "Mozilla/5.0 (Linux; Android 10; LM-Q710(FGN)) AppleWebKit/537.36 (KHTML, like Gecko) Chrome/91.0.4472.114 Mobile Safari/537.36"
220.158.232.220 - - [15/Oct/2024:13:59:39 +0000] "GET /?author=7 HTTP/1.1" 404 30982 "-" "Mozilla/5.0 (Linux; Android 10; LM-Q710(FGN)) AppleWebKit/537.36 (KHTML, like Gecko) Chrome/91.0.4472.114 Mobile Safari/537.36"
220.158.232.220 - - [15/Oct/2024:13:59:40 +0000] "GET /?author=8 HTTP/1.1" 404 30981 "-" "Mozilla/5.0 (Linux; Android 10; LM-Q710(FGN)) AppleWebKit/537.36 (KHTML, like Gecko) Chrome/91.0.4472.114 Mobile Safari/537.36"
220.158.232.220 - - [15/Oct/2024:13:59:41 +0000] "GET /?author=9 HTTP/1.1" 404 30981 "-" "Mozilla/5.0 (Linux; Android 10; LM-Q710(FGN)) AppleWebKit/537.36 (KHTML, like Gecko) Chrome/91.0.4472.114 Mobile Safari/537.36"
220.158.232.220 - - [15/Oct/2024:13:59:43 +0000] "GET /?author=10 HTTP/1.1" 404 30981 "-" "Mozilla/5.0 (Linux; Android 10; LM-Q710(FGN)) AppleWebKit/537.36 (KHTML, like Gecko) Chrome/91.0.4472.114 Mobile Safari/537.36"
2.58.80.67 - - [15/Oct/2024:13:59:45 +0000] "GET /?author=21 HTTP/1.1" 301 587 "-" "Mozilla/5.0 (Windows NT 10.0; WOW64; rv:50.0) Gecko/20100101 Firefox/50.0"
2.58.80.67 - - [15/Oct/2024:13:59:45 +0000] "GET /?author=21 HTTP/1.1" 404 31143 "-" "Mozilla/5.0 (Windows NT 10.0; WOW64; rv:50.0) Gecko/20100101 Firefox/50.0"
2.58.80.67 - - [15/Oct/2024:13:59:47 +0000] "GET /?author=22 HTTP/1.1" 404 31143 "-" "Mozilla/5.0 (Windows NT 10.0; WOW64; rv:50.0) Gecko/20100101 Firefox/50.0"
2.58.80.67 - - [15/Oct/2024:13:59:48 +0000] "GET /?author=23 HTTP/1.1" 404 31144 "-" "Mozilla/5.0 (Windows NT 10.0; WOW64; rv:50.0) Gecko/20100101 Firefox/50.0"
2.58.80.67 - - [15/Oct/2024:13:59:49 +0000] "GET /?author=24 HTTP/1.1" 404 31143 "-" "Mozilla/5.0 (Windows NT 10.0; WOW64; rv:50.0) Gecko/20100101 Firefox/50.0"
2.58.80.67 - - [15/Oct/2024:13:59:50 +0000] "GET /?author=25 HTTP/1.1" 404 31142 "-" "Mozilla/5.0 (Windows NT 10.0; WOW64; rv:50.0) Gecko/20100101 Firefox/50.0"
2.58.80.67 - - [15/Oct/2024:13:59:51 +0000] "GET /?author=26 HTTP/1.1" 404 31143 "-" "Mozilla/5.0 (Windows NT 10.0; WOW64; rv:50.0) Gecko/20100101 Firefox/50.0"
2.58.80.67 - - [15/Oct/2024:13:59:52 +0000] "GET /?author=27 HTTP/1.1" 404 31143 "-" "Mozilla/5.0 (Windows NT 10.0; WOW64; rv:50.0) Gecko/20100101 Firefox/50.0"
35.225.82.182 - - [15/Oct/2024:13:59:54 +0000] "GET / HTTP/1.1" 301 604 "-" "Mozilla/5.0 (Windows NT 10.0; Win64; x64) AppleWebKit/537.36 (KHTML, like Gecko) Chrome/102.0.5005.197 Safari/537.36"
2.58.80.67 - - [15/Oct/2024:13:59:54 +0000] "GET /?author=28 HTTP/1.1" 404 31144 "-" "Mozilla/5.0 (Windows NT 10.0; WOW64; rv:50.0) Gecko/20100101 Firefox/50.0"
35.225.82.182 - - [15/Oct/2024:13:59:54 +0000] "GET / HTTP/1.1" 200 53745 "-" "Mozilla/5.0 (Windows NT 10.0; Win64; x64) AppleWebKit/537.36 (KHTML, like Gecko) Chrome/102.0.5005.197 Safari/537.36"
2.58.80.67 - - [15/Oct/2024:13:59:55 +0000] "GET /?author=29 HTTP/1.1" 404 31144 "-" "Mozilla/5.0 (Windows NT 10.0; WOW64; rv:50.0) Gecko/20100101 Firefox/50.0"
2.58.80.67 - - [15/Oct/2024:13:59:57 +0000] "GET /?author=30 HTTP/1.1" 404 31143 "-" "Mozilla/5.0 (Windows NT 10.0; WOW64; rv:50.0) Gecko/20100101 Firefox/50.0"
209.97.128.70 - - [16/Oct/2024:01:59:28 +0000] "POST /index.php?hj=83u HTTP/1.1" 301 599 "-" "Mozilla/5.0 (Windows NT 6.0; Win64; x64) AppleWebKit/537.36 (KHTML, like Gecko) Chrome/65.0.3152.119 Safari/537.36"
209.97.128.70 - - [16/Oct/2024:01:59:28 +0000] "GET /index.php?hj=83u HTTP/1.1" 301 2652 "-" "Mozilla/5.0 (Windows NT 6.0; Win64; x64) AppleWebKit/537.36 (KHTML, like Gecko) Chrome/65.0.3152.119 Safari/537.36"
146.190.157.162 - - [16/Oct/2024:01:59:29 +0000] "POST /wp-cron.php?doing_wp_cron=1729043969.2050690650939941406250 HTTP/1.1" 200 2868 "-" "WordPress/6.6.2; https://template-7.devuocloud.com"
209.97.128.70 - - [16/Oct/2024:01:59:31 +0000] "GET /?hj=83u HTTP/1.1" 200 53562 "-" "Mozilla/5.0 (Windows NT 6.0; Win64; x64) AppleWebKit/537.36 (KHTML, like Gecko) Chrome/65.0.3152.119 Safari/537.36"
209.97.128.70 - - [16/Oct/2024:01:59:32 +0000] "POST /?hj=83u HTTP/1.1" 200 53562 "-" "Mozilla/5.0 (Windows NT 6.0; Win64; x64) AppleWebKit/537.36 (KHTML, like Gecko) Chrome/65.0.3152.119 Safari/537.36"
62.210.215.74 - - [16/Oct/2024:02:06:51 +0000] "GET /index.php?of=1&a=1 HTTP/1.1" 301 607 "-" "Mozilla/5.0 (Windows NT 10.0; Win64; x64) AppleWebKit/537.36 (KHTML, like Gecko) Chrome/124.0.0.0 Safari/537.36"
146.190.157.162 - - [16/Oct/2024:02:06:52 +0000] "POST /wp-cron.php?doing_wp_cron=1729044412.7197000980377197265625 HTTP/1.1" 200 2869 "-" "WordPress/6.6.2; https://template-7.devuocloud.com"
62.210.215.74 - - [16/Oct/2024:02:06:52 +0000] "GET /index.php?of=1&a=1 HTTP/1.1" 301 2732 "-" "Mozilla/5.0 (Windows NT 10.0; Win64; x64) AppleWebKit/537.36 (KHTML, like Gecko) Chrome/124.0.0.0 Safari/537.36"
62.210.215.74 - - [16/Oct/2024:02:06:53 +0000] "GET /?of=1&a=1 HTTP/1.1" 200 53647 "-" "Mozilla/5.0 (Windows NT 10.0; Win64; x64) AppleWebKit/537.36 (KHTML, like Gecko) Chrome/124.0.0.0 Safari/537.36"
167.94.146.53 - - [16/Oct/2024:02:32:25 +0000] "GET / HTTP/1.1" 200 13154 "-" "Mozilla/5.0 (compatible; CensysInspect/1.1; +https://about.censys.io/)"
167.94.146.53 - - [16/Oct/2024:02:32:26 +0000] "GET /favicon.ico HTTP/1.1" 302 2941 "-" "Mozilla/5.0 (compatible; CensysInspect/1.1; +https://about.censys.io/)"
167.94.146.53 - - [16/Oct/2024:02:32:28 +0000] "GET /wp-includes/images/w-logo-blue-white-bg.png HTTP/1.1" 200 6947 "https://template-7.devuocloud.com/favicon.ico" "Mozilla/5.0 (compatible; CensysInspect/1.1; +https://about.censys.io/)"
167.94.138.50 - - [16/Oct/2024:02:45:19 +0000] "GET / HTTP/1.1" 301 548 "-" "Mozilla/5.0 (compatible; CensysInspect/1.1; +https://about.censys.io/)"
167.94.138.50 - - [16/Oct/2024:02:45:40 +0000] "GET / HTTP/1.1" 200 13154 "-" "Mozilla/5.0 (compatible; CensysInspect/1.1; +https://about.censys.io/)"
167.94.138.50 - - [16/Oct/2024:02:45:43 +0000] "GET /favicon.ico HTTP/1.1" 302 2942 "-" "Mozilla/5.0 (compatible; CensysInspect/1.1; +https://about.censys.io/)"
167.94.138.50 - - [16/Oct/2024:02:45:49 +0000] "GET /wp-includes/images/w-logo-blue-white-bg.png HTTP/1.1" 200 6949 "https://template-7.devuocloud.com/favicon.ico" "Mozilla/5.0 (compatible; CensysInspect/1.1; +https://about.censys.io/)"
64.250.91.98 - - [16/Oct/2024:11:16:51 +0000] "GET /wp-login.php HTTP/1.1" 301 591 "-" "Mozilla/5.0 (X11; Ubuntu; Linux x86_64; rv:62.0) Gecko/20100101 Firefox/62.0"
64.250.91.98 - - [16/Oct/2024:11:16:51 +0000] "GET /wp-login.php HTTP/1.1" 200 4757 "http://template-7.devuocloud.com/wp-login.php" "Mozilla/5.0 (X11; Ubuntu; Linux x86_64; rv:62.0) Gecko/20100101 Firefox/62.0"
64.250.91.98 - - [16/Oct/2024:11:16:53 +0000] "GET ///?author=1 HTTP/1.1" 301 585 "-" "Mozilla/5.0 (X11; Ubuntu; Linux x86_64; rv:62.0) Gecko/20100101 Firefox/62.0"
64.250.91.98 - - [16/Oct/2024:11:16:53 +0000] "GET /?author=1 HTTP/1.1" 301 2638 "http://template-7.devuocloud.com///?author=1" "Mozilla/5.0 (X11; Ubuntu; Linux x86_64; rv:62.0) Gecko/20100101 Firefox/62.0"
146.190.157.162 - - [16/Oct/2024:11:16:52 +0000] "POST /wp-cron.php?doing_wp_cron=1729077412.1058900356292724609375 HTTP/1.1" 200 2868 "-" "WordPress/6.6.2; https://template-7.devuocloud.com"
64.250.91.98 - - [16/Oct/2024:11:16:54 +0000] "GET /author/ne-oil-uosolutions/ HTTP/1.1" 200 11171 "https://template-7.devuocloud.com/?author=1" "Mozilla/5.0 (X11; Ubuntu; Linux x86_64; rv:62.0) Gecko/20100101 Firefox/62.0"
64.250.91.98 - - [16/Oct/2024:11:16:54 +0000] "GET ///wp-json/wp/v2/users/ HTTP/1.1" 301 607 "-" "Mozilla/5.0 (X11; Ubuntu; Linux x86_64; rv:62.0) Gecko/20100101 Firefox/62.0"
64.250.91.98 - - [16/Oct/2024:11:16:55 +0000] "GET /wp-json/wp/v2/users/ HTTP/1.1" 200 3585 "http://template-7.devuocloud.com///wp-json/wp/v2/users/" "Mozilla/5.0 (X11; Ubuntu; Linux x86_64; rv:62.0) Gecko/20100101 Firefox/62.0"
64.250.91.98 - - [16/Oct/2024:11:16:55 +0000] "GET ///?author=2 HTTP/1.1" 301 585 "-" "Mozilla/5.0 (X11; Ubuntu; Linux x86_64; rv:62.0) Gecko/20100101 Firefox/62.0"
64.250.91.98 - - [16/Oct/2024:11:16:55 +0000] "GET /?author=2 HTTP/1.1" 404 30949 "http://template-7.devuocloud.com///?author=2" "Mozilla/5.0 (X11; Ubuntu; Linux x86_64; rv:62.0) Gecko/20100101 Firefox/62.0"
51.75.122.244 - - [16/Oct/2024:12:06:26 +0000] "GET /wp-login.php HTTP/1.1" 301 591 "-" "Mozilla/5.0 (X11; Ubuntu; Linux x86_64; rv:62.0) Gecko/20100101 Firefox/62.0"
146.190.157.162 - - [16/Oct/2024:12:06:26 +0000] "POST /wp-cron.php?doing_wp_cron=1729080386.9835278987884521484375 HTTP/1.1" 200 2868 "-" "WordPress/6.6.2; https://template-7.devuocloud.com"
51.75.122.244 - - [16/Oct/2024:12:06:26 +0000] "GET /wp-login.php HTTP/1.1" 200 4758 "http://template-7.devuocloud.com/wp-login.php" "Mozilla/5.0 (X11; Ubuntu; Linux x86_64; rv:62.0) Gecko/20100101 Firefox/62.0"
51.75.122.244 - - [16/Oct/2024:12:06:27 +0000] "GET ///?author=1 HTTP/1.1" 301 585 "-" "Mozilla/5.0 (X11; Ubuntu; Linux x86_64; rv:62.0) Gecko/20100101 Firefox/62.0"
51.75.122.244 - - [16/Oct/2024:12:06:28 +0000] "GET /?author=1 HTTP/1.1" 301 2640 "http://template-7.devuocloud.com///?author=1" "Mozilla/5.0 (X11; Ubuntu; Linux x86_64; rv:62.0) Gecko/20100101 Firefox/62.0"
51.75.122.244 - - [16/Oct/2024:12:06:29 +0000] "GET /author/ne-oil-uosolutions/ HTTP/1.1" 200 11173 "https://template-7.devuocloud.com/?author=1" "Mozilla/5.0 (X11; Ubuntu; Linux x86_64; rv:62.0) Gecko/20100101 Firefox/62.0"
51.75.122.244 - - [16/Oct/2024:12:06:30 +0000] "GET ///wp-json/wp/v2/users/ HTTP/1.1" 301 607 "-" "Mozilla/5.0 (X11; Ubuntu; Linux x86_64; rv:62.0) Gecko/20100101 Firefox/62.0"
51.75.122.244 - - [16/Oct/2024:12:06:30 +0000] "GET /wp-json/wp/v2/users/ HTTP/1.1" 200 3584 "http://template-7.devuocloud.com///wp-json/wp/v2/users/" "Mozilla/5.0 (X11; Ubuntu; Linux x86_64; rv:62.0) Gecko/20100101 Firefox/62.0"
51.75.122.244 - - [16/Oct/2024:12:06:31 +0000] "GET ///?author=2 HTTP/1.1" 301 585 "-" "Mozilla/5.0 (X11; Ubuntu; Linux x86_64; rv:62.0) Gecko/20100101 Firefox/62.0"
51.75.122.244 - - [16/Oct/2024:12:06:32 +0000] "GET /?author=2 HTTP/1.1" 404 30947 "http://template-7.devuocloud.com///?author=2" "Mozilla/5.0 (X11; Ubuntu; Linux x86_64; rv:62.0) Gecko/20100101 Firefox/62.0"
216.177.141.150 - - [16/Oct/2024:12:32:22 +0000] "GET /index.php HTTP/1.1" 301 585 "template-7.devuocloud.com" "Mozilla/5.1 (Windows NT 6.0; WOW64) AppleWebKit/537.37 (KHTML, like Gecko) Chrome/58.0.1145.75 Safari/537.37"
216.177.141.150 - - [16/Oct/2024:12:32:23 +0000] "GET /index.php HTTP/1.1" 301 2848 "template-7.devuocloud.com" "Mozilla/5.1 (Windows NT 6.0; WOW64) AppleWebKit/537.37 (KHTML, like Gecko) Chrome/58.0.1145.75 Safari/537.37"
216.177.141.150 - - [16/Oct/2024:12:32:23 +0000] "GET / HTTP/1.1" 200 53707 "template-7.devuocloud.com" "Mozilla/5.1 (Windows NT 6.0; WOW64) AppleWebKit/537.37 (KHTML, like Gecko) Chrome/58.0.1145.75 Safari/537.37"
164.90.208.56 - - [16/Oct/2024:19:39:43 +0000] "GET / HTTP/1.1" 200 2558 "-" "-"
164.90.208.56 - - [16/Oct/2024:19:39:44 +0000] "GET / HTTP/1.1" 200 53690 "-" "Mozilla/5.0 (Linux; Android 6.0; HTC One M9 Build/MRA969164) AppleWebKit/537.36 (KHTML, like Gecko) Chrome/52.0.2461.98 Mobile Safari/537.3"
146.190.157.162 - - [16/Oct/2024:19:39:43 +0000] "POST /wp-cron.php?doing_wp_cron=1729107583.8549730777740478515625 HTTP/1.1" 200 2869 "-" "WordPress/6.6.2; https://template-7.devuocloud.com"
164.90.208.56 - - [16/Oct/2024:19:39:46 +0000] "GET /server HTTP/1.1" 404 31565 "-" "Go-http-client/1.1"
164.90.208.56 - - [16/Oct/2024:19:39:47 +0000] "GET /.vscode/sftp.json HTTP/1.1" 404 28867 "-" "Go-http-client/1.1"
164.90.208.56 - - [16/Oct/2024:19:39:48 +0000] "GET /about HTTP/1.1" 404 28867 "-" "Go-http-client/1.1"
164.90.208.56 - - [16/Oct/2024:19:39:49 +0000] "GET /debug/default/view?panel=config HTTP/1.1" 404 28867 "-" "Go-http-client/1.1"
164.90.208.56 - - [16/Oct/2024:19:39:51 +0000] "GET /v2/_catalog HTTP/1.1" 404 28867 "-" "Go-http-client/1.1"
164.90.208.56 - - [16/Oct/2024:19:39:52 +0000] "GET /ecp/Current/exporttool/microsoft.exchange.ediscovery.exporttool.application HTTP/1.1" 404 28867 "-" "Go-http-client/1.1"
164.90.208.56 - - [16/Oct/2024:19:39:53 +0000] "GET /server-status HTTP/1.1" 403 801 "-" "Go-http-client/1.1"
164.90.208.56 - - [16/Oct/2024:19:39:54 +0000] "GET /login.action HTTP/1.1" 404 28867 "-" "Go-http-client/1.1"
164.90.208.56 - - [16/Oct/2024:19:39:56 +0000] "GET /_all_dbs HTTP/1.1" 404 28867 "-" "Mozilla/5.0 (l9scan/2.0.236313e2735313e2039313e2634313; +https://leakix.net)"
164.90.208.56 - - [16/Oct/2024:19:39:57 +0000] "GET /.DS_Store HTTP/1.1" 404 28867 "-" "Go-http-client/1.1"
164.90.208.56 - - [16/Oct/2024:19:39:59 +0000] "GET /.env HTTP/1.1" 404 28867 "-" "Go-http-client/1.1"
164.90.208.56 - - [16/Oct/2024:19:40:00 +0000] "GET /.git/config HTTP/1.1" 404 28867 "-" "Go-http-client/1.1"
164.90.208.56 - - [16/Oct/2024:19:40:03 +0000] "GET /s/236313e2735313e2039313e2634313/_/;/META-INF/maven/com.atlassian.jira/jira-webapp-dist/pom.properties HTTP/1.1" 404 28867 "-" "Go-http-client/1.1"
164.90.208.56 - - [16/Oct/2024:19:40:04 +0000] "GET /config.json HTTP/1.1" 404 28867 "-" "Go-http-client/1.1"
164.90.208.56 - - [16/Oct/2024:19:40:06 +0000] "GET /telescope/requests HTTP/1.1" 404 28867 "-" "Go-http-client/1.1"
164.90.208.56 - - [16/Oct/2024:19:40:08 +0000] "GET /?rest_route=/wp/v2/users/ HTTP/1.1" 200 1554 "-" "Go-http-client/1.1"
146.190.157.162 - - [16/Oct/2024:22:17:10 +0000] "POST /wp-cron.php?doing_wp_cron=1729117030.3649508953094482421875 HTTP/1.1" 200 2868 "-" "WordPress/6.6.2; https://template-7.devuocloud.com"
45.151.99.142 - - [16/Oct/2024:22:17:10 +0000] "GET /wp-sitemap-users-1.xml HTTP/1.1" 404 17536 "-" "Mozilla/5.0 (X11; Linux x86_64) AppleWebKit/537.36 (KHTML, like Gecko) Chrome/129.0.6668.90 Safari/537.36"
45.151.99.142 - - [16/Oct/2024:22:17:11 +0000] "GET /wp-sitemap-users-1.xml HTTP/1.1" 404 31086 "-" "Mozilla/5.0 (X11; Linux x86_64) AppleWebKit/537.36 (KHTML, like Gecko) Chrome/129.0.6668.90 Safari/537.36"
45.151.99.142 - - [16/Oct/2024:22:17:11 +0000] "GET /author-sitemap.xml HTTP/1.1" 404 31174 "-" "Mozilla/5.0 (X11; Linux x86_64) AppleWebKit/537.36 (KHTML, like Gecko) Chrome/129.0.6668.90 Safari/537.36"
45.151.99.142 - - [16/Oct/2024:22:17:12 +0000] "GET /author-sitemap.xml HTTP/1.1" 404 17630 "-" "Mozilla/5.0 (X11; Linux x86_64) AppleWebKit/537.36 (KHTML, like Gecko) Chrome/129.0.6668.90 Safari/537.36"
66.249.77.13 - - [17/Oct/2024:03:26:20 +0000] "GET /robots.txt HTTP/1.1" 200 2930 "-" "Mozilla/5.0 (compatible; Googlebot/2.1; +http://www.google.com/bot.html)"
66.249.77.12 - - [17/Oct/2024:03:26:21 +0000] "GET /comments/feed/ HTTP/1.1" 200 3418 "-" "Mozilla/5.0 (Linux; Android 6.0.1; Nexus 5X Build/MMB29P) AppleWebKit/537.36 (KHTML, like Gecko) Chrome/129.0.6668.89 Mobile Safari/537.36 (compatible; Googlebot/2.1; +http://www.google.com/bot.html)"
146.190.157.162 - - [17/Oct/2024:03:26:20 +0000] "POST /wp-cron.php?doing_wp_cron=1729135580.5622460842132568359375 HTTP/1.1" 200 2868 "-" "WordPress/6.6.2; https://template-7.devuocloud.com"
178.128.162.41 - - [17/Oct/2024:09:51:54 +0000] "POST /wp-confiq.php HTTP/1.1" 301 593 "-" "Mozilla/5.0 (Windows NT 6.0; Win64; x64) AppleWebKit/537.36 (KHTML, like Gecko) Chrome/65.0.3152.119 Safari/537.36"
146.190.157.162 - - [17/Oct/2024:09:51:55 +0000] "POST /wp-cron.php?doing_wp_cron=1729158715.1769180297851562500000 HTTP/1.1" 200 2869 "-" "WordPress/6.6.2; https://template-7.devuocloud.com"
178.128.162.41 - - [17/Oct/2024:09:51:54 +0000] "GET /wp-confiq.php HTTP/1.1" 404 31141 "-" "Mozilla/5.0 (Windows NT 6.0; Win64; x64) AppleWebKit/537.36 (KHTML, like Gecko) Chrome/65.0.3152.119 Safari/537.36"
146.190.157.162 - - [17/Oct/2024:23:00:17 +0000] "POST /wp-cron.php HTTP/1.1" 200 2869 "-" "WordPress/6.6.2; https://template-7.devuocloud.com"
199.45.155.98 - - [17/Oct/2024:23:00:15 +0000] "GET / HTTP/1.1" 200 13872 "-" "Mozilla/5.0 (compatible; CensysInspect/1.1; +https://about.censys.io/)"
146.190.157.162 - - [17/Oct/2024:23:00:17 +0000] "GET / HTTP/1.1" 200 13202 "-" "WordPress/6.6.2; https://template-7.devuocloud.com"
146.190.157.162 - - [17/Oct/2024:23:00:17 +0000] "GET / HTTP/1.1" 200 13204 "-" "WordPress/6.6.2; https://template-7.devuocloud.com"
146.190.157.162 - - [17/Oct/2024:23:00:18 +0000] "GET / HTTP/1.1" 200 13203 "-" "WordPress/6.6.2; https://template-7.devuocloud.com"
146.190.157.162 - - [17/Oct/2024:23:00:19 +0000] "GET / HTTP/1.1" 200 13203 "-" "WordPress/6.6.2; https://template-7.devuocloud.com"
146.190.157.162 - - [17/Oct/2024:23:00:15 +0000] "POST /wp-cron.php?doing_wp_cron=1729206015.7724990844726562500000 HTTP/1.1" 200 2869 "-" "WordPress/6.6.2; https://template-7.devuocloud.com"
199.45.155.98 - - [17/Oct/2024:23:00:26 +0000] "GET /favicon.ico HTTP/1.1" 302 2941 "-" "Mozilla/5.0 (compatible; CensysInspect/1.1; +https://about.censys.io/)"
167.94.146.58 - - [18/Oct/2024:00:07:09 +0000] "GET / HTTP/1.1" 301 548 "-" "Mozilla/5.0 (compatible; CensysInspect/1.1; +https://about.censys.io/)"
146.190.157.162 - - [18/Oct/2024:00:07:14 +0000] "POST /wp-cron.php?doing_wp_cron=1729210034.9179348945617675781250 HTTP/1.1" 200 2869 "-" "WordPress/6.6.2; https://template-7.devuocloud.com"
167.94.146.58 - - [18/Oct/2024:00:07:13 +0000] "GET / HTTP/1.1" 200 13155 "-" "Mozilla/5.0 (compatible; CensysInspect/1.1; +https://about.censys.io/)"
167.94.146.58 - - [18/Oct/2024:00:07:18 +0000] "GET /favicon.ico HTTP/1.1" 302 2941 "-" "Mozilla/5.0 (compatible; CensysInspect/1.1; +https://about.censys.io/)"
167.94.146.58 - - [18/Oct/2024:00:07:19 +0000] "GET /wp-includes/images/w-logo-blue-white-bg.png HTTP/1.1" 200 6948 "https://template-7.devuocloud.com/favicon.ico" "Mozilla/5.0 (compatible; CensysInspect/1.1; +https://about.censys.io/)"
45.94.211.123 - - [18/Oct/2024:04:08:53 +0000] "GET /metrics HTTP/1.1" 301 562 "-" "Go-http-client/1.1"
91.214.65.41 - - [18/Oct/2024:04:08:53 +0000] "GET /metrics HTTP/1.1" 301 2914 "-" "Go-http-client/1.1"
91.214.65.41 - - [18/Oct/2024:04:08:55 +0000] "GET /metrics HTTP/1.1" 404 28540 "https://template-7.devuocloud.com:443/metrics" "Go-http-client/1.1"
146.190.157.162 - - [18/Oct/2024:04:08:53 +0000] "POST /wp-cron.php?doing_wp_cron=1729224533.7786529064178466796875 HTTP/1.1" 200 2870 "-" "WordPress/6.6.2; https://template-7.devuocloud.com"
45.94.211.123 - - [18/Oct/2024:04:08:57 +0000] "GET /metrics HTTP/1.1" 404 31096 "http://template-7.devuocloud.com:80/metrics" "Go-http-client/1.1"
146.190.157.162 - - [18/Oct/2024:05:43:09 +0000] "POST /wp-cron.php?doing_wp_cron=1729230189.7822999954223632812500 HTTP/1.1" 200 2870 "-" "WordPress/6.6.2; https://template-7.devuocloud.com"
45.151.99.142 - - [18/Oct/2024:05:43:09 +0000] "GET /xmlrpc.php HTTP/1.1" 405 2869 "-" "Mozilla/5.0 (X11; Linux x86_64) AppleWebKit/537.36 (KHTML, like Gecko) Chrome/129.0.6668.90 Safari/537.36"
185.172.52.72 - - [18/Oct/2024:05:51:59 +0000] "GET /.git/config HTTP/1.1" 301 570 "-" "Go-http-client/1.1"
185.172.52.72 - - [18/Oct/2024:05:52:00 +0000] "GET /.git/config HTTP/1.1" 404 31096 "http://template-7.devuocloud.com:80/.git/config" "Go-http-client/1.1"
212.103.60.31 - - [18/Oct/2024:05:52:00 +0000] "GET /.git/config HTTP/1.1" 301 2917 "-" "Go-http-client/1.1"
212.103.60.31 - - [18/Oct/2024:05:52:00 +0000] "GET /.git/config HTTP/1.1" 404 28540 "https://template-7.devuocloud.com:443/.git/config" "Go-http-client/1.1"
159.203.81.197 - - [18/Oct/2024:12:09:48 +0000] "POST /wp-confiq.php HTTP/1.1" 301 593 "-" "Mozilla/5.0 (Windows NT 6.0; Win64; x64) AppleWebKit/537.36 (KHTML, like Gecko) Chrome/65.0.3152.119 Safari/537.36"
146.190.157.162 - - [18/Oct/2024:12:09:48 +0000] "POST /wp-cron.php?doing_wp_cron=1729253388.9238040447235107421875 HTTP/1.1" 200 2869 "-" "WordPress/6.6.2; https://template-7.devuocloud.com"
159.203.81.197 - - [18/Oct/2024:12:09:48 +0000] "GET /wp-confiq.php HTTP/1.1" 404 30980 "-" "Mozilla/5.0 (Windows NT 6.0; Win64; x64) AppleWebKit/537.36 (KHTML, like Gecko) Chrome/65.0.3152.119 Safari/537.36"
68.183.139.1 - - [18/Oct/2024:12:23:13 +0000] "POST /wp-confiq.php HTTP/1.1" 301 593 "-" "Mozilla/5.0 (Windows NT 6.0; Win64; x64) AppleWebKit/537.36 (KHTML, like Gecko) Chrome/65.0.3152.119 Safari/537.36"
68.183.139.1 - - [18/Oct/2024:12:23:13 +0000] "GET /wp-confiq.php HTTP/1.1" 404 30950 "-" "Mozilla/5.0 (Windows NT 6.0; Win64; x64) AppleWebKit/537.36 (KHTML, like Gecko) Chrome/65.0.3152.119 Safari/537.36"
68.183.9.16 - - [18/Oct/2024:16:09:55 +0000] "GET / HTTP/1.1" 200 2557 "-" "-"
68.183.9.16 - - [18/Oct/2024:16:09:56 +0000] "GET / HTTP/1.1" 200 53689 "-" "Mozilla/5.0 (Linux; Android 6.0; HTC One M9 Build/MRA969164) AppleWebKit/537.36 (KHTML, like Gecko) Chrome/52.0.2461.98 Mobile Safari/537.3"
146.190.157.162 - - [18/Oct/2024:16:09:55 +0000] "POST /wp-cron.php?doing_wp_cron=1729267795.7134139537811279296875 HTTP/1.1" 200 2870 "-" "WordPress/6.6.2; https://template-7.devuocloud.com"
68.183.9.16 - - [18/Oct/2024:16:09:58 +0000] "GET /server HTTP/1.1" 404 31115 "-" "Go-http-client/1.1"
68.183.9.16 - - [18/Oct/2024:16:09:59 +0000] "GET /.vscode/sftp.json HTTP/1.1" 404 28867 "-" "Go-http-client/1.1"
68.183.9.16 - - [18/Oct/2024:16:10:00 +0000] "GET /about HTTP/1.1" 404 28867 "-" "Go-http-client/1.1"
68.183.9.16 - - [18/Oct/2024:16:10:02 +0000] "GET /debug/default/view?panel=config HTTP/1.1" 404 28867 "-" "Go-http-client/1.1"
68.183.9.16 - - [18/Oct/2024:16:10:04 +0000] "GET /v2/_catalog HTTP/1.1" 404 28867 "-" "Go-http-client/1.1"
68.183.9.16 - - [18/Oct/2024:16:10:05 +0000] "GET /ecp/Current/exporttool/microsoft.exchange.ediscovery.exporttool.application HTTP/1.1" 404 28867 "-" "Go-http-client/1.1"
68.183.9.16 - - [18/Oct/2024:16:10:06 +0000] "GET /server-status HTTP/1.1" 403 801 "-" "Go-http-client/1.1"
68.183.9.16 - - [18/Oct/2024:16:10:07 +0000] "GET /login.action HTTP/1.1" 404 28867 "-" "Go-http-client/1.1"
68.183.9.16 - - [18/Oct/2024:16:10:08 +0000] "GET /_all_dbs HTTP/1.1" 404 28867 "-" "Mozilla/5.0 (l9scan/2.0.236313e2735313e2039313e2634313; +https://leakix.net)"
68.183.9.16 - - [18/Oct/2024:16:10:09 +0000] "GET /.DS_Store HTTP/1.1" 404 28867 "-" "Go-http-client/1.1"
68.183.9.16 - - [18/Oct/2024:16:10:10 +0000] "GET /.env HTTP/1.1" 404 28867 "-" "Go-http-client/1.1"
68.183.9.16 - - [18/Oct/2024:16:10:11 +0000] "GET /.git/config HTTP/1.1" 404 28867 "-" "Go-http-client/1.1"
68.183.9.16 - - [18/Oct/2024:16:10:13 +0000] "GET /s/236313e2735313e2039313e2634313/_/;/META-INF/maven/com.atlassian.jira/jira-webapp-dist/pom.properties HTTP/1.1" 404 28867 "-" "Go-http-client/1.1"
68.183.9.16 - - [18/Oct/2024:16:10:14 +0000] "GET /config.json HTTP/1.1" 404 28867 "-" "Go-http-client/1.1"
68.183.9.16 - - [18/Oct/2024:16:10:15 +0000] "GET /telescope/requests HTTP/1.1" 404 28867 "-" "Go-http-client/1.1"
68.183.9.16 - - [18/Oct/2024:16:10:16 +0000] "GET /?rest_route=/wp/v2/users/ HTTP/1.1" 200 1554 "-" "Go-http-client/1.1"
5.181.188.151 - - [18/Oct/2024:19:59:49 +0000] "GET /mah/function.php HTTP/1.1" 301 636 "-" "Mozlila/5.0 (Linux; Android 7.0; SM-G892A Bulid/NRD90M; wv) AppleWebKit/537.36 (KHTML, like Gecko) Version/4.0 Chrome/60.0.3112.107 Moblie Safari/537.36"
146.190.157.162 - - [18/Oct/2024:19:59:50 +0000] "POST /wp-cron.php?doing_wp_cron=1729281590.1202130317687988281250 HTTP/1.1" 200 2869 "-" "WordPress/6.6.2; https://template-7.devuocloud.com"
5.181.188.151 - - [18/Oct/2024:19:59:49 +0000] "GET /mah/function.php HTTP/1.1" 404 31190 "-" "Mozlila/5.0 (Linux; Android 7.0; SM-G892A Bulid/NRD90M; wv) AppleWebKit/537.36 (KHTML, like Gecko) Version/4.0 Chrome/60.0.3112.107 Moblie Safari/537.36"
5.181.188.151 - - [18/Oct/2024:19:59:52 +0000] "GET /bk/index.php HTTP/1.1" 301 628 "-" "Mozlila/5.0 (Linux; Android 7.0; SM-G892A Bulid/NRD90M; wv) AppleWebKit/537.36 (KHTML, like Gecko) Version/4.0 Chrome/60.0.3112.107 Moblie Safari/537.36"
146.190.157.162 - - [18/Oct/2024:19:59:58 +0000] "POST /wp-cron.php?doing_wp_cron=1729281598.4601659774780273437500 HTTP/1.1" 200 2869 "-" "WordPress/6.6.2; https://template-7.devuocloud.com"
5.181.188.151 - - [18/Oct/2024:19:59:58 +0000] "GET /bk/index.php HTTP/1.1" 301 2995 "-" "Mozlila/5.0 (Linux; Android 7.0; SM-G892A Bulid/NRD90M; wv) AppleWebKit/537.36 (KHTML, like Gecko) Version/4.0 Chrome/60.0.3112.107 Moblie Safari/537.36"
5.181.188.151 - - [18/Oct/2024:19:59:59 +0000] "GET /bk/ HTTP/1.1" 404 28601 "-" "Mozlila/5.0 (Linux; Android 7.0; SM-G892A Bulid/NRD90M; wv) AppleWebKit/537.36 (KHTML, like Gecko) Version/4.0 Chrome/60.0.3112.107 Moblie Safari/537.36"
5.181.188.151 - - [18/Oct/2024:20:00:00 +0000] "GET /about/function.php HTTP/1.1" 301 640 "-" "Mozlila/5.0 (Linux; Android 7.0; SM-G892A Bulid/NRD90M; wv) AppleWebKit/537.36 (KHTML, like Gecko) Version/4.0 Chrome/60.0.3112.107 Moblie Safari/537.36"
146.190.157.162 - - [18/Oct/2024:23:14:17 +0000] "POST /wp-cron.php?doing_wp_cron=1729293257.7924671173095703125000 HTTP/1.1" 200 2869 "-" "WordPress/6.6.2; https://template-7.devuocloud.com"
35.171.144.152 - - [18/Oct/2024:23:14:17 +0000] "GET / HTTP/1.1" 200 53704 "-" "Mozilla/5.0 \\(Windows NT 10.0\\; Win64\\; x64\\) AppleWebKit/537.36 \\(KHTML, like Gecko\\) Chrome/100.0.4896.60 Safari/537.36"
35.171.144.152 - - [18/Oct/2024:23:14:18 +0000] "GET / HTTP/1.1" 301 548 "-" "Mozilla/5.0 \\(Windows NT 10.0\\; Win64\\; x64\\) AppleWebKit/537.36 \\(KHTML, like Gecko\\) Chrome/100.0.4896.60 Safari/537.36"
35.171.144.152 - - [18/Oct/2024:23:14:18 +0000] "GET / HTTP/1.1" 200 51116 "-" "Mozilla/5.0 \\(Windows NT 10.0\\; Win64\\; x64\\) AppleWebKit/537.36 \\(KHTML, like Gecko\\) Chrome/100.0.4896.60 Safari/537.36"
51.91.218.217 - - [19/Oct/2024:06:46:17 +0000] "GET /wp-json/wp/v2/users HTTP/1.1" 301 605 "-" "Mozilla/5.0 (Windows NT 5.1; rv:33.0) Gecko/20100101 Firefox/33.0"
51.91.218.217 - - [19/Oct/2024:06:46:18 +0000] "GET /wp-json/wp/v2/users HTTP/1.1" 200 3819 "-" "Mozilla/5.0 (Windows NT 5.1; rv:33.0) Gecko/20100101 Firefox/33.0"
146.190.157.162 - - [19/Oct/2024:06:46:18 +0000] "POST /wp-cron.php?doing_wp_cron=1729320378.8110530376434326171875 HTTP/1.1" 200 2869 "-" "WordPress/6.6.2; https://template-7.devuocloud.com"
146.190.157.162 - - [19/Oct/2024:08:07:23 +0000] "POST /wp-cron.php?doing_wp_cron=1729325243.5695788860321044921875 HTTP/1.1" 200 2869 "-" "WordPress/6.6.2; https://template-7.devuocloud.com"
142.93.252.11 - - [19/Oct/2024:08:07:23 +0000] "POST /xmlrpc.php HTTP/1.1" 200 3188 "-" "Mozilla/5.0 (Windows NT 10.0; Win64; x64) AppleWebKit/537.36 (KHTML, like Gecko) Chrome/80.0.3987.132 Safari/537.36"
103.221.223.201 - - [19/Oct/2024:08:07:27 +0000] "POST /xmlrpc.php HTTP/1.1" 200 2986 "-" "Mozilla/5.0 (Windows NT 10.0; Win64; x64) AppleWebKit/537.36 (KHTML, like Gecko) Chrome/87.0.4280.141 Safari/537.36"
108.167.189.20 - - [19/Oct/2024:08:07:30 +0000] "POST /xmlrpc.php HTTP/1.1" 200 3189 "-" "Mozilla/5.0 (Windows NT 10.0; Win64; x64) AppleWebKit/537.36 (KHTML, like Gecko) Chrome/67.0.3396.99 Safari/537.36"
162.0.215.183 - - [19/Oct/2024:08:07:32 +0000] "POST /xmlrpc.php HTTP/1.1" 200 3189 "-" "Mozilla/5.0 (Linux; Android 10; SM-A205U) AppleWebKit/537.36 (KHTML, like Gecko) Chrome/91.0.4472.114 Mobile Safari/537.36"
185.8.173.151 - - [19/Oct/2024:08:07:34 +0000] "POST /xmlrpc.php HTTP/1.1" 200 3188 "-" "Mozilla/5.0 (Windows NT 6.1; WOW64; rv:38.0) Gecko/20100101 Firefox/38.0"
65.21.251.206 - - [19/Oct/2024:08:07:40 +0000] "POST /xmlrpc.php HTTP/1.1" 200 3187 "-" "Mozilla/5.0 (Windows NT 6.1; WOW64; rv:18.0) Gecko/20100101 Firefox/18.0"
185.66.69.128 - - [19/Oct/2024:08:07:43 +0000] "POST /xmlrpc.php HTTP/1.1" 200 3188 "-" "Mozilla/5.0 (Macintosh; Intel Mac OS X 11_4) AppleWebKit/537.36 (KHTML, like Gecko) Chrome/91.0.4472.114 Safari/537.36"
198.71.229.169 - - [19/Oct/2024:08:07:43 +0000] "POST /xmlrpc.php HTTP/1.1" 200 3187 "-" "Mozilla/5.0 (Windows NT 10.0; WOW64; rv:50.0) Gecko/20100101 Firefox/50.0"
212.47.240.115 - - [19/Oct/2024:08:07:50 +0000] "POST /xmlrpc.php HTTP/1.1" 200 3188 "-" "Mozilla/5.0 (Windows NT 10.0; Win64; x64) AppleWebKit/537.36 (KHTML, like Gecko) Chrome/80.0.3987.149 Safari/537.36"
109.171.82.121 - - [19/Oct/2024:08:07:51 +0000] "POST /xmlrpc.php HTTP/1.1" 200 3189 "-" "Mozilla/5.0 (Macintosh; Intel Mac OS X 11_4) AppleWebKit/537.36 (KHTML, like Gecko) Chrome/91.0.4472.114 Safari/537.36"
81.88.52.74 - - [19/Oct/2024:08:07:57 +0000] "POST /xmlrpc.php HTTP/1.1" 200 2957 "-" "Mozilla/5.0 (Windows NT 6.3; Win64; x64) AppleWebKit/537.36 (KHTML, like Gecko) Chrome/60.0.3112.113 Safari/537.36"
203.124.44.146 - - [19/Oct/2024:09:33:09 +0000] "GET /?author=31 HTTP/1.1" 301 587 "-" "Mozilla/5.0 (Windows NT 10.0) AppleWebKit/537.36 (KHTML, like Gecko) Chrome/72.0.3626.121 Safari/537.36"
146.190.157.162 - - [19/Oct/2024:09:33:10 +0000] "POST /wp-cron.php?doing_wp_cron=1729330390.9152579307556152343750 HTTP/1.1" 200 2870 "-" "WordPress/6.6.2; https://template-7.devuocloud.com"
203.124.44.146 - - [19/Oct/2024:09:33:10 +0000] "GET /?author=31 HTTP/1.1" 404 31139 "-" "Mozilla/5.0 (Windows NT 10.0) AppleWebKit/537.36 (KHTML, like Gecko) Chrome/72.0.3626.121 Safari/537.36"
44.239.16.82 - - [19/Oct/2024:09:33:13 +0000] "GET /?author=1 HTTP/1.1" 301 585 "-" "Mozilla/5.0 (Windows NT 10.0; Win64; x64) AppleWebKit/537.36 (KHTML, like Gecko) Chrome/90.0.4430.93 Safari/537.36"
203.124.44.146 - - [19/Oct/2024:09:33:12 +0000] "GET /?author=32 HTTP/1.1" 404 31140 "-" "Mozilla/5.0 (Windows NT 10.0) AppleWebKit/537.36 (KHTML, like Gecko) Chrome/72.0.3626.121 Safari/537.36"
44.239.16.82 - - [19/Oct/2024:09:33:13 +0000] "GET /?author=1 HTTP/1.1" 301 2873 "-" "Mozilla/5.0 (Windows NT 10.0; Win64; x64) AppleWebKit/537.36 (KHTML, like Gecko) Chrome/90.0.4430.93 Safari/537.36"
44.239.16.82 - - [19/Oct/2024:09:33:14 +0000] "GET /?author=2 HTTP/1.1" 404 17593 "-" "Mozilla/5.0 (Windows NT 10.0; Win64; x64) AppleWebKit/537.36 (KHTML, like Gecko) Chrome/90.0.4430.93 Safari/537.36"
103.127.198.104 - - [19/Oct/2024:09:33:15 +0000] "GET /?author=21 HTTP/1.1" 301 587 "-" "Mozilla/5.0 (Windows NT 10.0; Win64; x64) AppleWebKit/537.36 (KHTML, like Gecko) Chrome/68.0.3440.106 Safari/537.36"
203.124.44.146 - - [19/Oct/2024:09:33:14 +0000] "GET /?author=33 HTTP/1.1" 404 31139 "-" "Mozilla/5.0 (Windows NT 10.0) AppleWebKit/537.36 (KHTML, like Gecko) Chrome/72.0.3626.121 Safari/537.36"
44.239.16.82 - - [19/Oct/2024:09:33:15 +0000] "GET /?author=3 HTTP/1.1" 404 17593 "-" "Mozilla/5.0 (Windows NT 10.0; Win64; x64) AppleWebKit/537.36 (KHTML, like Gecko) Chrome/90.0.4430.93 Safari/537.36"
44.239.16.82 - - [19/Oct/2024:09:33:15 +0000] "GET /?author=4 HTTP/1.1" 404 17593 "-" "Mozilla/5.0 (Windows NT 10.0; Win64; x64) AppleWebKit/537.36 (KHTML, like Gecko) Chrome/90.0.4430.93 Safari/537.36"
103.127.198.104 - - [19/Oct/2024:09:33:16 +0000] "GET /?author=21 HTTP/1.1" 404 30979 "-" "Mozilla/5.0 (Windows NT 10.0; Win64; x64) AppleWebKit/537.36 (KHTML, like Gecko) Chrome/68.0.3440.106 Safari/537.36"
44.239.16.82 - - [19/Oct/2024:09:33:16 +0000] "GET /?author=5 HTTP/1.1" 404 17594 "-" "Mozilla/5.0 (Windows NT 10.0; Win64; x64) AppleWebKit/537.36 (KHTML, like Gecko) Chrome/90.0.4430.93 Safari/537.36"
203.124.44.146 - - [19/Oct/2024:09:33:17 +0000] "GET /?author=34 HTTP/1.1" 404 31141 "-" "Mozilla/5.0 (Windows NT 10.0) AppleWebKit/537.36 (KHTML, like Gecko) Chrome/72.0.3626.121 Safari/537.36"
44.239.16.82 - - [19/Oct/2024:09:33:17 +0000] "GET /?author=6 HTTP/1.1" 404 17593 "-" "Mozilla/5.0 (Windows NT 10.0; Win64; x64) AppleWebKit/537.36 (KHTML, like Gecko) Chrome/90.0.4430.93 Safari/537.36"
103.127.198.104 - - [19/Oct/2024:09:33:18 +0000] "GET /?author=22 HTTP/1.1" 404 30980 "-" "Mozilla/5.0 (Windows NT 10.0; Win64; x64) AppleWebKit/537.36 (KHTML, like Gecko) Chrome/68.0.3440.106 Safari/537.36"
44.239.16.82 - - [19/Oct/2024:09:33:18 +0000] "GET /?author=7 HTTP/1.1" 404 17593 "-" "Mozilla/5.0 (Windows NT 10.0; Win64; x64) AppleWebKit/537.36 (KHTML, like Gecko) Chrome/90.0.4430.93 Safari/537.36"
44.239.16.82 - - [19/Oct/2024:09:33:19 +0000] "GET /?author=8 HTTP/1.1" 404 17593 "-" "Mozilla/5.0 (Windows NT 10.0; Win64; x64) AppleWebKit/537.36 (KHTML, like Gecko) Chrome/90.0.4430.93 Safari/537.36"
203.124.44.146 - - [19/Oct/2024:09:33:19 +0000] "GET /?author=35 HTTP/1.1" 404 31141 "-" "Mozilla/5.0 (Windows NT 10.0) AppleWebKit/537.36 (KHTML, like Gecko) Chrome/72.0.3626.121 Safari/537.36"
103.127.198.104 - - [19/Oct/2024:09:33:19 +0000] "GET /?author=23 HTTP/1.1" 404 30980 "-" "Mozilla/5.0 (Windows NT 10.0; Win64; x64) AppleWebKit/537.36 (KHTML, like Gecko) Chrome/68.0.3440.106 Safari/537.36"
44.239.16.82 - - [19/Oct/2024:09:33:19 +0000] "GET /?author=9 HTTP/1.1" 404 17592 "-" "Mozilla/5.0 (Windows NT 10.0; Win64; x64) AppleWebKit/537.36 (KHTML, like Gecko) Chrome/90.0.4430.93 Safari/537.36"
44.239.16.82 - - [19/Oct/2024:09:33:20 +0000] "GET /?author=10 HTTP/1.1" 404 17592 "-" "Mozilla/5.0 (Windows NT 10.0; Win64; x64) AppleWebKit/537.36 (KHTML, like Gecko) Chrome/90.0.4430.93 Safari/537.36"
203.124.44.146 - - [19/Oct/2024:09:33:21 +0000] "GET /?author=36 HTTP/1.1" 404 31139 "-" "Mozilla/5.0 (Windows NT 10.0) AppleWebKit/537.36 (KHTML, like Gecko) Chrome/72.0.3626.121 Safari/537.36"
103.127.198.104 - - [19/Oct/2024:09:33:21 +0000] "GET /?author=24 HTTP/1.1" 404 30979 "-" "Mozilla/5.0 (Windows NT 10.0; Win64; x64) AppleWebKit/537.36 (KHTML, like Gecko) Chrome/68.0.3440.106 Safari/537.36"
103.127.198.104 - - [19/Oct/2024:09:33:22 +0000] "GET /?author=25 HTTP/1.1" 404 30980 "-" "Mozilla/5.0 (Windows NT 10.0; Win64; x64) AppleWebKit/537.36 (KHTML, like Gecko) Chrome/68.0.3440.106 Safari/537.36"
203.124.44.146 - - [19/Oct/2024:09:33:22 +0000] "GET /?author=37 HTTP/1.1" 404 31139 "-" "Mozilla/5.0 (Windows NT 10.0) AppleWebKit/537.36 (KHTML, like Gecko) Chrome/72.0.3626.121 Safari/537.36"
103.127.198.104 - - [19/Oct/2024:09:33:24 +0000] "GET /?author=26 HTTP/1.1" 404 30979 "-" "Mozilla/5.0 (Windows NT 10.0; Win64; x64) AppleWebKit/537.36 (KHTML, like Gecko) Chrome/68.0.3440.106 Safari/537.36"
203.124.44.146 - - [19/Oct/2024:09:33:24 +0000] "GET /?author=38 HTTP/1.1" 404 31139 "-" "Mozilla/5.0 (Windows NT 10.0) AppleWebKit/537.36 (KHTML, like Gecko) Chrome/72.0.3626.121 Safari/537.36"
103.127.198.104 - - [19/Oct/2024:09:33:25 +0000] "GET /?author=27 HTTP/1.1" 404 30979 "-" "Mozilla/5.0 (Windows NT 10.0; Win64; x64) AppleWebKit/537.36 (KHTML, like Gecko) Chrome/68.0.3440.106 Safari/537.36"
203.124.44.146 - - [19/Oct/2024:09:33:26 +0000] "GET /?author=39 HTTP/1.1" 404 31140 "-" "Mozilla/5.0 (Windows NT 10.0) AppleWebKit/537.36 (KHTML, like Gecko) Chrome/72.0.3626.121 Safari/537.36"
103.127.198.104 - - [19/Oct/2024:09:33:26 +0000] "GET /?author=28 HTTP/1.1" 404 30980 "-" "Mozilla/5.0 (Windows NT 10.0; Win64; x64) AppleWebKit/537.36 (KHTML, like Gecko) Chrome/68.0.3440.106 Safari/537.36"
20.88.208.230 - - [19/Oct/2024:09:33:28 +0000] "GET /?author=11 HTTP/1.1" 301 587 "-" "Mozilla/5.0 (Windows NT 5.1; Win64; x64) AppleWebKit/537.36 (KHTML, like Gecko) Chrome/60.0.3112.90 Safari/537.36"
20.88.208.230 - - [19/Oct/2024:09:33:28 +0000] "GET /?author=11 HTTP/1.1" 404 17594 "-" "Mozilla/5.0 (Windows NT 5.1; Win64; x64) AppleWebKit/537.36 (KHTML, like Gecko) Chrome/60.0.3112.90 Safari/537.36"
203.124.44.146 - - [19/Oct/2024:09:33:28 +0000] "GET /?author=40 HTTP/1.1" 404 31140 "-" "Mozilla/5.0 (Windows NT 10.0) AppleWebKit/537.36 (KHTML, like Gecko) Chrome/72.0.3626.121 Safari/537.36"
103.127.198.104 - - [19/Oct/2024:09:33:28 +0000] "GET /?author=29 HTTP/1.1" 404 30980 "-" "Mozilla/5.0 (Windows NT 10.0; Win64; x64) AppleWebKit/537.36 (KHTML, like Gecko) Chrome/68.0.3440.106 Safari/537.36"
20.88.208.230 - - [19/Oct/2024:09:33:29 +0000] "GET /?author=12 HTTP/1.1" 404 17592 "-" "Mozilla/5.0 (Windows NT 5.1; Win64; x64) AppleWebKit/537.36 (KHTML, like Gecko) Chrome/60.0.3112.90 Safari/537.36"
20.88.208.230 - - [19/Oct/2024:09:33:29 +0000] "GET /?author=13 HTTP/1.1" 404 17593 "-" "Mozilla/5.0 (Windows NT 5.1; Win64; x64) AppleWebKit/537.36 (KHTML, like Gecko) Chrome/60.0.3112.90 Safari/537.36"
103.127.198.104 - - [19/Oct/2024:09:33:30 +0000] "GET /?author=30 HTTP/1.1" 404 30980 "-" "Mozilla/5.0 (Windows NT 10.0; Win64; x64) AppleWebKit/537.36 (KHTML, like Gecko) Chrome/68.0.3440.106 Safari/537.36"
31.192.213.105 - - [19/Oct/2024:09:33:31 +0000] "GET /?author=21 HTTP/1.1" 301 587 "-" "Mozilla/5.0 (Windows NT 10.0; Win64; x64) AppleWebKit/537.36 (KHTML, like Gecko) Chrome/86.0.4240.198 Safari/537.36"
20.88.208.230 - - [19/Oct/2024:09:33:30 +0000] "GET /?author=14 HTTP/1.1" 404 17594 "-" "Mozilla/5.0 (Windows NT 5.1; Win64; x64) AppleWebKit/537.36 (KHTML, like Gecko) Chrome/60.0.3112.90 Safari/537.36"
20.88.208.230 - - [19/Oct/2024:09:33:31 +0000] "GET /?author=15 HTTP/1.1" 404 17594 "-" "Mozilla/5.0 (Windows NT 5.1; Win64; x64) AppleWebKit/537.36 (KHTML, like Gecko) Chrome/60.0.3112.90 Safari/537.36"
20.88.208.230 - - [19/Oct/2024:09:33:32 +0000] "GET /?author=16 HTTP/1.1" 404 17593 "-" "Mozilla/5.0 (Windows NT 5.1; Win64; x64) AppleWebKit/537.36 (KHTML, like Gecko) Chrome/60.0.3112.90 Safari/537.36"
31.192.213.105 - - [19/Oct/2024:09:33:32 +0000] "GET /?author=21 HTTP/1.1" 404 30981 "-" "Mozilla/5.0 (Windows NT 10.0; Win64; x64) AppleWebKit/537.36 (KHTML, like Gecko) Chrome/86.0.4240.198 Safari/537.36"
20.88.208.230 - - [19/Oct/2024:09:33:32 +0000] "GET /?author=17 HTTP/1.1" 404 17594 "-" "Mozilla/5.0 (Windows NT 5.1; Win64; x64) AppleWebKit/537.36 (KHTML, like Gecko) Chrome/60.0.3112.90 Safari/537.36"
31.192.213.105 - - [19/Oct/2024:09:33:33 +0000] "GET /?author=22 HTTP/1.1" 404 30980 "-" "Mozilla/5.0 (Windows NT 10.0; Win64; x64) AppleWebKit/537.36 (KHTML, like Gecko) Chrome/86.0.4240.198 Safari/537.36"
20.88.208.230 - - [19/Oct/2024:09:33:33 +0000] "GET /?author=18 HTTP/1.1" 404 17593 "-" "Mozilla/5.0 (Windows NT 5.1; Win64; x64) AppleWebKit/537.36 (KHTML, like Gecko) Chrome/60.0.3112.90 Safari/537.36"
20.88.208.230 - - [19/Oct/2024:09:33:34 +0000] "GET /?author=19 HTTP/1.1" 404 17593 "-" "Mozilla/5.0 (Windows NT 5.1; Win64; x64) AppleWebKit/537.36 (KHTML, like Gecko) Chrome/60.0.3112.90 Safari/537.36"
31.192.213.105 - - [19/Oct/2024:09:33:34 +0000] "GET /?author=23 HTTP/1.1" 404 30980 "-" "Mozilla/5.0 (Windows NT 10.0; Win64; x64) AppleWebKit/537.36 (KHTML, like Gecko) Chrome/86.0.4240.198 Safari/537.36"
20.88.208.230 - - [19/Oct/2024:09:33:34 +0000] "GET /?author=20 HTTP/1.1" 404 17593 "-" "Mozilla/5.0 (Windows NT 5.1; Win64; x64) AppleWebKit/537.36 (KHTML, like Gecko) Chrome/60.0.3112.90 Safari/537.36"
31.192.213.105 - - [19/Oct/2024:09:33:36 +0000] "GET /?author=24 HTTP/1.1" 404 30980 "-" "Mozilla/5.0 (Windows NT 10.0; Win64; x64) AppleWebKit/537.36 (KHTML, like Gecko) Chrome/86.0.4240.198 Safari/537.36"
31.192.213.105 - - [19/Oct/2024:09:33:37 +0000] "GET /?author=25 HTTP/1.1" 404 30980 "-" "Mozilla/5.0 (Windows NT 10.0; Win64; x64) AppleWebKit/537.36 (KHTML, like Gecko) Chrome/86.0.4240.198 Safari/537.36"
31.192.213.105 - - [19/Oct/2024:09:33:39 +0000] "GET /?author=26 HTTP/1.1" 404 30979 "-" "Mozilla/5.0 (Windows NT 10.0; Win64; x64) AppleWebKit/537.36 (KHTML, like Gecko) Chrome/86.0.4240.198 Safari/537.36"
31.192.213.105 - - [19/Oct/2024:09:33:40 +0000] "GET /?author=27 HTTP/1.1" 404 30980 "-" "Mozilla/5.0 (Windows NT 10.0; Win64; x64) AppleWebKit/537.36 (KHTML, like Gecko) Chrome/86.0.4240.198 Safari/537.36"
31.192.213.105 - - [19/Oct/2024:09:33:42 +0000] "GET /?author=28 HTTP/1.1" 404 30980 "-" "Mozilla/5.0 (Windows NT 10.0; Win64; x64) AppleWebKit/537.36 (KHTML, like Gecko) Chrome/86.0.4240.198 Safari/537.36"
31.192.213.105 - - [19/Oct/2024:09:33:43 +0000] "GET /?author=29 HTTP/1.1" 404 30981 "-" "Mozilla/5.0 (Windows NT 10.0; Win64; x64) AppleWebKit/537.36 (KHTML, like Gecko) Chrome/86.0.4240.198 Safari/537.36"
31.192.213.105 - - [19/Oct/2024:09:33:44 +0000] "GET /?author=30 HTTP/1.1" 404 30980 "-" "Mozilla/5.0 (Windows NT 10.0; Win64; x64) AppleWebKit/537.36 (KHTML, like Gecko) Chrome/86.0.4240.198 Safari/537.36"
109.123.245.187 - - [19/Oct/2024:09:33:51 +0000] "GET /?author=41 HTTP/1.1" 301 587 "-" "Mozilla/5.0 (Windows NT 6.1; Win64; x64; rv:58.0) Gecko/20100101 Firefox/58.0"
109.123.245.187 - - [19/Oct/2024:09:33:52 +0000] "GET /?author=41 HTTP/1.1" 404 31139 "-" "Mozilla/5.0 (Windows NT 6.1; Win64; x64; rv:58.0) Gecko/20100101 Firefox/58.0"
109.123.245.187 - - [19/Oct/2024:09:33:53 +0000] "GET /?author=42 HTTP/1.1" 404 31140 "-" "Mozilla/5.0 (Windows NT 6.1; Win64; x64; rv:58.0) Gecko/20100101 Firefox/58.0"
109.123.245.187 - - [19/Oct/2024:09:33:54 +0000] "GET /?author=43 HTTP/1.1" 404 31140 "-" "Mozilla/5.0 (Windows NT 6.1; Win64; x64; rv:58.0) Gecko/20100101 Firefox/58.0"
109.123.245.187 - - [19/Oct/2024:09:33:55 +0000] "GET /?author=44 HTTP/1.1" 404 31140 "-" "Mozilla/5.0 (Windows NT 6.1; Win64; x64; rv:58.0) Gecko/20100101 Firefox/58.0"
109.123.245.187 - - [19/Oct/2024:09:33:56 +0000] "GET /?author=45 HTTP/1.1" 404 31139 "-" "Mozilla/5.0 (Windows NT 6.1; Win64; x64; rv:58.0) Gecko/20100101 Firefox/58.0"
109.123.245.187 - - [19/Oct/2024:09:33:57 +0000] "GET /?author=46 HTTP/1.1" 404 31140 "-" "Mozilla/5.0 (Windows NT 6.1; Win64; x64; rv:58.0) Gecko/20100101 Firefox/58.0"
109.123.245.187 - - [19/Oct/2024:09:33:58 +0000] "GET /?author=47 HTTP/1.1" 404 31141 "-" "Mozilla/5.0 (Windows NT 6.1; Win64; x64; rv:58.0) Gecko/20100101 Firefox/58.0"
109.123.245.187 - - [19/Oct/2024:09:34:00 +0000] "GET /?author=48 HTTP/1.1" 404 31140 "-" "Mozilla/5.0 (Windows NT 6.1; Win64; x64; rv:58.0) Gecko/20100101 Firefox/58.0"
109.123.245.187 - - [19/Oct/2024:09:34:01 +0000] "GET /?author=49 HTTP/1.1" 404 31141 "-" "Mozilla/5.0 (Windows NT 6.1; Win64; x64; rv:58.0) Gecko/20100101 Firefox/58.0"
109.123.245.187 - - [19/Oct/2024:09:34:02 +0000] "GET /?author=50 HTTP/1.1" 404 31140 "-" "Mozilla/5.0 (Windows NT 6.1; Win64; x64; rv:58.0) Gecko/20100101 Firefox/58.0"
146.88.237.31 - - [19/Oct/2024:09:35:28 +0000] "POST /xmlrpc.php HTTP/1.1" 200 3187 "-" "Mozilla/5.0 (Windows NT 6.1; WOW64; rv:40.0) Gecko/20100101 Firefox/40.1"
5.61.27.127 - - [19/Oct/2024:09:35:32 +0000] "POST /xmlrpc.php HTTP/1.1" 200 3188 "-" "Mozilla/5.0 (Windows NT 10.0; Win64; x64; rv:85.0) Gecko/20100101 Firefox/85.0"
52.229.95.222 - - [19/Oct/2024:09:35:32 +0000] "POST /xmlrpc.php HTTP/1.1" 200 3187 "-" "Mozilla/5.0 (Windows NT 10.0; Win64; x64; rv:79.0) Gecko/20100101 Firefox/79.0"
43.133.39.132 - - [19/Oct/2024:09:35:34 +0000] "POST /xmlrpc.php HTTP/1.1" 200 2986 "-" "Mozilla/5.0 (X11; Linux x86_64) AppleWebKit/537.36 (KHTML, like Gecko) Chrome/91.0.4472.114 Safari/537.36"
66.29.133.23 - - [19/Oct/2024:09:35:36 +0000] "POST /xmlrpc.php HTTP/1.1" 200 3188 "-" "Mozilla/5.0 (Linux; Android 10; LM-Q710(FGN)) AppleWebKit/537.36 (KHTML, like Gecko) Chrome/91.0.4472.114 Mobile Safari/537.36"
51.195.44.82 - - [19/Oct/2024:09:35:37 +0000] "POST /xmlrpc.php HTTP/1.1" 200 3187 "-" "Mozilla/5.0 (Windows NT 10.0; Win64; x64) AppleWebKit/537.36 (KHTML, like Gecko) Chrome/69.0.3497.100 Safari/537.36"
203.161.46.116 - - [19/Oct/2024:09:35:40 +0000] "POST /xmlrpc.php HTTP/1.1" 200 2986 "-" "Mozilla/5.0 (Windows NT 10.0; Win64; x64) AppleWebKit/537.36 (KHTML, like Gecko) Chrome/72.0.3626.121 Safari/537.36"
203.161.46.116 - - [19/Oct/2024:09:35:42 +0000] "POST /xmlrpc.php HTTP/1.1" 200 2986 "-" "Mozilla/5.0 (Windows NT 5.1; rv:40.0) Gecko/20100101 Firefox/40.0"
67.225.186.94 - - [19/Oct/2024:09:35:48 +0000] "POST /xmlrpc.php HTTP/1.1" 200 2956 "-" "Mozilla/5.0 (Linux; Android 6.0.1; RedMi Note 5 Build/RB3N5C; wv) AppleWebKit/537.36 (KHTML, like Gecko) Version/4.0 Chrome/68.0.3440.91 Mobile Safari/537.36"
198.54.114.26 - - [19/Oct/2024:09:35:49 +0000] "POST /xmlrpc.php HTTP/1.1" 200 3188 "-" "Mozilla/5.0 (Windows NT 10.0; Win64; x64) AppleWebKit/537.36 (KHTML, like Gecko) Chrome/88.0.4324.104 Safari/537.36"
167.99.229.202 - - [19/Oct/2024:09:35:50 +0000] "POST /xmlrpc.php HTTP/1.1" 200 3187 "-" "Mozilla/5.0 (Windows; U; Windows NT 5.1; en-US; rv:1.7.10) Gecko/20050716 Firefox/1.0.6"
47.251.65.37 - - [19/Oct/2024:09:35:52 +0000] "POST /xmlrpc.php HTTP/1.1" 200 2985 "-" "Mozilla/5.0 (Windows NT 5.1; rv:7.0.1) Gecko/20100101 Firefox/7.0.1"
77.68.29.184 - - [19/Oct/2024:09:35:59 +0000] "POST /xmlrpc.php HTTP/1.1" 200 3187 "-" "Mozilla/5.0 (Windows NT 10.0; Win64; x64; rv:58.0) Gecko/20100101 Firefox/58.0"
49.12.67.95 - - [19/Oct/2024:09:36:00 +0000] "POST /xmlrpc.php HTTP/1.1" 200 3188 "-" "Mozilla/5.0 (Windows NT 10.0; Win64; x64; rv:84.0) Gecko/20100101 Firefox/84.0"
104.211.97.138 - - [19/Oct/2024:09:36:05 +0000] "POST /xmlrpc.php HTTP/1.1" 200 3187 "-" "Mozilla/5.0 (Windows NT 10.0; Win64; x64; rv:67.0) Gecko/20100101 Firefox/67.0"
146.190.157.162 - - [19/Oct/2024:10:46:08 +0000] "POST /wp-cron.php?doing_wp_cron=1729334768.3606810569763183593750 HTTP/1.1" 200 2870 "-" "WordPress/6.6.2; https://template-7.devuocloud.com"
35.198.229.246 - - [19/Oct/2024:10:46:08 +0000] "POST /xmlrpc.php HTTP/1.1" 200 3188 "-" "Mozilla/5.0 (Windows NT 10.0; Win64; x64; rv:61.0) Gecko/20100101 Firefox/61.0"
43.133.39.132 - - [19/Oct/2024:10:46:10 +0000] "POST /xmlrpc.php HTTP/1.1" 200 2985 "-" "Mozilla/5.0 (Windows NT 5.1; Win64; x64) AppleWebKit/537.36 (KHTML, like Gecko) Chrome/60.0.3112.90 Safari/537.36"
45.156.184.42 - - [19/Oct/2024:10:46:17 +0000] "POST /xmlrpc.php HTTP/1.1" 200 3189 "-" "Mozilla/5.0 (Windows NT 10.0; Win64; x64; rv:62.0) Gecko/20100101 Firefox/62.0"
18.177.194.146 - - [19/Oct/2024:10:46:18 +0000] "POST /xmlrpc.php HTTP/1.1" 200 3188 "-" "Mozilla/5.0 (Windows NT 10.0; Win64; x64) AppleWebKit/537.36 (KHTML, like Gecko) Chrome/60.0.3112.113 Safari/537.36"
92.53.96.245 - - [19/Oct/2024:10:46:19 +0000] "POST /xmlrpc.php HTTP/1.1" 200 3188 "-" "Mozilla/5.0 (Windows NT 10.0; Win64; x64) AppleWebKit/537.36 (KHTML, like Gecko) Chrome/86.0.4240.198 Safari/537.36"
46.226.148.112 - - [19/Oct/2024:10:46:29 +0000] "POST /xmlrpc.php HTTP/1.1" 200 3188 "-" "Mozilla/5.0 (Windows NT 5.1; rv:33.0) Gecko/20100101 Firefox/33.0"
200.55.240.238 - - [19/Oct/2024:10:46:30 +0000] "POST /xmlrpc.php HTTP/1.1" 200 3187 "-" "Mozilla/5.0 (Windows NT 10.0; Win64; x64) AppleWebKit/537.36 (KHTML, like Gecko) Chrome/80.0.3987.132 Safari/537.36"
173.212.237.37 - - [19/Oct/2024:10:46:35 +0000] "POST /xmlrpc.php HTTP/1.1" 200 3189 "-" "Mozilla/5.0 (Windows NT 6.1; Win64; x64) AppleWebKit/537.36 (KHTML, like Gecko) Chrome/74.0.3729.169 Safari/537.36"
66.85.157.26 - - [19/Oct/2024:10:46:38 +0000] "POST /xmlrpc.php HTTP/1.1" 200 3189 "-" "Mozilla/5.0 (Windows; U; Windows NT 5.1; en-US; rv:1.7.10) Gecko/20050716 Firefox/1.0.6"
15.235.163.229 - - [19/Oct/2024:10:46:43 +0000] "POST /xmlrpc.php HTTP/1.1" 200 3188 "-" "Mozilla/5.0 (iPod; CPU iPhone OS 14_6 like Mac OS X) AppleWebKit/605.1.15 (KHTML, like Gecko) CriOS/91.0.4472.80 Mobile/15E148 Safari/604.1"
209.38.99.228 - - [19/Oct/2024:10:46:48 +0000] "POST /xmlrpc.php HTTP/1.1" 200 3188 "-" "Mozilla/5.0 (Windows NT 6.1; WOW64; rv:18.0) Gecko/20100101 Firefox/18.0"
200.55.240.238 - - [19/Oct/2024:10:46:51 +0000] "POST /xmlrpc.php HTTP/1.1" 200 3187 "-" "Mozilla/5.0 (Windows NT 6.3; Win64; x64; rv:73.0) Gecko/20100101 Firefox/73.0"
217.160.61.34 - - [19/Oct/2024:10:46:52 +0000] "POST /xmlrpc.php HTTP/1.1" 200 3189 "-" "Mozilla/5.0 (Windows NT 6.1; WOW64; rv:50.0) Gecko/20100101 Firefox/50.0"
203.161.54.74 - - [19/Oct/2024:10:46:53 +0000] "POST /xmlrpc.php HTTP/1.1" 200 3187 "-" "Mozilla/5.0 (Windows NT 6.1; WOW64; rv:52.0) Gecko/20100101 Firefox/52.0"
146.190.157.162 - - [19/Oct/2024:11:58:16 +0000] "POST /wp-cron.php?doing_wp_cron=1729339096.4225258827209472656250 HTTP/1.1" 200 2869 "-" "WordPress/6.6.2; https://template-7.devuocloud.com"
158.220.109.212 - - [19/Oct/2024:11:58:15 +0000] "POST /xmlrpc.php HTTP/1.1" 200 3189 "-" "Mozilla/5.0 (Windows NT 10.0; Win64; x64) AppleWebKit/537.36 (KHTML, like Gecko) Chrome/74.0.3729.131 Safari/537.36"
192.185.4.141 - - [19/Oct/2024:11:58:16 +0000] "POST /xmlrpc.php HTTP/1.1" 200 3188 "-" "Mozilla/5.0 (Windows NT 5.1; rv:52.0) Gecko/20100101 Firefox/52.0"
188.225.40.227 - - [19/Oct/2024:12:10:15 +0000] "POST /xmlrpc.php HTTP/1.1" 200 3188 "-" "Mozilla/5.0 (Windows NT 10.0; Win64; x64; rv:88.0) Gecko/20100101 Firefox/88.0"
146.190.157.162 - - [19/Oct/2024:12:10:15 +0000] "POST /wp-cron.php?doing_wp_cron=1729339815.4048929214477539062500 HTTP/1.1" 200 2869 "-" "WordPress/6.6.2; https://template-7.devuocloud.com"
217.142.224.248 - - [19/Oct/2024:12:10:15 +0000] "POST /xmlrpc.php HTTP/1.1" 200 2985 "-" "Mozilla/5.0 (Windows NT 10.0; Win64; x64) AppleWebKit/537.36 (KHTML, like Gecko) Chrome/78.0.3904.108 Safari/537.36"
108.167.132.63 - - [19/Oct/2024:12:10:18 +0000] "POST /xmlrpc.php HTTP/1.1" 200 3188 "-" "Mozilla/5.0 (Windows NT 10.0; Win64; x64; rv:61.0) Gecko/20100101 Firefox/61.0"
