92.118.39.244 - - [07/Oct/2024:16:18:27 +0000] "POST / HTTP/1.1" 200 13243 "-" "Mozilla/5.0 (X11; Linux x86_64) AppleWebKit/537.36 (KHTML, like Gecko) Chrome/81.0.4044.129 Safari/537.36"
195.3.223.154 - - [07/Oct/2024:21:52:10 +0000] "GET /wp-includes/ HTTP/1.1" 301 628 "-" "Mozlila/5.0 (Linux; Android 7.0; SM-G892A Bulid/NRD90M; wv) AppleWebKit/537.36 (KHTML, like Gecko) Version/4.0 Chrome/60.0.3112.107 Moblie Safari/537.36"
195.3.223.154 - - [07/Oct/2024:21:52:11 +0000] "GET /wp-includes/ HTTP/1.1" 200 7112 "-" "Mozlila/5.0 (Linux; Android 7.0; SM-G892A Bulid/NRD90M; wv) AppleWebKit/537.36 (KHTML, like Gecko) Version/4.0 Chrome/60.0.3112.107 Moblie Safari/537.36"
146.190.157.162 - - [07/Oct/2024:22:54:42 +0000] "POST /wp-cron.php?doing_wp_cron=1728341682.5763840675354003906250 HTTP/1.1" 200 2870 "-" "WordPress/6.6.2; https://template-7.devuocloud.com"
66.249.72.163 - - [07/Oct/2024:22:54:42 +0000] "GET /robots.txt HTTP/1.1" 200 2928 "-" "Mozilla/5.0 (compatible; Googlebot/2.1; +http://www.google.com/bot.html)"
66.249.72.163 - - [07/Oct/2024:22:54:43 +0000] "GET /?et_core_page_resource= HTTP/1.1" 404 324 "-" "Mozilla/5.0 (Linux; Android 6.0.1; Nexus 5X Build/MMB29P) AppleWebKit/537.36 (KHTML, like Gecko) Chrome/129.0.6668.89 Mobile Safari/537.36 (compatible; Googlebot/2.1; +http://www.google.com/bot.html)"
147.185.132.108 - - [08/Oct/2024:02:08:04 +0000] "GET / HTTP/1.1" 301 548 "-" "Expanse, a Palo Alto Networks company, searches across the global IPv4 space multiple times per day to identify customers' presences on the Internet. If you would like to be excluded from our scans, please send IP addresses/domains to: scaninfo@paloaltonetworks.com"
157.230.19.140 - - [08/Oct/2024:07:04:28 +0000] "GET / HTTP/1.1" 200 2556 "-" "-"
157.230.19.140 - - [08/Oct/2024:07:04:30 +0000] "GET / HTTP/1.1" 200 53691 "-" "Mozilla/5.0 (Linux; Android 6.0; HTC One M9 Build/MRA969164) AppleWebKit/537.36 (KHTML, like Gecko) Chrome/52.0.2461.98 Mobile Safari/537.3"
146.190.157.162 - - [08/Oct/2024:07:04:29 +0000] "POST /wp-cron.php?doing_wp_cron=1728371069.1348080635070800781250 HTTP/1.1" 200 2870 "-" "WordPress/6.6.2; https://template-7.devuocloud.com"
157.230.19.140 - - [08/Oct/2024:07:04:31 +0000] "GET /server HTTP/1.1" 404 31118 "-" "Go-http-client/1.1"
157.230.19.140 - - [08/Oct/2024:07:04:32 +0000] "GET /.vscode/sftp.json HTTP/1.1" 404 28870 "-" "Go-http-client/1.1"
157.230.19.140 - - [08/Oct/2024:07:04:33 +0000] "GET /about HTTP/1.1" 404 28870 "-" "Go-http-client/1.1"
157.230.19.140 - - [08/Oct/2024:07:04:34 +0000] "GET /debug/default/view?panel=config HTTP/1.1" 404 28870 "-" "Go-http-client/1.1"
157.230.19.140 - - [08/Oct/2024:07:04:35 +0000] "GET /v2/_catalog HTTP/1.1" 404 28870 "-" "Go-http-client/1.1"
157.230.19.140 - - [08/Oct/2024:07:04:36 +0000] "GET /ecp/Current/exporttool/microsoft.exchange.ediscovery.exporttool.application HTTP/1.1" 404 28870 "-" "Go-http-client/1.1"
157.230.19.140 - - [08/Oct/2024:07:04:37 +0000] "GET /server-status HTTP/1.1" 403 801 "-" "Go-http-client/1.1"
157.230.19.140 - - [08/Oct/2024:07:04:38 +0000] "GET /login.action HTTP/1.1" 404 28870 "-" "Go-http-client/1.1"
157.230.19.140 - - [08/Oct/2024:07:04:39 +0000] "GET /_all_dbs HTTP/1.1" 404 28870 "-" "Mozilla/5.0 (l9scan/2.0.236313e2735313e2039313e2634313; +https://leakix.net)"
157.230.19.140 - - [08/Oct/2024:07:04:40 +0000] "GET /.DS_Store HTTP/1.1" 404 28870 "-" "Go-http-client/1.1"
157.230.19.140 - - [08/Oct/2024:07:04:41 +0000] "GET /.env HTTP/1.1" 404 28870 "-" "Go-http-client/1.1"
157.230.19.140 - - [08/Oct/2024:07:04:42 +0000] "GET /.git/config HTTP/1.1" 404 28870 "-" "Go-http-client/1.1"
157.230.19.140 - - [08/Oct/2024:07:04:43 +0000] "GET /s/236313e2735313e2039313e2634313/_/;/META-INF/maven/com.atlassian.jira/jira-webapp-dist/pom.properties HTTP/1.1" 404 28870 "-" "Go-http-client/1.1"
157.230.19.140 - - [08/Oct/2024:07:04:44 +0000] "GET /config.json HTTP/1.1" 404 28870 "-" "Go-http-client/1.1"
157.230.19.140 - - [08/Oct/2024:07:04:45 +0000] "GET /telescope/requests HTTP/1.1" 404 28870 "-" "Go-http-client/1.1"
157.230.19.140 - - [08/Oct/2024:07:04:47 +0000] "GET /?rest_route=/wp/v2/users/ HTTP/1.1" 200 1554 "-" "Go-http-client/1.1"
185.100.65.235 - - [08/Oct/2024:08:31:50 +0000] "GET /wp-content/plugins/insert-headers-and-footers/admin/images/spinner.svg HTTP/1.1" 301 707 "-" "Mozilla/5.0 (Windows NT 10.0; Win64; x64) AppleWebKit/537.36 (KHTML, like Gecko) Chrome/124.0.0.0 Safari/537.36"
146.190.157.162 - - [08/Oct/2024:08:31:52 +0000] "POST /wp-cron.php?doing_wp_cron=1728376312.2268760204315185546875 HTTP/1.1" 200 2868 "-" "WordPress/6.6.2; https://template-7.devuocloud.com"
185.100.65.235 - - [08/Oct/2024:08:31:51 +0000] "GET /wp-content/plugins/insert-headers-and-footers/admin/images/spinner.svg HTTP/1.1" 404 31143 "-" "Mozilla/5.0 (Windows NT 10.0; Win64; x64) AppleWebKit/537.36 (KHTML, like Gecko) Chrome/124.0.0.0 Safari/537.36"
205.210.31.72 - - [08/Oct/2024:20:52:58 +0000] "GET / HTTP/1.1" 200 53666 "-" "Expanse, a Palo Alto Networks company, searches across the global IPv4 space multiple times per day to identify customers' presences on the Internet. If you would like to be excluded from our scans, please send IP addresses/domains to: scaninfo@paloaltonetworks.com"
146.190.157.162 - - [08/Oct/2024:20:52:58 +0000] "POST /wp-cron.php?doing_wp_cron=1728420778.6489899158477783203125 HTTP/1.1" 200 2869 "-" "WordPress/6.6.2; https://template-7.devuocloud.com"
66.249.72.162 - - [09/Oct/2024:23:47:24 +0000] "GET /robots.txt HTTP/1.1" 200 2929 "-" "Mozilla/5.0 (compatible; Googlebot/2.1; +http://www.google.com/bot.html)"
66.249.72.163 - - [09/Oct/2024:23:47:26 +0000] "GET /?et_core_page_resource= HTTP/1.1" 404 2883 "-" "Mozilla/5.0 (Linux; Android 6.0.1; Nexus 5X Build/MMB29P) AppleWebKit/537.36 (KHTML, like Gecko) Chrome/129.0.6668.89 Mobile Safari/537.36 (compatible; Googlebot/2.1; +http://www.google.com/bot.html)"
146.190.157.162 - - [09/Oct/2024:23:47:24 +0000] "POST /wp-cron.php?doing_wp_cron=1728517644.7971420288085937500000 HTTP/1.1" 200 2869 "-" "WordPress/6.6.2; https://template-7.devuocloud.com"
146.190.157.162 - - [10/Oct/2024:00:07:32 +0000] "POST /wp-cron.php?doing_wp_cron=1728518852.2681429386138916015625 HTTP/1.1" 200 2868 "-" "WordPress/6.6.2; https://template-7.devuocloud.com"
45.148.10.59 - - [10/Oct/2024:00:07:31 +0000] "GET / HTTP/1.1" 200 13174 "-" "Mozilla/5.0 (Linux; Android 9; ONEPLUS A5010 Build/PKQ1.180716.001; wv) AppleWebKit/537.36 (KHTML, like Gecko) Version/4.0 Chrome/66.0.3359.126 MQQBrowser/6.2 TBS/044807 Mobile Safari/537.36 MMWEBID/1699 MicroMessenger/7.0.6.1460(0x27000634) Process/tools NetType/4G Language/zh_CN"
45.148.10.59 - - [10/Oct/2024:00:07:44 +0000] "GET //template-7.devuocloud.com/wp-content/plugins/contact-form-7/includes/js/index.js HTTP/1.1" 301 3004 "-" "Mozilla/5.0 (Linux; Android 9; motorola one vision) AppleWebKit/537.36 (KHTML, like Gecko) Chrome/76.0.3809.111 Mobile Safari/537.36"
45.148.10.59 - - [10/Oct/2024:00:07:44 +0000] "GET //template-7.devuocloud.com/wp-content/themes/Divi/js/custom.unified.js HTTP/1.1" 301 2993 "-" "Mozilla/5.0 (iPod; U; CPU iPhone OS 3_1_1 like Mac OS X; en-us) AppleWebKit/528.18 (KHTML, like Gecko) Mobile/7C145"
45.148.10.59 - - [10/Oct/2024:00:07:44 +0000] "GET //template-7.devuocloud.com/wp-content/plugins/contact-form-7/includes/js/index.js?ver=5 HTTP/1.1" 301 3011 "-" "Mozilla/5.0 (iPhone; CPU iPhone OS 12_3_1 like Mac OS X) AppleWebKit/605.1.15 (KHTML, like Gecko) GSA/80.0.262003652 Mobile/16F203 Safari/604.1"
45.148.10.59 - - [10/Oct/2024:00:07:44 +0000] "GET //template-7.devuocloud.com/wp-content/themes/Divi/core/admin/js/common.js?ver=4 HTTP/1.1" 301 3003 "-" "Mozilla/5.0 (Linux; Android 9; Mi A1) AppleWebKit/537.36 (KHTML, like Gecko) Chrome/74.0.3729.157 Mobile Safari/537.36"
45.148.10.59 - - [10/Oct/2024:00:07:44 +0000] "GET //template-7.devuocloud.com/wp-content/themes/Divi/js/custom.unified.js?ver=4 HTTP/1.1" 301 2999 "-" "Mozilla/5.0 (Linux; U; Android 4.4.2; en-us; GT-P5210 Build/KOT49H) AppleWebKit/534.30 (KHTML, like Gecko) Version/4.0 Safari/534.30"
45.148.10.59 - - [10/Oct/2024:00:07:44 +0000] "GET /wp-emoji-release.min.js?ver=6 HTTP/1.1" 404 31126 "-" "Mozilla/5.0 (Windows; U; Windows NT 6.0 x64; en-US; rv:1.9pre) Gecko/2008072421 Minefield/3.0.2pre"
45.148.10.59 - - [10/Oct/2024:00:07:45 +0000] "GET //template-7.devuocloud.com/wp-includes/js/jquery/jquery-migrate.min.js HTTP/1.1" 301 2994 "-" "Mozilla/5.0 (compatible; MSIE 9.0; Windows NT 6.2; Trident/5.0)"
45.148.10.59 - - [10/Oct/2024:00:07:45 +0000] "GET //template-7.devuocloud.com/wp-content/plugins/contact-form-7/includes/swv/js/index.js?ver=5 HTTP/1.1" 301 3015 "-" "Mozilla/5.0 (Windows NT 6.1; WOW64; rv:2.0b4pre) Gecko/20100815 Minefield/4.0b4pre"
45.148.10.59 - - [10/Oct/2024:00:07:46 +0000] "GET //template-7.devuocloud.com/wp-content/plugins/contact-form-7/includes/swv/js/index.js HTTP/1.1" 301 3009 "-" "Mozilla/5.0 (Linux; Android 7.0; EVA-L09) AppleWebKit/537.36 (KHTML, like Gecko) Chrome/76.0.3809.111 Mobile Safari/537.36"
45.148.10.59 - - [10/Oct/2024:00:07:46 +0000] "GET //template-7.devuocloud.com/wp-includes/js/jquery/jquery-migrate.min.js?ver=3 HTTP/1.1" 301 2999 "-" "Mozilla/5.0 (X11; U; FreeBSD i386; en-US; rv:1.6) Gecko/20040406 Galeon/1.3.15"
45.148.10.59 - - [10/Oct/2024:00:07:46 +0000] "GET //template-7.devuocloud.com/wp-content/themes/Divi/core/admin/js/common.js HTTP/1.1" 301 2997 "-" "Mozilla/5.0 (iPhone; CPU iPhone OS 9_1 like Mac OS X) AppleWebKit/601.1.46 (KHTML, like Gecko) Version/9.0 Mobile/13B143 Safari/601.1"
45.148.10.59 - - [10/Oct/2024:00:07:46 +0000] "GET //template-7.devuocloud.com/wp-includes/js/jquery/jquery.min.js HTTP/1.1" 301 2986 "-" "Mozilla/5.0 (Macintosh; Intel Mac OS X 10_14_3) AppleWebKit/537.36 (KHTML, like Gecko) Chrome/77.0.3844.0 Safari/537.36"
45.148.10.59 - - [10/Oct/2024:00:07:46 +0000] "GET /%5C/template-7.devuocloud.com%5C/wp-includes%5C/js%5C/wp-emoji-release.min.js HTTP/1.1" 404 31126 "-" "Mozilla/5.0 (X11; Ubuntu; Linux x86_64; rv:49.0) Gecko/20100101 Firefox/49.0"
45.148.10.59 - - [10/Oct/2024:00:07:46 +0000] "GET /wp-emoji-release.min.js HTTP/1.1" 404 31127 "-" "Mozilla/5.0 (Windows NT 10.0; Win64; x64) AppleWebKit/537.36 (KHTML, like Gecko) Chrome/77.0.3865.35 Safari/537.36"
45.148.10.59 - - [10/Oct/2024:00:07:46 +0000] "GET //template-7.devuocloud.com/wp-includes/js/jquery/jquery.min.js?ver=3 HTTP/1.1" 301 2991 "-" "Mozilla/5.0 (Macintosh; U; Intel Mac OS X 10_5_8; en-US) AppleWebKit/532.8 (KHTML, like Gecko) Chrome/4.0.302.2 Safari/532.8"
45.148.10.59 - - [10/Oct/2024:00:07:46 +0000] "GET /%5C/s.w.org%5C/images%5C/core%5C/emoji%5C/15.0.3%5C/72x72%5C/%22,%22ext%22:%22.png%22,%22svgUrl%22:%22https:%5C/%5C/s.w.org%5C/images%5C/core%5C/emoji%5C/15.0.3%5C/svg%5C/%22,%22svgExt%22:%22.svg%22,%22source%22:%7B%22concatemoji%22:%22https:%5C/%5C/template-7.devuocloud.com%5C/wp-includes%5C/js%5C/wp-emoji-release.min.js HTTP/1.1" 404 31125 "-" "Mozilla/5.0 (Linux; Android 9; ONEPLUS A5010) AppleWebKit/537.36 (KHTML, like Gecko) Chrome/76.0.3809.111 Mobile Safari/537.36"
45.148.10.59 - - [10/Oct/2024:00:08:08 +0000] "GET //template-7.devuocloud.com/wp-includes/js/jquery/jquery.min.js HTTP/1.1" 301 2987 "-" "Mozilla/5.0 (iPhone; CPU iPhone OS 12_3_1 like Mac OS X) AppleWebKit/605.1.15 (KHTML, like Gecko) Mobile/15E148 MicroMessenger/7.0.5(0x17000523) NetType/WIFI Language/en"
45.148.10.59 - - [10/Oct/2024:00:08:08 +0000] "GET //template-7.devuocloud.com/wp-includes/js/jquery/jquery-migrate.min.js HTTP/1.1" 301 2994 "-" "Mozilla/5.0 (Linux; Android 9; CLT-L29 Build/HUAWEICLT-L29) AppleWebKit/537.36 (KHTML, like Gecko) Chrome/69.0.3497.100 Mobile Safari/537.36 OPR/48.1.2331.132804"
45.148.10.59 - - [10/Oct/2024:00:08:08 +0000] "GET //template-7.devuocloud.com/wp-content/plugins/contact-form-7/includes/js/index.js?ver=5 HTTP/1.1" 301 3012 "-" "Mozilla/5.0 (Windows NT 10.0; WOW64) AppleWebKit/537.36 (KHTML, like Gecko) Chrome/67.0.3396.99 Safari/537.36"
45.148.10.59 - - [10/Oct/2024:00:08:09 +0000] "GET //template-7.devuocloud.com/wp-content/plugins/contact-form-7/includes/swv/js/index.js?ver=5 HTTP/1.1" 301 3014 "-" "Mozilla/5.0 (Linux; Android 8.0.0; LG-H873) AppleWebKit/537.36 (KHTML, like Gecko) Chrome/76.0.3809.89 Mobile Safari/537.36"
45.148.10.59 - - [10/Oct/2024:00:08:08 +0000] "GET //template-7.devuocloud.com/wp-content/plugins/contact-form-7/includes/js/index.js HTTP/1.1" 301 3006 "-" "Mozilla/5.0 (Linux; Android 6.0.1; ONE E1003) AppleWebKit/537.36 (KHTML, like Gecko) Chrome/74.0.3729.136 Mobile Safari/537.36"
45.148.10.59 - - [10/Oct/2024:00:08:09 +0000] "GET //template-7.devuocloud.com/wp-content/themes/Divi/core/admin/js/common.js?ver=4 HTTP/1.1" 301 3002 "-" "Mozilla/4.0 (compatible; Dillo 3.0)"
45.148.10.59 - - [10/Oct/2024:00:08:08 +0000] "GET //template-7.devuocloud.com/wp-content/plugins/contact-form-7/includes/swv/js/index.js HTTP/1.1" 301 3010 "-" "Mozilla/5.0 (Windows NT 10.0; WOW64) AppleWebKit/537.36 (KHTML, like Gecko) Chrome/72.0.3626.96 Safari/537.36"
45.148.10.59 - - [10/Oct/2024:00:08:08 +0000] "GET //template-7.devuocloud.com/wp-includes/js/jquery/jquery.min.js?ver=3 HTTP/1.1" 301 2991 "-" "MOT-L7v/08.B7.5DR MIB/2.2.1 Profile/MIDP-2.0 Configuration/CLDC-1.1 UP.Link/6.3.0.0.0"
45.148.10.59 - - [10/Oct/2024:00:08:09 +0000] "GET //template-7.devuocloud.com/wp-content/themes/Divi/core/admin/js/common.js HTTP/1.1" 301 2997 "-" "Mozilla/5.0 (Macintosh; Intel Mac OS X 10_14_6) AppleWebKit/605.1.15 (KHTML, like Gecko) Version/12.1.2 Safari/605.1.15"
45.148.10.59 - - [10/Oct/2024:00:08:08 +0000] "GET /%5C/s.w.org%5C/images%5C/core%5C/emoji%5C/15.0.3%5C/72x72%5C/%22,%22ext%22:%22.png%22,%22svgUrl%22:%22https:%5C/%5C/s.w.org%5C/images%5C/core%5C/emoji%5C/15.0.3%5C/svg%5C/%22,%22svgExt%22:%22.svg%22,%22source%22:%7B%22concatemoji%22:%22https:%5C/%5C/template-7.devuocloud.com%5C/wp-includes%5C/js%5C/wp-emoji-release.min.js HTTP/1.1" 404 31123 "-" "Mozilla/5.0 (Macintosh; Intel Mac OS X 10_8_4) AppleWebKit/537.31 (KHTML like Gecko) Chrome/26.0.1410.63 Safari/537.31"
45.148.10.59 - - [10/Oct/2024:00:08:09 +0000] "GET /%5C/template-7.devuocloud.com%5C/wp-includes%5C/js%5C/wp-emoji-release.min.js HTTP/1.1" 404 31124 "-" "Mozilla/5.0 (Linux; Android 9; LM-G710VM) AppleWebKit/537.36 (KHTML, like Gecko) Chrome/76.0.3809.111 Mobile Safari/537.36"
45.148.10.59 - - [10/Oct/2024:00:08:10 +0000] "GET //template-7.devuocloud.com/wp-content/themes/Divi/js/custom.unified.js HTTP/1.1" 301 2993 "-" "Mozilla/5.0 (Linux; Android 7.1.1; Moto E (4) Plus) AppleWebKit/537.36 (KHTML, like Gecko) Chrome/76.0.3809.111 Mobile Safari/537.36"
45.148.10.59 - - [10/Oct/2024:00:08:10 +0000] "GET //template-7.devuocloud.com/wp-content/themes/Divi/js/custom.unified.js?ver=4 HTTP/1.1" 301 2999 "-" "Mozilla/5.0 (Macintosh; Intel Mac OS X 10_14_4) AppleWebKit/537.36 (KHTML, like Gecko) Chrome/75.0.3770.100 Safari/537.36"
45.148.10.59 - - [10/Oct/2024:00:08:10 +0000] "GET /wp-emoji-release.min.js HTTP/1.1" 404 31124 "-" "Mozilla/5.0 (Linux U; en-US) AppleWebKit/528.5 (KHTML, like Gecko, Safari/528.5 ) Version/4.0 Kindle/3.0 (screen 600x800; rotate)"
45.148.10.59 - - [10/Oct/2024:00:08:11 +0000] "GET //template-7.devuocloud.com/wp-includes/js/jquery/jquery-migrate.min.js?ver=3 HTTP/1.1" 301 3000 "-" "Links (2.1pre15; Linux 2.4.26 i686; 158x61)"
45.148.10.59 - - [10/Oct/2024:00:08:11 +0000] "GET /wp-emoji-release.min.js?ver=6 HTTP/1.1" 404 31124 "-" "Mozilla/5.0 (X11; Linux x86_64) AppleWebKit/537.36 (KHTML, like Gecko) Chrome/77.0.3844.0 Safari/537.36"
95.217.166.86 - - [10/Oct/2024:04:59:27 +0000] "GET /wp-includes/ HTTP/1.1" 301 628 "-" "Mozlila/5.0 (Linux; Android 7.0; SM-G892A Bulid/NRD90M; wv) AppleWebKit/537.36 (KHTML, like Gecko) Version/4.0 Chrome/60.0.3112.107 Moblie Safari/537.36"
95.217.166.86 - - [10/Oct/2024:04:59:33 +0000] "GET /wp-includes/ HTTP/1.1" 200 7111 "-" "Mozlila/5.0 (Linux; Android 7.0; SM-G892A Bulid/NRD90M; wv) AppleWebKit/537.36 (KHTML, like Gecko) Version/4.0 Chrome/60.0.3112.107 Moblie Safari/537.36"
64.226.65.160 - - [10/Oct/2024:07:20:40 +0000] "GET / HTTP/1.1" 200 2557 "-" "-"
64.226.65.160 - - [10/Oct/2024:07:20:42 +0000] "GET / HTTP/1.1" 200 53689 "-" "Mozilla/5.0 (Linux; Android 6.0; HTC One M9 Build/MRA969164) AppleWebKit/537.36 (KHTML, like Gecko) Chrome/52.0.2461.98 Mobile Safari/537.3"
146.190.157.162 - - [10/Oct/2024:07:20:41 +0000] "POST /wp-cron.php?doing_wp_cron=1728544841.1228239536285400390625 HTTP/1.1" 200 2870 "-" "WordPress/6.6.2; https://template-7.devuocloud.com"
64.226.65.160 - - [10/Oct/2024:07:20:43 +0000] "GET /server HTTP/1.1" 404 31120 "-" "Go-http-client/1.1"
64.226.65.160 - - [10/Oct/2024:07:20:44 +0000] "GET /.vscode/sftp.json HTTP/1.1" 404 28870 "-" "Go-http-client/1.1"
64.226.65.160 - - [10/Oct/2024:07:20:45 +0000] "GET /about HTTP/1.1" 404 28870 "-" "Go-http-client/1.1"
64.226.65.160 - - [10/Oct/2024:07:20:46 +0000] "GET /debug/default/view?panel=config HTTP/1.1" 404 28870 "-" "Go-http-client/1.1"
64.226.65.160 - - [10/Oct/2024:07:20:47 +0000] "GET /v2/_catalog HTTP/1.1" 404 28870 "-" "Go-http-client/1.1"
64.226.65.160 - - [10/Oct/2024:07:20:48 +0000] "GET /ecp/Current/exporttool/microsoft.exchange.ediscovery.exporttool.application HTTP/1.1" 404 28870 "-" "Go-http-client/1.1"
64.226.65.160 - - [10/Oct/2024:07:20:49 +0000] "GET /server-status HTTP/1.1" 403 801 "-" "Go-http-client/1.1"
64.226.65.160 - - [10/Oct/2024:07:20:50 +0000] "GET /login.action HTTP/1.1" 404 28870 "-" "Go-http-client/1.1"
64.226.65.160 - - [10/Oct/2024:07:20:51 +0000] "GET /_all_dbs HTTP/1.1" 404 28870 "-" "Mozilla/5.0 (l9scan/2.0.236313e2735313e2039313e2634313; +https://leakix.net)"
64.226.65.160 - - [10/Oct/2024:07:20:52 +0000] "GET /.DS_Store HTTP/1.1" 404 28870 "-" "Go-http-client/1.1"
64.226.65.160 - - [10/Oct/2024:07:20:53 +0000] "GET /.env HTTP/1.1" 404 28870 "-" "Go-http-client/1.1"
64.226.65.160 - - [10/Oct/2024:07:20:54 +0000] "GET /.git/config HTTP/1.1" 404 28870 "-" "Go-http-client/1.1"
64.226.65.160 - - [10/Oct/2024:07:20:55 +0000] "GET /s/236313e2735313e2039313e2634313/_/;/META-INF/maven/com.atlassian.jira/jira-webapp-dist/pom.properties HTTP/1.1" 404 28870 "-" "Go-http-client/1.1"
64.226.65.160 - - [10/Oct/2024:07:20:56 +0000] "GET /config.json HTTP/1.1" 404 28870 "-" "Go-http-client/1.1"
64.226.65.160 - - [10/Oct/2024:07:20:57 +0000] "GET /telescope/requests HTTP/1.1" 404 28870 "-" "Go-http-client/1.1"
64.226.65.160 - - [10/Oct/2024:07:20:58 +0000] "GET /?rest_route=/wp/v2/users/ HTTP/1.1" 200 1554 "-" "Go-http-client/1.1"
193.34.213.138 - - [10/Oct/2024:16:55:14 +0000] "GET /wp-content/plugins/init-help/init.php HTTP/1.1" 301 678 "-" "Mozlila/5.0 (Linux; Android 7.0; SM-G892A Bulid/NRD90M; wv) AppleWebKit/537.36 (KHTML, like Gecko) Version/4.0 Chrome/60.0.3112.107 Moblie Safari/537.36"
146.190.157.162 - - [10/Oct/2024:16:55:16 +0000] "POST /wp-cron.php HTTP/1.1" 200 2868 "-" "WordPress/6.6.2; https://template-7.devuocloud.com"
193.34.213.138 - - [10/Oct/2024:16:55:15 +0000] "GET /wp-content/plugins/init-help/init.php HTTP/1.1" 404 31192 "-" "Mozlila/5.0 (Linux; Android 7.0; SM-G892A Bulid/NRD90M; wv) AppleWebKit/537.36 (KHTML, like Gecko) Version/4.0 Chrome/60.0.3112.107 Moblie Safari/537.36"
146.190.157.162 - - [10/Oct/2024:16:55:16 +0000] "GET / HTTP/1.1" 200 13205 "-" "WordPress/6.6.2; https://template-7.devuocloud.com"
146.190.157.162 - - [10/Oct/2024:16:55:17 +0000] "GET / HTTP/1.1" 200 13205 "-" "WordPress/6.6.2; https://template-7.devuocloud.com"
146.190.157.162 - - [10/Oct/2024:16:55:18 +0000] "GET / HTTP/1.1" 200 13205 "-" "WordPress/6.6.2; https://template-7.devuocloud.com"
146.190.157.162 - - [10/Oct/2024:16:55:18 +0000] "GET / HTTP/1.1" 200 13206 "-" "WordPress/6.6.2; https://template-7.devuocloud.com"
146.190.157.162 - - [10/Oct/2024:16:55:15 +0000] "POST /wp-cron.php?doing_wp_cron=1728579315.5574400424957275390625 HTTP/1.1" 200 2868 "-" "WordPress/6.6.2; https://template-7.devuocloud.com"
193.34.213.138 - - [11/Oct/2024:01:01:14 +0000] "GET /mah/function.php HTTP/1.1" 301 636 "-" "Mozlila/5.0 (Linux; Android 7.0; SM-G892A Bulid/NRD90M; wv) AppleWebKit/537.36 (KHTML, like Gecko) Version/4.0 Chrome/60.0.3112.107 Moblie Safari/537.36"
146.190.157.162 - - [11/Oct/2024:01:01:20 +0000] "POST /wp-cron.php?doing_wp_cron=1728608480.5711150169372558593750 HTTP/1.1" 200 2869 "-" "WordPress/6.6.2; https://template-7.devuocloud.com"
193.34.213.138 - - [11/Oct/2024:01:01:20 +0000] "GET /mah/function.php HTTP/1.1" 404 31192 "-" "Mozlila/5.0 (Linux; Android 7.0; SM-G892A Bulid/NRD90M; wv) AppleWebKit/537.36 (KHTML, like Gecko) Version/4.0 Chrome/60.0.3112.107 Moblie Safari/537.36"
193.34.213.138 - - [11/Oct/2024:01:01:22 +0000] "GET /about/function.php HTTP/1.1" 301 640 "-" "Mozlila/5.0 (Linux; Android 7.0; SM-G892A Bulid/NRD90M; wv) AppleWebKit/537.36 (KHTML, like Gecko) Version/4.0 Chrome/60.0.3112.107 Moblie Safari/537.36"
193.34.213.138 - - [11/Oct/2024:01:01:23 +0000] "GET /about/function.php HTTP/1.1" 404 31193 "-" "Mozlila/5.0 (Linux; Android 7.0; SM-G892A Bulid/NRD90M; wv) AppleWebKit/537.36 (KHTML, like Gecko) Version/4.0 Chrome/60.0.3112.107 Moblie Safari/537.36"
193.34.213.138 - - [11/Oct/2024:01:01:25 +0000] "GET /doc/function.php HTTP/1.1" 301 636 "-" "Mozlila/5.0 (Linux; Android 7.0; SM-G892A Bulid/NRD90M; wv) AppleWebKit/537.36 (KHTML, like Gecko) Version/4.0 Chrome/60.0.3112.107 Moblie Safari/537.36"
193.34.213.138 - - [11/Oct/2024:01:01:26 +0000] "GET /doc/function.php HTTP/1.1" 404 31193 "-" "Mozlila/5.0 (Linux; Android 7.0; SM-G892A Bulid/NRD90M; wv) AppleWebKit/537.36 (KHTML, like Gecko) Version/4.0 Chrome/60.0.3112.107 Moblie Safari/537.36"
193.34.213.138 - - [11/Oct/2024:01:01:45 +0000] "GET /install/function.php HTTP/1.1" 301 644 "-" "Mozlila/5.0 (Linux; Android 7.0; SM-G892A Bulid/NRD90M; wv) AppleWebKit/537.36 (KHTML, like Gecko) Version/4.0 Chrome/60.0.3112.107 Moblie Safari/537.36"
193.34.213.138 - - [11/Oct/2024:01:01:49 +0000] "GET /install/function.php HTTP/1.1" 404 31193 "-" "Mozlila/5.0 (Linux; Android 7.0; SM-G892A Bulid/NRD90M; wv) AppleWebKit/537.36 (KHTML, like Gecko) Version/4.0 Chrome/60.0.3112.107 Moblie Safari/537.36"
193.34.213.138 - - [11/Oct/2024:01:01:52 +0000] "GET /moon/function.php HTTP/1.1" 301 638 "-" "Mozlila/5.0 (Linux; Android 7.0; SM-G892A Bulid/NRD90M; wv) AppleWebKit/537.36 (KHTML, like Gecko) Version/4.0 Chrome/60.0.3112.107 Moblie Safari/537.36"
193.34.213.138 - - [11/Oct/2024:01:01:59 +0000] "GET /moon/function.php HTTP/1.1" 404 31193 "-" "Mozlila/5.0 (Linux; Android 7.0; SM-G892A Bulid/NRD90M; wv) AppleWebKit/537.36 (KHTML, like Gecko) Version/4.0 Chrome/60.0.3112.107 Moblie Safari/537.36"
193.34.213.138 - - [11/Oct/2024:01:02:25 +0000] "GET /up/function.php HTTP/1.1" 301 634 "-" "Mozlila/5.0 (Linux; Android 7.0; SM-G892A Bulid/NRD90M; wv) AppleWebKit/537.36 (KHTML, like Gecko) Version/4.0 Chrome/60.0.3112.107 Moblie Safari/537.36"
193.34.213.138 - - [11/Oct/2024:01:02:26 +0000] "GET /up/function.php HTTP/1.1" 404 31193 "-" "Mozlila/5.0 (Linux; Android 7.0; SM-G892A Bulid/NRD90M; wv) AppleWebKit/537.36 (KHTML, like Gecko) Version/4.0 Chrome/60.0.3112.107 Moblie Safari/537.36"
193.34.213.138 - - [11/Oct/2024:01:02:28 +0000] "GET /autoload_classmap/function.php HTTP/1.1" 301 664 "-" "Mozlila/5.0 (Linux; Android 7.0; SM-G892A Bulid/NRD90M; wv) AppleWebKit/537.36 (KHTML, like Gecko) Version/4.0 Chrome/60.0.3112.107 Moblie Safari/537.36"
193.34.213.138 - - [11/Oct/2024:01:02:31 +0000] "GET /autoload_classmap/function.php HTTP/1.1" 404 31194 "-" "Mozlila/5.0 (Linux; Android 7.0; SM-G892A Bulid/NRD90M; wv) AppleWebKit/537.36 (KHTML, like Gecko) Version/4.0 Chrome/60.0.3112.107 Moblie Safari/537.36"
193.34.213.138 - - [11/Oct/2024:01:02:37 +0000] "GET /cloud/function.php HTTP/1.1" 301 640 "-" "Mozlila/5.0 (Linux; Android 7.0; SM-G892A Bulid/NRD90M; wv) AppleWebKit/537.36 (KHTML, like Gecko) Version/4.0 Chrome/60.0.3112.107 Moblie Safari/537.36"
193.34.213.138 - - [11/Oct/2024:01:02:38 +0000] "GET /cloud/function.php HTTP/1.1" 404 31192 "-" "Mozlila/5.0 (Linux; Android 7.0; SM-G892A Bulid/NRD90M; wv) AppleWebKit/537.36 (KHTML, like Gecko) Version/4.0 Chrome/60.0.3112.107 Moblie Safari/537.36"
193.34.213.138 - - [11/Oct/2024:01:02:39 +0000] "GET /index/function.php HTTP/1.1" 301 640 "-" "Mozlila/5.0 (Linux; Android 7.0; SM-G892A Bulid/NRD90M; wv) AppleWebKit/537.36 (KHTML, like Gecko) Version/4.0 Chrome/60.0.3112.107 Moblie Safari/537.36"
193.34.213.138 - - [11/Oct/2024:01:02:47 +0000] "GET /index/function.php HTTP/1.1" 404 3115 "-" "Mozlila/5.0 (Linux; Android 7.0; SM-G892A Bulid/NRD90M; wv) AppleWebKit/537.36 (KHTML, like Gecko) Version/4.0 Chrome/60.0.3112.107 Moblie Safari/537.36"
193.34.213.138 - - [11/Oct/2024:01:02:48 +0000] "GET /function/function.php HTTP/1.1" 301 646 "-" "Mozlila/5.0 (Linux; Android 7.0; SM-G892A Bulid/NRD90M; wv) AppleWebKit/537.36 (KHTML, like Gecko) Version/4.0 Chrome/60.0.3112.107 Moblie Safari/537.36"
193.34.213.138 - - [11/Oct/2024:01:02:48 +0000] "GET /function/function.php HTTP/1.1" 404 31192 "-" "Mozlila/5.0 (Linux; Android 7.0; SM-G892A Bulid/NRD90M; wv) AppleWebKit/537.36 (KHTML, like Gecko) Version/4.0 Chrome/60.0.3112.107 Moblie Safari/537.36"
111.7.96.167 - - [11/Oct/2024:08:07:43 +0000] "GET / HTTP/1.1" 200 13155 "-" "Mozilla/5.0 (Macintosh; Intel Mac OS X 10_15_7) AppleWebKit/537.36 (KHTML, like Gecko) Chrome/96.0.4664.110 Safari/537.36"
111.7.96.167 - - [11/Oct/2024:08:07:45 +0000] "GET /favicon.ico HTTP/1.1" 302 2922 "-" "Mozilla/5.0 (Macintosh; Intel Mac OS X 10_15_7) AppleWebKit/537.36 (KHTML, like Gecko) Chrome/96.0.4664.110 Safari/537.36"
146.190.157.162 - - [11/Oct/2024:08:07:44 +0000] "POST /wp-cron.php?doing_wp_cron=1728634064.0653979778289794921875 HTTP/1.1" 200 2869 "-" "WordPress/6.6.2; https://template-7.devuocloud.com"
111.7.96.167 - - [11/Oct/2024:08:07:47 +0000] "GET /wp-includes/images/w-logo-blue-white-bg.png HTTP/1.1" 200 6930 "https://template-7.devuocloud.com/favicon.ico" "Mozilla/5.0 (Macintosh; Intel Mac OS X 10_15_7) AppleWebKit/537.36 (KHTML, like Gecko) Chrome/96.0.4664.110 Safari/537.36"
198.235.24.36 - - [11/Oct/2024:16:27:44 +0000] "GET / HTTP/1.1" 200 53665 "-" "Expanse, a Palo Alto Networks company, searches across the global IPv4 space multiple times per day to identify customers' presences on the Internet. If you would like to be excluded from our scans, please send IP addresses/domains to: scaninfo@paloaltonetworks.com"
146.190.157.162 - - [11/Oct/2024:16:27:44 +0000] "POST /wp-cron.php?doing_wp_cron=1728664064.9770600795745849609375 HTTP/1.1" 200 2868 "-" "WordPress/6.6.2; https://template-7.devuocloud.com"
205.210.31.244 - - [11/Oct/2024:22:15:54 +0000] "GET / HTTP/1.1" 301 548 "-" "Expanse, a Palo Alto Networks company, searches across the global IPv4 space multiple times per day to identify customers' presences on the Internet. If you would like to be excluded from our scans, please send IP addresses/domains to: scaninfo@paloaltonetworks.com"
149.50.96.82 - - [11/Oct/2024:23:20:52 +0000] "GET /wp-includes/ HTTP/1.1" 301 628 "-" "Mozlila/5.0 (Linux; Android 7.0; SM-G892A Bulid/NRD90M; wv) AppleWebKit/537.36 (KHTML, like Gecko) Version/4.0 Chrome/60.0.3112.107 Moblie Safari/537.36"
149.50.96.82 - - [11/Oct/2024:23:20:53 +0000] "GET /wp-includes/ HTTP/1.1" 200 7112 "-" "Mozlila/5.0 (Linux; Android 7.0; SM-G892A Bulid/NRD90M; wv) AppleWebKit/537.36 (KHTML, like Gecko) Version/4.0 Chrome/60.0.3112.107 Moblie Safari/537.36"
205.210.31.11 - - [12/Oct/2024:04:16:49 +0000] "GET / HTTP/1.1" 301 548 "-" "-"
205.210.31.11 - - [12/Oct/2024:04:16:50 +0000] "GET / HTTP/1.1" 200 53666 "http://146.190.157.162:80/" "-"
146.190.157.162 - - [12/Oct/2024:04:16:50 +0000] "POST /wp-cron.php?doing_wp_cron=1728706610.5269320011138916015625 HTTP/1.1" 200 2868 "-" "WordPress/6.6.2; https://template-7.devuocloud.com"
149.50.96.82 - - [12/Oct/2024:06:47:10 +0000] "GET /wp-includes/ HTTP/1.1" 301 628 "-" "Mozlila/5.0 (Linux; Android 7.0; SM-G892A Bulid/NRD90M; wv) AppleWebKit/537.36 (KHTML, like Gecko) Version/4.0 Chrome/60.0.3112.107 Moblie Safari/537.36"
149.50.96.82 - - [12/Oct/2024:06:47:12 +0000] "GET /wp-includes/ HTTP/1.1" 200 7111 "-" "Mozlila/5.0 (Linux; Android 7.0; SM-G892A Bulid/NRD90M; wv) AppleWebKit/537.36 (KHTML, like Gecko) Version/4.0 Chrome/60.0.3112.107 Moblie Safari/537.36"
146.190.157.162 - - [12/Oct/2024:09:44:04 +0000] "POST /wp-cron.php?doing_wp_cron=1728726244.6381518840789794921875 HTTP/1.1" 200 2869 "-" "WordPress/6.6.2; https://template-7.devuocloud.com"
198.235.24.53 - - [12/Oct/2024:09:44:04 +0000] "GET / HTTP/1.1" 200 53665 "-" "-"
146.190.157.162 - - [12/Oct/2024:11:14:18 +0000] "POST /wp-cron.php?doing_wp_cron=1728731658.3603200912475585937500 HTTP/1.1" 200 2869 "-" "WordPress/6.6.2; https://template-7.devuocloud.com"
138.68.144.227 - - [12/Oct/2024:11:14:18 +0000] "GET / HTTP/1.1" 200 17669 "-" "-"
138.68.144.227 - - [12/Oct/2024:11:14:22 +0000] "GET / HTTP/1.1" 200 53689 "-" "Mozilla/5.0 (Linux; Android 6.0; HTC One M9 Build/MRA969164) AppleWebKit/537.36 (KHTML, like Gecko) Chrome/52.0.2461.98 Mobile Safari/537.3"
138.68.144.227 - - [12/Oct/2024:11:14:23 +0000] "GET /server HTTP/1.1" 404 31119 "-" "Go-http-client/1.1"
138.68.144.227 - - [12/Oct/2024:11:14:24 +0000] "GET /.vscode/sftp.json HTTP/1.1" 404 28870 "-" "Go-http-client/1.1"
138.68.144.227 - - [12/Oct/2024:11:14:25 +0000] "GET /about HTTP/1.1" 404 28870 "-" "Go-http-client/1.1"
138.68.144.227 - - [12/Oct/2024:11:14:26 +0000] "GET /debug/default/view?panel=config HTTP/1.1" 404 28870 "-" "Go-http-client/1.1"
138.68.144.227 - - [12/Oct/2024:11:14:27 +0000] "GET /v2/_catalog HTTP/1.1" 404 28870 "-" "Go-http-client/1.1"
138.68.144.227 - - [12/Oct/2024:11:14:28 +0000] "GET /ecp/Current/exporttool/microsoft.exchange.ediscovery.exporttool.application HTTP/1.1" 404 28870 "-" "Go-http-client/1.1"
138.68.144.227 - - [12/Oct/2024:11:14:29 +0000] "GET /server-status HTTP/1.1" 403 801 "-" "Go-http-client/1.1"
138.68.144.227 - - [12/Oct/2024:11:14:29 +0000] "GET /login.action HTTP/1.1" 404 28870 "-" "Go-http-client/1.1"
138.68.144.227 - - [12/Oct/2024:11:14:31 +0000] "GET /_all_dbs HTTP/1.1" 404 28870 "-" "Mozilla/5.0 (l9scan/2.0.236313e2735313e2039313e2634313; +https://leakix.net)"
138.68.144.227 - - [12/Oct/2024:11:14:31 +0000] "GET /.DS_Store HTTP/1.1" 404 28870 "-" "Go-http-client/1.1"
138.68.144.227 - - [12/Oct/2024:11:14:33 +0000] "GET /.env HTTP/1.1" 404 28870 "-" "Go-http-client/1.1"
138.68.144.227 - - [12/Oct/2024:11:14:34 +0000] "GET /.git/config HTTP/1.1" 404 28870 "-" "Go-http-client/1.1"
138.68.144.227 - - [12/Oct/2024:11:14:35 +0000] "GET /s/236313e2735313e2039313e2634313/_/;/META-INF/maven/com.atlassian.jira/jira-webapp-dist/pom.properties HTTP/1.1" 404 28870 "-" "Go-http-client/1.1"
138.68.144.227 - - [12/Oct/2024:11:14:36 +0000] "GET /config.json HTTP/1.1" 404 28870 "-" "Go-http-client/1.1"
138.68.144.227 - - [12/Oct/2024:11:14:36 +0000] "GET /telescope/requests HTTP/1.1" 404 28870 "-" "Go-http-client/1.1"
138.68.144.227 - - [12/Oct/2024:11:14:37 +0000] "GET /?rest_route=/wp/v2/users/ HTTP/1.1" 200 1554 "-" "Go-http-client/1.1"
149.50.96.82 - - [12/Oct/2024:23:22:50 +0000] "GET /wp-content/plugins/erinyani/baxa1.php HTTP/1.1" 301 678 "-" "Mozlila/5.0 (Linux; Android 7.0; SM-G892A Bulid/NRD90M; wv) AppleWebKit/537.36 (KHTML, like Gecko) Version/4.0 Chrome/60.0.3112.107 Moblie Safari/537.36"
149.50.96.82 - - [12/Oct/2024:23:22:50 +0000] "GET /wp-content/plugins/erinyani/baxa1.php HTTP/1.1" 404 31192 "-" "Mozlila/5.0 (Linux; Android 7.0; SM-G892A Bulid/NRD90M; wv) AppleWebKit/537.36 (KHTML, like Gecko) Version/4.0 Chrome/60.0.3112.107 Moblie Safari/537.36"
146.190.157.162 - - [12/Oct/2024:23:22:50 +0000] "POST /wp-cron.php?doing_wp_cron=1728775370.9070770740509033203125 HTTP/1.1" 200 2869 "-" "WordPress/6.6.2; https://template-7.devuocloud.com"
149.50.96.82 - - [12/Oct/2024:23:22:54 +0000] "GET /wp-content/plugins/init-help/init.php HTTP/1.1" 301 678 "-" "Mozlila/5.0 (Linux; Android 7.0; SM-G892A Bulid/NRD90M; wv) AppleWebKit/537.36 (KHTML, like Gecko) Version/4.0 Chrome/60.0.3112.107 Moblie Safari/537.36"
149.50.96.82 - - [12/Oct/2024:23:22:55 +0000] "GET /wp-content/plugins/init-help/init.php HTTP/1.1" 404 31193 "-" "Mozlila/5.0 (Linux; Android 7.0; SM-G892A Bulid/NRD90M; wv) AppleWebKit/537.36 (KHTML, like Gecko) Version/4.0 Chrome/60.0.3112.107 Moblie Safari/537.36"
45.148.10.59 - - [13/Oct/2024:06:22:33 +0000] "GET /.git/config HTTP/1.1" 404 31125 "-" "Mozilla/5.0 (Linux; Android 9; ONEPLUS A5010) AppleWebKit/537.36 (KHTML, like Gecko) Chrome/76.0.3809.89 Mobile Safari/537.36"
146.190.157.162 - - [13/Oct/2024:06:22:33 +0000] "POST /wp-cron.php?doing_wp_cron=1728800553.8072650432586669921875 HTTP/1.1" 200 2870 "-" "WordPress/6.6.2; https://template-7.devuocloud.com"
46.101.1.225 - - [14/Oct/2024:11:49:39 +0000] "GET / HTTP/1.1" 200 2557 "-" "-"
46.101.1.225 - - [14/Oct/2024:11:49:40 +0000] "GET / HTTP/1.1" 200 53689 "-" "Mozilla/5.0 (Linux; Android 6.0; HTC One M9 Build/MRA969164) AppleWebKit/537.36 (KHTML, like Gecko) Chrome/52.0.2461.98 Mobile Safari/537.3"
146.190.157.162 - - [14/Oct/2024:11:49:39 +0000] "POST /wp-cron.php?doing_wp_cron=1728906579.5676898956298828125000 HTTP/1.1" 200 2869 "-" "WordPress/6.6.2; https://template-7.devuocloud.com"
46.101.1.225 - - [14/Oct/2024:11:49:41 +0000] "GET /server HTTP/1.1" 404 31119 "-" "Go-http-client/1.1"
46.101.1.225 - - [14/Oct/2024:11:49:42 +0000] "GET /.vscode/sftp.json HTTP/1.1" 404 28870 "-" "Go-http-client/1.1"
46.101.1.225 - - [14/Oct/2024:11:49:43 +0000] "GET /about HTTP/1.1" 404 28870 "-" "Go-http-client/1.1"
46.101.1.225 - - [14/Oct/2024:11:49:44 +0000] "GET /debug/default/view?panel=config HTTP/1.1" 404 28870 "-" "Go-http-client/1.1"
46.101.1.225 - - [14/Oct/2024:11:49:46 +0000] "GET /v2/_catalog HTTP/1.1" 404 28870 "-" "Go-http-client/1.1"
46.101.1.225 - - [14/Oct/2024:11:49:47 +0000] "GET /ecp/Current/exporttool/microsoft.exchange.ediscovery.exporttool.application HTTP/1.1" 404 28870 "-" "Go-http-client/1.1"
46.101.1.225 - - [14/Oct/2024:11:49:48 +0000] "GET /server-status HTTP/1.1" 403 801 "-" "Go-http-client/1.1"
46.101.1.225 - - [14/Oct/2024:11:49:49 +0000] "GET /login.action HTTP/1.1" 404 28870 "-" "Go-http-client/1.1"
46.101.1.225 - - [14/Oct/2024:11:49:50 +0000] "GET /_all_dbs HTTP/1.1" 404 28870 "-" "Mozilla/5.0 (l9scan/2.0.236313e2735313e2039313e2634313; +https://leakix.net)"
46.101.1.225 - - [14/Oct/2024:11:49:51 +0000] "GET /.DS_Store HTTP/1.1" 404 28870 "-" "Go-http-client/1.1"
46.101.1.225 - - [14/Oct/2024:11:49:52 +0000] "GET /.env HTTP/1.1" 404 28870 "-" "Go-http-client/1.1"
46.101.1.225 - - [14/Oct/2024:11:49:53 +0000] "GET /.git/config HTTP/1.1" 404 28870 "-" "Go-http-client/1.1"
46.101.1.225 - - [14/Oct/2024:11:49:54 +0000] "GET /s/236313e2735313e2039313e2634313/_/;/META-INF/maven/com.atlassian.jira/jira-webapp-dist/pom.properties HTTP/1.1" 404 28870 "-" "Go-http-client/1.1"
46.101.1.225 - - [14/Oct/2024:11:49:55 +0000] "GET /config.json HTTP/1.1" 404 28870 "-" "Go-http-client/1.1"
46.101.1.225 - - [14/Oct/2024:11:49:56 +0000] "GET /telescope/requests HTTP/1.1" 404 28870 "-" "Go-http-client/1.1"
46.101.1.225 - - [14/Oct/2024:11:49:57 +0000] "GET /?rest_route=/wp/v2/users/ HTTP/1.1" 200 1554 "-" "Go-http-client/1.1"
208.113.188.161 - - [14/Oct/2024:14:19:14 +0000] "GET /wp-json/wp/v2/users HTTP/1.1" 301 605 "-" "Mozilla/5.0 (Windows NT 6.1; Win64; x64) AppleWebKit/537.36 (KHTML, like Gecko) Chrome/60.0.3112.90 Safari/537.36"
146.190.157.162 - - [14/Oct/2024:14:19:15 +0000] "POST /wp-cron.php?doing_wp_cron=1728915555.2208030223846435546875 HTTP/1.1" 200 2868 "-" "WordPress/6.6.2; https://template-7.devuocloud.com"
208.113.188.161 - - [14/Oct/2024:14:19:14 +0000] "GET /wp-json/wp/v2/users HTTP/1.1" 200 3819 "-" "Mozilla/5.0 (Windows NT 6.1; Win64; x64) AppleWebKit/537.36 (KHTML, like Gecko) Chrome/60.0.3112.90 Safari/537.36"
51.159.18.207 - - [15/Oct/2024:01:18:34 +0000] "GET /wp-content/plugins/gutenkit-blocks-addon/assets/js/gsap-observer.js HTTP/1.1" 301 701 "-" "Mozilla/5.0 (Windows NT 10.0; Win64; x64) AppleWebKit/537.36 (KHTML, like Gecko) Chrome/124.0.0.0 Safari/537.36"
51.159.18.207 - - [15/Oct/2024:01:18:39 +0000] "GET /wp-content/plugins/gutenkit-blocks-addon/assets/js/gsap-observer.js HTTP/1.1" 404 31142 "-" "Mozilla/5.0 (Windows NT 10.0; Win64; x64) AppleWebKit/537.36 (KHTML, like Gecko) Chrome/124.0.0.0 Safari/537.36"
146.190.157.162 - - [15/Oct/2024:01:18:40 +0000] "POST /wp-cron.php?doing_wp_cron=1728955120.2083559036254882812500 HTTP/1.1" 200 2870 "-" "WordPress/6.6.2; https://template-7.devuocloud.com"
69.163.140.4 - - [15/Oct/2024:02:07:15 +0000] "POST /wp-head.php HTTP/1.1" 301 589 "-" "Mozilla/5.0 (Windows NT 6.0; Win64; x64) AppleWebKit/537.36 (KHTML, like Gecko) Chrome/65.0.3152.119 Safari/537.36"
146.190.157.162 - - [15/Oct/2024:02:07:16 +0000] "POST /wp-cron.php?doing_wp_cron=1728958036.2950510978698730468750 HTTP/1.1" 200 2869 "-" "WordPress/6.6.2; https://template-7.devuocloud.com"
69.163.140.4 - - [15/Oct/2024:02:07:15 +0000] "GET /wp-head.php HTTP/1.1" 404 31144 "-" "Mozilla/5.0 (Windows NT 6.0; Win64; x64) AppleWebKit/537.36 (KHTML, like Gecko) Chrome/65.0.3152.119 Safari/537.36"
69.163.140.4 - - [15/Oct/2024:02:12:31 +0000] "POST /wp-checkbex.php HTTP/1.1" 301 597 "-" "Mozilla/5.0 (Windows NT 6.0; Win64; x64) AppleWebKit/537.36 (KHTML, like Gecko) Chrome/65.0.3152.119 Safari/537.36"
69.163.140.4 - - [15/Oct/2024:02:12:31 +0000] "GET /wp-checkbex.php HTTP/1.1" 404 31142 "-" "Mozilla/5.0 (Windows NT 6.0; Win64; x64) AppleWebKit/537.36 (KHTML, like Gecko) Chrome/65.0.3152.119 Safari/537.36"
69.163.140.4 - - [15/Oct/2024:02:13:19 +0000] "POST /index.php HTTP/1.1" 301 585 "-" "Mozilla/5.0 (Windows NT 6.0; Win64; x64) AppleWebKit/537.36 (KHTML, like Gecko) Chrome/65.0.3152.119 Safari/537.36"
69.163.140.4 - - [15/Oct/2024:02:13:19 +0000] "GET /index.php HTTP/1.1" 301 2848 "-" "Mozilla/5.0 (Windows NT 6.0; Win64; x64) AppleWebKit/537.36 (KHTML, like Gecko) Chrome/65.0.3152.119 Safari/537.36"
69.163.140.4 - - [15/Oct/2024:02:13:20 +0000] "GET / HTTP/1.1" 200 53708 "-" "Mozilla/5.0 (Windows NT 6.0; Win64; x64) AppleWebKit/537.36 (KHTML, like Gecko) Chrome/65.0.3152.119 Safari/537.36"
35.202.223.168 - - [15/Oct/2024:02:46:10 +0000] "GET / HTTP/1.1" 301 604 "-" "Mozilla/5.0 (Macintosh; Intel Mac OS X 10_15_7) AppleWebKit/537.36 (KHTML, like Gecko) Chrome/127.0.0.0 Safari/537.36"
35.202.223.168 - - [15/Oct/2024:02:46:11 +0000] "GET / HTTP/1.1" 200 13228 "http://template-7.devuocloud.com/" "Mozilla/5.0 (Macintosh; Intel Mac OS X 10_15_7) AppleWebKit/537.36 (KHTML, like Gecko) Chrome/127.0.0.0 Safari/537.36"
35.202.223.168 - - [15/Oct/2024:02:46:11 +0000] "GET /app/ HTTP/1.1" 404 28602 "-" "Mozilla/5.0 (Macintosh; Intel Mac OS X 10_15_7) AppleWebKit/537.36 (KHTML, like Gecko) Chrome/127.0.0.0 Safari/537.36"
35.202.223.168 - - [15/Oct/2024:02:46:12 +0000] "GET /login/ HTTP/1.1" 302 3055 "-" "Mozilla/5.0 (Macintosh; Intel Mac OS X 10_15_7) AppleWebKit/537.36 (KHTML, like Gecko) Chrome/127.0.0.0 Safari/537.36"
35.202.223.168 - - [15/Oct/2024:02:46:12 +0000] "GET /wp-login.php HTTP/1.1" 200 2455 "https://template-7.devuocloud.com/login/" "Mozilla/5.0 (Macintosh; Intel Mac OS X 10_15_7) AppleWebKit/537.36 (KHTML, like Gecko) Chrome/127.0.0.0 Safari/537.36"
5.181.188.151 - - [15/Oct/2024:08:11:09 +0000] "GET /mah/function.php HTTP/1.1" 301 636 "-" "Mozlila/5.0 (Linux; Android 7.0; SM-G892A Bulid/NRD90M; wv) AppleWebKit/537.36 (KHTML, like Gecko) Version/4.0 Chrome/60.0.3112.107 Moblie Safari/537.36"
5.181.188.151 - - [15/Oct/2024:08:11:10 +0000] "GET /mah/function.php HTTP/1.1" 404 31194 "-" "Mozlila/5.0 (Linux; Android 7.0; SM-G892A Bulid/NRD90M; wv) AppleWebKit/537.36 (KHTML, like Gecko) Version/4.0 Chrome/60.0.3112.107 Moblie Safari/537.36"
5.181.188.151 - - [15/Oct/2024:08:11:12 +0000] "GET /about/function.php HTTP/1.1" 301 640 "-" "Mozlila/5.0 (Linux; Android 7.0; SM-G892A Bulid/NRD90M; wv) AppleWebKit/537.36 (KHTML, like Gecko) Version/4.0 Chrome/60.0.3112.107 Moblie Safari/537.36"
146.190.157.162 - - [15/Oct/2024:08:11:10 +0000] "POST /wp-cron.php?doing_wp_cron=1728979870.4988059997558593750000 HTTP/1.1" 200 2868 "-" "WordPress/6.6.2; https://template-7.devuocloud.com"
173.249.37.40 - - [15/Oct/2024:10:45:47 +0000] "GET /wp-login.php HTTP/1.1" 301 591 "-" "Mozilla/5.0 (X11; Ubuntu; Linux x86_64; rv:62.0) Gecko/20100101 Firefox/62.0"
173.249.37.40 - - [15/Oct/2024:10:45:47 +0000] "GET /wp-login.php HTTP/1.1" 200 4756 "http://template-7.devuocloud.com/wp-login.php" "Mozilla/5.0 (X11; Ubuntu; Linux x86_64; rv:62.0) Gecko/20100101 Firefox/62.0"
146.190.157.162 - - [15/Oct/2024:10:45:48 +0000] "POST /wp-cron.php?doing_wp_cron=1728989148.2507181167602539062500 HTTP/1.1" 200 2869 "-" "WordPress/6.6.2; https://template-7.devuocloud.com"
173.249.37.40 - - [15/Oct/2024:10:45:48 +0000] "GET ///?author=1 HTTP/1.1" 301 585 "-" "Mozilla/5.0 (X11; Ubuntu; Linux x86_64; rv:62.0) Gecko/20100101 Firefox/62.0"
173.249.37.40 - - [15/Oct/2024:10:45:49 +0000] "GET /?author=1 HTTP/1.1" 301 2638 "http://template-7.devuocloud.com///?author=1" "Mozilla/5.0 (X11; Ubuntu; Linux x86_64; rv:62.0) Gecko/20100101 Firefox/62.0"
173.249.37.40 - - [15/Oct/2024:10:45:50 +0000] "GET /author/ne-oil-uosolutions/ HTTP/1.1" 200 11171 "https://template-7.devuocloud.com/?author=1" "Mozilla/5.0 (X11; Ubuntu; Linux x86_64; rv:62.0) Gecko/20100101 Firefox/62.0"
173.249.37.40 - - [15/Oct/2024:10:45:51 +0000] "GET ///wp-json/wp/v2/users/ HTTP/1.1" 301 607 "-" "Mozilla/5.0 (X11; Ubuntu; Linux x86_64; rv:62.0) Gecko/20100101 Firefox/62.0"
173.249.37.40 - - [15/Oct/2024:10:45:51 +0000] "GET /wp-json/wp/v2/users/ HTTP/1.1" 200 3583 "http://template-7.devuocloud.com///wp-json/wp/v2/users/" "Mozilla/5.0 (X11; Ubuntu; Linux x86_64; rv:62.0) Gecko/20100101 Firefox/62.0"
173.249.37.40 - - [15/Oct/2024:10:45:52 +0000] "GET ///?author=2 HTTP/1.1" 301 585 "-" "Mozilla/5.0 (X11; Ubuntu; Linux x86_64; rv:62.0) Gecko/20100101 Firefox/62.0"
173.249.37.40 - - [15/Oct/2024:10:45:53 +0000] "GET /?author=2 HTTP/1.1" 404 30949 "http://template-7.devuocloud.com///?author=2" "Mozilla/5.0 (X11; Ubuntu; Linux x86_64; rv:62.0) Gecko/20100101 Firefox/62.0"
45.156.184.34 - - [15/Oct/2024:13:59:10 +0000] "GET /?author=31 HTTP/1.1" 301 587 "-" "Mozilla/5.0 (Windows NT 10.0; WOW64) AppleWebKit/537.36 (KHTML, like Gecko) Chrome/91.0.4472.114 Safari/537.36"
146.190.157.162 - - [15/Oct/2024:13:59:11 +0000] "POST /wp-cron.php?doing_wp_cron=1729000751.4606480598449707031250 HTTP/1.1" 200 2869 "-" "WordPress/6.6.2; https://template-7.devuocloud.com"
45.156.184.34 - - [15/Oct/2024:13:59:11 +0000] "GET /?author=31 HTTP/1.1" 404 31144 "-" "Mozilla/5.0 (Windows NT 10.0; WOW64) AppleWebKit/537.36 (KHTML, like Gecko) Chrome/91.0.4472.114 Safari/537.36"
154.26.129.199 - - [15/Oct/2024:13:59:12 +0000] "GET /?author=1 HTTP/1.1" 301 585 "-" "Mozilla/5.0 (Windows NT 10.0; Win64; x64; rv:67.0) Gecko/20100101 Firefox/67.0"
45.156.184.34 - - [15/Oct/2024:13:59:13 +0000] "GET /?author=32 HTTP/1.1" 404 31142 "-" "Mozilla/5.0 (Windows NT 10.0; WOW64) AppleWebKit/537.36 (KHTML, like Gecko) Chrome/91.0.4472.114 Safari/537.36"
154.26.129.199 - - [15/Oct/2024:13:59:13 +0000] "GET /?author=1 HTTP/1.1" 301 2874 "-" "Mozilla/5.0 (Windows NT 10.0; Win64; x64; rv:67.0) Gecko/20100101 Firefox/67.0"
45.156.184.34 - - [15/Oct/2024:13:59:14 +0000] "GET /?author=33 HTTP/1.1" 404 31143 "-" "Mozilla/5.0 (Windows NT 10.0; WOW64) AppleWebKit/537.36 (KHTML, like Gecko) Chrome/91.0.4472.114 Safari/537.36"
154.26.129.199 - - [15/Oct/2024:13:59:14 +0000] "GET /?author=2 HTTP/1.1" 404 31144 "-" "Mozilla/5.0 (Windows NT 10.0; Win64; x64; rv:67.0) Gecko/20100101 Firefox/67.0"
154.26.129.199 - - [15/Oct/2024:13:59:16 +0000] "GET /?author=3 HTTP/1.1" 404 31143 "-" "Mozilla/5.0 (Windows NT 10.0; Win64; x64; rv:67.0) Gecko/20100101 Firefox/67.0"
45.156.184.34 - - [15/Oct/2024:13:59:16 +0000] "GET /?author=34 HTTP/1.1" 404 31142 "-" "Mozilla/5.0 (Windows NT 10.0; WOW64) AppleWebKit/537.36 (KHTML, like Gecko) Chrome/91.0.4472.114 Safari/537.36"
54.67.71.114 - - [15/Oct/2024:13:59:17 +0000] "GET /?author=11 HTTP/1.1" 301 587 "-" "Mozilla/5.0 (Windows; U; Windows NT 5.1; en-US; rv:1.7.10) Gecko/20050716 Firefox/1.0.6"
45.156.184.34 - - [15/Oct/2024:13:59:17 +0000] "GET /?author=35 HTTP/1.1" 404 31144 "-" "Mozilla/5.0 (Windows NT 10.0; WOW64) AppleWebKit/537.36 (KHTML, like Gecko) Chrome/91.0.4472.114 Safari/537.36"
154.26.129.199 - - [15/Oct/2024:13:59:17 +0000] "GET /?author=4 HTTP/1.1" 404 31142 "-" "Mozilla/5.0 (Windows NT 10.0; Win64; x64; rv:67.0) Gecko/20100101 Firefox/67.0"
54.67.71.114 - - [15/Oct/2024:13:59:17 +0000] "GET /?author=11 HTTP/1.1" 404 17398 "-" "Mozilla/5.0 (Windows; U; Windows NT 5.1; en-US; rv:1.7.10) Gecko/20050716 Firefox/1.0.6"
54.67.71.114 - - [15/Oct/2024:13:59:18 +0000] "GET /?author=12 HTTP/1.1" 404 17398 "-" "Mozilla/5.0 (Windows; U; Windows NT 5.1; en-US; rv:1.7.10) Gecko/20050716 Firefox/1.0.6"
54.67.71.114 - - [15/Oct/2024:13:59:19 +0000] "GET /?author=13 HTTP/1.1" 404 17397 "-" "Mozilla/5.0 (Windows; U; Windows NT 5.1; en-US; rv:1.7.10) Gecko/20050716 Firefox/1.0.6"
45.156.184.34 - - [15/Oct/2024:13:59:19 +0000] "GET /?author=36 HTTP/1.1" 404 31143 "-" "Mozilla/5.0 (Windows NT 10.0; WOW64) AppleWebKit/537.36 (KHTML, like Gecko) Chrome/91.0.4472.114 Safari/537.36"
154.26.129.199 - - [15/Oct/2024:13:59:19 +0000] "GET /?author=5 HTTP/1.1" 404 31143 "-" "Mozilla/5.0 (Windows NT 10.0; Win64; x64; rv:67.0) Gecko/20100101 Firefox/67.0"
54.67.71.114 - - [15/Oct/2024:13:59:19 +0000] "GET /?author=14 HTTP/1.1" 404 17399 "-" "Mozilla/5.0 (Windows; U; Windows NT 5.1; en-US; rv:1.7.10) Gecko/20050716 Firefox/1.0.6"
54.67.71.114 - - [15/Oct/2024:13:59:20 +0000] "GET /?author=15 HTTP/1.1" 404 17398 "-" "Mozilla/5.0 (Windows; U; Windows NT 5.1; en-US; rv:1.7.10) Gecko/20050716 Firefox/1.0.6"
154.26.129.199 - - [15/Oct/2024:13:59:20 +0000] "GET /?author=6 HTTP/1.1" 404 31143 "-" "Mozilla/5.0 (Windows NT 10.0; Win64; x64; rv:67.0) Gecko/20100101 Firefox/67.0"
45.156.184.34 - - [15/Oct/2024:13:59:20 +0000] "GET /?author=37 HTTP/1.1" 404 31144 "-" "Mozilla/5.0 (Windows NT 10.0; WOW64) AppleWebKit/537.36 (KHTML, like Gecko) Chrome/91.0.4472.114 Safari/537.36"
54.67.71.114 - - [15/Oct/2024:13:59:21 +0000] "GET /?author=16 HTTP/1.1" 404 17398 "-" "Mozilla/5.0 (Windows; U; Windows NT 5.1; en-US; rv:1.7.10) Gecko/20050716 Firefox/1.0.6"
54.67.71.114 - - [15/Oct/2024:13:59:21 +0000] "GET /?author=17 HTTP/1.1" 404 17399 "-" "Mozilla/5.0 (Windows; U; Windows NT 5.1; en-US; rv:1.7.10) Gecko/20050716 Firefox/1.0.6"
154.26.129.199 - - [15/Oct/2024:13:59:22 +0000] "GET /?author=7 HTTP/1.1" 404 31143 "-" "Mozilla/5.0 (Windows NT 10.0; Win64; x64; rv:67.0) Gecko/20100101 Firefox/67.0"
54.67.71.114 - - [15/Oct/2024:13:59:22 +0000] "GET /?author=18 HTTP/1.1" 404 17399 "-" "Mozilla/5.0 (Windows; U; Windows NT 5.1; en-US; rv:1.7.10) Gecko/20050716 Firefox/1.0.6"
45.156.184.34 - - [15/Oct/2024:13:59:22 +0000] "GET /?author=38 HTTP/1.1" 404 31143 "-" "Mozilla/5.0 (Windows NT 10.0; WOW64) AppleWebKit/537.36 (KHTML, like Gecko) Chrome/91.0.4472.114 Safari/537.36"
54.67.71.114 - - [15/Oct/2024:13:59:23 +0000] "GET /?author=19 HTTP/1.1" 404 17398 "-" "Mozilla/5.0 (Windows; U; Windows NT 5.1; en-US; rv:1.7.10) Gecko/20050716 Firefox/1.0.6"
154.26.129.199 - - [15/Oct/2024:13:59:23 +0000] "GET /?author=8 HTTP/1.1" 404 31144 "-" "Mozilla/5.0 (Windows NT 10.0; Win64; x64; rv:67.0) Gecko/20100101 Firefox/67.0"
54.67.71.114 - - [15/Oct/2024:13:59:23 +0000] "GET /?author=20 HTTP/1.1" 404 17398 "-" "Mozilla/5.0 (Windows; U; Windows NT 5.1; en-US; rv:1.7.10) Gecko/20050716 Firefox/1.0.6"
45.156.184.34 - - [15/Oct/2024:13:59:24 +0000] "GET /?author=39 HTTP/1.1" 404 31144 "-" "Mozilla/5.0 (Windows NT 10.0; WOW64) AppleWebKit/537.36 (KHTML, like Gecko) Chrome/91.0.4472.114 Safari/537.36"
154.26.129.199 - - [15/Oct/2024:13:59:24 +0000] "GET /?author=9 HTTP/1.1" 404 31143 "-" "Mozilla/5.0 (Windows NT 10.0; Win64; x64; rv:67.0) Gecko/20100101 Firefox/67.0"
45.156.184.34 - - [15/Oct/2024:13:59:25 +0000] "GET /?author=40 HTTP/1.1" 404 31143 "-" "Mozilla/5.0 (Windows NT 10.0; WOW64) AppleWebKit/537.36 (KHTML, like Gecko) Chrome/91.0.4472.114 Safari/537.36"
154.26.129.199 - - [15/Oct/2024:13:59:26 +0000] "GET /?author=10 HTTP/1.1" 404 31144 "-" "Mozilla/5.0 (Windows NT 10.0; Win64; x64; rv:67.0) Gecko/20100101 Firefox/67.0"
199.108.99.54 - - [15/Oct/2024:13:59:27 +0000] "GET /?author=41 HTTP/1.1" 301 587 "-" "Mozilla/5.0 (X11; Ubuntu; Linux i686; rv:24.0) Gecko/20100101 Firefox/24.0"
220.158.232.220 - - [15/Oct/2024:13:59:27 +0000] "GET /?author=1 HTTP/1.1" 301 585 "-" "Mozilla/5.0 (Linux; Android 10; LM-Q710(FGN)) AppleWebKit/537.36 (KHTML, like Gecko) Chrome/91.0.4472.114 Mobile Safari/537.36"
199.108.99.54 - - [15/Oct/2024:13:59:27 +0000] "GET /?author=41 HTTP/1.1" 404 17370 "-" "Mozilla/5.0 (X11; Ubuntu; Linux i686; rv:24.0) Gecko/20100101 Firefox/24.0"
199.108.99.54 - - [15/Oct/2024:13:59:28 +0000] "GET /?author=42 HTTP/1.1" 404 17368 "-" "Mozilla/5.0 (X11; Ubuntu; Linux i686; rv:24.0) Gecko/20100101 Firefox/24.0"
220.158.232.220 - - [15/Oct/2024:13:59:28 +0000] "GET /?author=1 HTTP/1.1" 301 2672 "-" "Mozilla/5.0 (Linux; Android 10; LM-Q710(FGN)) AppleWebKit/537.36 (KHTML, like Gecko) Chrome/91.0.4472.114 Mobile Safari/537.36"
199.108.99.54 - - [15/Oct/2024:13:59:29 +0000] "GET /?author=43 HTTP/1.1" 404 17370 "-" "Mozilla/5.0 (X11; Ubuntu; Linux i686; rv:24.0) Gecko/20100101 Firefox/24.0"
220.158.232.220 - - [15/Oct/2024:13:59:30 +0000] "GET /?author=2 HTTP/1.1" 404 30980 "-" "Mozilla/5.0 (Linux; Android 10; LM-Q710(FGN)) AppleWebKit/537.36 (KHTML, like Gecko) Chrome/91.0.4472.114 Mobile Safari/537.36"
199.108.99.54 - - [15/Oct/2024:13:59:30 +0000] "GET /?author=44 HTTP/1.1" 404 17369 "-" "Mozilla/5.0 (X11; Ubuntu; Linux i686; rv:24.0) Gecko/20100101 Firefox/24.0"
199.108.99.54 - - [15/Oct/2024:13:59:31 +0000] "GET /?author=45 HTTP/1.1" 404 17368 "-" "Mozilla/5.0 (X11; Ubuntu; Linux i686; rv:24.0) Gecko/20100101 Firefox/24.0"
