205.210.31.222 - - [06/Sep/2024:08:56:41 +0000] "GET / HTTP/1.1" 301 548 "-" "Expanse, a Palo Alto Networks company, searches across the global IPv4 space multiple times per day to identify customers' presences on the Internet. If you would like to be excluded from our scans, please send IP addresses/domains to: scaninfo@paloaltonetworks.com"
103.146.177.127 - - [06/Sep/2024:10:48:06 +0000] "POST /xmlrpc.php HTTP/1.1" 200 2987 "-" "Mozilla/5.0 (Windows NT 6.1; Win64; x64) AppleWebKit/537.36 (KHTML, like Gecko) Chrome/74.0.3729.169 Safari/537.36"
146.190.157.162 - - [06/Sep/2024:10:48:07 +0000] "POST /wp-cron.php?doing_wp_cron=1725619687.2445039749145507812500 HTTP/1.1" 200 2869 "-" "WordPress/6.6.1; https://template-7.devuocloud.com"
156.239.199.92 - - [06/Sep/2024:10:48:17 +0000] "POST /xmlrpc.php HTTP/1.1" 200 2986 "-" "Mozilla/5.0 (Windows NT 10.0; Win64; x64) AppleWebKit/537.36 (KHTML, like Gecko) Chrome/80.0.3987.132 Safari/537.36"
8.218.72.170 - - [06/Sep/2024:10:48:29 +0000] "POST /xmlrpc.php HTTP/1.1" 200 2987 "-" "Mozilla/5.0 (Windows NT 10.0; Win64; x64) AppleWebKit/537.36 (KHTML, like Gecko) Chrome/79.0.3945.88 Safari/537.36"
195.35.2.171 - - [06/Sep/2024:10:48:31 +0000] "POST /xmlrpc.php HTTP/1.1" 200 3187 "-" "Mozilla/5.0 (Windows NT 10.0; Win64; x64) AppleWebKit/537.36 (KHTML, like Gecko) Chrome/83.0.4103.116 Safari/537.36"
82.100.220.41 - - [06/Sep/2024:10:48:35 +0000] "POST /xmlrpc.php HTTP/1.1" 200 3188 "-" "Mozilla/5.0 (Windows NT 10.0; Win64; x64) AppleWebKit/537.36 (KHTML, like Gecko) Chrome/85.0.4183.121 Safari/537.36"
212.99.250.6 - - [06/Sep/2024:10:48:39 +0000] "POST /xmlrpc.php HTTP/1.1" 200 3187 "-" "Mozilla/5.0 (Windows NT 10.0; Win64; x64) AppleWebKit/537.36 (KHTML, like Gecko) Chrome/74.0.3729.131 Safari/537.36"
129.146.35.245 - - [06/Sep/2024:10:48:44 +0000] "POST /xmlrpc.php HTTP/1.1" 200 2985 "-" "Mozilla/5.0 (Windows NT 10.0; Win64; x64) AppleWebKit/537.36 (KHTML, like Gecko) Chrome/90.0.4430.212 Safari/537.36"
5.188.118.241 - - [06/Sep/2024:10:48:52 +0000] "POST /xmlrpc.php HTTP/1.1" 200 3189 "-" "Mozilla/5.0 (Linux; Android 10; LM-Q710(FGN)) AppleWebKit/537.36 (KHTML, like Gecko) Chrome/91.0.4472.114 Mobile Safari/537.36"
185.200.240.65 - - [06/Sep/2024:10:49:02 +0000] "POST /xmlrpc.php HTTP/1.1" 200 3187 "-" "Mozilla/5.0 (Windows NT 10.0; Win64; x64; rv:59.0) Gecko/20100101 Firefox/59.0"
45.129.35.143 - - [06/Sep/2024:11:37:42 +0000] "GET / HTTP/1.1" 301 548 "-" "Go-http-client/1.1"
146.190.157.162 - - [06/Sep/2024:11:37:43 +0000] "POST /wp-cron.php?doing_wp_cron=1725622663.6934199333190917968750 HTTP/1.1" 200 2869 "-" "WordPress/6.6.1; https://template-7.devuocloud.com"
45.129.35.143 - - [06/Sep/2024:11:37:43 +0000] "GET / HTTP/1.1" 200 13152 "http://template-7.devuocloud.com:80" "Go-http-client/1.1"
45.129.35.143 - - [06/Sep/2024:11:37:50 +0000] "GET / HTTP/1.1" 301 2812 "-" "Go-http-client/1.1"
45.129.35.143 - - [06/Sep/2024:11:37:51 +0000] "GET / HTTP/1.1" 200 10595 "https://template-7.devuocloud.com:443" "Go-http-client/1.1"
146.190.157.162 - - [06/Sep/2024:12:10:10 +0000] "POST /wp-cron.php?doing_wp_cron=1725624610.2470450401306152343750 HTTP/1.1" 200 2869 "-" "WordPress/6.6.1; https://template-7.devuocloud.com"
111.7.106.106 - - [06/Sep/2024:12:10:09 +0000] "GET / HTTP/1.1" 200 13153 "-" "Mozilla/5.0 (Macintosh; Intel Mac OS X 10_15_7) AppleWebKit/537.36 (KHTML, like Gecko) Chrome/96.0.4664.110 Safari/537.36"
111.7.106.106 - - [06/Sep/2024:12:10:11 +0000] "GET /favicon.ico HTTP/1.1" 302 2922 "-" "Mozilla/5.0 (Macintosh; Intel Mac OS X 10_15_7) AppleWebKit/537.36 (KHTML, like Gecko) Chrome/96.0.4664.110 Safari/537.36"
111.7.106.107 - - [06/Sep/2024:12:10:12 +0000] "GET /wp-includes/images/w-logo-blue-white-bg.png HTTP/1.1" 200 6928 "https://template-7.devuocloud.com/favicon.ico" "Mozilla/5.0 (Macintosh; Intel Mac OS X 10_15_7) AppleWebKit/537.36 (KHTML, like Gecko) Chrome/96.0.4664.110 Safari/537.36"
146.190.157.162 - - [06/Sep/2024:13:42:54 +0000] "POST /wp-cron.php?doing_wp_cron=1725630174.7534849643707275390625 HTTP/1.1" 200 2869 "-" "WordPress/6.6.1; https://template-7.devuocloud.com"
91.134.248.235 - - [06/Sep/2024:13:42:54 +0000] "POST /xmlrpc.php HTTP/1.1" 200 3187 "-" "Mozilla/5.0 (Windows NT 6.1; WOW64; rv:40.0) Gecko/20100101 Firefox/40.1"
185.107.90.29 - - [06/Sep/2024:13:42:55 +0000] "POST /xmlrpc.php HTTP/1.1" 200 2986 "-" "Mozilla/5.0 (Windows NT 6.1; Win64; x64) AppleWebKit/537.36 (KHTML, like Gecko) Chrome/60.0.3112.90 Safari/537.36"
207.180.228.139 - - [06/Sep/2024:13:43:16 +0000] "POST /xmlrpc.php HTTP/1.1" 200 3188 "-" "Mozilla/5.0 (Windows; U; Windows NT 5.1; en-US; rv:1.7.12) Gecko/20050915 Firefox/1.0.7"
207.180.228.139 - - [06/Sep/2024:13:43:23 +0000] "POST /xmlrpc.php HTTP/1.1" 200 3188 "-" "Mozilla/5.0 (Windows NT 10.0; Win64; x64) AppleWebKit/537.36 (KHTML, like Gecko) Chrome/91.0.4472.114 Safari/537.36"
195.35.2.171 - - [06/Sep/2024:13:43:23 +0000] "POST /xmlrpc.php HTTP/1.1" 200 3189 "-" "Mozilla/5.0 (Windows NT 10.0; Win64; x64) AppleWebKit/537.36 (KHTML, like Gecko) Chrome/84.0.4147.135 Safari/537.36"
65.109.179.42 - - [06/Sep/2024:13:43:24 +0000] "POST /xmlrpc.php HTTP/1.1" 200 3189 "-" "Mozilla/5.0 (Windows NT 10.0; Win64; x64) AppleWebKit/537.36 (KHTML, like Gecko) Chrome/86.0.4240.198 Safari/537.36"
94.46.169.43 - - [06/Sep/2024:13:43:29 +0000] "POST /xmlrpc.php HTTP/1.1" 200 3189 "-" "Mozilla/5.0 (Windows NT 10.0; Win64; x64) AppleWebKit/537.36 (KHTML, like Gecko) Chrome/88.0.4324.190 Safari/537.36"
203.161.35.97 - - [06/Sep/2024:13:43:31 +0000] "POST /xmlrpc.php HTTP/1.1" 200 3188 "-" "Mozilla/5.0 (Windows NT 6.2; Win64; x64) AppleWebKit/537.36 (KHTML, like Gecko) Chrome/60.0.3112.90 Safari/537.36"
207.180.228.139 - - [06/Sep/2024:13:43:32 +0000] "POST /xmlrpc.php HTTP/1.1" 200 3188 "-" "Mozilla/5.0 (Windows NT 6.1; Win64; x64; rv:57.0) Gecko/20100101 Firefox/57.0"
136.243.104.52 - - [06/Sep/2024:13:43:33 +0000] "POST /xmlrpc.php HTTP/1.1" 200 3189 "-" "Mozilla/5.0 (Windows NT 10.0; Win64; x64) AppleWebKit/537.36 (KHTML, like Gecko) Chrome/88.0.4324.104 Safari/537.36"
146.190.157.162 - - [06/Sep/2024:14:55:11 +0000] "POST /wp-cron.php?doing_wp_cron=1725634511.2965819835662841796875 HTTP/1.1" 200 2869 "-" "WordPress/6.6.1; https://template-7.devuocloud.com"
206.189.2.13 - - [06/Sep/2024:14:55:10 +0000] "GET / HTTP/1.1" 200 2557 "-" "-"
206.189.2.13 - - [06/Sep/2024:14:55:12 +0000] "GET / HTTP/1.1" 200 53690 "-" "Mozilla/5.0 (Linux; Android 6.0; HTC One M9 Build/MRA969164) AppleWebKit/537.36 (KHTML, like Gecko) Chrome/52.0.2461.98 Mobile Safari/537.3"
206.189.2.13 - - [06/Sep/2024:14:55:13 +0000] "GET /server HTTP/1.1" 404 31119 "-" "Go-http-client/1.1"
206.189.2.13 - - [06/Sep/2024:14:55:15 +0000] "GET /.vscode/sftp.json HTTP/1.1" 404 28870 "-" "Go-http-client/1.1"
206.189.2.13 - - [06/Sep/2024:14:55:16 +0000] "GET /about HTTP/1.1" 404 28870 "-" "Go-http-client/1.1"
206.189.2.13 - - [06/Sep/2024:14:55:17 +0000] "GET /debug/default/view?panel=config HTTP/1.1" 404 28870 "-" "Go-http-client/1.1"
206.189.2.13 - - [06/Sep/2024:14:55:19 +0000] "GET /v2/_catalog HTTP/1.1" 404 28870 "-" "Go-http-client/1.1"
206.189.2.13 - - [06/Sep/2024:14:55:20 +0000] "GET /ecp/Current/exporttool/microsoft.exchange.ediscovery.exporttool.application HTTP/1.1" 404 28870 "-" "Go-http-client/1.1"
206.189.2.13 - - [06/Sep/2024:14:55:21 +0000] "GET /server-status HTTP/1.1" 403 801 "-" "Go-http-client/1.1"
206.189.2.13 - - [06/Sep/2024:14:55:22 +0000] "GET /login.action HTTP/1.1" 404 28870 "-" "Go-http-client/1.1"
206.189.2.13 - - [06/Sep/2024:14:55:23 +0000] "GET /_all_dbs HTTP/1.1" 404 28870 "-" "Mozilla/5.0 (l9scan/2.0.236313e2735313e2039313e2634313; +https://leakix.net)"
206.189.2.13 - - [06/Sep/2024:14:55:24 +0000] "GET /.DS_Store HTTP/1.1" 404 28870 "-" "Go-http-client/1.1"
206.189.2.13 - - [06/Sep/2024:14:55:25 +0000] "GET /.env HTTP/1.1" 404 28870 "-" "Go-http-client/1.1"
206.189.2.13 - - [06/Sep/2024:14:55:27 +0000] "GET /.git/config HTTP/1.1" 404 28870 "-" "Go-http-client/1.1"
206.189.2.13 - - [06/Sep/2024:14:55:28 +0000] "GET /s/236313e2735313e2039313e2634313/_/;/META-INF/maven/com.atlassian.jira/jira-webapp-dist/pom.properties HTTP/1.1" 404 28870 "-" "Go-http-client/1.1"
206.189.2.13 - - [06/Sep/2024:14:55:29 +0000] "GET /config.json HTTP/1.1" 404 28870 "-" "Go-http-client/1.1"
206.189.2.13 - - [06/Sep/2024:14:55:30 +0000] "GET /telescope/requests HTTP/1.1" 404 28870 "-" "Go-http-client/1.1"
206.189.2.13 - - [06/Sep/2024:14:55:31 +0000] "GET /?rest_route=/wp/v2/users/ HTTP/1.1" 200 1554 "-" "Go-http-client/1.1"
144.126.201.57 - - [06/Sep/2024:15:57:54 +0000] "POST /xmlrpc.php HTTP/1.1" 200 3186 "-" "Mozilla/5.0 (iPad; CPU OS 14_6 like Mac OS X) AppleWebKit/605.1.15 (KHTML, like Gecko) CriOS/91.0.4472.80 Mobile/15E148 Safari/604.1"
43.241.72.55 - - [06/Sep/2024:15:57:54 +0000] "POST /xmlrpc.php HTTP/1.1" 200 2987 "-" "Mozilla/5.0 (Windows NT 10.0; Win64; x64) AppleWebKit/537.36 (KHTML, like Gecko) Chrome/90.0.4430.93 Safari/537.36"
146.190.157.162 - - [06/Sep/2024:15:57:54 +0000] "POST /wp-cron.php?doing_wp_cron=1725638274.6879870891571044921875 HTTP/1.1" 200 2869 "-" "WordPress/6.6.1; https://template-7.devuocloud.com"
109.237.132.8 - - [06/Sep/2024:15:58:00 +0000] "POST /xmlrpc.php HTTP/1.1" 200 2985 "-" "Mozilla/5.0 (Windows NT 6.1; WOW64; rv:41.0) Gecko/20100101 Firefox/41.0"
13.85.15.194 - - [06/Sep/2024:15:58:03 +0000] "POST /xmlrpc.php HTTP/1.1" 200 3187 "-" "Mozilla/5.0 (Windows NT 10.0; Win64; x64) AppleWebKit/537.36 (KHTML, like Gecko) Chrome/81.0.4044.138 Safari/537.36"
52.242.231.163 - - [06/Sep/2024:15:58:04 +0000] "POST /xmlrpc.php HTTP/1.1" 200 3189 "-" "Mozilla/5.0 (Windows NT 10.0; Win64; x64) AppleWebKit/537.36 (KHTML, like Gecko) Chrome/74.0.3729.169 Safari/537.36"
103.116.9.169 - - [06/Sep/2024:15:58:06 +0000] "POST /xmlrpc.php HTTP/1.1" 200 2985 "-" "Mozilla/5.0 (Windows NT 6.1; Win64; x64; rv:61.0) Gecko/20100101 Firefox/61.0"
103.148.57.238 - - [06/Sep/2024:15:58:07 +0000] "POST /xmlrpc.php HTTP/1.1" 200 3189 "-" "Mozilla/5.0 (Windows NT 6.1; Win64; x64; rv:25.0) Gecko/20100101 Firefox/29.0"
45.40.133.116 - - [06/Sep/2024:15:58:08 +0000] "POST /xmlrpc.php HTTP/1.1" 200 3187 "-" "Mozilla/5.0 (Windows NT 10.0; Win64; x64) AppleWebKit/537.36 (KHTML, like Gecko) Chrome/60.0.3112.113 Safari/537.36"
103.159.51.186 - - [06/Sep/2024:15:58:09 +0000] "POST /xmlrpc.php HTTP/1.1" 200 2987 "-" "Mozilla/5.0 (Windows NT 6.1; WOW64; rv:42.0) Gecko/20100101 Firefox/42.0"
89.107.186.160 - - [06/Sep/2024:15:58:12 +0000] "POST /xmlrpc.php HTTP/1.1" 200 3189 "-" "Mozilla/5.0 (Linux; Android 10; LM-Q720) AppleWebKit/537.36 (KHTML, like Gecko) Chrome/91.0.4472.114 Mobile Safari/537.36"
165.227.191.202 - - [06/Sep/2024:15:58:14 +0000] "POST /xmlrpc.php HTTP/1.1" 200 3188 "-" "Mozilla/5.0 (Windows NT 5.1; rv:30.0) Gecko/20100101 Firefox/30.0"
156.239.199.92 - - [06/Sep/2024:15:58:21 +0000] "POST /xmlrpc.php HTTP/1.1" 200 2986 "-" "Mozilla/5.0 (Windows NT 6.1; Win64; x64) AppleWebKit/537.36 (KHTML, like Gecko) Chrome/63.0.3239.132 Safari/537.36"
103.146.177.127 - - [06/Sep/2024:15:58:28 +0000] "POST /xmlrpc.php HTTP/1.1" 200 2986 "-" "Mozilla/5.0 (Windows NT 10.0; WOW64; rv:52.0) Gecko/20100101 Firefox/52.0"
43.241.72.55 - - [06/Sep/2024:15:58:30 +0000] "POST /xmlrpc.php HTTP/1.1" 200 2985 "-" "Mozilla/5.0 (Windows NT 10.0; Win64; x64) AppleWebKit/537.36 (KHTML, like Gecko) Chrome/81.0.4044.138 Safari/537.36"
109.237.132.8 - - [06/Sep/2024:15:58:32 +0000] "POST /xmlrpc.php HTTP/1.1" 200 2987 "-" "Mozilla/5.0 (Windows NT 10.0; Win64; x64) AppleWebKit/537.36 (KHTML, like Gecko) Chrome/85.0.4183.121 Safari/537.36"
148.239.220.101 - - [06/Sep/2024:15:58:33 +0000] "POST /xmlrpc.php HTTP/1.1" 200 2987 "-" "Mozilla/5.0 (Windows NT 6.1; WOW64; rv:41.0) Gecko/20100101 Firefox/41.0"
43.241.72.55 - - [06/Sep/2024:15:58:40 +0000] "POST /xmlrpc.php HTTP/1.1" 200 2985 "-" "Mozilla/5.0 (Linux; Android 10; SM-A205U) AppleWebKit/537.36 (KHTML, like Gecko) Chrome/91.0.4472.114 Mobile Safari/537.36"
146.190.157.162 - - [06/Sep/2024:17:59:18 +0000] "POST /wp-cron.php?doing_wp_cron=1725645558.1117320060729980468750 HTTP/1.1" 200 2869 "-" "WordPress/6.6.1; https://template-7.devuocloud.com"
176.9.109.10 - - [06/Sep/2024:17:59:17 +0000] "POST /xmlrpc.php HTTP/1.1" 200 3188 "-" "Mozilla/5.0 (Windows NT 10.0; Win64; x64) AppleWebKit/537.36 (KHTML, like Gecko) Chrome/74.0.3729.157 Safari/537.36"
164.90.154.67 - - [06/Sep/2024:17:59:18 +0000] "POST /xmlrpc.php HTTP/1.1" 200 3189 "-" "Mozilla/5.0 (Linux; Android 10; LM-Q710(FGN)) AppleWebKit/537.36 (KHTML, like Gecko) Chrome/91.0.4472.114 Mobile Safari/537.36"
206.189.99.207 - - [06/Sep/2024:17:59:19 +0000] "POST /xmlrpc.php HTTP/1.1" 200 3189 "-" "Mozilla/5.0 (Windows NT 5.1; rv:30.0) Gecko/20100101 Firefox/30.0"
103.152.227.143 - - [06/Sep/2024:17:59:21 +0000] "POST /xmlrpc.php HTTP/1.1" 200 2987 "-" "Mozilla/5.0 (Windows NT 10.0; Win64; x64) AppleWebKit/537.36 (KHTML, like Gecko) Chrome/80.0.3987.132 Safari/537.36"
178.18.243.103 - - [06/Sep/2024:17:59:23 +0000] "POST /xmlrpc.php HTTP/1.1" 200 2985 "-" "Mozilla/5.0 (Windows NT 6.1; WOW64; rv:54.0) Gecko/20100101 Firefox/54.0"
178.18.243.103 - - [06/Sep/2024:17:59:23 +0000] "POST /xmlrpc.php HTTP/1.1" 200 2986 "-" "Mozilla/5.0 (Windows NT 6.1; WOW64; rv:17.0) Gecko/20100101 Firefox/17.0"
15.204.86.133 - - [06/Sep/2024:17:59:26 +0000] "POST /xmlrpc.php HTTP/1.1" 200 3187 "-" "Mozilla/5.0 (Windows NT 5.1; rv:7.0.1) Gecko/20100101 Firefox/7.0.1"
185.107.90.29 - - [06/Sep/2024:17:59:27 +0000] "POST /xmlrpc.php HTTP/1.1" 200 2985 "-" "Mozilla/5.0 (Windows NT 10.0; Win64; x64; rv:85.0) Gecko/20100101 Firefox/85.0"
165.227.191.202 - - [06/Sep/2024:17:59:30 +0000] "POST /xmlrpc.php HTTP/1.1" 200 3187 "-" "Mozilla/5.0 (Windows; U; Windows NT 5.1; en-US; rv:1.7.10) Gecko/20050716 Firefox/1.0.6"
51.145.159.13 - - [06/Sep/2024:17:59:41 +0000] "POST /xmlrpc.php HTTP/1.1" 200 2956 "-" "Mozilla/5.0 (Windows NT 6.1; Win64; x64) AppleWebKit/537.36 (KHTML, like Gecko) Chrome/74.0.3729.169 Safari/537.36"
198.20.127.169 - - [06/Sep/2024:17:59:43 +0000] "POST /xmlrpc.php HTTP/1.1" 200 3189 "-" "Mozilla/5.0 (Windows NT 6.3; Win64; x64) AppleWebKit/537.36 (KHTML, like Gecko) Chrome/60.0.3112.113 Safari/537.36"
146.190.157.162 - - [06/Sep/2024:20:57:04 +0000] "POST /wp-cron.php?doing_wp_cron=1725656224.7568020820617675781250 HTTP/1.1" 200 2870 "-" "WordPress/6.6.1; https://template-7.devuocloud.com"
198.54.114.95 - - [06/Sep/2024:20:57:04 +0000] "POST /xmlrpc.php HTTP/1.1" 200 3187 "-" "Mozilla/5.0 (Windows NT 10.0; Win64; x64) AppleWebKit/537.36 (KHTML, like Gecko) Chrome/64.0.3282.186 Safari/537.36"
51.145.159.13 - - [06/Sep/2024:20:57:04 +0000] "POST /xmlrpc.php HTTP/1.1" 200 2958 "-" "Mozilla/5.0 (Windows NT 6.1; Win64; x64) AppleWebKit/537.36 (KHTML, like Gecko) Chrome/69.0.3497.100 Safari/537.36"
103.120.176.15 - - [06/Sep/2024:20:57:07 +0000] "POST /xmlrpc.php HTTP/1.1" 200 2986 "-" "Mozilla/5.0 (Windows NT 6.1) AppleWebKit/537.36 (KHTML, like Gecko) Chrome/56.0.2924.76 Safari/537.36"
185.182.56.181 - - [06/Sep/2024:20:57:16 +0000] "POST /xmlrpc.php HTTP/1.1" 200 3189 "-" "Mozilla/5.0 (Windows NT 6.1; Win64; x64) AppleWebKit/537.36 (KHTML, like Gecko) Chrome/79.0.3945.88 Safari/537.36"
47.88.2.231 - - [06/Sep/2024:20:57:17 +0000] "POST /xmlrpc.php HTTP/1.1" 200 2987 "-" "Mozilla/5.0 (Windows NT 10.0; Win64; x64) AppleWebKit/537.36 (KHTML, like Gecko) Chrome/83.0.4103.116 Safari/537.36"
103.179.243.222 - - [06/Sep/2024:20:57:23 +0000] "POST /xmlrpc.php HTTP/1.1" 200 2986 "-" "Mozilla/5.0 (Windows NT 6.1; WOW64; rv:17.0) Gecko/20100101 Firefox/17.0"
103.47.135.71 - - [06/Sep/2024:20:57:26 +0000] "POST /xmlrpc.php HTTP/1.1" 200 3187 "-" "Mozilla/5.0 (Windows NT 6.1; WOW64; rv:38.0) Gecko/20100101 Firefox/38.0"
146.190.157.162 - - [06/Sep/2024:23:43:11 +0000] "POST /wp-cron.php?doing_wp_cron=1725666191.7401349544525146484375 HTTP/1.1" 200 2869 "-" "WordPress/6.6.1; https://template-7.devuocloud.com"
185.107.90.29 - - [06/Sep/2024:23:43:11 +0000] "POST /xmlrpc.php HTTP/1.1" 200 2985 "-" "Mozilla/5.0 (Windows NT 10.0; Win64; x64) AppleWebKit/537.36 (KHTML, like Gecko) Chrome/84.0.4147.105 Safari/537.36"
217.196.160.115 - - [06/Sep/2024:23:43:14 +0000] "POST /xmlrpc.php HTTP/1.1" 200 2987 "-" "Mozilla/5.0 (Windows NT 10.0; Win64; x64) AppleWebKit/537.36 (KHTML, like Gecko) Chrome/89.0.4389.90 Safari/537.36"
101.43.154.88 - - [06/Sep/2024:23:43:15 +0000] "POST /xmlrpc.php HTTP/1.1" 200 2985 "-" "Mozilla/5.0 (iPad; CPU OS 14_6 like Mac OS X) AppleWebKit/605.1.15 (KHTML, like Gecko) CriOS/91.0.4472.80 Mobile/15E148 Safari/604.1"
163.172.107.233 - - [06/Sep/2024:23:43:18 +0000] "POST /xmlrpc.php HTTP/1.1" 200 2987 "-" "Mozilla/5.0 (Windows NT 10.0) AppleWebKit/537.36 (KHTML, like Gecko) Chrome/72.0.3626.121 Safari/537.36"
54.36.174.111 - - [06/Sep/2024:23:43:36 +0000] "POST /xmlrpc.php HTTP/1.1" 200 3188 "-" "Mozilla/5.0 (Windows NT 10.0; Win64; x64) AppleWebKit/537.36 (KHTML, like Gecko) Chrome/79.0.3945.88 Safari/537.36"
129.146.35.245 - - [06/Sep/2024:23:43:37 +0000] "POST /xmlrpc.php HTTP/1.1" 200 2987 "-" "Mozilla/5.0 (Windows NT 10.0; Win64; x64) AppleWebKit/537.36 (KHTML, like Gecko) Chrome/57.0.2987.133 Safari/537.36"
185.107.90.29 - - [06/Sep/2024:23:43:40 +0000] "POST /xmlrpc.php HTTP/1.1" 200 2987 "-" "Mozilla/5.0 (Linux; Android 10; SM-A102U) AppleWebKit/537.36 (KHTML, like Gecko) Chrome/91.0.4472.114 Mobile Safari/537.36"
185.107.90.29 - - [06/Sep/2024:23:43:41 +0000] "POST /xmlrpc.php HTTP/1.1" 200 2985 "-" "Mozilla/5.0 (X11; Linux x86_64) AppleWebKit/537.36 (KHTML, like Gecko) Chrome/44.0.2403.157 Safari/537.36"
198.54.114.36 - - [06/Sep/2024:23:43:43 +0000] "POST /xmlrpc.php HTTP/1.1" 200 3188 "-" "Mozilla/5.0 (Linux; Android 10; SM-G960U) AppleWebKit/537.36 (KHTML, like Gecko) Chrome/91.0.4472.114 Mobile Safari/537.36"
82.100.220.41 - - [06/Sep/2024:23:43:45 +0000] "POST /xmlrpc.php HTTP/1.1" 200 3188 "-" "Mozilla/5.0 (Windows NT 10.0; Win64; x64) AppleWebKit/537.36 (KHTML, like Gecko) Chrome/69.0.3497.100 Safari/537.36"
5.101.157.166 - - [06/Sep/2024:23:43:51 +0000] "POST /xmlrpc.php HTTP/1.1" 200 3189 "-" "Mozilla/5.0 (Windows NT 10.0; WOW64; rv:52.0) Gecko/20100101 Firefox/52.0"
47.88.2.231 - - [06/Sep/2024:23:43:59 +0000] "POST /xmlrpc.php HTTP/1.1" 200 2986 "-" "Mozilla/5.0 (Windows NT 10.0; Win64; x64) AppleWebKit/537.36 (KHTML, like Gecko) Chrome/80.0.3987.132 Safari/537.36"
198.54.126.68 - - [06/Sep/2024:23:44:04 +0000] "POST /xmlrpc.php HTTP/1.1" 200 3188 "-" "Mozilla/5.0 (Linux; Android 10) AppleWebKit/537.36 (KHTML, like Gecko) Chrome/91.0.4472.114 Mobile Safari/537.36"
146.190.157.162 - - [07/Sep/2024:00:12:50 +0000] "POST /wp-cron.php?doing_wp_cron=1725667970.6712279319763183593750 HTTP/1.1" 200 2869 "-" "WordPress/6.6.1; https://template-7.devuocloud.com"
54.88.179.33 - - [07/Sep/2024:00:12:49 +0000] "GET / HTTP/1.1" 200 53704 "-" "Mozilla/5.0 \\(Windows NT 10.0\\; Win64\\; x64\\) AppleWebKit/537.36 \\(KHTML, like Gecko\\) Chrome/100.0.4896.60 Safari/537.36"
54.88.179.33 - - [07/Sep/2024:00:12:51 +0000] "GET / HTTP/1.1" 301 548 "-" "Mozilla/5.0 \\(Windows NT 10.0\\; Win64\\; x64\\) AppleWebKit/537.36 \\(KHTML, like Gecko\\) Chrome/100.0.4896.60 Safari/537.36"
54.88.179.33 - - [07/Sep/2024:00:12:51 +0000] "GET / HTTP/1.1" 200 51116 "-" "Mozilla/5.0 \\(Windows NT 10.0\\; Win64\\; x64\\) AppleWebKit/537.36 \\(KHTML, like Gecko\\) Chrome/100.0.4896.60 Safari/537.36"
146.190.157.162 - - [07/Sep/2024:02:15:40 +0000] "POST /wp-cron.php?doing_wp_cron=1725675340.2476909160614013671875 HTTP/1.1" 200 2869 "-" "WordPress/6.6.1; https://template-7.devuocloud.com"
207.180.228.139 - - [07/Sep/2024:02:15:40 +0000] "POST /xmlrpc.php HTTP/1.1" 200 3188 "-" "Mozilla/5.0 (Windows NT 10.0; Win64; x64) AppleWebKit/537.36 (KHTML, like Gecko) Chrome/64.0.3282.186 Safari/537.36"
5.199.138.121 - - [07/Sep/2024:02:15:42 +0000] "POST /xmlrpc.php HTTP/1.1" 200 3189 "-" "Mozilla/5.0 (Windows; U; Windows NT 5.1; en-US; rv:1.7.5) Gecko/20041107 Firefox/1.0"
68.178.224.83 - - [07/Sep/2024:02:15:47 +0000] "POST /xmlrpc.php HTTP/1.1" 200 3189 "-" "Mozilla/5.0 (Windows NT 6.1; WOW64; rv:43.0) Gecko/20100101 Firefox/43.0"
103.47.135.69 - - [07/Sep/2024:02:15:55 +0000] "POST /xmlrpc.php HTTP/1.1" 200 3188 "-" "Mozilla/5.0 (Windows NT 10.0; Win64; x64; rv:61.0) Gecko/20100101 Firefox/61.0"
66.29.147.9 - - [07/Sep/2024:02:15:57 +0000] "POST /xmlrpc.php HTTP/1.1" 200 3188 "-" "Mozilla/5.0 (Windows NT 10.0; Win64; x64) AppleWebKit/537.36 (KHTML, like Gecko) Chrome/80.0.3987.149 Safari/537.36"
5.199.138.121 - - [07/Sep/2024:02:16:01 +0000] "POST /xmlrpc.php HTTP/1.1" 200 3187 "-" "Mozilla/5.0 (Windows NT 10.0; Win64; x64) AppleWebKit/537.36 (KHTML, like Gecko) Chrome/81.0.4044.138 Safari/537.36"
5.199.138.121 - - [07/Sep/2024:02:16:03 +0000] "POST /xmlrpc.php HTTP/1.1" 200 3188 "-" "Mozilla/5.0 (Windows NT 6.1; Win64; x64; rv:58.0) Gecko/20100101 Firefox/58.0"
45.40.133.116 - - [07/Sep/2024:02:16:05 +0000] "POST /xmlrpc.php HTTP/1.1" 200 3188 "-" "Mozilla/5.0 (Macintosh; Intel Mac OS X 11_4) AppleWebKit/537.36 (KHTML, like Gecko) Chrome/91.0.4472.114 Safari/537.36"
156.239.199.92 - - [07/Sep/2024:02:16:11 +0000] "POST /xmlrpc.php HTTP/1.1" 200 2987 "-" "Mozilla/5.0 (Windows NT 10.0; Win64; x64) AppleWebKit/537.36 (KHTML, like Gecko) Chrome/91.0.4472.114 Safari/537.36"
77.245.159.10 - - [07/Sep/2024:02:16:13 +0000] "POST /xmlrpc.php HTTP/1.1" 200 3188 "-" "Mozilla/5.0 (Windows NT 6.1; WOW64; rv:44.0) Gecko/20100101 Firefox/44.0"
207.180.228.139 - - [07/Sep/2024:02:16:14 +0000] "POST /xmlrpc.php HTTP/1.1" 200 3189 "-" "Mozilla/5.0 (Windows NT 10.0; Win64; x64; rv:88.0) Gecko/20100101 Firefox/88.0"
52.242.231.163 - - [07/Sep/2024:02:16:21 +0000] "POST /xmlrpc.php HTTP/1.1" 200 3188 "-" "Mozilla/5.0 (Windows NT 10.0; Win64; x64) AppleWebKit/537.36 (KHTML, like Gecko) Chrome/87.0.4280.141 Safari/537.36"
47.88.2.231 - - [07/Sep/2024:04:53:33 +0000] "POST /xmlrpc.php HTTP/1.1" 200 2986 "-" "Mozilla/5.0 (Windows NT 10.0; Win64; x64) AppleWebKit/537.36 (KHTML, like Gecko) Chrome/83.0.4103.116 Safari/537.36"
146.190.157.162 - - [07/Sep/2024:04:53:33 +0000] "POST /wp-cron.php?doing_wp_cron=1725684813.3659019470214843750000 HTTP/1.1" 200 2868 "-" "WordPress/6.6.1; https://template-7.devuocloud.com"
129.146.35.245 - - [07/Sep/2024:04:53:35 +0000] "POST /xmlrpc.php HTTP/1.1" 200 2985 "-" "Mozilla/5.0 (iPad; CPU OS 14_6 like Mac OS X) AppleWebKit/605.1.15 (KHTML, like Gecko) CriOS/91.0.4472.80 Mobile/15E148 Safari/604.1"
156.239.199.92 - - [07/Sep/2024:04:53:42 +0000] "POST /xmlrpc.php HTTP/1.1" 200 2985 "-" "Mozilla/5.0 (Windows NT 6.1; Win64; x64; rv:58.0) Gecko/20100101 Firefox/58.0"
47.88.2.231 - - [07/Sep/2024:04:53:45 +0000] "POST /xmlrpc.php HTTP/1.1" 200 2986 "-" "Mozilla/5.0 (Windows NT 6.1; WOW64; rv:40.0) Gecko/20100101 Firefox/40.1"
5.199.138.121 - - [07/Sep/2024:04:53:58 +0000] "POST /xmlrpc.php HTTP/1.1" 200 3187 "-" "Mozilla/5.0 (Windows NT 5.1; rv:7.0.1) Gecko/20100101 Firefox/7.0.1"
185.182.56.181 - - [07/Sep/2024:04:53:58 +0000] "POST /xmlrpc.php HTTP/1.1" 200 3187 "-" "Mozilla/5.0 (Windows NT 10.0; Win64; x64) AppleWebKit/537.36 (KHTML, like Gecko) Chrome/69.0.3497.100 Safari/537.36"
82.100.220.41 - - [07/Sep/2024:04:54:00 +0000] "POST /xmlrpc.php HTTP/1.1" 200 3188 "-" "Mozilla/5.0 (Windows NT 5.1; rv:7.0.1) Gecko/20100101 Firefox/7.0.1"
47.74.22.248 - - [07/Sep/2024:04:54:00 +0000] "POST /xmlrpc.php HTTP/1.1" 200 2986 "-" "Mozilla/5.0 (Windows NT 6.1; WOW64; rv:50.0) Gecko/20100101 Firefox/50.0"
185.107.90.29 - - [07/Sep/2024:04:54:04 +0000] "POST /xmlrpc.php HTTP/1.1" 200 2986 "-" "Mozilla/5.0 (Windows NT 6.1; WOW64; rv:47.0) Gecko/20100101 Firefox/47.0"
5.199.138.121 - - [07/Sep/2024:04:54:05 +0000] "POST /xmlrpc.php HTTP/1.1" 200 3188 "-" "Mozilla/5.0 (Windows NT 6.1; rv:17.0) Gecko/20100101 Firefox/20.6.14"
129.146.35.245 - - [07/Sep/2024:04:54:14 +0000] "POST /xmlrpc.php HTTP/1.1" 200 2986 "-" "Mozilla/5.0 (Windows NT 10.0; Win64; x64) AppleWebKit/537.36 (KHTML, like Gecko) Chrome/60.0.3112.113 Safari/537.36"
205.210.31.138 - - [07/Sep/2024:07:22:58 +0000] "GET / HTTP/1.1" 301 548 "-" "-"
146.190.157.162 - - [07/Sep/2024:07:22:59 +0000] "POST /wp-cron.php?doing_wp_cron=1725693779.2081129550933837890625 HTTP/1.1" 200 2869 "-" "WordPress/6.6.1; https://template-7.devuocloud.com"
205.210.31.138 - - [07/Sep/2024:07:22:59 +0000] "GET / HTTP/1.1" 200 53664 "http://146.190.157.162:80/" "-"
146.190.157.162 - - [07/Sep/2024:08:29:43 +0000] "POST /wp-cron.php?doing_wp_cron=1725697783.7703180313110351562500 HTTP/1.1" 200 2870 "-" "WordPress/6.6.1; https://template-7.devuocloud.com"
185.200.240.65 - - [07/Sep/2024:08:29:43 +0000] "POST /xmlrpc.php HTTP/1.1" 200 3188 "-" "Mozilla/5.0 (Windows NT 10.0; Win64; x64) AppleWebKit/537.36 (KHTML, like Gecko) Chrome/90.0.4430.212 Safari/537.36"
185.200.240.65 - - [07/Sep/2024:08:29:43 +0000] "POST /xmlrpc.php HTTP/1.1" 200 3189 "-" "Mozilla/5.0 (Windows NT 10.0; Win64; x64; rv:84.0) Gecko/20100101 Firefox/84.0"
220.158.232.220 - - [07/Sep/2024:08:29:43 +0000] "POST /xmlrpc.php HTTP/1.1" 200 2987 "-" "Mozilla/5.0 (Windows NT 10.0; Win64; x64) AppleWebKit/537.36 (KHTML, like Gecko) Chrome/88.0.4324.104 Safari/537.36"
103.195.240.4 - - [07/Sep/2024:08:29:51 +0000] "POST /xmlrpc.php HTTP/1.1" 200 2985 "-" "Mozilla/5.0 (Windows NT 10.0; Win64; x64) AppleWebKit/537.36 (KHTML, like Gecko) Chrome/80.0.3987.163 Safari/537.36"
66.29.147.9 - - [07/Sep/2024:08:29:54 +0000] "POST /xmlrpc.php HTTP/1.1" 200 3187 "-" "Mozilla/5.0 (Windows NT 6.1) AppleWebKit/537.36 (KHTML, like Gecko) Chrome/56.0.2924.76 Safari/537.36"
163.172.107.233 - - [07/Sep/2024:08:29:57 +0000] "POST /xmlrpc.php HTTP/1.1" 200 2986 "-" "Mozilla/5.0 (Windows; U; Windows NT 5.1; en-US; rv:1.7.10) Gecko/20050716 Firefox/1.0.6"
64.227.78.129 - - [07/Sep/2024:08:29:59 +0000] "POST /xmlrpc.php HTTP/1.1" 200 3188 "-" "Mozilla/5.0 (Windows NT 10.0; Win64; x64; rv:62.0) Gecko/20100101 Firefox/62.0"
188.40.30.18 - - [07/Sep/2024:08:30:01 +0000] "POST /xmlrpc.php HTTP/1.1" 200 3187 "-" "Mozilla/5.0 (Windows NT 10.0; Win64; x64) AppleWebKit/537.36 (KHTML, like Gecko) Chrome/86.0.4240.198 Safari/537.36"
176.9.109.10 - - [07/Sep/2024:08:30:06 +0000] "POST /xmlrpc.php HTTP/1.1" 200 3188 "-" "Mozilla/5.0 (iPhone; CPU iPhone OS 14_6 like Mac OS X) AppleWebKit/605.1.15 (KHTML, like Gecko) CriOS/91.0.4472.80 Mobile/15E148 Safari/604.1"
52.136.236.15 - - [07/Sep/2024:08:30:08 +0000] "POST /xmlrpc.php HTTP/1.1" 200 2957 "-" "Mozilla/5.0 (Windows NT 10.0; Win64; x64) AppleWebKit/537.36 (KHTML, like Gecko) Chrome/72.0.3626.121 Safari/537.36"
206.189.64.135 - - [07/Sep/2024:08:30:09 +0000] "POST /xmlrpc.php HTTP/1.1" 200 3188 "-" "Mozilla/5.0 (Windows NT 10.0; Win64; x64) AppleWebKit/537.36 (KHTML, like Gecko) Chrome/68.0.3440.106 Safari/537.36"
81.70.217.125 - - [07/Sep/2024:08:30:12 +0000] "POST /xmlrpc.php HTTP/1.1" 200 2986 "-" "Mozilla/5.0 (Windows NT 6.0; rv:34.0) Gecko/20100101 Firefox/34.0"
165.227.191.202 - - [07/Sep/2024:08:30:13 +0000] "POST /xmlrpc.php HTTP/1.1" 200 3187 "-" "Mozilla/5.0 (Windows NT 10.0; Win64; x64) AppleWebKit/537.36 (KHTML, like Gecko) Chrome/85.0.4183.121 Safari/537.36"
45.40.133.116 - - [07/Sep/2024:08:30:14 +0000] "POST /xmlrpc.php HTTP/1.1" 200 3188 "-" "Mozilla/5.0 (Macintosh; Intel Mac OS X 11_4) AppleWebKit/537.36 (KHTML, like Gecko) Chrome/91.0.4472.114 Safari/537.36"
148.239.220.101 - - [07/Sep/2024:08:30:15 +0000] "POST /xmlrpc.php HTTP/1.1" 200 2986 "-" "Mozilla/5.0 (Windows NT 6.1; WOW64; rv:50.0) Gecko/20100101 Firefox/50.0"
146.190.157.162 - - [07/Sep/2024:11:28:36 +0000] "POST /wp-cron.php?doing_wp_cron=1725708516.6142640113830566406250 HTTP/1.1" 200 2870 "-" "WordPress/6.6.1; https://template-7.devuocloud.com"
103.47.135.82 - - [07/Sep/2024:11:28:36 +0000] "POST /xmlrpc.php HTTP/1.1" 200 3189 "-" "Mozilla/5.0 (Windows NT 5.1; Win64; x64) AppleWebKit/537.36 (KHTML, like Gecko) Chrome/60.0.3112.90 Safari/537.36"
103.180.121.210 - - [07/Sep/2024:11:28:43 +0000] "POST /xmlrpc.php HTTP/1.1" 200 3188 "-" "Mozilla/5.0 (Windows NT 6.1; WOW64; rv:52.0) Gecko/20100101 Firefox/52.0"
163.172.107.233 - - [07/Sep/2024:11:28:43 +0000] "POST /xmlrpc.php HTTP/1.1" 200 2985 "-" "Mozilla/5.0 (Windows NT 10.0; Win64; x64; rv:61.0) Gecko/20100101 Firefox/61.0"
129.146.35.245 - - [07/Sep/2024:11:28:46 +0000] "POST /xmlrpc.php HTTP/1.1" 200 2985 "-" "Mozilla/5.0 (Windows NT 10.0; Win64; x64) AppleWebKit/537.36 (KHTML, like Gecko) Chrome/84.0.4147.105 Safari/537.36"
129.146.35.245 - - [07/Sep/2024:11:28:47 +0000] "POST /xmlrpc.php HTTP/1.1" 200 2985 "-" "Mozilla/5.0 (Windows NT 10.0; Win64; x64; rv:61.0) Gecko/20100101 Firefox/61.0"
52.242.231.163 - - [07/Sep/2024:11:28:48 +0000] "POST /xmlrpc.php HTTP/1.1" 200 3189 "-" "Mozilla/5.0 (Macintosh; Intel Mac OS X 11_4) AppleWebKit/537.36 (KHTML, like Gecko) Chrome/91.0.4472.114 Safari/537.36"
47.88.2.231 - - [07/Sep/2024:11:28:59 +0000] "POST /xmlrpc.php HTTP/1.1" 200 2985 "-" "Mozilla/5.0 (Windows NT 6.1; Win64; x64; rv:58.0) Gecko/20100101 Firefox/58.0"
65.21.58.160 - - [07/Sep/2024:11:29:01 +0000] "POST /xmlrpc.php HTTP/1.1" 200 3189 "-" "Mozilla/5.0 (Linux; Android 10; LM-Q720) AppleWebKit/537.36 (KHTML, like Gecko) Chrome/91.0.4472.114 Mobile Safari/537.36"
5.188.118.241 - - [07/Sep/2024:11:29:04 +0000] "POST /xmlrpc.php HTTP/1.1" 200 3188 "-" "Mozilla/5.0 (Windows NT 10.0; WOW64; rv:50.0) Gecko/20100101 Firefox/50.0"
129.146.35.245 - - [07/Sep/2024:11:29:06 +0000] "POST /xmlrpc.php HTTP/1.1" 200 2986 "-" "Mozilla/5.0 (Windows NT 10.0; Win64; x64) AppleWebKit/537.36 (KHTML, like Gecko) Chrome/81.0.4044.138 Safari/537.36"
45.40.133.116 - - [07/Sep/2024:11:29:07 +0000] "POST /xmlrpc.php HTTP/1.1" 200 3188 "-" "Mozilla/5.0 (Windows NT 10.0; Win64; x64) AppleWebKit/537.36 (KHTML, like Gecko) Chrome/60.0.3112.113 Safari/537.36"
52.136.236.15 - - [07/Sep/2024:11:29:12 +0000] "POST /xmlrpc.php HTTP/1.1" 200 2957 "-" "Mozilla/5.0 (Windows NT 6.1; Win64; x64) AppleWebKit/537.36 (KHTML, like Gecko) Chrome/69.0.3497.100 Safari/537.36"
176.9.109.10 - - [07/Sep/2024:11:29:15 +0000] "POST /xmlrpc.php HTTP/1.1" 200 3188 "-" "Mozilla/5.0 (Windows NT 10.0; Win64; x64; rv:79.0) Gecko/20100101 Firefox/79.0"
164.90.154.67 - - [07/Sep/2024:11:29:17 +0000] "POST /xmlrpc.php HTTP/1.1" 200 3188 "-" "Mozilla/5.0 (Windows; U; Windows NT 5.1; en-US; rv:1.7.10) Gecko/20050716 Firefox/1.0.6"
178.18.243.103 - - [07/Sep/2024:11:29:26 +0000] "POST /xmlrpc.php HTTP/1.1" 200 2987 "-" "Mozilla/5.0 (Windows NT 6.1; Win64; x64; rv:58.0) Gecko/20100101 Firefox/58.0"
159.89.114.157 - - [07/Sep/2024:12:49:20 +0000] "GET / HTTP/1.1" 301 548 "-" "Mozilla/5.0 (Windows NT 10.0; Win64; x64) AppleWebKit/537.36 (KHTML, like Gecko) Chrome/126.0.0.0 Safari/537.36"
146.190.157.162 - - [07/Sep/2024:12:49:21 +0000] "POST /wp-cron.php?doing_wp_cron=1725713361.3628010749816894531250 HTTP/1.1" 200 2868 "-" "WordPress/6.6.1; https://template-7.devuocloud.com"
159.89.114.157 - - [07/Sep/2024:12:49:20 +0000] "GET / HTTP/1.1" 200 13169 "-" "Mozilla/5.0 (Windows NT 10.0; Win64; x64) AppleWebKit/537.36 (KHTML, like Gecko) Chrome/126.0.0.0 Safari/537.36"
146.190.157.162 - - [07/Sep/2024:13:34:20 +0000] "POST /wp-cron.php?doing_wp_cron=1725716060.3820509910583496093750 HTTP/1.1" 200 2869 "-" "WordPress/6.6.1; https://template-7.devuocloud.com"
54.88.179.33 - - [07/Sep/2024:13:34:20 +0000] "GET / HTTP/1.1" 200 17678 "-" "Mozilla/5.0 \\(Windows NT 10.0\\; Win64\\; x64\\) AppleWebKit/537.36 \\(KHTML, like Gecko\\) Chrome/100.0.4896.60 Safari/537.36"
54.88.179.33 - - [07/Sep/2024:13:34:21 +0000] "GET / HTTP/1.1" 301 548 "-" "Mozilla/5.0 \\(Windows NT 10.0\\; Win64\\; x64\\) AppleWebKit/537.36 \\(KHTML, like Gecko\\) Chrome/100.0.4896.60 Safari/537.36"
35.171.144.152 - - [07/Sep/2024:13:34:21 +0000] "GET / HTTP/1.1" 200 17680 "-" "Mozilla/5.0 \\(Windows NT 10.0\\; Win64\\; x64\\) AppleWebKit/537.36 \\(KHTML, like Gecko\\) Chrome/100.0.4896.60 Safari/537.36"
97.74.86.127 - - [07/Sep/2024:14:06:15 +0000] "POST /xmlrpc.php HTTP/1.1" 200 2986 "-" "Mozilla/5.0 (Windows NT 10.0; Win64; x64) AppleWebKit/537.36 (KHTML, like Gecko) Chrome/74.0.3729.169 Safari/537.36"
146.190.157.162 - - [07/Sep/2024:14:06:16 +0000] "POST /wp-cron.php?doing_wp_cron=1725717976.1268448829650878906250 HTTP/1.1" 200 2870 "-" "WordPress/6.6.1; https://template-7.devuocloud.com"
54.37.121.239 - - [07/Sep/2024:14:06:15 +0000] "POST /xmlrpc.php HTTP/1.1" 200 3188 "-" "Mozilla/5.0 (Windows NT 6.1; WOW64; rv:18.0) Gecko/20100101 Firefox/18.0"
212.99.250.6 - - [07/Sep/2024:14:06:17 +0000] "POST /xmlrpc.php HTTP/1.1" 200 3189 "-" "Mozilla/5.0 (Windows NT 10.0; Win64; x64) AppleWebKit/537.36 (KHTML, like Gecko) Chrome/80.0.3987.149 Safari/537.36"
185.200.240.65 - - [07/Sep/2024:14:06:20 +0000] "POST /xmlrpc.php HTTP/1.1" 200 3187 "-" "Mozilla/5.0 (Windows NT 10.0; Win64; x64; rv:78.0) Gecko/20100101 Firefox/78.0"
64.227.78.129 - - [07/Sep/2024:14:06:22 +0000] "POST /xmlrpc.php HTTP/1.1" 200 3187 "-" "Mozilla/5.0 (Windows NT 10.0; Win64; x64; rv:67.0) Gecko/20100101 Firefox/67.0"
45.119.81.149 - - [07/Sep/2024:14:06:32 +0000] "POST /xmlrpc.php HTTP/1.1" 200 2987 "-" "Mozilla/5.0 (Windows NT 10.0; Win64; x64) AppleWebKit/537.36 (KHTML, like Gecko) Chrome/74.0.3729.131 Safari/537.36"
198.54.114.95 - - [07/Sep/2024:14:06:34 +0000] "POST /xmlrpc.php HTTP/1.1" 200 3188 "-" "Mozilla/5.0 (Windows NT 6.3; Win64; x64; rv:73.0) Gecko/20100101 Firefox/73.0"
66.29.147.9 - - [07/Sep/2024:14:06:40 +0000] "POST /xmlrpc.php HTTP/1.1" 200 3189 "-" "Mozilla/5.0 (X11; Linux x86_64) AppleWebKit/537.36 (KHTML, like Gecko) Chrome/44.0.2403.157 Safari/537.36"
37.120.186.213 - - [07/Sep/2024:14:06:41 +0000] "POST /xmlrpc.php HTTP/1.1" 200 3188 "-" "Mozilla/5.0 (Linux; Android 10; SM-A205U) AppleWebKit/537.36 (KHTML, like Gecko) Chrome/91.0.4472.114 Mobile Safari/537.36"
157.90.115.151 - - [07/Sep/2024:14:06:54 +0000] "POST /xmlrpc.php HTTP/1.1" 200 3188 "-" "Mozilla/5.0 (Linux; Android 10) AppleWebKit/537.36 (KHTML, like Gecko) Chrome/91.0.4472.114 Mobile Safari/537.36"
185.107.90.29 - - [07/Sep/2024:14:06:57 +0000] "POST /xmlrpc.php HTTP/1.1" 200 2986 "-" "Mozilla/5.0 (Linux; Android 10; LM-Q720) AppleWebKit/537.36 (KHTML, like Gecko) Chrome/91.0.4472.114 Mobile Safari/537.36"
94.156.64.75 - - [07/Sep/2024:17:52:38 +0000] "GET /.well-known/about.php HTTP/1.1" 301 646 "-" "Mozlila/5.0 (Linux; Android 7.0; SM-G892A Bulid/NRD90M; wv) AppleWebKit/537.36 (KHTML, like Gecko) Version/4.0 Chrome/60.0.3112.107 Moblie Safari/537.36"
94.156.64.75 - - [07/Sep/2024:17:52:39 +0000] "GET /.well-known/about.php HTTP/1.1" 404 31193 "-" "Mozlila/5.0 (Linux; Android 7.0; SM-G892A Bulid/NRD90M; wv) AppleWebKit/537.36 (KHTML, like Gecko) Version/4.0 Chrome/60.0.3112.107 Moblie Safari/537.36"
146.190.157.162 - - [07/Sep/2024:17:52:40 +0000] "POST /wp-cron.php?doing_wp_cron=1725731560.4058470726013183593750 HTTP/1.1" 200 2868 "-" "WordPress/6.6.1; https://template-7.devuocloud.com"
94.156.64.75 - - [07/Sep/2024:17:52:48 +0000] "GET /wp-content/mu-plugins/about.php HTTP/1.1" 301 666 "-" "Mozlila/5.0 (Linux; Android 7.0; SM-G892A Bulid/NRD90M; wv) AppleWebKit/537.36 (KHTML, like Gecko) Version/4.0 Chrome/60.0.3112.107 Moblie Safari/537.36"
94.156.64.75 - - [07/Sep/2024:17:52:49 +0000] "GET /wp-content/mu-plugins/about.php HTTP/1.1" 404 31193 "-" "Mozlila/5.0 (Linux; Android 7.0; SM-G892A Bulid/NRD90M; wv) AppleWebKit/537.36 (KHTML, like Gecko) Version/4.0 Chrome/60.0.3112.107 Moblie Safari/537.36"
94.156.64.75 - - [07/Sep/2024:17:52:52 +0000] "GET /.well-known/pki-validation/about.php HTTP/1.1" 301 676 "-" "Mozlila/5.0 (Linux; Android 7.0; SM-G892A Bulid/NRD90M; wv) AppleWebKit/537.36 (KHTML, like Gecko) Version/4.0 Chrome/60.0.3112.107 Moblie Safari/537.36"
94.156.64.75 - - [07/Sep/2024:17:52:53 +0000] "GET /.well-known/pki-validation/about.php HTTP/1.1" 404 31192 "-" "Mozlila/5.0 (Linux; Android 7.0; SM-G892A Bulid/NRD90M; wv) AppleWebKit/537.36 (KHTML, like Gecko) Version/4.0 Chrome/60.0.3112.107 Moblie Safari/537.36"
94.156.64.75 - - [07/Sep/2024:17:52:59 +0000] "GET /wp-admin/about.php HTTP/1.1" 301 640 "-" "Mozlila/5.0 (Linux; Android 7.0; SM-G892A Bulid/NRD90M; wv) AppleWebKit/537.36 (KHTML, like Gecko) Version/4.0 Chrome/60.0.3112.107 Moblie Safari/537.36"
94.156.64.75 - - [07/Sep/2024:17:53:00 +0000] "GET /wp-admin/about.php HTTP/1.1" 302 3077 "-" "Mozlila/5.0 (Linux; Android 7.0; SM-G892A Bulid/NRD90M; wv) AppleWebKit/537.36 (KHTML, like Gecko) Version/4.0 Chrome/60.0.3112.107 Moblie Safari/537.36"
94.156.64.75 - - [07/Sep/2024:17:53:00 +0000] "GET /wp-login.php?redirect_to=https%3A%2F%2Ftemplate-7.devuocloud.com%2Fwp-admin%2Fabout.php&reauth=1 HTTP/1.1" 200 4519 "-" "Mozlila/5.0 (Linux; Android 7.0; SM-G892A Bulid/NRD90M; wv) AppleWebKit/537.36 (KHTML, like Gecko) Version/4.0 Chrome/60.0.3112.107 Moblie Safari/537.36"
94.156.64.75 - - [07/Sep/2024:17:53:12 +0000] "GET /wp-content/about.php HTTP/1.1" 301 644 "-" "Mozlila/5.0 (Linux; Android 7.0; SM-G892A Bulid/NRD90M; wv) AppleWebKit/537.36 (KHTML, like Gecko) Version/4.0 Chrome/60.0.3112.107 Moblie Safari/537.36"
94.156.64.75 - - [07/Sep/2024:17:53:12 +0000] "GET /wp-content/about.php HTTP/1.1" 404 31192 "-" "Mozlila/5.0 (Linux; Android 7.0; SM-G892A Bulid/NRD90M; wv) AppleWebKit/537.36 (KHTML, like Gecko) Version/4.0 Chrome/60.0.3112.107 Moblie Safari/537.36"
94.156.64.75 - - [07/Sep/2024:17:53:26 +0000] "GET /wp-content/themes/about.php HTTP/1.1" 301 658 "-" "Mozlila/5.0 (Linux; Android 7.0; SM-G892A Bulid/NRD90M; wv) AppleWebKit/537.36 (KHTML, like Gecko) Version/4.0 Chrome/60.0.3112.107 Moblie Safari/537.36"
94.156.64.75 - - [07/Sep/2024:17:53:27 +0000] "GET /wp-content/themes/about.php HTTP/1.1" 404 31193 "-" "Mozlila/5.0 (Linux; Android 7.0; SM-G892A Bulid/NRD90M; wv) AppleWebKit/537.36 (KHTML, like Gecko) Version/4.0 Chrome/60.0.3112.107 Moblie Safari/537.36"
94.156.64.75 - - [07/Sep/2024:17:53:30 +0000] "GET /cache/about.php HTTP/1.1" 301 634 "-" "Mozlila/5.0 (Linux; Android 7.0; SM-G892A Bulid/NRD90M; wv) AppleWebKit/537.36 (KHTML, like Gecko) Version/4.0 Chrome/60.0.3112.107 Moblie Safari/537.36"
94.156.64.75 - - [07/Sep/2024:17:53:31 +0000] "GET /cache/about.php HTTP/1.1" 404 31193 "-" "Mozlila/5.0 (Linux; Android 7.0; SM-G892A Bulid/NRD90M; wv) AppleWebKit/537.36 (KHTML, like Gecko) Version/4.0 Chrome/60.0.3112.107 Moblie Safari/537.36"
94.156.64.75 - - [07/Sep/2024:17:53:44 +0000] "GET /.wp-cli/about.php HTTP/1.1" 301 638 "-" "Mozlila/5.0 (Linux; Android 7.0; SM-G892A Bulid/NRD90M; wv) AppleWebKit/537.36 (KHTML, like Gecko) Version/4.0 Chrome/60.0.3112.107 Moblie Safari/537.36"
94.156.64.75 - - [07/Sep/2024:17:53:44 +0000] "GET /.wp-cli/about.php HTTP/1.1" 404 31194 "-" "Mozlila/5.0 (Linux; Android 7.0; SM-G892A Bulid/NRD90M; wv) AppleWebKit/537.36 (KHTML, like Gecko) Version/4.0 Chrome/60.0.3112.107 Moblie Safari/537.36"
94.156.64.75 - - [07/Sep/2024:17:53:52 +0000] "GET /.wp-cli/cache/about.php HTTP/1.1" 301 650 "-" "Mozlila/5.0 (Linux; Android 7.0; SM-G892A Bulid/NRD90M; wv) AppleWebKit/537.36 (KHTML, like Gecko) Version/4.0 Chrome/60.0.3112.107 Moblie Safari/537.36"
94.156.64.75 - - [07/Sep/2024:17:53:53 +0000] "GET /.wp-cli/cache/about.php HTTP/1.1" 404 31193 "-" "Mozlila/5.0 (Linux; Android 7.0; SM-G892A Bulid/NRD90M; wv) AppleWebKit/537.36 (KHTML, like Gecko) Version/4.0 Chrome/60.0.3112.107 Moblie Safari/537.36"
94.156.64.75 - - [07/Sep/2024:17:53:59 +0000] "GET /cgi-bin/about.php HTTP/1.1" 301 638 "-" "Mozlila/5.0 (Linux; Android 7.0; SM-G892A Bulid/NRD90M; wv) AppleWebKit/537.36 (KHTML, like Gecko) Version/4.0 Chrome/60.0.3112.107 Moblie Safari/537.36"
94.156.64.75 - - [07/Sep/2024:17:53:59 +0000] "GET /cgi-bin/about.php HTTP/1.1" 404 31194 "-" "Mozlila/5.0 (Linux; Android 7.0; SM-G892A Bulid/NRD90M; wv) AppleWebKit/537.36 (KHTML, like Gecko) Version/4.0 Chrome/60.0.3112.107 Moblie Safari/537.36"
94.156.64.75 - - [07/Sep/2024:17:54:07 +0000] "GET /css/about.php HTTP/1.1" 301 630 "-" "Mozlila/5.0 (Linux; Android 7.0; SM-G892A Bulid/NRD90M; wv) AppleWebKit/537.36 (KHTML, like Gecko) Version/4.0 Chrome/60.0.3112.107 Moblie Safari/537.36"
94.156.64.75 - - [07/Sep/2024:17:54:08 +0000] "GET /css/about.php HTTP/1.1" 404 31192 "-" "Mozlila/5.0 (Linux; Android 7.0; SM-G892A Bulid/NRD90M; wv) AppleWebKit/537.36 (KHTML, like Gecko) Version/4.0 Chrome/60.0.3112.107 Moblie Safari/537.36"
94.156.64.75 - - [07/Sep/2024:17:54:17 +0000] "GET /images/about.php HTTP/1.1" 301 636 "-" "Mozlila/5.0 (Linux; Android 7.0; SM-G892A Bulid/NRD90M; wv) AppleWebKit/537.36 (KHTML, like Gecko) Version/4.0 Chrome/60.0.3112.107 Moblie Safari/537.36"
94.156.64.75 - - [07/Sep/2024:17:54:17 +0000] "GET /images/about.php HTTP/1.1" 404 31193 "-" "Mozlila/5.0 (Linux; Android 7.0; SM-G892A Bulid/NRD90M; wv) AppleWebKit/537.36 (KHTML, like Gecko) Version/4.0 Chrome/60.0.3112.107 Moblie Safari/537.36"
94.156.64.75 - - [07/Sep/2024:17:54:25 +0000] "GET /wp-admin/css/about.php HTTP/1.1" 301 648 "-" "Mozlila/5.0 (Linux; Android 7.0; SM-G892A Bulid/NRD90M; wv) AppleWebKit/537.36 (KHTML, like Gecko) Version/4.0 Chrome/60.0.3112.107 Moblie Safari/537.36"
94.156.64.75 - - [07/Sep/2024:17:54:26 +0000] "GET /wp-admin/css/about.php HTTP/1.1" 404 31193 "-" "Mozlila/5.0 (Linux; Android 7.0; SM-G892A Bulid/NRD90M; wv) AppleWebKit/537.36 (KHTML, like Gecko) Version/4.0 Chrome/60.0.3112.107 Moblie Safari/537.36"
94.156.64.75 - - [07/Sep/2024:17:54:35 +0000] "GET /wp-admin/css/colors/about.php HTTP/1.1" 301 662 "-" "Mozlila/5.0 (Linux; Android 7.0; SM-G892A Bulid/NRD90M; wv) AppleWebKit/537.36 (KHTML, like Gecko) Version/4.0 Chrome/60.0.3112.107 Moblie Safari/537.36"
94.156.64.75 - - [07/Sep/2024:17:54:37 +0000] "GET /wp-admin/css/colors/about.php HTTP/1.1" 404 31193 "-" "Mozlila/5.0 (Linux; Android 7.0; SM-G892A Bulid/NRD90M; wv) AppleWebKit/537.36 (KHTML, like Gecko) Version/4.0 Chrome/60.0.3112.107 Moblie Safari/537.36"
94.156.64.75 - - [07/Sep/2024:17:54:49 +0000] "GET /wp-admin/css/colors/blue/about.php HTTP/1.1" 301 672 "-" "Mozlila/5.0 (Linux; Android 7.0; SM-G892A Bulid/NRD90M; wv) AppleWebKit/537.36 (KHTML, like Gecko) Version/4.0 Chrome/60.0.3112.107 Moblie Safari/537.36"
94.156.64.75 - - [07/Sep/2024:17:54:50 +0000] "GET /wp-admin/css/colors/blue/about.php HTTP/1.1" 404 31192 "-" "Mozlila/5.0 (Linux; Android 7.0; SM-G892A Bulid/NRD90M; wv) AppleWebKit/537.36 (KHTML, like Gecko) Version/4.0 Chrome/60.0.3112.107 Moblie Safari/537.36"
94.156.64.75 - - [07/Sep/2024:17:54:58 +0000] "GET /wp-admin/css/colors/coffee/about.php HTTP/1.1" 301 676 "-" "Mozlila/5.0 (Linux; Android 7.0; SM-G892A Bulid/NRD90M; wv) AppleWebKit/537.36 (KHTML, like Gecko) Version/4.0 Chrome/60.0.3112.107 Moblie Safari/537.36"
94.156.64.75 - - [07/Sep/2024:17:54:58 +0000] "GET /wp-admin/css/colors/coffee/about.php HTTP/1.1" 404 31193 "-" "Mozlila/5.0 (Linux; Android 7.0; SM-G892A Bulid/NRD90M; wv) AppleWebKit/537.36 (KHTML, like Gecko) Version/4.0 Chrome/60.0.3112.107 Moblie Safari/537.36"
94.156.64.75 - - [07/Sep/2024:17:55:12 +0000] "GET /wp-admin/css/colors/ectoplasm/about.php HTTP/1.1" 301 682 "-" "Mozlila/5.0 (Linux; Android 7.0; SM-G892A Bulid/NRD90M; wv) AppleWebKit/537.36 (KHTML, like Gecko) Version/4.0 Chrome/60.0.3112.107 Moblie Safari/537.36"
94.156.64.75 - - [07/Sep/2024:17:55:13 +0000] "GET /wp-admin/css/colors/ectoplasm/about.php HTTP/1.1" 404 31194 "-" "Mozlila/5.0 (Linux; Android 7.0; SM-G892A Bulid/NRD90M; wv) AppleWebKit/537.36 (KHTML, like Gecko) Version/4.0 Chrome/60.0.3112.107 Moblie Safari/537.36"
94.156.64.75 - - [07/Sep/2024:17:55:25 +0000] "GET /wp-admin/css/colors/midnight/about.php HTTP/1.1" 301 680 "-" "Mozlila/5.0 (Linux; Android 7.0; SM-G892A Bulid/NRD90M; wv) AppleWebKit/537.36 (KHTML, like Gecko) Version/4.0 Chrome/60.0.3112.107 Moblie Safari/537.36"
94.156.64.75 - - [07/Sep/2024:17:55:26 +0000] "GET /wp-admin/css/colors/midnight/about.php HTTP/1.1" 404 31194 "-" "Mozlila/5.0 (Linux; Android 7.0; SM-G892A Bulid/NRD90M; wv) AppleWebKit/537.36 (KHTML, like Gecko) Version/4.0 Chrome/60.0.3112.107 Moblie Safari/537.36"
94.156.64.75 - - [07/Sep/2024:17:55:35 +0000] "GET /wp-admin/css/colors/modern/about.php HTTP/1.1" 301 676 "-" "Mozlila/5.0 (Linux; Android 7.0; SM-G892A Bulid/NRD90M; wv) AppleWebKit/537.36 (KHTML, like Gecko) Version/4.0 Chrome/60.0.3112.107 Moblie Safari/537.36"
94.156.64.75 - - [07/Sep/2024:17:55:36 +0000] "GET /wp-admin/css/colors/modern/about.php HTTP/1.1" 404 31193 "-" "Mozlila/5.0 (Linux; Android 7.0; SM-G892A Bulid/NRD90M; wv) AppleWebKit/537.36 (KHTML, like Gecko) Version/4.0 Chrome/60.0.3112.107 Moblie Safari/537.36"
94.156.64.75 - - [07/Sep/2024:17:55:42 +0000] "GET /wp-admin/css/colors/ocean/about.php HTTP/1.1" 301 674 "-" "Mozlila/5.0 (Linux; Android 7.0; SM-G892A Bulid/NRD90M; wv) AppleWebKit/537.36 (KHTML, like Gecko) Version/4.0 Chrome/60.0.3112.107 Moblie Safari/537.36"
94.156.64.75 - - [07/Sep/2024:17:55:43 +0000] "GET /wp-admin/css/colors/ocean/about.php HTTP/1.1" 404 31193 "-" "Mozlila/5.0 (Linux; Android 7.0; SM-G892A Bulid/NRD90M; wv) AppleWebKit/537.36 (KHTML, like Gecko) Version/4.0 Chrome/60.0.3112.107 Moblie Safari/537.36"
94.156.64.75 - - [07/Sep/2024:17:55:45 +0000] "GET /wp-content/plugins/ccx/about.php HTTP/1.1" 301 668 "-" "Mozlila/5.0 (Linux; Android 7.0; SM-G892A Bulid/NRD90M; wv) AppleWebKit/537.36 (KHTML, like Gecko) Version/4.0 Chrome/60.0.3112.107 Moblie Safari/537.36"
94.156.64.75 - - [07/Sep/2024:17:55:45 +0000] "GET /wp-content/plugins/ccx/about.php HTTP/1.1" 404 31193 "-" "Mozlila/5.0 (Linux; Android 7.0; SM-G892A Bulid/NRD90M; wv) AppleWebKit/537.36 (KHTML, like Gecko) Version/4.0 Chrome/60.0.3112.107 Moblie Safari/537.36"
94.156.64.75 - - [07/Sep/2024:17:55:52 +0000] "GET /ccx/about.php HTTP/1.1" 301 630 "-" "Mozlila/5.0 (Linux; Android 7.0; SM-G892A Bulid/NRD90M; wv) AppleWebKit/537.36 (KHTML, like Gecko) Version/4.0 Chrome/60.0.3112.107 Moblie Safari/537.36"
94.156.64.75 - - [07/Sep/2024:17:55:53 +0000] "GET /ccx/about.php HTTP/1.1" 404 31193 "-" "Mozlila/5.0 (Linux; Android 7.0; SM-G892A Bulid/NRD90M; wv) AppleWebKit/537.36 (KHTML, like Gecko) Version/4.0 Chrome/60.0.3112.107 Moblie Safari/537.36"
94.156.64.75 - - [07/Sep/2024:17:55:55 +0000] "GET /wp-admin/images/about.php HTTP/1.1" 301 654 "-" "Mozlila/5.0 (Linux; Android 7.0; SM-G892A Bulid/NRD90M; wv) AppleWebKit/537.36 (KHTML, like Gecko) Version/4.0 Chrome/60.0.3112.107 Moblie Safari/537.36"
94.156.64.75 - - [07/Sep/2024:17:55:56 +0000] "GET /wp-admin/images/about.php HTTP/1.1" 404 31193 "-" "Mozlila/5.0 (Linux; Android 7.0; SM-G892A Bulid/NRD90M; wv) AppleWebKit/537.36 (KHTML, like Gecko) Version/4.0 Chrome/60.0.3112.107 Moblie Safari/537.36"
94.156.64.75 - - [07/Sep/2024:17:56:08 +0000] "GET /wp-admin/includes/about.php HTTP/1.1" 301 658 "-" "Mozlila/5.0 (Linux; Android 7.0; SM-G892A Bulid/NRD90M; wv) AppleWebKit/537.36 (KHTML, like Gecko) Version/4.0 Chrome/60.0.3112.107 Moblie Safari/537.36"
94.156.64.75 - - [07/Sep/2024:17:56:09 +0000] "GET /wp-admin/includes/about.php HTTP/1.1" 404 31193 "-" "Mozlila/5.0 (Linux; Android 7.0; SM-G892A Bulid/NRD90M; wv) AppleWebKit/537.36 (KHTML, like Gecko) Version/4.0 Chrome/60.0.3112.107 Moblie Safari/537.36"
94.156.64.75 - - [07/Sep/2024:17:56:15 +0000] "GET /wp-admin/js/about.php HTTP/1.1" 301 646 "-" "Mozlila/5.0 (Linux; Android 7.0; SM-G892A Bulid/NRD90M; wv) AppleWebKit/537.36 (KHTML, like Gecko) Version/4.0 Chrome/60.0.3112.107 Moblie Safari/537.36"
94.156.64.75 - - [07/Sep/2024:17:56:16 +0000] "GET /wp-admin/js/about.php HTTP/1.1" 404 31193 "-" "Mozlila/5.0 (Linux; Android 7.0; SM-G892A Bulid/NRD90M; wv) AppleWebKit/537.36 (KHTML, like Gecko) Version/4.0 Chrome/60.0.3112.107 Moblie Safari/537.36"
94.156.64.75 - - [07/Sep/2024:17:56:25 +0000] "GET /wp-admin/js/widgets/about.php HTTP/1.1" 301 662 "-" "Mozlila/5.0 (Linux; Android 7.0; SM-G892A Bulid/NRD90M; wv) AppleWebKit/537.36 (KHTML, like Gecko) Version/4.0 Chrome/60.0.3112.107 Moblie Safari/537.36"
94.156.64.75 - - [07/Sep/2024:17:56:26 +0000] "GET /wp-admin/js/widgets/about.php HTTP/1.1" 404 31192 "-" "Mozlila/5.0 (Linux; Android 7.0; SM-G892A Bulid/NRD90M; wv) AppleWebKit/537.36 (KHTML, like Gecko) Version/4.0 Chrome/60.0.3112.107 Moblie Safari/537.36"
94.156.64.75 - - [07/Sep/2024:17:56:41 +0000] "GET /wp-admin/maint/about.php HTTP/1.1" 301 652 "-" "Mozlila/5.0 (Linux; Android 7.0; SM-G892A Bulid/NRD90M; wv) AppleWebKit/537.36 (KHTML, like Gecko) Version/4.0 Chrome/60.0.3112.107 Moblie Safari/537.36"
94.156.64.75 - - [07/Sep/2024:17:56:42 +0000] "GET /wp-admin/maint/about.php HTTP/1.1" 404 31192 "-" "Mozlila/5.0 (Linux; Android 7.0; SM-G892A Bulid/NRD90M; wv) AppleWebKit/537.36 (KHTML, like Gecko) Version/4.0 Chrome/60.0.3112.107 Moblie Safari/537.36"
94.156.64.75 - - [07/Sep/2024:17:56:53 +0000] "GET /wp-admin/network/about.php HTTP/1.1" 301 656 "-" "Mozlila/5.0 (Linux; Android 7.0; SM-G892A Bulid/NRD90M; wv) AppleWebKit/537.36 (KHTML, like Gecko) Version/4.0 Chrome/60.0.3112.107 Moblie Safari/537.36"
94.156.64.75 - - [07/Sep/2024:17:56:54 +0000] "GET /wp-admin/network/about.php HTTP/1.1" 302 3087 "-" "Mozlila/5.0 (Linux; Android 7.0; SM-G892A Bulid/NRD90M; wv) AppleWebKit/537.36 (KHTML, like Gecko) Version/4.0 Chrome/60.0.3112.107 Moblie Safari/537.36"
94.156.64.75 - - [07/Sep/2024:17:56:54 +0000] "GET /wp-login.php?redirect_to=https%3A%2F%2Ftemplate-7.devuocloud.com%2Fwp-admin%2Fnetwork%2Fabout.php&reauth=1 HTTP/1.1" 200 4525 "-" "Mozlila/5.0 (Linux; Android 7.0; SM-G892A Bulid/NRD90M; wv) AppleWebKit/537.36 (KHTML, like Gecko) Version/4.0 Chrome/60.0.3112.107 Moblie Safari/537.36"
94.156.64.75 - - [07/Sep/2024:17:57:05 +0000] "GET /wp-admin/user/about.php HTTP/1.1" 301 650 "-" "Mozlila/5.0 (Linux; Android 7.0; SM-G892A Bulid/NRD90M; wv) AppleWebKit/537.36 (KHTML, like Gecko) Version/4.0 Chrome/60.0.3112.107 Moblie Safari/537.36"
94.156.64.75 - - [07/Sep/2024:17:57:06 +0000] "GET /wp-admin/user/about.php HTTP/1.1" 302 3084 "-" "Mozlila/5.0 (Linux; Android 7.0; SM-G892A Bulid/NRD90M; wv) AppleWebKit/537.36 (KHTML, like Gecko) Version/4.0 Chrome/60.0.3112.107 Moblie Safari/537.36"
