35.197.133.228 - - [18/Sep/2024:01:34:59 +0000] "POST /xmlrpc.php HTTP/1.1" 200 2986 "-" "Mozilla/5.0 (Windows; U; Windows NT 5.1; en-US; rv:1.7.10) Gecko/20050716 Firefox/1.0.6"
129.151.148.65 - - [18/Sep/2024:01:35:03 +0000] "POST /xmlrpc.php HTTP/1.1" 200 3172 "-" "Mozilla/5.0 (Windows NT 10.0; Win64; x64) AppleWebKit/537.36 (KHTML, like Gecko) Chrome/81.0.4044.138 Safari/537.36"
104.211.225.0 - - [18/Sep/2024:04:28:40 +0000] "POST /xmlrpc.php HTTP/1.1" 200 3188 "-" "Mozilla/5.0 (Windows NT 5.1) AppleWebKit/537.36 (KHTML, like Gecko) Chrome/46.0.2490.71 Safari/537.36"
192.240.172.207 - - [18/Sep/2024:04:28:42 +0000] "POST /xmlrpc.php HTTP/1.1" 200 3055 "-" "Mozilla/5.0 (Windows NT 10.0; Win64; x64; rv:78.0) Gecko/20100101 Firefox/78.0"
146.190.157.162 - - [18/Sep/2024:04:28:40 +0000] "POST /wp-cron.php?doing_wp_cron=1726633720.5327489376068115234375 HTTP/1.1" 200 2870 "-" "WordPress/6.6.2; https://template-7.devuocloud.com"
151.106.5.242 - - [18/Sep/2024:04:28:52 +0000] "POST /xmlrpc.php HTTP/1.1" 200 3188 "-" "Mozilla/5.0 (Windows NT 10.0; Win64; x64; rv:59.0) Gecko/20100101 Firefox/59.0"
140.115.152.20 - - [18/Sep/2024:04:28:53 +0000] "POST /xmlrpc.php HTTP/1.1" 200 3189 "-" "Mozilla/5.0 (Windows NT 5.1) AppleWebKit/537.36 (KHTML, like Gecko) Chrome/46.0.2490.71 Safari/537.36"
217.76.58.114 - - [18/Sep/2024:04:28:57 +0000] "POST /xmlrpc.php HTTP/1.1" 200 3187 "-" "Mozilla/5.0 (Windows NT 10.0; Win64; x64) AppleWebKit/537.36 (KHTML, like Gecko) Chrome/78.0.3904.108 Safari/537.36"
177.36.16.30 - - [18/Sep/2024:04:28:58 +0000] "POST /xmlrpc.php HTTP/1.1" 200 2986 "-" "Mozilla/5.0 (Windows NT 10.0; Win64; x64) AppleWebKit/537.36 (KHTML, like Gecko) Chrome/80.0.3987.149 Safari/537.36"
92.223.191.126 - - [18/Sep/2024:04:29:02 +0000] "POST /xmlrpc.php HTTP/1.1" 200 3188 "-" "Mozilla/5.0 (Windows NT 6.1; WOW64; rv:54.0) Gecko/20100101 Firefox/54.0"
151.106.5.242 - - [18/Sep/2024:04:29:06 +0000] "POST /xmlrpc.php HTTP/1.1" 200 3187 "-" "Mozilla/5.0 (Windows NT 6.1; WOW64; rv:40.0) Gecko/20100101 Firefox/40.1"
124.217.254.215 - - [18/Sep/2024:04:29:10 +0000] "POST /xmlrpc.php HTTP/1.1" 200 2985 "-" "Mozilla/5.0 (Windows NT 10.0; Win64; x64; rv:61.0) Gecko/20100101 Firefox/61.0"
217.76.58.114 - - [18/Sep/2024:04:29:13 +0000] "POST /xmlrpc.php HTTP/1.1" 200 3187 "-" "Mozilla/5.0 (Windows NT 6.2; Win64; x64) AppleWebKit/537.36 (KHTML, like Gecko) Chrome/60.0.3112.90 Safari/537.36"
92.223.191.126 - - [18/Sep/2024:04:29:17 +0000] "POST /xmlrpc.php HTTP/1.1" 200 3188 "-" "Mozilla/5.0 (Windows NT 10.0; Win64; x64) AppleWebKit/537.36 (KHTML, like Gecko) Chrome/57.0.2987.133 Safari/537.36"
45.153.84.166 - - [18/Sep/2024:04:29:21 +0000] "POST /xmlrpc.php HTTP/1.1" 200 3188 "-" "Mozilla/5.0 (Linux; Android 10; LM-Q710(FGN)) AppleWebKit/537.36 (KHTML, like Gecko) Chrome/91.0.4472.114 Mobile Safari/537.36"
146.190.157.162 - - [18/Sep/2024:07:24:32 +0000] "POST /wp-cron.php?doing_wp_cron=1726644272.9456090927124023437500 HTTP/1.1" 200 2870 "-" "WordPress/6.6.2; https://template-7.devuocloud.com"
41.111.178.66 - - [18/Sep/2024:07:24:32 +0000] "POST /xmlrpc.php HTTP/1.1" 200 3188 "-" "Mozilla/5.0 (Windows NT 10.0; Win64; x64; rv:63.0) Gecko/20100101 Firefox/63.0"
85.10.158.97 - - [18/Sep/2024:07:24:37 +0000] "POST /xmlrpc.php HTTP/1.1" 200 3188 "-" "Mozilla/5.0 (Windows NT 10.0; Win64; x64) AppleWebKit/537.36 (KHTML, like Gecko) Chrome/91.0.4472.114 Safari/537.36"
177.36.16.30 - - [18/Sep/2024:07:24:39 +0000] "POST /xmlrpc.php HTTP/1.1" 200 2986 "-" "Mozilla/5.0 (Windows NT 10.0; Win64; x64) AppleWebKit/537.36 (KHTML, like Gecko) Chrome/63.0.3239.132 Safari/537.36"
42.96.47.22 - - [18/Sep/2024:07:24:40 +0000] "POST /xmlrpc.php HTTP/1.1" 200 3189 "-" "Mozilla/5.0 (Windows NT 10.0; Win64; x64) AppleWebKit/537.36 (KHTML, like Gecko) Chrome/61.0.3163.100 Safari/537.36"
34.127.43.254 - - [18/Sep/2024:07:24:47 +0000] "POST /xmlrpc.php HTTP/1.1" 200 3188 "-" "Mozilla/5.0 (Linux; Android 10; LM-X420) AppleWebKit/537.36 (KHTML, like Gecko) Chrome/91.0.4472.114 Mobile Safari/537.36"
167.99.202.6 - - [18/Sep/2024:07:24:57 +0000] "POST /xmlrpc.php HTTP/1.1" 200 3189 "-" "Mozilla/5.0 (Windows NT 10.0; Win64; x64) AppleWebKit/537.36 (KHTML, like Gecko) Chrome/89.0.4389.90 Safari/537.36"
198.187.29.33 - - [18/Sep/2024:07:24:59 +0000] "POST /xmlrpc.php HTTP/1.1" 200 3188 "-" "Mozilla/5.0 (Windows NT 10.0; Win64; x64) AppleWebKit/537.36 (KHTML, like Gecko) Chrome/90.0.4430.212 Safari/537.36"
212.58.20.202 - - [18/Sep/2024:07:25:05 +0000] "POST /xmlrpc.php HTTP/1.1" 200 3188 "-" "Mozilla/5.0 (X11; Linux x86_64) AppleWebKit/537.36 (KHTML, like Gecko) Chrome/91.0.4472.114 Safari/537.36"
138.201.56.185 - - [18/Sep/2024:07:25:08 +0000] "POST /xmlrpc.php HTTP/1.1" 200 2986 "-" "Mozilla/5.0 (Windows NT 10.0; Win64; x64; rv:61.0) Gecko/20100101 Firefox/61.0"
103.169.34.238 - - [18/Sep/2024:07:25:09 +0000] "POST /xmlrpc.php HTTP/1.1" 200 2986 "-" "Mozilla/5.0 (Windows NT 10.0) AppleWebKit/537.36 (KHTML, like Gecko) Chrome/91.0.4472.114 Safari/537.36"
85.10.158.97 - - [18/Sep/2024:07:25:09 +0000] "POST /xmlrpc.php HTTP/1.1" 200 3188 "-" "Mozilla/5.0 (Windows NT 6.1; WOW64; rv:43.0) Gecko/20100101 Firefox/43.0"
35.197.133.228 - - [18/Sep/2024:07:25:15 +0000] "POST /xmlrpc.php HTTP/1.1" 200 2986 "-" "Mozilla/5.0 (Windows NT 5.1; rv:30.0) Gecko/20100101 Firefox/30.0"
212.58.20.202 - - [18/Sep/2024:07:25:17 +0000] "POST /xmlrpc.php HTTP/1.1" 200 3187 "-" "Mozilla/5.0 (Windows NT 10.0; Win64; x64) AppleWebKit/537.36 (KHTML, like Gecko) Chrome/61.0.3163.100 Safari/537.36"
144.24.110.171 - - [18/Sep/2024:07:25:23 +0000] "POST /xmlrpc.php HTTP/1.1" 200 3188 "-" "Mozilla/5.0 (Windows NT 10.0; Win64; x64) AppleWebKit/537.36 (KHTML, like Gecko) Chrome/61.0.3163.100 Safari/537.36"
146.190.157.162 - - [18/Sep/2024:09:54:41 +0000] "POST /wp-cron.php?doing_wp_cron=1726653281.5051300525665283203125 HTTP/1.1" 200 2869 "-" "WordPress/6.6.2; https://template-7.devuocloud.com"
193.34.213.138 - - [18/Sep/2024:09:54:41 +0000] "GET /chosen.php?p= HTTP/1.1" 301 3004 "-" "Mozlila/5.0 (Linux; Android 7.0; SM-G892A Bulid/NRD90M; wv) AppleWebKit/537.36 (KHTML, like Gecko) Version/4.0 Chrome/60.0.3112.107 Moblie Safari/537.36"
193.34.213.138 - - [18/Sep/2024:09:54:42 +0000] "GET /chosen.php HTTP/1.1" 404 28604 "-" "Mozlila/5.0 (Linux; Android 7.0; SM-G892A Bulid/NRD90M; wv) AppleWebKit/537.36 (KHTML, like Gecko) Version/4.0 Chrome/60.0.3112.107 Moblie Safari/537.36"
146.190.157.162 - - [18/Sep/2024:11:57:02 +0000] "POST /wp-cron.php?doing_wp_cron=1726660622.5101060867309570312500 HTTP/1.1" 200 2869 "-" "WordPress/6.6.2; https://template-7.devuocloud.com"
94.46.169.43 - - [18/Sep/2024:11:57:02 +0000] "POST /xmlrpc.php HTTP/1.1" 200 3188 "-" "Mozilla/5.0 (Windows NT 10.0; Win64; x64) AppleWebKit/537.36 (KHTML, like Gecko) Chrome/88.0.4324.190 Safari/537.36"
167.71.90.128 - - [18/Sep/2024:11:57:07 +0000] "POST /xmlrpc.php HTTP/1.1" 200 3189 "-" "Mozilla/5.0 (Windows NT 6.1; rv:52.0) Gecko/20100101 Firefox/52.0"
103.8.24.81 - - [18/Sep/2024:11:57:09 +0000] "POST /xmlrpc.php HTTP/1.1" 200 3189 "-" "Mozilla/5.0 (Windows NT 10.0; Win64; x64; rv:61.0) Gecko/20100101 Firefox/61.0"
95.170.74.51 - - [18/Sep/2024:11:57:11 +0000] "POST /xmlrpc.php HTTP/1.1" 200 3189 "-" "Mozilla/5.0 (Windows NT 10.0; Win64; x64; rv:57.0) Gecko/20100101 Firefox/57.0"
132.148.106.162 - - [18/Sep/2024:11:57:15 +0000] "POST /xmlrpc.php HTTP/1.1" 200 3187 "-" "Mozilla/5.0 (Windows NT 10.0; Win64; x64) AppleWebKit/537.36 (KHTML, like Gecko) Chrome/61.0.3163.100 Safari/537.36"
194.233.89.89 - - [18/Sep/2024:11:57:18 +0000] "POST /xmlrpc.php HTTP/1.1" 200 3188 "-" "Mozilla/5.0 (Windows NT 6.1) AppleWebKit/537.36 (KHTML, like Gecko) Chrome/56.0.2924.76 Safari/537.36"
213.8.103.81 - - [18/Sep/2024:11:57:18 +0000] "POST /xmlrpc.php HTTP/1.1" 200 2987 "-" "Mozilla/5.0 (X11; Linux x86_64) AppleWebKit/537.36 (KHTML, like Gecko) Chrome/91.0.4472.114 Safari/537.36"
138.201.56.185 - - [18/Sep/2024:11:57:23 +0000] "POST /xmlrpc.php HTTP/1.1" 200 2986 "-" "Mozilla/5.0 (Windows; U; Windows NT 5.1; en-US; rv:1.7.5) Gecko/20041107 Firefox/1.0"
103.116.9.169 - - [18/Sep/2024:11:57:28 +0000] "POST /xmlrpc.php HTTP/1.1" 200 2986 "-" "Mozilla/5.0 (Windows NT 10.0; Win64; x64) AppleWebKit/537.36 (KHTML, like Gecko) Chrome/68.0.3440.106 Safari/537.36"
146.190.157.162 - - [18/Sep/2024:12:19:30 +0000] "POST /wp-cron.php?doing_wp_cron=1726661970.5793991088867187500000 HTTP/1.1" 200 2869 "-" "WordPress/6.6.2; https://template-7.devuocloud.com"
139.59.231.238 - - [18/Sep/2024:12:19:30 +0000] "GET / HTTP/1.1" 200 17668 "-" "-"
139.59.231.238 - - [18/Sep/2024:12:19:35 +0000] "GET / HTTP/1.1" 200 53690 "-" "Mozilla/5.0 (Linux; Android 6.0; HTC One M9 Build/MRA969164) AppleWebKit/537.36 (KHTML, like Gecko) Chrome/52.0.2461.98 Mobile Safari/537.3"
139.59.231.238 - - [18/Sep/2024:12:19:36 +0000] "GET /server HTTP/1.1" 404 31120 "-" "Go-http-client/1.1"
139.59.231.238 - - [18/Sep/2024:12:19:37 +0000] "GET /.vscode/sftp.json HTTP/1.1" 404 28870 "-" "Go-http-client/1.1"
139.59.231.238 - - [18/Sep/2024:12:19:38 +0000] "GET /about HTTP/1.1" 404 28870 "-" "Go-http-client/1.1"
139.59.231.238 - - [18/Sep/2024:12:19:39 +0000] "GET /debug/default/view?panel=config HTTP/1.1" 404 28870 "-" "Go-http-client/1.1"
139.59.231.238 - - [18/Sep/2024:12:19:40 +0000] "GET /v2/_catalog HTTP/1.1" 404 28870 "-" "Go-http-client/1.1"
139.59.231.238 - - [18/Sep/2024:12:19:41 +0000] "GET /ecp/Current/exporttool/microsoft.exchange.ediscovery.exporttool.application HTTP/1.1" 404 28870 "-" "Go-http-client/1.1"
139.59.231.238 - - [18/Sep/2024:12:19:42 +0000] "GET /server-status HTTP/1.1" 403 801 "-" "Go-http-client/1.1"
139.59.231.238 - - [18/Sep/2024:12:19:42 +0000] "GET /login.action HTTP/1.1" 404 28870 "-" "Go-http-client/1.1"
139.59.231.238 - - [18/Sep/2024:12:19:43 +0000] "GET /_all_dbs HTTP/1.1" 404 28870 "-" "Mozilla/5.0 (l9scan/2.0.236313e2735313e2039313e2634313; +https://leakix.net)"
139.59.231.238 - - [18/Sep/2024:12:19:44 +0000] "GET /.DS_Store HTTP/1.1" 404 28870 "-" "Go-http-client/1.1"
139.59.231.238 - - [18/Sep/2024:12:19:46 +0000] "GET /.env HTTP/1.1" 404 28870 "-" "Go-http-client/1.1"
139.59.231.238 - - [18/Sep/2024:12:19:47 +0000] "GET /.git/config HTTP/1.1" 404 28870 "-" "Go-http-client/1.1"
139.59.231.238 - - [18/Sep/2024:12:19:48 +0000] "GET /s/236313e2735313e2039313e2634313/_/;/META-INF/maven/com.atlassian.jira/jira-webapp-dist/pom.properties HTTP/1.1" 404 28870 "-" "Go-http-client/1.1"
139.59.231.238 - - [18/Sep/2024:12:19:49 +0000] "GET /config.json HTTP/1.1" 404 28870 "-" "Go-http-client/1.1"
139.59.231.238 - - [18/Sep/2024:12:19:50 +0000] "GET /telescope/requests HTTP/1.1" 404 28870 "-" "Go-http-client/1.1"
139.59.231.238 - - [18/Sep/2024:12:19:51 +0000] "GET /?rest_route=/wp/v2/users/ HTTP/1.1" 200 1554 "-" "Go-http-client/1.1"
146.190.157.162 - - [18/Sep/2024:14:21:07 +0000] "POST /wp-cron.php?doing_wp_cron=1726669267.3593358993530273437500 HTTP/1.1" 200 2870 "-" "WordPress/6.6.2; https://template-7.devuocloud.com"
203.161.54.74 - - [18/Sep/2024:14:21:06 +0000] "POST /xmlrpc.php HTTP/1.1" 200 3187 "-" "Mozilla/5.0 (Windows NT 6.1; rv:52.0) Gecko/20100101 Firefox/52.0"
167.99.202.6 - - [18/Sep/2024:14:21:08 +0000] "POST /xmlrpc.php HTTP/1.1" 200 3187 "-" "Mozilla/5.0 (Windows NT 6.1; WOW64; rv:43.0) Gecko/20100101 Firefox/43.0"
162.19.77.8 - - [18/Sep/2024:14:21:08 +0000] "POST /xmlrpc.php HTTP/1.1" 200 3188 "-" "Mozilla/5.0 (Windows NT 10.0; Win64; x64) AppleWebKit/537.36 (KHTML, like Gecko) Chrome/64.0.3282.186 Safari/537.36"
176.57.217.51 - - [18/Sep/2024:14:21:14 +0000] "POST /xmlrpc.php HTTP/1.1" 200 3189 "-" "Mozilla/5.0 (Windows NT 6.1; Win64; x64) AppleWebKit/537.36 (KHTML, like Gecko) Chrome/69.0.3497.100 Safari/537.36"
34.68.11.40 - - [18/Sep/2024:14:21:14 +0000] "POST /xmlrpc.php HTTP/1.1" 200 3189 "-" "Mozilla/5.0 (Windows NT 6.3; Win64; x64) AppleWebKit/537.36 (KHTML, like Gecko) Chrome/60.0.3112.113 Safari/537.36"
185.185.51.214 - - [18/Sep/2024:14:21:17 +0000] "POST /xmlrpc.php HTTP/1.1" 200 3189 "-" "Mozilla/5.0 (X11; Linux x86_64) AppleWebKit/537.36 (KHTML, like Gecko) Chrome/44.0.2403.157 Safari/537.36"
167.99.202.6 - - [18/Sep/2024:14:21:23 +0000] "POST /xmlrpc.php HTTP/1.1" 200 3189 "-" "Mozilla/5.0 (Linux; Android 10; LM-X420) AppleWebKit/537.36 (KHTML, like Gecko) Chrome/91.0.4472.114 Mobile Safari/537.36"
104.207.139.128 - - [18/Sep/2024:14:21:30 +0000] "POST /xmlrpc.php HTTP/1.1" 200 3188 "-" "Mozilla/5.0 (iPhone; CPU iPhone OS 14_6 like Mac OS X) AppleWebKit/605.1.15 (KHTML, like Gecko) CriOS/91.0.4472.80 Mobile/15E148 Safari/604.1"
185.26.122.78 - - [18/Sep/2024:14:21:31 +0000] "POST /xmlrpc.php HTTP/1.1" 200 2985 "-" "Mozilla/5.0 (Windows NT 5.1; rv:52.0) Gecko/20100101 Firefox/52.0"
94.46.169.43 - - [18/Sep/2024:14:21:31 +0000] "POST /xmlrpc.php HTTP/1.1" 200 3187 "-" "Mozilla/5.0 (Windows NT 6.1; Win64; x64; rv:25.0) Gecko/20100101 Firefox/29.0"
178.33.109.109 - - [18/Sep/2024:14:21:42 +0000] "POST /xmlrpc.php HTTP/1.1" 200 3188 "-" "Mozilla/5.0 (Windows NT 10.0; Win64; x64) AppleWebKit/537.36 (KHTML, like Gecko) Chrome/57.0.2987.133 Safari/537.36"
185.41.152.80 - - [18/Sep/2024:14:21:43 +0000] "POST /xmlrpc.php HTTP/1.1" 200 2987 "-" "Mozilla/5.0 (iPhone; CPU iPhone OS 14_6 like Mac OS X) AppleWebKit/605.1.15 (KHTML, like Gecko) CriOS/91.0.4472.80 Mobile/15E148 Safari/604.1"
45.200.149.221 - - [18/Sep/2024:16:01:31 +0000] "GET / HTTP/1.1" 200 13173 "-" "Opera/10.61 (J2ME/MIDP; Opera Mini/5.1.21219/19.999; en-US; rv:1.9.3a5) WebKit/534.5 Presto/2.6.30"
146.190.157.162 - - [18/Sep/2024:16:01:32 +0000] "POST /wp-cron.php?doing_wp_cron=1726675292.4271159172058105468750 HTTP/1.1" 200 2869 "-" "WordPress/6.6.2; https://template-7.devuocloud.com"
45.200.149.221 - - [18/Sep/2024:16:01:53 +0000] "GET //template-7.devuocloud.com/wp-includes/js/jquery/jquery.min.js HTTP/1.1" 301 2986 "-" "Mozilla/5.0 (Windows NT 6.1; Win64; x64) AppleWebKit/537.36 (KHTML, like Gecko) Chrome/60.0.3112.90 Safari/537.36"
45.200.149.221 - - [18/Sep/2024:16:01:53 +0000] "GET //template-7.devuocloud.com/wp-content/plugins/contact-form-7/includes/js/index.js HTTP/1.1" 301 3004 "-" "Mozilla/5.0 (Linux; Android 9; Redmi Note 7 Pro Build/PKQ1.181203.001; wv) AppleWebKit/537.36 (KHTML, like Gecko) Version/4.0 Chrome/66.0.3359.126 MQQBrowser/6.2 TBS/044807 Mobile Safari/537.36 MMWEBID/7272 MicroMessenger/7.0.6.1460(0x27000634) Process/tools NetType/WIFI Language/zh_CN"
45.200.149.221 - - [18/Sep/2024:16:01:53 +0000] "GET //template-7.devuocloud.com/wp-includes/js/jquery/jquery-migrate.min.js HTTP/1.1" 301 2994 "-" "Mozilla/5.0 (compatible; Konqueror/4.4; Linux 2.6.32-22-generic; X11; en_US) KHTML/4.4.3 (like Gecko) Kubuntu"
45.200.149.221 - - [18/Sep/2024:16:01:53 +0000] "GET //template-7.devuocloud.com/wp-content/plugins/contact-form-7/includes/swv/js/index.js HTTP/1.1" 301 3008 "-" "Mozilla/5.0 (Linux; Android 9; Pixel 2) AppleWebKit/537.36 (KHTML, like Gecko) Chrome/76.0.3809.111 Mobile Safari/537.36"
45.200.149.221 - - [18/Sep/2024:16:01:53 +0000] "GET //template-7.devuocloud.com/wp-content/themes/Divi/core/admin/js/common.js HTTP/1.1" 301 2997 "-" "Mozilla/5.0 (Linux; Android 5.1.1; SM-E700H) AppleWebKit/537.36 (KHTML, like Gecko) Chrome/74.0.3729.157 Mobile Safari/537.36"
45.200.149.221 - - [18/Sep/2024:16:01:53 +0000] "GET //template-7.devuocloud.com/wp-content/themes/Divi/js/custom.unified.js HTTP/1.1" 301 2994 "-" "Mozilla/5.0 (Windows NT 6.1; WOW64) AppleWebKit/537.36 (KHTML, like Gecko) Chrome/74.0.3729.169 Safari/537.36"
45.200.149.221 - - [18/Sep/2024:16:01:53 +0000] "GET /wp-emoji-release.min.js HTTP/1.1" 404 31125 "-" "Mozilla/5.0 (Linux; Android 9; SAMSUNG SM-G973F Build/PPR1.180610.011) AppleWebKit/537.36 (KHTML, like Gecko) SamsungBrowser/9.4 Chrome/67.0.3396.87 Mobile Safari/537.36"
45.200.149.221 - - [18/Sep/2024:16:02:13 +0000] "GET //template-7.devuocloud.com/wp-content/themes/Divi/js/custom.unified.js HTTP/1.1" 301 2993 "-" "Mozilla/5.0 (iPhone; CPU iPhone OS 11_0 like Mac OS X) AppleWebKit/604.1.38 (KHTML, like Gecko) Version/11.0 Mobile/15A5362a Safari/604.1"
45.200.149.221 - - [18/Sep/2024:16:02:13 +0000] "GET //template-7.devuocloud.com/wp-includes/js/jquery/jquery-migrate.min.js HTTP/1.1" 301 2994 "-" "Mozilla/5.0 (iPhone; CPU iPhone OS 12_0 like Mac OS X) AppleWebKit/604.1.34 (KHTML, like Gecko) CriOS/67.0.3396.69 Mobile/16A366 Safari/604.1"
45.200.149.221 - - [18/Sep/2024:16:02:14 +0000] "GET //template-7.devuocloud.com/wp-includes/js/jquery/jquery.min.js HTTP/1.1" 301 2986 "-" "Mozilla/5.0 (X11; Linux i686 on x86_64; rv:2.0.1) Gecko/20100101 Firefox/4.0.1"
45.200.149.221 - - [18/Sep/2024:16:02:14 +0000] "GET //template-7.devuocloud.com/wp-content/plugins/contact-form-7/includes/js/index.js HTTP/1.1" 301 3005 "-" "Mozilla/5.0 (Macintosh; Intel Mac OS X 10.9; rv:47.0) Gecko/20100101 Firefox/47.0"
45.200.149.221 - - [18/Sep/2024:16:02:14 +0000] "GET //template-7.devuocloud.com/wp-content/plugins/contact-form-7/includes/swv/js/index.js HTTP/1.1" 301 3009 "-" "BlackBerry7100i/4.1.0 Profile/MIDP-2.0 Configuration/CLDC-1.1 VendorID/103"
45.200.149.221 - - [18/Sep/2024:16:02:15 +0000] "GET //template-7.devuocloud.com/wp-content/themes/Divi/core/admin/js/common.js HTTP/1.1" 301 2996 "-" "Mozilla/5.0 (Linux; Android 9; SM-G9600) AppleWebKit/537.36 (KHTML, like Gecko) Chrome/76.0.3809.89 Mobile Safari/537.36"
45.200.149.221 - - [18/Sep/2024:16:02:15 +0000] "GET /wp-emoji-release.min.js HTTP/1.1" 404 31124 "-" "Mozilla/5.0 (Macintosh; Intel Mac OS X 10.6; rv:2.0b6pre) Gecko/20100907 Firefox/4.0b6pre Camino/2.2a1pre"
45.200.149.221 - - [18/Sep/2024:16:02:47 +0000] "GET //template-7.devuocloud.com/wp-content/themes/Divi/js/custom.unified.js HTTP/1.1" 301 2994 "-" "Mozilla/4.0 (compatible; MSIE 6.0; Windows CE; IEMobile 7.11)"
45.200.149.221 - - [18/Sep/2024:16:02:47 +0000] "GET //template-7.devuocloud.com/wp-content/themes/Divi/core/admin/js/common.js HTTP/1.1" 301 2997 "-" "Mozilla/5.0 (Macintosh; Intel Mac OS X 10_13_3) AppleWebKit/537.36 (KHTML, like Gecko) Chrome/75.0.3770.142 Safari/537.36"
45.200.149.221 - - [18/Sep/2024:16:02:47 +0000] "GET //template-7.devuocloud.com/wp-includes/js/jquery/jquery.min.js HTTP/1.1" 301 2986 "-" "Mozilla/5.0 (Linux; Android 8.1.0; LM-Q710.FG) AppleWebKit/537.36 (KHTML, like Gecko) Chrome/75.0.3770.101 Mobile Safari/537.36"
45.200.149.221 - - [18/Sep/2024:16:02:47 +0000] "GET //template-7.devuocloud.com/wp-content/plugins/contact-form-7/includes/js/index.js HTTP/1.1" 301 3004 "-" "Mozilla/5.0 (Windows NT 10.0; WOW64) AppleWebKit/537.36 (KHTML, like Gecko) Chrome/75.0.3770.143 YaBrowser/19.7.2.516 Yowser/2.5 Safari/537.36"
45.200.149.221 - - [18/Sep/2024:16:02:47 +0000] "GET /wp-emoji-release.min.js HTTP/1.1" 404 31126 "-" "Mozilla/5.0 (Linux; Android 8.0.0; SM-T820) AppleWebKit/537.36 (KHTML, like Gecko) Chrome/76.0.3809.89 Safari/537.36"
45.200.149.221 - - [18/Sep/2024:16:02:47 +0000] "GET //template-7.devuocloud.com/wp-includes/js/jquery/jquery-migrate.min.js HTTP/1.1" 301 2993 "-" "Mozilla/5.0 (SymbianOS/9.1; U; en-us) AppleWebKit/413 (KHTML, like Gecko) Safari/413 es50"
45.200.149.221 - - [18/Sep/2024:16:02:49 +0000] "GET //template-7.devuocloud.com/wp-content/plugins/contact-form-7/includes/swv/js/index.js HTTP/1.1" 301 3010 "-" "SonyEricssonK800i/R1CB Browser/NetFront/3.3 Profile/MIDP-2.0 Configuration/CLDC-1.1 UP.Link/6.3.0.0.0"
201.219.71.76 - - [18/Sep/2024:16:26:09 +0000] "GET / HTTP/1.1" 200 13226 "-" "Mozilla/5.0 (Windows NT 10.0; Win64; x64) AppleWebKit/537.36 (KHTML, like Gecko) Chrome/128.0.0.0 Safari/537.36"
201.219.71.76 - - [18/Sep/2024:16:26:10 +0000] "GET /wp-includes/css/dist/block-library/style.min.css?ver=6.6.2 HTTP/1.1" 200 15267 "https://template-7.devuocloud.com/" "Mozilla/5.0 (Windows NT 10.0; Win64; x64) AppleWebKit/537.36 (KHTML, like Gecko) Chrome/128.0.0.0 Safari/537.36"
201.219.71.76 - - [18/Sep/2024:16:26:11 +0000] "GET /wp-content/plugins/contact-form-7/includes/css/styles.css?ver=5.8.3 HTTP/1.1" 200 3946 "https://template-7.devuocloud.com/" "Mozilla/5.0 (Windows NT 10.0; Win64; x64) AppleWebKit/537.36 (KHTML, like Gecko) Chrome/128.0.0.0 Safari/537.36"
201.219.71.76 - - [18/Sep/2024:16:26:11 +0000] "GET /wp-content/uploads/useanyfont/uaf.css?ver=1700761502 HTTP/1.1" 200 872 "https://template-7.devuocloud.com/" "Mozilla/5.0 (Windows NT 10.0; Win64; x64) AppleWebKit/537.36 (KHTML, like Gecko) Chrome/128.0.0.0 Safari/537.36"
201.219.71.76 - - [18/Sep/2024:16:26:11 +0000] "GET /wp-includes/css/dashicons.min.css?ver=6.6.2 HTTP/1.1" 200 36546 "https://template-7.devuocloud.com/" "Mozilla/5.0 (Windows NT 10.0; Win64; x64) AppleWebKit/537.36 (KHTML, like Gecko) Chrome/128.0.0.0 Safari/537.36"
201.219.71.76 - - [18/Sep/2024:16:26:11 +0000] "GET /wp-content/et-cache/28/et-core-unified-tb-66-28-17265410598016.min.css HTTP/1.1" 200 1184 "https://template-7.devuocloud.com/" "Mozilla/5.0 (Windows NT 10.0; Win64; x64) AppleWebKit/537.36 (KHTML, like Gecko) Chrome/128.0.0.0 Safari/537.36"
201.219.71.76 - - [18/Sep/2024:16:26:11 +0000] "GET /wp-content/et-cache/28/et-core-unified-28-17265410598016.min.css HTTP/1.1" 200 5592 "https://template-7.devuocloud.com/" "Mozilla/5.0 (Windows NT 10.0; Win64; x64) AppleWebKit/537.36 (KHTML, like Gecko) Chrome/128.0.0.0 Safari/537.36"
201.219.71.76 - - [18/Sep/2024:16:26:11 +0000] "GET /wp-content/themes/Divi/style.css?ver=4.9.1 HTTP/1.1" 200 86118 "https://template-7.devuocloud.com/" "Mozilla/5.0 (Windows NT 10.0; Win64; x64) AppleWebKit/537.36 (KHTML, like Gecko) Chrome/128.0.0.0 Safari/537.36"
201.219.71.76 - - [18/Sep/2024:16:26:11 +0000] "GET /wp-includes/js/jquery/jquery.min.js?ver=3.7.1 HTTP/1.1" 200 30846 "https://template-7.devuocloud.com/" "Mozilla/5.0 (Windows NT 10.0; Win64; x64) AppleWebKit/537.36 (KHTML, like Gecko) Chrome/128.0.0.0 Safari/537.36"
201.219.71.76 - - [18/Sep/2024:16:26:11 +0000] "GET /wp-includes/js/jquery/jquery-migrate.min.js?ver=3.4.1 HTTP/1.1" 200 5238 "https://template-7.devuocloud.com/" "Mozilla/5.0 (Windows NT 10.0; Win64; x64) AppleWebKit/537.36 (KHTML, like Gecko) Chrome/128.0.0.0 Safari/537.36"
201.219.71.76 - - [18/Sep/2024:16:26:11 +0000] "GET /wp-content/themes/Divi/core/admin/fonts/modules.ttf HTTP/1.1" 200 92951 "https://template-7.devuocloud.com/" "Mozilla/5.0 (Windows NT 10.0; Win64; x64) AppleWebKit/537.36 (KHTML, like Gecko) Chrome/128.0.0.0 Safari/537.36"
201.219.71.76 - - [18/Sep/2024:16:26:11 +0000] "GET /wp-content/plugins/contact-form-7/includes/swv/js/index.js?ver=5.8.3 HTTP/1.1" 200 3578 "https://template-7.devuocloud.com/" "Mozilla/5.0 (Windows NT 10.0; Win64; x64) AppleWebKit/537.36 (KHTML, like Gecko) Chrome/128.0.0.0 Safari/537.36"
201.219.71.76 - - [18/Sep/2024:16:26:11 +0000] "GET /wp-content/plugins/contact-form-7/includes/js/index.js?ver=5.8.3 HTTP/1.1" 200 4557 "https://template-7.devuocloud.com/" "Mozilla/5.0 (Windows NT 10.0; Win64; x64) AppleWebKit/537.36 (KHTML, like Gecko) Chrome/128.0.0.0 Safari/537.36"
201.219.71.76 - - [18/Sep/2024:16:26:12 +0000] "GET /wp-content/uploads/useanyfont/3209grra.woff2 HTTP/1.1" 200 34662 "https://template-7.devuocloud.com/wp-content/uploads/useanyfont/uaf.css?ver=1700761502" "Mozilla/5.0 (Windows NT 10.0; Win64; x64) AppleWebKit/537.36 (KHTML, like Gecko) Chrome/128.0.0.0 Safari/537.36"
201.219.71.76 - - [18/Sep/2024:16:26:12 +0000] "GET /wp-content/themes/Divi/js/custom.unified.js?ver=4.9.1 HTTP/1.1" 200 139339 "https://template-7.devuocloud.com/" "Mozilla/5.0 (Windows NT 10.0; Win64; x64) AppleWebKit/537.36 (KHTML, like Gecko) Chrome/128.0.0.0 Safari/537.36"
201.219.71.76 - - [18/Sep/2024:16:26:11 +0000] "GET /wp-content/uploads/2023/11/serv1.png HTTP/1.1" 200 845199 "https://template-7.devuocloud.com/" "Mozilla/5.0 (Windows NT 10.0; Win64; x64) AppleWebKit/537.36 (KHTML, like Gecko) Chrome/128.0.0.0 Safari/537.36"
201.219.71.76 - - [18/Sep/2024:16:26:11 +0000] "GET /wp-content/uploads/2023/11/leaves.png HTTP/1.1" 200 3241386 "https://template-7.devuocloud.com/" "Mozilla/5.0 (Windows NT 10.0; Win64; x64) AppleWebKit/537.36 (KHTML, like Gecko) Chrome/128.0.0.0 Safari/537.36"
201.219.71.76 - - [18/Sep/2024:16:26:13 +0000] "GET /wp-content/uploads/2023/11/btn-300x86.png HTTP/1.1" 200 24691 "https://template-7.devuocloud.com/" "Mozilla/5.0 (Windows NT 10.0; Win64; x64) AppleWebKit/537.36 (KHTML, like Gecko) Chrome/128.0.0.0 Safari/537.36"
201.219.71.76 - - [18/Sep/2024:16:26:11 +0000] "GET /wp-content/uploads/2023/11/dependable.png HTTP/1.1" 200 3637623 "https://template-7.devuocloud.com/" "Mozilla/5.0 (Windows NT 10.0; Win64; x64) AppleWebKit/537.36 (KHTML, like Gecko) Chrome/128.0.0.0 Safari/537.36"
201.219.71.76 - - [18/Sep/2024:16:26:13 +0000] "GET /wp-content/themes/Divi/core/admin/js/common.js?ver=4.9.1 HTTP/1.1" 200 930 "https://template-7.devuocloud.com/" "Mozilla/5.0 (Windows NT 10.0; Win64; x64) AppleWebKit/537.36 (KHTML, like Gecko) Chrome/128.0.0.0 Safari/537.36"
201.219.71.76 - - [18/Sep/2024:16:26:13 +0000] "GET /wp-content/uploads/2023/11/serv2.png HTTP/1.1" 200 906392 "https://template-7.devuocloud.com/" "Mozilla/5.0 (Windows NT 10.0; Win64; x64) AppleWebKit/537.36 (KHTML, like Gecko) Chrome/128.0.0.0 Safari/537.36"
201.219.71.76 - - [18/Sep/2024:16:26:13 +0000] "GET /wp-json/contact-form-7/v1/contact-forms/135/feedback/schema HTTP/1.1" 200 1037 "https://template-7.devuocloud.com/" "Mozilla/5.0 (Windows NT 10.0; Win64; x64) AppleWebKit/537.36 (KHTML, like Gecko) Chrome/128.0.0.0 Safari/537.36"
201.219.71.76 - - [18/Sep/2024:16:26:11 +0000] "GET /wp-content/uploads/2023/11/truck.png HTTP/1.1" 200 4594165 "https://template-7.devuocloud.com/" "Mozilla/5.0 (Windows NT 10.0; Win64; x64) AppleWebKit/537.36 (KHTML, like Gecko) Chrome/128.0.0.0 Safari/537.36"
201.219.71.76 - - [18/Sep/2024:16:26:12 +0000] "GET /wp-content/uploads/2023/11/image.png HTTP/1.1" 200 4859693 "https://template-7.devuocloud.com/wp-content/et-cache/28/et-core-unified-tb-66-28-17265410598016.min.css" "Mozilla/5.0 (Windows NT 10.0; Win64; x64) AppleWebKit/537.36 (KHTML, like Gecko) Chrome/128.0.0.0 Safari/537.36"
201.219.71.76 - - [18/Sep/2024:16:26:15 +0000] "GET /wp-content/uploads/2023/11/warm_title.png HTTP/1.1" 200 906860 "https://template-7.devuocloud.com/" "Mozilla/5.0 (Windows NT 10.0; Win64; x64) AppleWebKit/537.36 (KHTML, like Gecko) Chrome/128.0.0.0 Safari/537.36"
201.219.71.76 - - [18/Sep/2024:16:26:15 +0000] "GET /wp-content/uploads/2023/11/img-comt.png HTTP/1.1" 200 1499413 "https://template-7.devuocloud.com/" "Mozilla/5.0 (Windows NT 10.0; Win64; x64) AppleWebKit/537.36 (KHTML, like Gecko) Chrome/128.0.0.0 Safari/537.36"
201.219.71.76 - - [18/Sep/2024:16:26:16 +0000] "GET /wp-content/uploads/2023/11/logo_foot.png HTTP/1.1" 200 56655 "https://template-7.devuocloud.com/" "Mozilla/5.0 (Windows NT 10.0; Win64; x64) AppleWebKit/537.36 (KHTML, like Gecko) Chrome/128.0.0.0 Safari/537.36"
201.219.71.76 - - [18/Sep/2024:16:26:15 +0000] "GET /wp-content/uploads/2023/11/leaf3.png HTTP/1.1" 200 7324984 "https://template-7.devuocloud.com/" "Mozilla/5.0 (Windows NT 10.0; Win64; x64) AppleWebKit/537.36 (KHTML, like Gecko) Chrome/128.0.0.0 Safari/537.36"
201.219.71.76 - - [18/Sep/2024:16:26:17 +0000] "GET /wp-content/uploads/2023/11/bg2.png HTTP/1.1" 200 2348552 "https://template-7.devuocloud.com/wp-content/et-cache/28/et-core-unified-tb-66-28-17265410598016.min.css" "Mozilla/5.0 (Windows NT 10.0; Win64; x64) AppleWebKit/537.36 (KHTML, like Gecko) Chrome/128.0.0.0 Safari/537.36"
201.219.71.76 - - [18/Sep/2024:16:26:18 +0000] "GET /wp-content/uploads/2023/11/image-1-1.png HTTP/1.1" 200 423101 "https://template-7.devuocloud.com/wp-content/et-cache/28/et-core-unified-tb-66-28-17265410598016.min.css" "Mozilla/5.0 (Windows NT 10.0; Win64; x64) AppleWebKit/537.36 (KHTML, like Gecko) Chrome/128.0.0.0 Safari/537.36"
201.219.71.76 - - [18/Sep/2024:16:26:18 +0000] "GET /wp-includes/js/wp-emoji-release.min.js?ver=6.6.2 HTTP/1.1" 200 5428 "https://template-7.devuocloud.com/" "Mozilla/5.0 (Windows NT 10.0; Win64; x64) AppleWebKit/537.36 (KHTML, like Gecko) Chrome/128.0.0.0 Safari/537.36"
201.219.71.76 - - [18/Sep/2024:16:26:18 +0000] "GET /wp-content/uploads/2023/11/but-300x88.png HTTP/1.1" 200 16630 "https://template-7.devuocloud.com/" "Mozilla/5.0 (Windows NT 10.0; Win64; x64) AppleWebKit/537.36 (KHTML, like Gecko) Chrome/128.0.0.0 Safari/537.36"
201.219.71.76 - - [18/Sep/2024:16:26:18 +0000] "GET /wp-content/uploads/2023/11/btn2-300x75.png HTTP/1.1" 200 21401 "https://template-7.devuocloud.com/" "Mozilla/5.0 (Windows NT 10.0; Win64; x64) AppleWebKit/537.36 (KHTML, like Gecko) Chrome/128.0.0.0 Safari/537.36"
201.219.71.76 - - [18/Sep/2024:16:26:17 +0000] "GET /wp-content/uploads/2023/11/image-1.png HTTP/1.1" 200 4730635 "https://template-7.devuocloud.com/wp-content/et-cache/28/et-core-unified-tb-66-28-17265410598016.min.css" "Mozilla/5.0 (Windows NT 10.0; Win64; x64) AppleWebKit/537.36 (KHTML, like Gecko) Chrome/128.0.0.0 Safari/537.36"
201.219.71.76 - - [18/Sep/2024:16:26:13 +0000] "GET /wp-content/uploads/2023/11/leafh2.png HTTP/1.1" 200 8214107 "https://template-7.devuocloud.com/" "Mozilla/5.0 (Windows NT 10.0; Win64; x64) AppleWebKit/537.36 (KHTML, like Gecko) Chrome/128.0.0.0 Safari/537.36"
201.219.71.76 - - [18/Sep/2024:16:26:26 +0000] "GET /wp-json/contact-form-7/v1/contact-forms/135/refill HTTP/1.1" 200 3136 "https://template-7.devuocloud.com/" "Mozilla/5.0 (Windows NT 10.0; Win64; x64) AppleWebKit/537.36 (KHTML, like Gecko) Chrome/128.0.0.0 Safari/537.36"
201.219.71.76 - - [18/Sep/2024:16:26:26 +0000] "GET /favicon.ico HTTP/1.1" 302 744 "https://template-7.devuocloud.com/" "Mozilla/5.0 (Windows NT 10.0; Win64; x64) AppleWebKit/537.36 (KHTML, like Gecko) Chrome/128.0.0.0 Safari/537.36"
201.219.71.76 - - [18/Sep/2024:16:26:29 +0000] "GET /wp-includes/images/w-logo-blue-white-bg.png HTTP/1.1" 200 4427 "https://template-7.devuocloud.com/" "Mozilla/5.0 (Windows NT 10.0; Win64; x64) AppleWebKit/537.36 (KHTML, like Gecko) Chrome/128.0.0.0 Safari/537.36"
146.190.157.162 - - [18/Sep/2024:18:02:38 +0000] "POST /wp-cron.php?doing_wp_cron=1726682558.0285060405731201171875 HTTP/1.1" 200 2869 "-" "WordPress/6.6.2; https://template-7.devuocloud.com"
138.201.56.185 - - [18/Sep/2024:18:02:37 +0000] "POST /xmlrpc.php HTTP/1.1" 200 2987 "-" "Mozilla/5.0 (Linux; Android 10; LM-Q720) AppleWebKit/537.36 (KHTML, like Gecko) Chrome/91.0.4472.114 Mobile Safari/537.36"
104.28.238.119 - - [18/Sep/2024:18:02:38 +0000] "POST /xmlrpc.php HTTP/1.1" 200 3188 "-" "Mozilla/5.0 (Windows NT 10.0; Win64; x64) AppleWebKit/537.36 (KHTML, like Gecko) Chrome/84.0.4147.105 Safari/537.36"
162.19.77.8 - - [18/Sep/2024:18:02:45 +0000] "POST /xmlrpc.php HTTP/1.1" 200 3189 "-" "Mozilla/5.0 (Linux; Android 10; LM-Q720) AppleWebKit/537.36 (KHTML, like Gecko) Chrome/91.0.4472.114 Mobile Safari/537.36"
144.24.110.171 - - [18/Sep/2024:18:02:49 +0000] "POST /xmlrpc.php HTTP/1.1" 200 3189 "-" "Mozilla/5.0 (Windows NT 6.1) AppleWebKit/537.36 (KHTML, like Gecko) Chrome/56.0.2924.76 Safari/537.36"
103.159.51.186 - - [18/Sep/2024:18:02:50 +0000] "POST /xmlrpc.php HTTP/1.1" 200 2985 "-" "Mozilla/5.0 (Windows NT 6.1; Win64; x64; rv:61.0) Gecko/20100101 Firefox/61.0"
151.106.5.242 - - [18/Sep/2024:18:02:51 +0000] "POST /xmlrpc.php HTTP/1.1" 200 3188 "-" "Mozilla/5.0 (Windows NT 10.0; Win64; x64; rv:65.0) Gecko/20100101 Firefox/65.0"
103.213.116.60 - - [18/Sep/2024:18:02:57 +0000] "POST /xmlrpc.php HTTP/1.1" 200 2986 "-" "Mozilla/5.0 (Windows; U; Windows NT 5.1; en-US; rv:1.7.12) Gecko/20050915 Firefox/1.0.7"
45.153.84.166 - - [18/Sep/2024:18:03:07 +0000] "POST /xmlrpc.php HTTP/1.1" 200 3188 "-" "Mozilla/5.0 (Linux; Android 10; SM-A205U) AppleWebKit/537.36 (KHTML, like Gecko) Chrome/91.0.4472.114 Mobile Safari/537.36"
103.159.51.186 - - [18/Sep/2024:18:03:08 +0000] "POST /xmlrpc.php HTTP/1.1" 200 2987 "-" "Mozilla/5.0 (Windows NT 6.1; Win64; x64; rv:58.0) Gecko/20100101 Firefox/58.0"
138.201.56.185 - - [18/Sep/2024:18:03:10 +0000] "POST /xmlrpc.php HTTP/1.1" 200 2986 "-" "Mozilla/5.0 (Windows NT 10.0; Win64; x64) AppleWebKit/537.36 (KHTML, like Gecko) Chrome/57.0.2987.133 Safari/537.36"
47.74.22.248 - - [18/Sep/2024:18:03:20 +0000] "POST /xmlrpc.php HTTP/1.1" 200 2986 "-" "Mozilla/5.0 (Windows NT 10.0; Win64; x64) AppleWebKit/537.36 (KHTML, like Gecko) Chrome/90.0.4430.212 Safari/537.36"
34.127.43.254 - - [18/Sep/2024:18:03:23 +0000] "POST /xmlrpc.php HTTP/1.1" 200 3188 "-" "Mozilla/5.0 (Windows NT 6.1; Win64; x64; rv:57.0) Gecko/20100101 Firefox/57.0"
103.98.6.150 - - [18/Sep/2024:18:03:32 +0000] "POST /xmlrpc.php HTTP/1.1" 200 3189 "-" "Mozilla/5.0 (Windows NT 6.1; Win64; x64) AppleWebKit/537.36 (KHTML, like Gecko) Chrome/74.0.3729.169 Safari/537.36"
146.190.157.162 - - [18/Sep/2024:20:51:04 +0000] "POST /wp-cron.php?doing_wp_cron=1726692664.9226210117340087890625 HTTP/1.1" 200 2869 "-" "WordPress/6.6.2; https://template-7.devuocloud.com"
146.190.157.162 - - [18/Sep/2024:20:51:04 +0000] "POST /wp-cron.php?doing_wp_cron=1726692664.9227321147918701171875 HTTP/1.1" 200 2869 "-" "WordPress/6.6.2; https://template-7.devuocloud.com"
185.107.90.29 - - [18/Sep/2024:20:51:04 +0000] "POST /xmlrpc.php HTTP/1.1" 200 2986 "-" "Mozilla/5.0 (Windows NT 10.0; Win64; x64) AppleWebKit/537.36 (KHTML, like Gecko) Chrome/85.0.4183.102 Safari/537.36"
82.100.220.41 - - [18/Sep/2024:20:51:04 +0000] "POST /xmlrpc.php HTTP/1.1" 200 3188 "-" "Mozilla/5.0 (Windows NT 10.0; Win64; x64) AppleWebKit/537.36 (KHTML, like Gecko) Chrome/80.0.3987.149 Safari/537.36"
146.190.157.162 - - [18/Sep/2024:20:51:04 +0000] "POST /wp-cron.php?doing_wp_cron=1726692664.9230918884277343750000 HTTP/1.1" 200 2869 "-" "WordPress/6.6.2; https://template-7.devuocloud.com"
185.41.152.80 - - [18/Sep/2024:20:51:04 +0000] "POST /xmlrpc.php HTTP/1.1" 200 2986 "-" "Mozilla/5.0 (Windows NT 10.0; Win64; x64) AppleWebKit/537.36 (KHTML, like Gecko) Chrome/88.0.4324.190 Safari/537.36"
185.26.122.78 - - [18/Sep/2024:20:51:07 +0000] "POST /xmlrpc.php HTTP/1.1" 200 2987 "-" "Mozilla/5.0 (Windows NT 10.0; Win64; x64) AppleWebKit/537.36 (KHTML, like Gecko) Chrome/90.0.4430.212 Safari/537.36"
159.65.84.119 - - [18/Sep/2024:20:51:12 +0000] "POST /xmlrpc.php HTTP/1.1" 200 3188 "-" "Mozilla/5.0 (Windows NT 10.0; Win64; x64; rv:58.0) Gecko/20100101 Firefox/58.0"
92.223.191.126 - - [18/Sep/2024:20:51:23 +0000] "POST /xmlrpc.php HTTP/1.1" 200 3188 "-" "Mozilla/5.0 (Windows NT 10.0; Win64; x64; rv:63.0) Gecko/20100101 Firefox/63.0"
185.26.122.51 - - [18/Sep/2024:20:51:25 +0000] "POST /xmlrpc.php HTTP/1.1" 200 2985 "-" "Mozilla/5.0 (Windows NT 6.1; WOW64; rv:18.0) Gecko/20100101 Firefox/18.0"
217.76.58.114 - - [18/Sep/2024:20:51:26 +0000] "POST /xmlrpc.php HTTP/1.1" 200 3187 "-" "Mozilla/5.0 (Windows NT 6.1; WOW64; rv:17.0) Gecko/20100101 Firefox/17.0"
185.185.51.214 - - [18/Sep/2024:20:51:29 +0000] "POST /xmlrpc.php HTTP/1.1" 200 3188 "-" "Mozilla/5.0 (Windows NT 6.1; Win64; x64) AppleWebKit/537.36 (KHTML, like Gecko) Chrome/63.0.3239.132 Safari/537.36"
13.67.78.117 - - [18/Sep/2024:20:51:30 +0000] "POST /xmlrpc.php HTTP/1.1" 200 3188 "-" "Mozilla/5.0 (Windows NT 10.0; Win64; x64) AppleWebKit/537.36 (KHTML, like Gecko) Chrome/80.0.3987.163 Safari/537.36"
196.13.207.92 - - [18/Sep/2024:20:51:33 +0000] "POST /xmlrpc.php HTTP/1.1" 200 3188 "-" "Mozilla/5.0 (X11; Ubuntu; Linux i686; rv:24.0) Gecko/20100101 Firefox/24.0"
146.190.157.162 - - [18/Sep/2024:22:35:11 +0000] "POST /wp-cron.php?doing_wp_cron=1726698911.7270319461822509765625 HTTP/1.1" 200 2870 "-" "WordPress/6.6.2; https://template-7.devuocloud.com"
89.221.250.5 - - [18/Sep/2024:22:35:11 +0000] "POST /xmlrpc.php HTTP/1.1" 200 2986 "-" "Mozilla/5.0 (Linux; Android 10; LM-Q710(FGN)) AppleWebKit/537.36 (KHTML, like Gecko) Chrome/91.0.4472.114 Mobile Safari/537.36"
212.58.20.202 - - [18/Sep/2024:22:35:14 +0000] "POST /xmlrpc.php HTTP/1.1" 200 3188 "-" "Mozilla/5.0 (Windows NT 10.0; Win64; x64) AppleWebKit/537.36 (KHTML, like Gecko) Chrome/84.0.4147.135 Safari/537.36"
46.242.253.100 - - [18/Sep/2024:22:35:18 +0000] "POST /xmlrpc.php HTTP/1.1" 200 3188 "-" "Mozilla/5.0 (Windows NT 10.0; Win64; x64; rv:57.0) Gecko/20100101 Firefox/57.0"
132.148.110.121 - - [18/Sep/2024:22:35:26 +0000] "POST /xmlrpc.php HTTP/1.1" 200 3189 "-" "Mozilla/5.0 (Windows NT 10.0; Win64; x64) AppleWebKit/537.36 (KHTML, like Gecko) Chrome/88.0.4324.190 Safari/537.36"
138.201.56.185 - - [18/Sep/2024:22:35:34 +0000] "POST /xmlrpc.php HTTP/1.1" 200 2985 "-" "Mozilla/5.0 (Windows NT 10.0) AppleWebKit/537.36 (KHTML, like Gecko) Chrome/91.0.4472.114 Safari/537.36"
213.8.103.81 - - [18/Sep/2024:22:35:42 +0000] "POST /xmlrpc.php HTTP/1.1" 200 2985 "-" "Mozilla/5.0 (X11; Linux x86_64) AppleWebKit/537.36 (KHTML, like Gecko) Chrome/44.0.2403.157 Safari/537.36"
188.165.87.101 - - [18/Sep/2024:23:09:37 +0000] "GET / HTTP/1.1" 301 567 "-" "Mozilla/5.0 (X11; Ubuntu; Linux x86_64; rv:109.0) Gecko/20100101 Firefox/115.0"
146.190.157.162 - - [18/Sep/2024:23:09:40 +0000] "POST /wp-cron.php?doing_wp_cron=1726700980.4116721153259277343750 HTTP/1.1" 200 2869 "-" "WordPress/6.6.2; https://template-7.devuocloud.com"
188.165.87.105 - - [18/Sep/2024:23:09:40 +0000] "GET / HTTP/1.1" 200 53706 "-" "Mozilla/5.0 (X11; Ubuntu; Linux x86_64; rv:109.0) Gecko/20100101 Firefox/115.0"
146.190.157.162 - - [19/Sep/2024:01:04:50 +0000] "POST /wp-cron.php?doing_wp_cron=1726707890.0724370479583740234375 HTTP/1.1" 200 2868 "-" "WordPress/6.6.2; https://template-7.devuocloud.com"
51.254.49.100 - - [19/Sep/2024:01:04:49 +0000] "GET / HTTP/1.1" 200 53705 "-" "Mozilla/5.0 (X11; Ubuntu; Linux x86_64; rv:109.0) Gecko/20100101 Firefox/115.0"
37.187.215.253 - - [19/Sep/2024:01:28:13 +0000] "GET / HTTP/1.1" 200 53707 "-" "Mozilla/5.0 (X11; Ubuntu; Linux x86_64; rv:109.0) Gecko/20100101 Firefox/115.0"
103.180.120.148 - - [19/Sep/2024:01:38:59 +0000] "POST /xmlrpc.php HTTP/1.1" 200 3187 "-" "Mozilla/5.0 (Windows NT 10.0; Win64; x64) AppleWebKit/537.36 (KHTML, like Gecko) Chrome/78.0.3904.108 Safari/537.36"
91.203.110.223 - - [19/Sep/2024:01:39:12 +0000] "POST /xmlrpc.php HTTP/1.1" 200 2986 "-" "Mozilla/5.0 (Windows NT 10.0; Win64; x64) AppleWebKit/537.36 (KHTML, like Gecko) Chrome/87.0.4280.141 Safari/537.36"
47.116.23.172 - - [19/Sep/2024:01:39:14 +0000] "POST /xmlrpc.php HTTP/1.1" 200 2986 "-" "Mozilla/5.0 (Windows NT 10.0; Win64; x64) AppleWebKit/537.36 (KHTML, like Gecko) Chrome/90.0.4430.93 Safari/537.36"
47.116.23.172 - - [19/Sep/2024:01:39:24 +0000] "POST /xmlrpc.php HTTP/1.1" 200 2985 "-" "Mozilla/5.0 (Windows NT 10.0) AppleWebKit/537.36 (KHTML, like Gecko) Chrome/72.0.3626.121 Safari/537.36"
146.190.157.162 - - [19/Sep/2024:02:50:03 +0000] "POST /wp-cron.php?doing_wp_cron=1726714203.8478031158447265625000 HTTP/1.1" 200 2868 "-" "WordPress/6.6.2; https://template-7.devuocloud.com"
51.254.49.96 - - [19/Sep/2024:02:50:03 +0000] "GET / HTTP/1.1" 200 53705 "-" "Mozilla/5.0 (X11; Ubuntu; Linux x86_64; rv:109.0) Gecko/20100101 Firefox/115.0"
185.107.90.29 - - [19/Sep/2024:03:29:29 +0000] "POST /xmlrpc.php HTTP/1.1" 200 2986 "-" "Mozilla/5.0 (Windows NT 10.0; Win64; x64) AppleWebKit/537.36 (KHTML, like Gecko) Chrome/85.0.4183.121 Safari/537.36"
146.190.157.162 - - [19/Sep/2024:03:29:29 +0000] "POST /wp-cron.php?doing_wp_cron=1726716569.5238249301910400390625 HTTP/1.1" 200 2869 "-" "WordPress/6.6.2; https://template-7.devuocloud.com"
146.190.157.162 - - [19/Sep/2024:05:05:51 +0000] "POST /wp-cron.php?doing_wp_cron=1726722351.8278939723968505859375 HTTP/1.1" 200 2869 "-" "WordPress/6.6.2; https://template-7.devuocloud.com"
192.243.99.245 - - [19/Sep/2024:05:05:51 +0000] "POST /xmlrpc.php HTTP/1.1" 200 2957 "-" "Mozilla/5.0 (Windows NT 6.1; WOW64; rv:41.0) Gecko/20100101 Firefox/41.0"
34.66.222.230 - - [19/Sep/2024:05:17:36 +0000] "GET / HTTP/1.1" 301 604 "-" "Mozilla/5.0 (Macintosh; Intel Mac OS X 10_15_7) AppleWebKit/537.36 (KHTML, like Gecko) Chrome/127.0.0.0 Safari/537.36"
34.66.222.230 - - [19/Sep/2024:05:17:36 +0000] "GET / HTTP/1.1" 200 13227 "http://template-7.devuocloud.com/" "Mozilla/5.0 (Macintosh; Intel Mac OS X 10_15_7) AppleWebKit/537.36 (KHTML, like Gecko) Chrome/127.0.0.0 Safari/537.36"
34.66.222.230 - - [19/Sep/2024:05:17:37 +0000] "GET /app/ HTTP/1.1" 404 28602 "-" "Mozilla/5.0 (Macintosh; Intel Mac OS X 10_15_7) AppleWebKit/537.36 (KHTML, like Gecko) Chrome/127.0.0.0 Safari/537.36"
34.66.222.230 - - [19/Sep/2024:05:17:38 +0000] "GET /login/ HTTP/1.1" 302 3055 "-" "Mozilla/5.0 (Macintosh; Intel Mac OS X 10_15_7) AppleWebKit/537.36 (KHTML, like Gecko) Chrome/127.0.0.0 Safari/537.36"
34.66.222.230 - - [19/Sep/2024:05:17:38 +0000] "GET /wp-login.php HTTP/1.1" 200 2455 "https://template-7.devuocloud.com/login/" "Mozilla/5.0 (Macintosh; Intel Mac OS X 10_15_7) AppleWebKit/537.36 (KHTML, like Gecko) Chrome/127.0.0.0 Safari/537.36"
146.190.157.162 - - [19/Sep/2024:07:29:25 +0000] "POST /wp-cron.php?doing_wp_cron=1726730965.8543100357055664062500 HTTP/1.1" 200 2869 "-" "WordPress/6.6.2; https://template-7.devuocloud.com"
162.19.77.8 - - [19/Sep/2024:07:29:25 +0000] "POST /xmlrpc.php HTTP/1.1" 200 3188 "-" "Mozilla/5.0 (Linux; Android 10; LM-Q710(FGN)) AppleWebKit/537.36 (KHTML, like Gecko) Chrome/91.0.4472.114 Mobile Safari/537.36"
41.242.99.119 - - [19/Sep/2024:07:58:33 +0000] "GET /index.php HTTP/1.1" 301 585 "template-7.devuocloud.com" "Mozilla/5.1 (Windows NT 6.0; WOW64) AppleWebKit/537.37 (KHTML, like Gecko) Chrome/58.0.1145.75 Safari/537.37"
41.242.99.119 - - [19/Sep/2024:07:58:35 +0000] "GET /index.php HTTP/1.1" 301 2617 "template-7.devuocloud.com" "Mozilla/5.1 (Windows NT 6.0; WOW64) AppleWebKit/537.37 (KHTML, like Gecko) Chrome/58.0.1145.75 Safari/537.37"
41.242.99.119 - - [19/Sep/2024:07:58:37 +0000] "GET / HTTP/1.1" 200 53526 "template-7.devuocloud.com" "Mozilla/5.1 (Windows NT 6.0; WOW64) AppleWebKit/537.37 (KHTML, like Gecko) Chrome/58.0.1145.75 Safari/537.37"
34.127.43.254 - - [19/Sep/2024:09:07:35 +0000] "POST /xmlrpc.php HTTP/1.1" 200 3187 "-" "Mozilla/5.0 (Windows NT 10.0; Win64; x64) AppleWebKit/537.36 (KHTML, like Gecko) Chrome/79.0.3945.117 Safari/537.36"
146.190.157.162 - - [19/Sep/2024:09:07:36 +0000] "POST /wp-cron.php?doing_wp_cron=1726736856.0146539211273193359375 HTTP/1.1" 200 2868 "-" "WordPress/6.6.2; https://template-7.devuocloud.com"
104.28.238.119 - - [19/Sep/2024:09:07:35 +0000] "POST /xmlrpc.php HTTP/1.1" 200 3187 "-" "Mozilla/5.0 (Windows NT 10.0; WOW64; rv:54.0) Gecko/20100101 Firefox/54.0"
157.245.39.169 - - [19/Sep/2024:09:07:41 +0000] "POST /xmlrpc.php HTTP/1.1" 200 3188 "-" "Mozilla/5.0 (Windows NT 6.1; WOW64; rv:42.0) Gecko/20100101 Firefox/42.0"
141.136.47.42 - - [19/Sep/2024:09:07:44 +0000] "POST /xmlrpc.php HTTP/1.1" 200 2985 "-" "Mozilla/5.0 (Windows NT 10.0; Win64; x64; rv:65.0) Gecko/20100101 Firefox/65.0"
13.67.78.117 - - [19/Sep/2024:09:07:50 +0000] "POST /xmlrpc.php HTTP/1.1" 200 3189 "-" "Mozilla/5.0 (Windows NT 10.0; Win64; x64) AppleWebKit/537.36 (KHTML, like Gecko) Chrome/80.0.3987.163 Safari/537.36"
155.133.138.66 - - [19/Sep/2024:09:07:52 +0000] "POST /xmlrpc.php HTTP/1.1" 200 2956 "-" "Mozilla/5.0 (Windows NT 5.1; rv:52.0) Gecko/20100101 Firefox/52.0"
104.233.170.14 - - [19/Sep/2024:09:07:54 +0000] "POST /xmlrpc.php HTTP/1.1" 200 3189 "-" "Mozilla/5.0 (Macintosh; Intel Mac OS X 11_4) AppleWebKit/537.36 (KHTML, like Gecko) Chrome/91.0.4472.114 Safari/537.36"
176.57.217.51 - - [19/Sep/2024:09:07:55 +0000] "POST /xmlrpc.php HTTP/1.1" 200 3187 "-" "Mozilla/5.0 (Windows NT 10.0; Win64; x64) AppleWebKit/537.36 (KHTML, like Gecko) Chrome/61.0.3163.100 Safari/537.36"
146.190.157.162 - - [19/Sep/2024:11:21:47 +0000] "POST /wp-cron.php?doing_wp_cron=1726744907.5251150131225585937500 HTTP/1.1" 200 2869 "-" "WordPress/6.6.2; https://template-7.devuocloud.com"
185.107.90.29 - - [19/Sep/2024:11:21:46 +0000] "POST /xmlrpc.php HTTP/1.1" 200 2986 "-" "Mozilla/5.0 (Windows NT 10.0; WOW64; rv:54.0) Gecko/20100101 Firefox/54.0"
185.107.90.29 - - [19/Sep/2024:11:21:49 +0000] "POST /xmlrpc.php HTTP/1.1" 200 2985 "-" "Mozilla/5.0 (Windows NT 10.0; Win64; x64; rv:78.0) Gecko/20100101 Firefox/78.0"
185.26.122.78 - - [19/Sep/2024:11:21:56 +0000] "POST /xmlrpc.php HTTP/1.1" 200 2987 "-" "Mozilla/5.0 (Windows NT 10.0; Win64; x64; rv:60.0) Gecko/20100101 Firefox/60.0"
185.107.90.29 - - [19/Sep/2024:11:22:01 +0000] "POST /xmlrpc.php HTTP/1.1" 200 2986 "-" "Mozilla/5.0 (Windows NT 6.1; WOW64; rv:47.0) Gecko/20100101 Firefox/47.0"
138.201.56.185 - - [19/Sep/2024:11:22:05 +0000] "POST /xmlrpc.php HTTP/1.1" 200 2987 "-" "Mozilla/5.0 (Windows NT 6.1) AppleWebKit/537.36 (KHTML, like Gecko) Chrome/56.0.2924.76 Safari/537.36"
155.133.138.66 - - [19/Sep/2024:11:22:11 +0000] "POST /xmlrpc.php HTTP/1.1" 200 2958 "-" "Mozilla/5.0 (Windows NT 10.0; Win64; x64) AppleWebKit/537.36 (KHTML, like Gecko) Chrome/64.0.3282.186 Safari/537.36"
146.190.157.162 - - [19/Sep/2024:13:54:17 +0000] "POST /wp-cron.php?doing_wp_cron=1726754057.1759240627288818359375 HTTP/1.1" 200 2869 "-" "WordPress/6.6.2; https://template-7.devuocloud.com"
185.26.122.78 - - [19/Sep/2024:13:54:16 +0000] "POST /xmlrpc.php HTTP/1.1" 200 2985 "-" "Mozilla/5.0 (Windows NT 10.0) AppleWebKit/537.36 (KHTML, like Gecko) Chrome/91.0.4472.114 Safari/537.36"
45.153.84.166 - - [19/Sep/2024:13:54:26 +0000] "POST /xmlrpc.php HTTP/1.1" 200 3187 "-" "Mozilla/5.0 (Windows NT 10.0; Win64; x64; rv:78.0) Gecko/20100101 Firefox/78.0"
138.201.56.185 - - [19/Sep/2024:15:38:05 +0000] "POST /xmlrpc.php HTTP/1.1" 200 2986 "-" "Mozilla/5.0 (Windows NT 5.1; rv:40.0) Gecko/20100101 Firefox/40.0"
146.190.157.162 - - [19/Sep/2024:15:38:07 +0000] "POST /wp-cron.php HTTP/1.1" 200 2870 "-" "WordPress/6.6.2; https://template-7.devuocloud.com"
146.190.157.162 - - [19/Sep/2024:15:38:07 +0000] "GET / HTTP/1.1" 200 13204 "-" "WordPress/6.6.2; https://template-7.devuocloud.com"
212.58.20.202 - - [19/Sep/2024:15:38:07 +0000] "POST /xmlrpc.php HTTP/1.1" 200 3188 "-" "Mozilla/5.0 (Windows NT 6.1; WOW64; rv:17.0) Gecko/20100101 Firefox/17.0"
146.190.157.162 - - [19/Sep/2024:15:38:08 +0000] "GET / HTTP/1.1" 200 13204 "-" "WordPress/6.6.2; https://template-7.devuocloud.com"
146.190.157.162 - - [19/Sep/2024:15:38:08 +0000] "GET / HTTP/1.1" 200 13205 "-" "WordPress/6.6.2; https://template-7.devuocloud.com"
146.190.157.162 - - [19/Sep/2024:15:38:09 +0000] "GET / HTTP/1.1" 200 13203 "-" "WordPress/6.6.2; https://template-7.devuocloud.com"
146.190.157.162 - - [19/Sep/2024:15:38:06 +0000] "POST /wp-cron.php?doing_wp_cron=1726760286.0747849941253662109375 HTTP/1.1" 200 2869 "-" "WordPress/6.6.2; https://template-7.devuocloud.com"
212.117.77.131 - - [19/Sep/2024:15:38:42 +0000] "POST /xmlrpc.php HTTP/1.1" 200 3188 "-" "Mozilla/5.0 (Windows NT 6.2; Win64; x64) AppleWebKit/537.36 (KHTML, like Gecko) Chrome/60.0.3112.90 Safari/537.36"
148.72.245.234 - - [19/Sep/2024:15:38:43 +0000] "POST /xmlrpc.php HTTP/1.1" 200 3187 "-" "Mozilla/5.0 (Windows NT 10.0; Win64; x64) AppleWebKit/537.36 (KHTML, like Gecko) Chrome/88.0.4324.190 Safari/537.36"
146.190.157.162 - - [19/Sep/2024:17:44:52 +0000] "POST /wp-cron.php?doing_wp_cron=1726767892.0988268852233886718750 HTTP/1.1" 200 2870 "-" "WordPress/6.6.2; https://template-7.devuocloud.com"
185.185.51.214 - - [19/Sep/2024:17:44:51 +0000] "POST /xmlrpc.php HTTP/1.1" 200 3187 "-" "Mozilla/5.0 (Windows NT 10.0; Win64; x64; rv:79.0) Gecko/20100101 Firefox/79.0"
83.217.71.17 - - [19/Sep/2024:17:44:52 +0000] "POST /xmlrpc.php HTTP/1.1" 200 3187 "-" "Mozilla/5.0 (Windows NT 6.1; WOW64; rv:50.0) Gecko/20100101 Firefox/50.0"
34.127.43.254 - - [19/Sep/2024:17:44:55 +0000] "POST /xmlrpc.php HTTP/1.1" 200 3188 "-" "Mozilla/5.0 (Windows NT 10.0; Win64; x64) AppleWebKit/537.36 (KHTML, like Gecko) Chrome/79.0.3945.117 Safari/537.36"
217.76.58.114 - - [19/Sep/2024:17:44:55 +0000] "POST /xmlrpc.php HTTP/1.1" 200 3188 "-" "Mozilla/5.0 (Windows NT 6.1; WOW64; rv:41.0) Gecko/20100101 Firefox/41.0"
92.223.191.126 - - [19/Sep/2024:17:44:55 +0000] "POST /xmlrpc.php HTTP/1.1" 200 3189 "-" "Mozilla/5.0 (Windows NT 10.0; Win64; x64; rv:88.0) Gecko/20100101 Firefox/88.0"
92.223.191.126 - - [19/Sep/2024:17:45:00 +0000] "POST /xmlrpc.php HTTP/1.1" 200 3188 "-" "Mozilla/5.0 (Windows NT 6.1; Win64; x64; rv:58.0) Gecko/20100101 Firefox/58.0"
37.120.186.213 - - [19/Sep/2024:17:45:01 +0000] "POST /xmlrpc.php HTTP/1.1" 200 3188 "-" "Mozilla/5.0 (Linux; Android 10; SM-G960U) AppleWebKit/537.36 (KHTML, like Gecko) Chrome/91.0.4472.114 Mobile Safari/537.36"
185.185.51.214 - - [19/Sep/2024:17:45:01 +0000] "POST /xmlrpc.php HTTP/1.1" 200 3188 "-" "Mozilla/5.0 (Windows NT 10.0; Win64; x64) AppleWebKit/537.36 (KHTML, like Gecko) Chrome/85.0.4183.102 Safari/537.36"
185.15.121.114 - - [19/Sep/2024:17:45:05 +0000] "POST /xmlrpc.php HTTP/1.1" 200 3189 "-" "Mozilla/5.0 (Windows NT 10.0; Win64; x64) AppleWebKit/537.36 (KHTML, like Gecko) Chrome/69.0.3497.100 Safari/537.36"
134.122.43.154 - - [19/Sep/2024:17:45:09 +0000] "POST /xmlrpc.php HTTP/1.1" 200 3189 "-" "Mozilla/5.0 (Windows NT 10.0; Win64; x64; rv:85.0) Gecko/20100101 Firefox/85.0"
185.26.122.51 - - [19/Sep/2024:17:45:12 +0000] "POST /xmlrpc.php HTTP/1.1" 200 2985 "-" "Mozilla/5.0 (Windows; U; Windows NT 5.1; en-US; rv:1.7.12) Gecko/20050915 Firefox/1.0.7"
134.122.43.154 - - [19/Sep/2024:17:45:18 +0000] "POST /xmlrpc.php HTTP/1.1" 200 3187 "-" "Mozilla/5.0 (Windows NT 5.1) AppleWebKit/537.36 (KHTML, like Gecko) Chrome/46.0.2490.71 Safari/537.36"
157.245.39.169 - - [19/Sep/2024:17:45:19 +0000] "POST /xmlrpc.php HTTP/1.1" 200 3188 "-" "Mozilla/5.0 (Windows NT 10.0; Win64; x64) AppleWebKit/537.36 (KHTML, like Gecko) Chrome/88.0.4324.104 Safari/537.36"
57.129.13.144 - - [19/Sep/2024:17:45:21 +0000] "POST /xmlrpc.php HTTP/1.1" 200 3188 "-" "Mozilla/5.0 (Windows NT 10.0; Win64; x64) AppleWebKit/537.36 (KHTML, like Gecko) Chrome/85.0.4183.102 Safari/537.36"
146.190.157.162 - - [19/Sep/2024:20:25:15 +0000] "POST /wp-cron.php?doing_wp_cron=1726777515.6860189437866210937500 HTTP/1.1" 200 2869 "-" "WordPress/6.6.2; https://template-7.devuocloud.com"
185.26.122.51 - - [19/Sep/2024:20:25:15 +0000] "POST /xmlrpc.php HTTP/1.1" 200 2987 "-" "Mozilla/5.0 (Windows NT 10.0; Win64; x64) AppleWebKit/537.36 (KHTML, like Gecko) Chrome/63.0.3239.132 Safari/537.36"
