146.190.157.162 - - [08/Oct/2024:02:26:05 +0000] "POST /wp-cron.php?doing_wp_cron=1728354365.0485579967498779296875 HTTP/1.1" 200 2882 "-" "WordPress/6.6.2; https://labrassa.es"
191.80.175.88 - - [08/Oct/2024:02:26:04 +0000] "GET /wp-admin/ HTTP/1.1" 302 463 "-" "Mozilla/5.0 (Windows NT 10.0; Win64; x64) AppleWebKit/537.36 (KHTML, like Gecko) Chrome/129.0.0.0 Safari/537.36"
191.80.175.88 - - [08/Oct/2024:02:26:06 +0000] "GET /wp-login.php?redirect_to=https%3A%2F%2Freformas.devuocloud.com%2Fwp-admin%2F&reauth=1 HTTP/1.1" 200 8026 "-" "Mozilla/5.0 (Windows NT 10.0; Win64; x64) AppleWebKit/537.36 (KHTML, like Gecko) Chrome/129.0.0.0 Safari/537.36"
191.80.175.88 - - [08/Oct/2024:02:26:06 +0000] "GET /wp-includes/css/dashicons.min.css?ver=f30054a140ded00f5fd5888418ee5d69 HTTP/1.1" 200 36222 "https://labrassa.es/wp-login.php?redirect_to=https%3A%2F%2Freformas.devuocloud.com%2Fwp-admin%2F&reauth=1" "Mozilla/5.0 (Windows NT 10.0; Win64; x64) AppleWebKit/537.36 (KHTML, like Gecko) Chrome/129.0.0.0 Safari/537.36"
191.80.175.88 - - [08/Oct/2024:02:26:07 +0000] "GET /wp-includes/css/buttons.min.css?ver=f30054a140ded00f5fd5888418ee5d69 HTTP/1.1" 200 1829 "https://labrassa.es/wp-login.php?redirect_to=https%3A%2F%2Freformas.devuocloud.com%2Fwp-admin%2F&reauth=1" "Mozilla/5.0 (Windows NT 10.0; Win64; x64) AppleWebKit/537.36 (KHTML, like Gecko) Chrome/129.0.0.0 Safari/537.36"
191.80.175.88 - - [08/Oct/2024:02:26:07 +0000] "GET /wp-admin/css/forms.min.css?ver=6.6.2 HTTP/1.1" 200 7407 "https://labrassa.es/wp-login.php?redirect_to=https%3A%2F%2Freformas.devuocloud.com%2Fwp-admin%2F&reauth=1" "Mozilla/5.0 (Windows NT 10.0; Win64; x64) AppleWebKit/537.36 (KHTML, like Gecko) Chrome/129.0.0.0 Safari/537.36"
191.80.175.88 - - [08/Oct/2024:02:26:07 +0000] "GET /wp-admin/css/l10n.min.css?ver=6.6.2 HTTP/1.1" 200 1448 "https://labrassa.es/wp-login.php?redirect_to=https%3A%2F%2Freformas.devuocloud.com%2Fwp-admin%2F&reauth=1" "Mozilla/5.0 (Windows NT 10.0; Win64; x64) AppleWebKit/537.36 (KHTML, like Gecko) Chrome/129.0.0.0 Safari/537.36"
191.80.175.88 - - [08/Oct/2024:02:26:07 +0000] "GET /wp-admin/css/login.min.css?ver=6.6.2 HTTP/1.1" 200 5134 "https://labrassa.es/wp-login.php?redirect_to=https%3A%2F%2Freformas.devuocloud.com%2Fwp-admin%2F&reauth=1" "Mozilla/5.0 (Windows NT 10.0; Win64; x64) AppleWebKit/537.36 (KHTML, like Gecko) Chrome/129.0.0.0 Safari/537.36"
191.80.175.88 - - [08/Oct/2024:02:26:07 +0000] "GET /wp-content/plugins/really-simple-ssl/assets/two-fa/rtl/two-fa-assets.min.css?ver=9.0.2 HTTP/1.1" 200 3613 "https://labrassa.es/wp-login.php?redirect_to=https%3A%2F%2Freformas.devuocloud.com%2Fwp-admin%2F&reauth=1" "Mozilla/5.0 (Windows NT 10.0; Win64; x64) AppleWebKit/537.36 (KHTML, like Gecko) Chrome/129.0.0.0 Safari/537.36"
191.80.175.88 - - [08/Oct/2024:02:26:07 +0000] "GET /wp-includes/js/jquery/jquery.min.js?ver=3.7.1 HTTP/1.1" 200 33433 "https://labrassa.es/wp-login.php?redirect_to=https%3A%2F%2Freformas.devuocloud.com%2Fwp-admin%2F&reauth=1" "Mozilla/5.0 (Windows NT 10.0; Win64; x64) AppleWebKit/537.36 (KHTML, like Gecko) Chrome/129.0.0.0 Safari/537.36"
191.80.175.88 - - [08/Oct/2024:02:26:07 +0000] "GET /wp-includes/js/jquery/jquery-migrate.min.js?ver=3.4.1 HTTP/1.1" 200 5238 "https://labrassa.es/wp-login.php?redirect_to=https%3A%2F%2Freformas.devuocloud.com%2Fwp-admin%2F&reauth=1" "Mozilla/5.0 (Windows NT 10.0; Win64; x64) AppleWebKit/537.36 (KHTML, like Gecko) Chrome/129.0.0.0 Safari/537.36"
191.80.175.88 - - [08/Oct/2024:02:26:07 +0000] "GET /wp-includes/js/zxcvbn-async.min.js?ver=1.0 HTTP/1.1" 200 620 "https://labrassa.es/wp-login.php?redirect_to=https%3A%2F%2Freformas.devuocloud.com%2Fwp-admin%2F&reauth=1" "Mozilla/5.0 (Windows NT 10.0; Win64; x64) AppleWebKit/537.36 (KHTML, like Gecko) Chrome/129.0.0.0 Safari/537.36"
191.80.175.88 - - [08/Oct/2024:02:26:07 +0000] "GET /wp-includes/js/dist/hooks.min.js?ver=2810c76e705dd1a53b18 HTTP/1.1" 200 1907 "https://labrassa.es/wp-login.php?redirect_to=https%3A%2F%2Freformas.devuocloud.com%2Fwp-admin%2F&reauth=1" "Mozilla/5.0 (Windows NT 10.0; Win64; x64) AppleWebKit/537.36 (KHTML, like Gecko) Chrome/129.0.0.0 Safari/537.36"
191.80.175.88 - - [08/Oct/2024:02:26:07 +0000] "GET /wp-includes/js/dist/i18n.min.js?ver=5e580eb46a90c2b997e6 HTTP/1.1" 200 4033 "https://labrassa.es/wp-login.php?redirect_to=https%3A%2F%2Freformas.devuocloud.com%2Fwp-admin%2F&reauth=1" "Mozilla/5.0 (Windows NT 10.0; Win64; x64) AppleWebKit/537.36 (KHTML, like Gecko) Chrome/129.0.0.0 Safari/537.36"
191.80.175.88 - - [08/Oct/2024:02:26:07 +0000] "GET /wp-admin/js/password-strength-meter.min.js?ver=6.6.2 HTTP/1.1" 200 985 "https://labrassa.es/wp-login.php?redirect_to=https%3A%2F%2Freformas.devuocloud.com%2Fwp-admin%2F&reauth=1" "Mozilla/5.0 (Windows NT 10.0; Win64; x64) AppleWebKit/537.36 (KHTML, like Gecko) Chrome/129.0.0.0 Safari/537.36"
191.80.175.88 - - [08/Oct/2024:02:26:07 +0000] "GET /wp-includes/js/underscore.min.js?ver=1.13.4 HTTP/1.1" 200 7677 "https://labrassa.es/wp-login.php?redirect_to=https%3A%2F%2Freformas.devuocloud.com%2Fwp-admin%2F&reauth=1" "Mozilla/5.0 (Windows NT 10.0; Win64; x64) AppleWebKit/537.36 (KHTML, like Gecko) Chrome/129.0.0.0 Safari/537.36"
191.80.175.88 - - [08/Oct/2024:02:26:07 +0000] "GET /wp-admin/js/user-profile.min.js?ver=6.6.2 HTTP/1.1" 200 2846 "https://labrassa.es/wp-login.php?redirect_to=https%3A%2F%2Freformas.devuocloud.com%2Fwp-admin%2F&reauth=1" "Mozilla/5.0 (Windows NT 10.0; Win64; x64) AppleWebKit/537.36 (KHTML, like Gecko) Chrome/129.0.0.0 Safari/537.36"
191.80.175.88 - - [08/Oct/2024:02:26:07 +0000] "GET /wp-includes/js/wp-util.min.js?ver=f30054a140ded00f5fd5888418ee5d69 HTTP/1.1" 200 1120 "https://labrassa.es/wp-login.php?redirect_to=https%3A%2F%2Freformas.devuocloud.com%2Fwp-admin%2F&reauth=1" "Mozilla/5.0 (Windows NT 10.0; Win64; x64) AppleWebKit/537.36 (KHTML, like Gecko) Chrome/129.0.0.0 Safari/537.36"
191.80.175.88 - - [08/Oct/2024:02:26:07 +0000] "GET /wp-admin/images/wordpress-logo.svg?ver=20131107 HTTP/1.1" 200 1832 "https://labrassa.es/wp-admin/css/login.min.css?ver=6.6.2" "Mozilla/5.0 (Windows NT 10.0; Win64; x64) AppleWebKit/537.36 (KHTML, like Gecko) Chrome/129.0.0.0 Safari/537.36"
191.80.175.88 - - [08/Oct/2024:02:26:08 +0000] "GET /wp-content/uploads/2024/09/favicon-150x150.jpg HTTP/1.1" 200 6563 "https://labrassa.es/wp-login.php?redirect_to=https%3A%2F%2Freformas.devuocloud.com%2Fwp-admin%2F&reauth=1" "Mozilla/5.0 (Windows NT 10.0; Win64; x64) AppleWebKit/537.36 (KHTML, like Gecko) Chrome/129.0.0.0 Safari/537.36"
191.80.175.88 - - [08/Oct/2024:02:26:08 +0000] "GET /wp-includes/js/zxcvbn.min.js HTTP/1.1" 200 402087 "https://labrassa.es/wp-login.php?redirect_to=https%3A%2F%2Freformas.devuocloud.com%2Fwp-admin%2F&reauth=1" "Mozilla/5.0 (Windows NT 10.0; Win64; x64) AppleWebKit/537.36 (KHTML, like Gecko) Chrome/129.0.0.0 Safari/537.36"
146.190.157.162 - - [08/Oct/2024:02:36:46 +0000] "POST /wp-cron.php?doing_wp_cron=1728355006.4744629859924316406250 HTTP/1.1" 200 2882 "-" "WordPress/6.6.2; https://labrassa.es"
66.249.72.65 - - [08/Oct/2024:02:36:46 +0000] "GET /product/dehydrated-lamb-lung/ HTTP/1.1" 404 64969 "-" "Mozilla/5.0 (compatible; Googlebot/2.1; +http://www.google.com/bot.html)"
146.190.157.162 - - [08/Oct/2024:02:54:27 +0000] "POST /wp-cron.php?doing_wp_cron=1728356067.4140930175781250000000 HTTP/1.1" 200 2882 "-" "WordPress/6.6.2; https://labrassa.es"
66.249.72.64 - - [08/Oct/2024:02:54:27 +0000] "GET /product/turkey-liver/ HTTP/1.1" 404 64977 "-" "Mozilla/5.0 (Linux; Android 6.0.1; Nexus 5X Build/MMB29P) AppleWebKit/537.36 (KHTML, like Gecko) Chrome/129.0.6668.89 Mobile Safari/537.36 (compatible; Googlebot/2.1; +http://www.google.com/bot.html)"
66.249.72.65 - - [08/Oct/2024:02:54:28 +0000] "GET /product/ground-duck-organs-feet/?add-to-cart=14947 HTTP/1.1" 404 64976 "-" "Mozilla/5.0 (Linux; Android 6.0.1; Nexus 5X Build/MMB29P) AppleWebKit/537.36 (KHTML, like Gecko) Chrome/129.0.6668.89 Mobile Safari/537.36 (compatible; Googlebot/2.1; +http://www.google.com/bot.html)"
69.164.217.245 - - [08/Oct/2024:03:01:20 +0000] "GET / HTTP/1.0" 400 621 "-" "-"
146.190.157.162 - - [08/Oct/2024:03:01:35 +0000] "POST /wp-cron.php?doing_wp_cron=1728356495.4927759170532226562500 HTTP/1.1" 200 2882 "-" "WordPress/6.6.2; https://labrassa.es"
45.79.128.205 - - [08/Oct/2024:03:01:35 +0000] "GET / HTTP/1.1" 301 2622 "-" "Mozilla/5.0 (Macintosh; Intel Mac OS X 13_1) AppleWebKit/537.36 (KHTML, like Gecko) Chrome/108.0.0.0 Safari/537.36"
146.190.157.162 - - [08/Oct/2024:03:37:47 +0000] "POST /wp-cron.php?doing_wp_cron=1728358667.1984460353851318359375 HTTP/1.1" 200 2881 "-" "WordPress/6.6.2; https://labrassa.es"
66.249.72.65 - - [08/Oct/2024:03:37:46 +0000] "GET /product-tag/canine-ear-cleaner/ HTTP/1.1" 404 64970 "-" "Mozilla/5.0 (compatible; Googlebot/2.1; +http://www.google.com/bot.html)"
66.249.72.65 - - [08/Oct/2024:03:38:04 +0000] "GET /product/sardines-whole-2-lb/ HTTP/1.1" 404 64969 "-" "Mozilla/5.0 (compatible; Googlebot/2.1; +http://www.google.com/bot.html)"
146.190.157.162 - - [08/Oct/2024:03:42:37 +0000] "POST /wp-cron.php?doing_wp_cron=1728358957.5088579654693603515625 HTTP/1.1" 200 2881 "-" "WordPress/6.6.2; https://labrassa.es"
34.79.160.230 - - [08/Oct/2024:03:42:37 +0000] "GET / HTTP/1.1" 301 2896 "-" "python-requests/2.32.3"
185.12.59.118 - - [08/Oct/2024:03:49:12 +0000] "GET / HTTP/1.0" 400 621 "-" "-"
146.190.157.162 - - [08/Oct/2024:03:53:01 +0000] "POST /wp-cron.php?doing_wp_cron=1728359581.8148319721221923828125 HTTP/1.1" 200 2882 "-" "WordPress/6.6.2; https://labrassa.es"
107.189.13.74 - - [08/Oct/2024:03:53:01 +0000] "GET /wp-login.php HTTP/1.1" 200 11972 "-" "Mozilla/5.0 (Macintosh; Intel Mac OS X 10_9_2) AppleWebKit/537.74.9 (KHTML, like Gecko) Version/7.0.2 Safari/537.74.9"
107.189.13.74 - - [08/Oct/2024:03:53:02 +0000] "POST /wp-login.php HTTP/1.1" 200 9887 "-" "Mozilla/5.0 (Macintosh; Intel Mac OS X 10_9_2) AppleWebKit/537.74.9 (KHTML, like Gecko) Version/7.0.2 Safari/537.74.9"
146.190.157.162 - - [08/Oct/2024:04:04:55 +0000] "POST /wp-cron.php?doing_wp_cron=1728360295.8150711059570312500000 HTTP/1.1" 200 2883 "-" "WordPress/6.6.2; https://labrassa.es"
68.183.44.242 - - [08/Oct/2024:04:04:55 +0000] "GET /.env HTTP/1.1" 404 64770 "-" "Mozilla/5.0 Keydrop"
68.183.44.242 - - [08/Oct/2024:04:04:57 +0000] "GET / HTTP/1.0" 400 621 "-" "-"
146.190.157.162 - - [08/Oct/2024:04:09:59 +0000] "POST /wp-cron.php?doing_wp_cron=1728360599.8393120765686035156250 HTTP/1.1" 200 2882 "-" "WordPress/6.6.2; https://labrassa.es"
51.222.253.9 - - [08/Oct/2024:04:09:59 +0000] "GET /robots.txt HTTP/1.1" 200 3034 "-" "Mozilla/5.0 (compatible; AhrefsBot/7.0; +http://ahrefs.com/robot/)"
51.222.253.10 - - [08/Oct/2024:04:10:01 +0000] "GET /shop/raw-food/ HTTP/1.1" 404 64946 "-" "Mozilla/5.0 (compatible; AhrefsBot/7.0; +http://ahrefs.com/robot/)"
146.190.157.162 - - [08/Oct/2024:04:11:27 +0000] "POST /wp-cron.php?doing_wp_cron=1728360687.2687389850616455078125 HTTP/1.1" 200 2882 "-" "WordPress/6.6.2; https://labrassa.es"
104.164.173.171 - - [08/Oct/2024:04:11:26 +0000] "GET / HTTP/1.1" 200 17933 "-" "Mozilla/5.0 (Macintosh; Intel Mac OS X 10_15_7) AppleWebKit/537.36 (KHTML, like Gecko) Chrome/116.0.0.0 Safari/537.36"
104.164.173.171 - - [08/Oct/2024:04:11:32 +0000] "GET / HTTP/1.1" 200 17933 "-" "Mozilla/5.0 (Windows NT 10.0; Win64; x64) AppleWebKit/537.36 (KHTML, like Gecko) Chrome/117.0.0.0 Safari/537.36"
104.164.173.171 - - [08/Oct/2024:04:11:33 +0000] "GET /xmlrpc.php HTTP/1.1" 405 327 "-" "Mozilla/5.0 (Windows NT 10.0; Win64; x64) AppleWebKit/537.36 (KHTML, like Gecko) Chrome/117.0.0.0 Safari/537.36"
146.190.157.162 - - [08/Oct/2024:04:29:16 +0000] "POST /wp-cron.php?doing_wp_cron=1728361756.4479529857635498046875 HTTP/1.1" 200 2883 "-" "WordPress/6.6.2; https://labrassa.es"
66.249.72.64 - - [08/Oct/2024:04:29:16 +0000] "GET /wp-content/uploads/2015/06/Pawfectly_Raw_Kidney-280x204.jpg HTTP/1.1" 404 64969 "-" "Googlebot-Image/1.0"
146.190.157.162 - - [08/Oct/2024:04:32:47 +0000] "POST /wp-cron.php?doing_wp_cron=1728361967.2070529460906982421875 HTTP/1.1" 200 2882 "-" "WordPress/6.6.2; https://labrassa.es"
66.249.72.64 - - [08/Oct/2024:04:32:46 +0000] "GET /wp-content/uploads/2015/06/CTO-scaled.jpg HTTP/1.1" 404 64970 "-" "Googlebot-Image/1.0"
146.190.157.162 - - [08/Oct/2024:04:45:59 +0000] "POST /wp-cron.php?doing_wp_cron=1728362759.6899209022521972656250 HTTP/1.1" 200 2882 "-" "WordPress/6.6.2; https://labrassa.es"
66.249.72.64 - - [08/Oct/2024:04:45:59 +0000] "GET /product-tag/chicken-necks/ HTTP/1.1" 404 64976 "-" "Mozilla/5.0 (Linux; Android 6.0.1; Nexus 5X Build/MMB29P) AppleWebKit/537.36 (KHTML, like Gecko) Chrome/129.0.6668.89 Mobile Safari/537.36 (compatible; Googlebot/2.1; +http://www.google.com/bot.html)"
205.185.115.168 - - [08/Oct/2024:04:48:39 +0000] "GET /wp-login.php HTTP/1.1" 200 11971 "-" "Mozilla/5.0 (X11; Ubuntu; Linux i686; rv:31.0) Gecko/20100101 Firefox/31.0"
205.185.115.168 - - [08/Oct/2024:04:48:40 +0000] "POST /wp-login.php HTTP/1.1" 200 9887 "-" "Mozilla/5.0 (X11; Ubuntu; Linux i686; rv:31.0) Gecko/20100101 Firefox/31.0"
146.190.157.162 - - [08/Oct/2024:04:53:29 +0000] "POST /wp-cron.php?doing_wp_cron=1728363209.6567420959472656250000 HTTP/1.1" 200 2882 "-" "WordPress/6.6.2; https://labrassa.es"
66.249.72.64 - - [08/Oct/2024:04:53:29 +0000] "GET /wp-content/uploads/2015/06/LAMB-NECKS-2-scaled.jpg HTTP/1.1" 404 64970 "-" "Googlebot-Image/1.0"
4.151.218.216 - - [08/Oct/2024:04:54:06 +0000] "GET /ecp/Current/exporttool/microsoft.exchange.ediscovery.exporttool.application HTTP/1.1" 404 64771 "-" "Mozilla/5.0 zgrab/0.x"
93.156.206.215 - - [08/Oct/2024:05:03:41 +0000] "-" 408 2586 "-" "-"
93.156.206.215 - - [08/Oct/2024:05:15:01 +0000] "-" 408 323 "-" "-"
93.156.206.215 - - [08/Oct/2024:05:16:13 +0000] "-" 408 323 "-" "-"
93.156.206.215 - - [08/Oct/2024:05:17:21 +0000] "-" 408 323 "-" "-"
146.190.157.162 - - [08/Oct/2024:05:19:40 +0000] "POST /wp-cron.php?doing_wp_cron=1728364780.2720630168914794921875 HTTP/1.1" 200 2882 "-" "WordPress/6.6.2; https://labrassa.es"
66.249.72.65 - - [08/Oct/2024:05:19:39 +0000] "GET /product-tag/chicken-thighs/ HTTP/1.1" 404 64970 "-" "Mozilla/5.0 (compatible; Googlebot/2.1; +http://www.google.com/bot.html)"
35.146.179.121 - - [08/Oct/2024:05:20:42 +0000] "-" 408 2597 "-" "-"
93.156.206.215 - - [08/Oct/2024:05:22:03 +0000] "-" 408 323 "-" "-"
93.156.206.215 - - [08/Oct/2024:05:24:05 +0000] "-" 408 323 "-" "-"
93.156.206.215 - - [08/Oct/2024:05:30:07 +0000] "-" 408 2586 "-" "-"
93.156.206.215 - - [08/Oct/2024:05:34:20 +0000] "-" 408 323 "-" "-"
146.190.157.162 - - [08/Oct/2024:05:44:44 +0000] "POST /wp-cron.php?doing_wp_cron=1728366284.1219060420989990234375 HTTP/1.1" 200 2882 "-" "WordPress/6.6.2; https://labrassa.es"
87.236.176.25 - - [08/Oct/2024:05:44:43 +0000] "GET / HTTP/1.1" 200 17862 "-" "Mozilla/5.0 (compatible; InternetMeasurement/1.0; +https://internet-measurement.com/)"
87.236.176.159 - - [08/Oct/2024:05:44:45 +0000] "GET /wp-content/uploads/2024/09/favicon-300x300.jpg HTTP/1.1" 200 18665 "-" "Mozilla/5.0 (compatible; InternetMeasurement/1.0; +https://internet-measurement.com/)"
87.236.176.100 - - [08/Oct/2024:05:44:45 +0000] "GET /wp-content/uploads/2024/09/favicon-150x150.jpg HTTP/1.1" 200 9112 "-" "Mozilla/5.0 (compatible; InternetMeasurement/1.0; +https://internet-measurement.com/)"
146.190.157.162 - - [08/Oct/2024:05:53:38 +0000] "POST /wp-cron.php?doing_wp_cron=1728366818.1784100532531738281250 HTTP/1.1" 200 2881 "-" "WordPress/6.6.2; https://labrassa.es"
66.249.72.64 - - [08/Oct/2024:05:53:37 +0000] "GET /product/whole-whiting-fish/ HTTP/1.1" 404 64971 "-" "Mozilla/5.0 (compatible; Googlebot/2.1; +http://www.google.com/bot.html)"
66.249.72.66 - - [08/Oct/2024:05:54:28 +0000] "GET / HTTP/1.1" 301 2864 "-" "Mozilla/5.0 (Linux; Android 6.0.1; Nexus 5X Build/MMB29P) AppleWebKit/537.36 (KHTML, like Gecko) Chrome/129.0.6668.89 Mobile Safari/537.36 (compatible; Googlebot/2.1; +http://www.google.com/bot.html)"
146.190.157.162 - - [08/Oct/2024:05:58:46 +0000] "POST /wp-cron.php?doing_wp_cron=1728367126.0105049610137939453125 HTTP/1.1" 200 2882 "-" "WordPress/6.6.2; https://labrassa.es"
209.141.51.75 - - [08/Oct/2024:05:58:45 +0000] "GET /wp-login.php HTTP/1.1" 200 11972 "-" "Mozilla/5.0 (X11; Linux x86_64; rv:31.0) Gecko/20100101 Firefox/31.0"
209.141.51.75 - - [08/Oct/2024:05:58:47 +0000] "POST /wp-login.php HTTP/1.1" 200 9887 "-" "Mozilla/5.0 (X11; Linux x86_64; rv:31.0) Gecko/20100101 Firefox/31.0"
146.190.157.162 - - [08/Oct/2024:06:14:18 +0000] "POST /wp-cron.php?doing_wp_cron=1728368058.7542591094970703125000 HTTP/1.1" 200 2882 "-" "WordPress/6.6.2; https://labrassa.es"
66.249.70.195 - - [08/Oct/2024:06:14:18 +0000] "GET / HTTP/1.1" 200 17904 "-" "Mozilla/5.0 (Linux; Android 6.0.1; Nexus 5X Build/MMB29P) AppleWebKit/537.36 (KHTML, like Gecko) Chrome/129.0.6668.89 Mobile Safari/537.36 (compatible; Googlebot/2.1; +http://www.google.com/bot.html)"
213.143.58.215 - - [08/Oct/2024:06:14:42 +0000] "GET / HTTP/1.1" 200 17918 "-" "Mozilla/5.0 (Linux; Android 10; K) AppleWebKit/537.36 (KHTML, like Gecko) SamsungBrowser/26.0 Chrome/122.0.0.0 Mobile Safari/537.36"
213.143.58.215 - - [08/Oct/2024:06:14:43 +0000] "GET /wp-includes/css/dist/block-library/style.min.css?ver=f30054a140ded00f5fd5888418ee5d69 HTTP/1.1" 200 17852 "https://labrassa.es/" "Mozilla/5.0 (Linux; Android 10; K) AppleWebKit/537.36 (KHTML, like Gecko) SamsungBrowser/26.0 Chrome/122.0.0.0 Mobile Safari/537.36"
213.143.58.215 - - [08/Oct/2024:06:14:43 +0000] "GET /wp-content/themes/Divi/style.css?ver=4.9.1 HTTP/1.1" 200 86130 "https://labrassa.es/" "Mozilla/5.0 (Linux; Android 10; K) AppleWebKit/537.36 (KHTML, like Gecko) SamsungBrowser/26.0 Chrome/122.0.0.0 Mobile Safari/537.36"
213.143.58.215 - - [08/Oct/2024:06:14:43 +0000] "GET /wp-includes/css/dashicons.min.css?ver=f30054a140ded00f5fd5888418ee5d69 HTTP/1.1" 200 36222 "https://labrassa.es/" "Mozilla/5.0 (Linux; Android 10; K) AppleWebKit/537.36 (KHTML, like Gecko) SamsungBrowser/26.0 Chrome/122.0.0.0 Mobile Safari/537.36"
213.143.58.215 - - [08/Oct/2024:06:14:44 +0000] "GET /wp-includes/js/jquery/jquery.min.js?ver=3.7.1 HTTP/1.1" 200 30846 "https://labrassa.es/" "Mozilla/5.0 (Linux; Android 10; K) AppleWebKit/537.36 (KHTML, like Gecko) SamsungBrowser/26.0 Chrome/122.0.0.0 Mobile Safari/537.36"
213.143.58.215 - - [08/Oct/2024:06:14:44 +0000] "GET /wp-includes/js/jquery/jquery-migrate.min.js?ver=3.4.1 HTTP/1.1" 200 5562 "https://labrassa.es/" "Mozilla/5.0 (Linux; Android 10; K) AppleWebKit/537.36 (KHTML, like Gecko) SamsungBrowser/26.0 Chrome/122.0.0.0 Mobile Safari/537.36"
213.143.58.215 - - [08/Oct/2024:06:14:44 +0000] "GET /wp-content/themes/Divi/core/admin/fonts/modules.ttf HTTP/1.1" 200 93275 "https://labrassa.es/" "Mozilla/5.0 (Linux; Android 10; K) AppleWebKit/537.36 (KHTML, like Gecko) SamsungBrowser/26.0 Chrome/122.0.0.0 Mobile Safari/537.36"
213.143.58.215 - - [08/Oct/2024:06:14:44 +0000] "GET /wp-content/uploads/2024/09/Logo-negro.png HTTP/1.1" 200 52328 "https://labrassa.es/" "Mozilla/5.0 (Linux; Android 10; K) AppleWebKit/537.36 (KHTML, like Gecko) SamsungBrowser/26.0 Chrome/122.0.0.0 Mobile Safari/537.36"
213.143.58.215 - - [08/Oct/2024:06:14:44 +0000] "GET /wp-content/uploads/2024/09/Logo-crema.png HTTP/1.1" 200 49361 "https://labrassa.es/" "Mozilla/5.0 (Linux; Android 10; K) AppleWebKit/537.36 (KHTML, like Gecko) SamsungBrowser/26.0 Chrome/122.0.0.0 Mobile Safari/537.36"
213.143.58.215 - - [08/Oct/2024:06:14:44 +0000] "GET /wp-content/uploads/2024/09/barbecue-5002642_1920-1280x1235.jpg HTTP/1.1" 200 205743 "https://labrassa.es/" "Mozilla/5.0 (Linux; Android 10; K) AppleWebKit/537.36 (KHTML, like Gecko) SamsungBrowser/26.0 Chrome/122.0.0.0 Mobile Safari/537.36"
213.143.58.215 - - [08/Oct/2024:06:14:44 +0000] "GET /wp-content/uploads/2024/09/412156970_1179200609721275_7052798116494434314_n-1280x1280.jpg HTTP/1.1" 200 331658 "https://labrassa.es/" "Mozilla/5.0 (Linux; Android 10; K) AppleWebKit/537.36 (KHTML, like Gecko) SamsungBrowser/26.0 Chrome/122.0.0.0 Mobile Safari/537.36"
213.143.58.215 - - [08/Oct/2024:06:14:44 +0000] "GET /wp-content/themes/Divi/core/admin/js/common.js?ver=4.9.1 HTTP/1.1" 200 930 "https://labrassa.es/" "Mozilla/5.0 (Linux; Android 10; K) AppleWebKit/537.36 (KHTML, like Gecko) SamsungBrowser/26.0 Chrome/122.0.0.0 Mobile Safari/537.36"
213.143.58.215 - - [08/Oct/2024:06:14:44 +0000] "GET /wp-content/themes/Divi/js/custom.unified.js?ver=4.9.1 HTTP/1.1" 200 139339 "https://labrassa.es/" "Mozilla/5.0 (Linux; Android 10; K) AppleWebKit/537.36 (KHTML, like Gecko) SamsungBrowser/26.0 Chrome/122.0.0.0 Mobile Safari/537.36"
213.143.58.215 - - [08/Oct/2024:06:14:44 +0000] "GET /wp-content/uploads/2024/09/403967068_7235686646466166_8983020479769813756_n-1280x1280.jpg HTTP/1.1" 200 225275 "https://labrassa.es/" "Mozilla/5.0 (Linux; Android 10; K) AppleWebKit/537.36 (KHTML, like Gecko) SamsungBrowser/26.0 Chrome/122.0.0.0 Mobile Safari/537.36"
213.143.58.215 - - [08/Oct/2024:06:14:45 +0000] "GET /wp-content/uploads/2024/09/Logo-violeta.png HTTP/1.1" 200 50251 "https://labrassa.es/" "Mozilla/5.0 (Linux; Android 10; K) AppleWebKit/537.36 (KHTML, like Gecko) SamsungBrowser/26.0 Chrome/122.0.0.0 Mobile Safari/537.36"
213.143.58.215 - - [08/Oct/2024:06:14:45 +0000] "GET /wp-content/uploads/2024/09/403880390_382599460862065_7675329947410464719_n-1280x1280.jpg HTTP/1.1" 200 325354 "https://labrassa.es/" "Mozilla/5.0 (Linux; Android 10; K) AppleWebKit/537.36 (KHTML, like Gecko) SamsungBrowser/26.0 Chrome/122.0.0.0 Mobile Safari/537.36"
213.143.58.215 - - [08/Oct/2024:06:14:44 +0000] "GET /wp-content/uploads/2024/09/369819017_869295911530313_7625983285349549390_n.jpg HTTP/1.1" 200 175866 "https://labrassa.es/" "Mozilla/5.0 (Linux; Android 10; K) AppleWebKit/537.36 (KHTML, like Gecko) SamsungBrowser/26.0 Chrome/122.0.0.0 Mobile Safari/537.36"
213.143.58.215 - - [08/Oct/2024:06:14:44 +0000] "GET /wp-content/uploads/2024/01/logo.png HTTP/1.1" 404 62360 "https://labrassa.es/" "Mozilla/5.0 (Linux; Android 10; K) AppleWebKit/537.36 (KHTML, like Gecko) SamsungBrowser/26.0 Chrome/122.0.0.0 Mobile Safari/537.36"
213.143.58.215 - - [08/Oct/2024:06:14:45 +0000] "GET /wp-content/uploads/2024/09/kit_digital-1024x61-1.png HTTP/1.1" 200 63167 "https://labrassa.es/" "Mozilla/5.0 (Linux; Android 10; K) AppleWebKit/537.36 (KHTML, like Gecko) SamsungBrowser/26.0 Chrome/122.0.0.0 Mobile Safari/537.36"
213.143.58.215 - - [08/Oct/2024:06:14:45 +0000] "GET /wp-content/uploads/2024/09/carne2.jpg HTTP/1.1" 200 314748 "https://labrassa.es/" "Mozilla/5.0 (Linux; Android 10; K) AppleWebKit/537.36 (KHTML, like Gecko) SamsungBrowser/26.0 Chrome/122.0.0.0 Mobile Safari/537.36"
213.143.58.215 - - [08/Oct/2024:06:14:45 +0000] "GET /wp-content/uploads/2024/09/coals-8825780_1920.jpg HTTP/1.1" 200 676440 "https://labrassa.es/" "Mozilla/5.0 (Linux; Android 10; K) AppleWebKit/537.36 (KHTML, like Gecko) SamsungBrowser/26.0 Chrome/122.0.0.0 Mobile Safari/537.36"
213.143.58.215 - - [08/Oct/2024:06:14:46 +0000] "GET /wp-content/uploads/2024/09/favicon-300x300.jpg HTTP/1.1" 200 16117 "https://labrassa.es/" "Mozilla/5.0 (Linux; Android 10; K) AppleWebKit/537.36 (KHTML, like Gecko) SamsungBrowser/26.0 Chrome/122.0.0.0 Mobile Safari/537.36"
66.249.70.195 - - [08/Oct/2024:06:15:00 +0000] "GET /wp-content/uploads/2024/09/favicon-150x150.jpg HTTP/1.1" 200 9133 "-" "Googlebot-Image/1.0"
213.143.58.215 - - [08/Oct/2024:06:15:18 +0000] "GET /menu/ HTTP/1.1" 200 15850 "https://labrassa.es/" "Mozilla/5.0 (Linux; Android 10; K) AppleWebKit/537.36 (KHTML, like Gecko) SamsungBrowser/26.0 Chrome/122.0.0.0 Mobile Safari/537.36"
213.143.58.215 - - [08/Oct/2024:06:15:19 +0000] "GET /wp-content/uploads/2024/09/401018447_1842951106156254_5245991858301469789_n.jpg HTTP/1.1" 200 261126 "https://labrassa.es/menu/" "Mozilla/5.0 (Linux; Android 10; K) AppleWebKit/537.36 (KHTML, like Gecko) SamsungBrowser/26.0 Chrome/122.0.0.0 Mobile Safari/537.36"
213.143.58.215 - - [08/Oct/2024:06:15:20 +0000] "GET /wp-content/uploads/2024/09/2024-05-14.jpg HTTP/1.1" 200 153264 "https://labrassa.es/menu/" "Mozilla/5.0 (Linux; Android 10; K) AppleWebKit/537.36 (KHTML, like Gecko) SamsungBrowser/26.0 Chrome/122.0.0.0 Mobile Safari/537.36"
213.143.58.215 - - [08/Oct/2024:06:15:20 +0000] "GET /wp-content/uploads/2024/09/2023-11-06-3.jpg HTTP/1.1" 200 236580 "https://labrassa.es/menu/" "Mozilla/5.0 (Linux; Android 10; K) AppleWebKit/537.36 (KHTML, like Gecko) SamsungBrowser/26.0 Chrome/122.0.0.0 Mobile Safari/537.36"
213.143.58.215 - - [08/Oct/2024:06:15:20 +0000] "GET /wp-content/uploads/2024/09/2023-11-06-5.jpg HTTP/1.1" 200 333553 "https://labrassa.es/menu/" "Mozilla/5.0 (Linux; Android 10; K) AppleWebKit/537.36 (KHTML, like Gecko) SamsungBrowser/26.0 Chrome/122.0.0.0 Mobile Safari/537.36"
213.143.58.215 - - [08/Oct/2024:06:15:19 +0000] "GET /wp-content/uploads/2024/01/logo.png HTTP/1.1" 404 62360 "https://labrassa.es/menu/" "Mozilla/5.0 (Linux; Android 10; K) AppleWebKit/537.36 (KHTML, like Gecko) SamsungBrowser/26.0 Chrome/122.0.0.0 Mobile Safari/537.36"
213.143.58.215 - - [08/Oct/2024:06:15:20 +0000] "GET /wp-content/uploads/2024/09/fire-2777580_1920.jpg HTTP/1.1" 200 453751 "https://labrassa.es/menu/" "Mozilla/5.0 (Linux; Android 10; K) AppleWebKit/537.36 (KHTML, like Gecko) SamsungBrowser/26.0 Chrome/122.0.0.0 Mobile Safari/537.36"
213.143.58.215 - - [08/Oct/2024:06:15:20 +0000] "GET /wp-content/uploads/2024/09/2024-05-21.jpg HTTP/1.1" 200 259929 "https://labrassa.es/menu/" "Mozilla/5.0 (Linux; Android 10; K) AppleWebKit/537.36 (KHTML, like Gecko) SamsungBrowser/26.0 Chrome/122.0.0.0 Mobile Safari/537.36"
66.249.70.194 - - [08/Oct/2024:06:15:20 +0000] "GET /wp-content/uploads/2024/09/favicon-300x300.jpg HTTP/1.1" 200 18688 "-" "Googlebot-Image/1.0"
213.143.58.215 - - [08/Oct/2024:06:15:20 +0000] "GET /wp-content/uploads/2024/09/bbq-4373644_1920.jpg HTTP/1.1" 200 573583 "https://labrassa.es/menu/" "Mozilla/5.0 (Linux; Android 10; K) AppleWebKit/537.36 (KHTML, like Gecko) SamsungBrowser/26.0 Chrome/122.0.0.0 Mobile Safari/537.36"
213.143.58.215 - - [08/Oct/2024:06:15:20 +0000] "GET /wp-content/uploads/2024/09/2023-12-02-1.jpg HTTP/1.1" 200 496351 "https://labrassa.es/menu/" "Mozilla/5.0 (Linux; Android 10; K) AppleWebKit/537.36 (KHTML, like Gecko) SamsungBrowser/26.0 Chrome/122.0.0.0 Mobile Safari/537.36"
185.233.100.23 - - [08/Oct/2024:06:15:29 +0000] "GET /remote/fgt_lang?lang=/../../../..//////////dev/cmdb/sslvpn_websession HTTP/1.1" 301 3009 "-" "Python-urllib/3.12"
185.233.100.23 - - [08/Oct/2024:06:15:30 +0000] "GET /remote/fgt_lang?lang=/../../../..//////////dev/cmdb/sslvpn_websession HTTP/1.1" 404 64949 "-" "Python-urllib/3.12"
213.143.58.215 - - [08/Oct/2024:06:15:41 +0000] "-" 408 323 "-" "-"
213.143.58.215 - - [08/Oct/2024:06:15:50 +0000] "GET /wp-content/uploads/2024/09/CARTA-BRASSA-_231106_102916.pdf HTTP/1.1" 200 14610697 "https://labrassa.es/menu/" "Mozilla/5.0 (Linux; Android 10; K) AppleWebKit/537.36 (KHTML, like Gecko) SamsungBrowser/26.0 Chrome/122.0.0.0 Mobile Safari/537.36"
213.143.58.215 - - [08/Oct/2024:06:16:10 +0000] "-" 408 323 "-" "-"
146.190.157.162 - - [08/Oct/2024:06:17:09 +0000] "POST /wp-cron.php?doing_wp_cron=1728368229.6425259113311767578125 HTTP/1.1" 200 2882 "-" "WordPress/6.6.2; https://labrassa.es"
52.167.144.67 - - [08/Oct/2024:06:17:09 +0000] "GET /robots.txt HTTP/1.1" 200 3180 "-" "Mozilla/5.0 AppleWebKit/537.36 (KHTML, like Gecko; compatible; bingbot/2.0; +http://www.bing.com/bingbot.htm) Chrome/116.0.1938.76 Safari/537.36"
52.167.144.67 - - [08/Oct/2024:06:17:10 +0000] "GET /robots.txt HTTP/1.1" 200 491 "-" "Mozilla/5.0 AppleWebKit/537.36 (KHTML, like Gecko; compatible; bingbot/2.0; +http://www.bing.com/bingbot.htm) Chrome/116.0.1938.76 Safari/537.36"
52.167.144.236 - - [08/Oct/2024:06:17:12 +0000] "GET /sitemap_index.xml HTTP/1.1" 200 3218 "-" "Mozilla/5.0 AppleWebKit/537.36 (KHTML, like Gecko; compatible; bingbot/2.0; +http://www.bing.com/bingbot.htm) Chrome/116.0.1938.76 Safari/537.36"
90.167.23.222 - - [08/Oct/2024:06:17:43 +0000] "GET / HTTP/1.1" 200 17917 "-" "Mozilla/5.0 (iPhone; CPU iPhone OS 18_0_1 like Mac OS X) AppleWebKit/605.1.15 (KHTML, like Gecko) Version/18.0.1 Mobile/15E148 Safari/604.1"
90.167.23.222 - - [08/Oct/2024:06:17:44 +0000] "GET /wp-content/themes/Divi/core/admin/fonts/modules.ttf HTTP/1.1" 200 92951 "https://labrassa.es/" "Mozilla/5.0 (iPhone; CPU iPhone OS 18_0_1 like Mac OS X) AppleWebKit/605.1.15 (KHTML, like Gecko) Version/18.0.1 Mobile/15E148 Safari/604.1"
90.167.23.222 - - [08/Oct/2024:06:17:44 +0000] "GET /wp-includes/css/dashicons.min.css?ver=f30054a140ded00f5fd5888418ee5d69 HTTP/1.1" 200 38808 "https://labrassa.es/" "Mozilla/5.0 (iPhone; CPU iPhone OS 18_0_1 like Mac OS X) AppleWebKit/605.1.15 (KHTML, like Gecko) Version/18.0.1 Mobile/15E148 Safari/604.1"
90.167.23.222 - - [08/Oct/2024:06:17:44 +0000] "GET /wp-includes/js/jquery/jquery-migrate.min.js?ver=3.4.1 HTTP/1.1" 200 7823 "https://labrassa.es/" "Mozilla/5.0 (iPhone; CPU iPhone OS 18_0_1 like Mac OS X) AppleWebKit/605.1.15 (KHTML, like Gecko) Version/18.0.1 Mobile/15E148 Safari/604.1"
90.167.23.222 - - [08/Oct/2024:06:17:44 +0000] "GET /wp-includes/css/dist/block-library/style.min.css?ver=f30054a140ded00f5fd5888418ee5d69 HTTP/1.1" 200 17852 "https://labrassa.es/" "Mozilla/5.0 (iPhone; CPU iPhone OS 18_0_1 like Mac OS X) AppleWebKit/605.1.15 (KHTML, like Gecko) Version/18.0.1 Mobile/15E148 Safari/604.1"
90.167.23.222 - - [08/Oct/2024:06:17:44 +0000] "GET /wp-includes/js/jquery/jquery.min.js?ver=3.7.1 HTTP/1.1" 200 33432 "https://labrassa.es/" "Mozilla/5.0 (iPhone; CPU iPhone OS 18_0_1 like Mac OS X) AppleWebKit/605.1.15 (KHTML, like Gecko) Version/18.0.1 Mobile/15E148 Safari/604.1"
90.167.23.222 - - [08/Oct/2024:06:17:44 +0000] "GET /wp-content/themes/Divi/style.css?ver=4.9.1 HTTP/1.1" 200 86131 "https://labrassa.es/" "Mozilla/5.0 (iPhone; CPU iPhone OS 18_0_1 like Mac OS X) AppleWebKit/605.1.15 (KHTML, like Gecko) Version/18.0.1 Mobile/15E148 Safari/604.1"
90.167.23.222 - - [08/Oct/2024:06:17:45 +0000] "GET /wp-content/themes/Divi/core/admin/js/common.js?ver=4.9.1 HTTP/1.1" 200 930 "https://labrassa.es/" "Mozilla/5.0 (iPhone; CPU iPhone OS 18_0_1 like Mac OS X) AppleWebKit/605.1.15 (KHTML, like Gecko) Version/18.0.1 Mobile/15E148 Safari/604.1"
90.167.23.222 - - [08/Oct/2024:06:17:44 +0000] "GET /wp-content/themes/Divi/js/custom.unified.js?ver=4.9.1 HTTP/1.1" 200 139339 "https://labrassa.es/" "Mozilla/5.0 (iPhone; CPU iPhone OS 18_0_1 like Mac OS X) AppleWebKit/605.1.15 (KHTML, like Gecko) Version/18.0.1 Mobile/15E148 Safari/604.1"
90.167.23.222 - - [08/Oct/2024:06:17:45 +0000] "GET /wp-content/uploads/2024/09/Logo-negro.png HTTP/1.1" 200 49742 "https://labrassa.es/" "Mozilla/5.0 (iPhone; CPU iPhone OS 18_0_1 like Mac OS X) AppleWebKit/605.1.15 (KHTML, like Gecko) Version/18.0.1 Mobile/15E148 Safari/604.1"
90.167.23.222 - - [08/Oct/2024:06:17:45 +0000] "GET /wp-content/uploads/2024/09/Logo-crema.png HTTP/1.1" 200 49361 "https://labrassa.es/" "Mozilla/5.0 (iPhone; CPU iPhone OS 18_0_1 like Mac OS X) AppleWebKit/605.1.15 (KHTML, like Gecko) Version/18.0.1 Mobile/15E148 Safari/604.1"
90.167.23.222 - - [08/Oct/2024:06:17:57 +0000] "GET /wp-content/uploads/2024/09/403967068_7235686646466166_8983020479769813756_n.jpg HTTP/1.1" 200 211021 "https://labrassa.es/" "Mozilla/5.0 (iPhone; CPU iPhone OS 18_0_1 like Mac OS X) AppleWebKit/605.1.15 (KHTML, like Gecko) Version/18.0.1 Mobile/15E148 Safari/604.1"
90.167.23.222 - - [08/Oct/2024:06:17:57 +0000] "GET /wp-content/uploads/2024/09/369819017_869295911530313_7625983285349549390_n.jpg HTTP/1.1" 200 178451 "https://labrassa.es/" "Mozilla/5.0 (iPhone; CPU iPhone OS 18_0_1 like Mac OS X) AppleWebKit/605.1.15 (KHTML, like Gecko) Version/18.0.1 Mobile/15E148 Safari/604.1"
90.167.23.222 - - [08/Oct/2024:06:17:57 +0000] "GET /wp-content/uploads/2024/09/412156970_1179200609721275_7052798116494434314_n.jpg HTTP/1.1" 200 309009 "https://labrassa.es/" "Mozilla/5.0 (iPhone; CPU iPhone OS 18_0_1 like Mac OS X) AppleWebKit/605.1.15 (KHTML, like Gecko) Version/18.0.1 Mobile/15E148 Safari/604.1"
90.167.23.222 - - [08/Oct/2024:06:17:57 +0000] "GET /wp-content/uploads/2024/09/barbecue-5002642_1920.jpg HTTP/1.1" 200 600815 "https://labrassa.es/" "Mozilla/5.0 (iPhone; CPU iPhone OS 18_0_1 like Mac OS X) AppleWebKit/605.1.15 (KHTML, like Gecko) Version/18.0.1 Mobile/15E148 Safari/604.1"
90.167.23.222 - - [08/Oct/2024:06:18:04 +0000] "GET /wp-content/uploads/2024/09/carne2.jpg HTTP/1.1" 200 317334 "https://labrassa.es/" "Mozilla/5.0 (iPhone; CPU iPhone OS 18_0_1 like Mac OS X) AppleWebKit/605.1.15 (KHTML, like Gecko) Version/18.0.1 Mobile/15E148 Safari/604.1"
90.167.23.222 - - [08/Oct/2024:06:18:04 +0000] "GET /wp-content/uploads/2024/09/403880390_382599460862065_7675329947410464719_n.jpg HTTP/1.1" 200 321986 "https://labrassa.es/" "Mozilla/5.0 (iPhone; CPU iPhone OS 18_0_1 like Mac OS X) AppleWebKit/605.1.15 (KHTML, like Gecko) Version/18.0.1 Mobile/15E148 Safari/604.1"
90.167.23.222 - - [08/Oct/2024:06:18:08 +0000] "GET /wp-content/uploads/2024/09/Logo-violeta.png HTTP/1.1" 200 52838 "https://labrassa.es/" "Mozilla/5.0 (iPhone; CPU iPhone OS 18_0_1 like Mac OS X) AppleWebKit/605.1.15 (KHTML, like Gecko) Version/18.0.1 Mobile/15E148 Safari/604.1"
90.167.23.222 - - [08/Oct/2024:06:18:09 +0000] "GET /wp-content/uploads/2024/09/kit_digital-1024x61-1.png HTTP/1.1" 200 65753 "https://labrassa.es/" "Mozilla/5.0 (iPhone; CPU iPhone OS 18_0_1 like Mac OS X) AppleWebKit/605.1.15 (KHTML, like Gecko) Version/18.0.1 Mobile/15E148 Safari/604.1"
90.167.23.222 - - [08/Oct/2024:06:18:16 +0000] "GET /menu HTTP/1.1" 301 2888 "https://labrassa.es/" "Mozilla/5.0 (iPhone; CPU iPhone OS 18_0_1 like Mac OS X) AppleWebKit/605.1.15 (KHTML, like Gecko) Version/18.0.1 Mobile/15E148 Safari/604.1"
90.167.23.222 - - [08/Oct/2024:06:18:17 +0000] "GET /menu/ HTTP/1.1" 200 18112 "https://labrassa.es/" "Mozilla/5.0 (iPhone; CPU iPhone OS 18_0_1 like Mac OS X) AppleWebKit/605.1.15 (KHTML, like Gecko) Version/18.0.1 Mobile/15E148 Safari/604.1"
90.167.23.222 - - [08/Oct/2024:06:18:18 +0000] "GET /wp-content/uploads/2024/09/Logo-crema.png HTTP/1.1" 200 49361 "https://labrassa.es/menu/" "Mozilla/5.0 (iPhone; CPU iPhone OS 18_0_1 like Mac OS X) AppleWebKit/605.1.15 (KHTML, like Gecko) Version/18.0.1 Mobile/15E148 Safari/604.1"
90.167.23.222 - - [08/Oct/2024:06:18:18 +0000] "GET /wp-content/themes/Divi/js/custom.unified.js?ver=4.9.1 HTTP/1.1" 200 141925 "https://labrassa.es/menu/" "Mozilla/5.0 (iPhone; CPU iPhone OS 18_0_1 like Mac OS X) AppleWebKit/605.1.15 (KHTML, like Gecko) Version/18.0.1 Mobile/15E148 Safari/604.1"
90.167.23.222 - - [08/Oct/2024:06:18:18 +0000] "GET /wp-content/uploads/2024/01/logo.png HTTP/1.1" 404 64944 "https://labrassa.es/menu/" "Mozilla/5.0 (iPhone; CPU iPhone OS 18_0_1 like Mac OS X) AppleWebKit/605.1.15 (KHTML, like Gecko) Version/18.0.1 Mobile/15E148 Safari/604.1"
90.167.23.222 - - [08/Oct/2024:06:18:19 +0000] "GET /wp-content/uploads/2024/09/fire-2777580_1920.jpg HTTP/1.1" 200 453427 "https://labrassa.es/menu/" "Mozilla/5.0 (iPhone; CPU iPhone OS 18_0_1 like Mac OS X) AppleWebKit/605.1.15 (KHTML, like Gecko) Version/18.0.1 Mobile/15E148 Safari/604.1"
90.167.23.222 - - [08/Oct/2024:06:18:19 +0000] "GET /wp-content/uploads/2024/09/401018447_1842951106156254_5245991858301469789_n.jpg HTTP/1.1" 200 260802 "https://labrassa.es/menu/" "Mozilla/5.0 (iPhone; CPU iPhone OS 18_0_1 like Mac OS X) AppleWebKit/605.1.15 (KHTML, like Gecko) Version/18.0.1 Mobile/15E148 Safari/604.1"
90.167.23.222 - - [08/Oct/2024:06:18:19 +0000] "GET /wp-content/uploads/2024/09/2023-11-06-3.jpg HTTP/1.1" 200 233994 "https://labrassa.es/menu/" "Mozilla/5.0 (iPhone; CPU iPhone OS 18_0_1 like Mac OS X) AppleWebKit/605.1.15 (KHTML, like Gecko) Version/18.0.1 Mobile/15E148 Safari/604.1"
90.167.23.222 - - [08/Oct/2024:06:18:20 +0000] "GET /wp-content/uploads/2024/09/2024-05-21.jpg HTTP/1.1" 200 259929 "https://labrassa.es/menu/" "Mozilla/5.0 (iPhone; CPU iPhone OS 18_0_1 like Mac OS X) AppleWebKit/605.1.15 (KHTML, like Gecko) Version/18.0.1 Mobile/15E148 Safari/604.1"
90.167.23.222 - - [08/Oct/2024:06:18:20 +0000] "GET /wp-content/uploads/2024/09/2023-12-02-1.jpg HTTP/1.1" 200 496351 "https://labrassa.es/menu/" "Mozilla/5.0 (iPhone; CPU iPhone OS 18_0_1 like Mac OS X) AppleWebKit/605.1.15 (KHTML, like Gecko) Version/18.0.1 Mobile/15E148 Safari/604.1"
90.167.23.222 - - [08/Oct/2024:06:18:20 +0000] "GET /wp-content/uploads/2024/09/2024-05-14.jpg HTTP/1.1" 200 155526 "https://labrassa.es/menu/" "Mozilla/5.0 (iPhone; CPU iPhone OS 18_0_1 like Mac OS X) AppleWebKit/605.1.15 (KHTML, like Gecko) Version/18.0.1 Mobile/15E148 Safari/604.1"
90.167.23.222 - - [08/Oct/2024:06:18:20 +0000] "GET /wp-content/uploads/2024/09/2023-11-06-5.jpg HTTP/1.1" 200 333554 "https://labrassa.es/menu/" "Mozilla/5.0 (iPhone; CPU iPhone OS 18_0_1 like Mac OS X) AppleWebKit/605.1.15 (KHTML, like Gecko) Version/18.0.1 Mobile/15E148 Safari/604.1"
90.167.23.222 - - [08/Oct/2024:06:18:20 +0000] "GET /wp-content/uploads/2024/09/bbq-4373644_1920.jpg HTTP/1.1" 200 576170 "https://labrassa.es/menu/" "Mozilla/5.0 (iPhone; CPU iPhone OS 18_0_1 like Mac OS X) AppleWebKit/605.1.15 (KHTML, like Gecko) Version/18.0.1 Mobile/15E148 Safari/604.1"
90.167.23.222 - - [08/Oct/2024:06:18:21 +0000] "GET /wp-content/uploads/2024/09/favicon-150x150.jpg HTTP/1.1" 200 6563 "https://labrassa.es/menu/" "Mozilla/5.0 (iPhone; CPU iPhone OS 18_0_1 like Mac OS X) AppleWebKit/605.1.15 (KHTML, like Gecko) Version/18.0.1 Mobile/15E148 Safari/604.1"
90.167.23.222 - - [08/Oct/2024:06:18:21 +0000] "GET /wp-content/uploads/2024/09/favicon-300x300.jpg HTTP/1.1" 200 16117 "https://labrassa.es/menu/" "Mozilla/5.0 (iPhone; CPU iPhone OS 18_0_1 like Mac OS X) AppleWebKit/605.1.15 (KHTML, like Gecko) Version/18.0.1 Mobile/15E148 Safari/604.1"
90.167.23.222 - - [08/Oct/2024:06:18:40 +0000] "GET / HTTP/1.1" 200 17917 "https://labrassa.es/menu/" "Mozilla/5.0 (iPhone; CPU iPhone OS 18_0_1 like Mac OS X) AppleWebKit/605.1.15 (KHTML, like Gecko) Version/18.0.1 Mobile/15E148 Safari/604.1"
51.222.253.7 - - [08/Oct/2024:06:18:42 +0000] "GET /shop/treats/ HTTP/1.1" 404 64944 "-" "Mozilla/5.0 (compatible; AhrefsBot/7.0; +http://ahrefs.com/robot/)"
90.167.23.222 - - [08/Oct/2024:06:18:53 +0000] "GET /contacto/ HTTP/1.1" 200 17640 "https://labrassa.es/" "Mozilla/5.0 (iPhone; CPU iPhone OS 18_0_1 like Mac OS X) AppleWebKit/605.1.15 (KHTML, like Gecko) Version/18.0.1 Mobile/15E148 Safari/604.1"
90.167.23.222 - - [08/Oct/2024:06:18:54 +0000] "GET /wp-content/uploads/2024/01/logo.png HTTP/1.1" 404 62358 "https://labrassa.es/contacto/" "Mozilla/5.0 (iPhone; CPU iPhone OS 18_0_1 like Mac OS X) AppleWebKit/605.1.15 (KHTML, like Gecko) Version/18.0.1 Mobile/15E148 Safari/604.1"
90.167.23.222 - - [08/Oct/2024:06:18:55 +0000] "GET /wp-content/uploads/2024/09/parrilla.jpg HTTP/1.1" 200 392140 "https://labrassa.es/contacto/" "Mozilla/5.0 (iPhone; CPU iPhone OS 18_0_1 like Mac OS X) AppleWebKit/605.1.15 (KHTML, like Gecko) Version/18.0.1 Mobile/15E148 Safari/604.1"
90.167.23.222 - - [08/Oct/2024:06:19:08 +0000] "GET /menu/ HTTP/1.1" 200 18111 "https://labrassa.es/contacto/" "Mozilla/5.0 (iPhone; CPU iPhone OS 18_0_1 like Mac OS X) AppleWebKit/605.1.15 (KHTML, like Gecko) Version/18.0.1 Mobile/15E148 Safari/604.1"
90.167.23.222 - - [08/Oct/2024:06:19:09 +0000] "GET /wp-content/uploads/2024/01/logo.png HTTP/1.1" 404 62358 "https://labrassa.es/menu/" "Mozilla/5.0 (iPhone; CPU iPhone OS 18_0_1 like Mac OS X) AppleWebKit/605.1.15 (KHTML, like Gecko) Version/18.0.1 Mobile/15E148 Safari/604.1"
90.167.23.222 - - [08/Oct/2024:06:19:15 +0000] "GET /wp-content/uploads/2024/09/CARTA-BRASSA-_231106_102916.pdf HTTP/1.1" 200 14612959 "https://labrassa.es/menu/" "Mozilla/5.0 (iPhone; CPU iPhone OS 18_0_1 like Mac OS X) AppleWebKit/605.1.15 (KHTML, like Gecko) Version/18.0.1 Mobile/15E148 Safari/604.1"
90.167.23.222 - - [08/Oct/2024:06:19:33 +0000] "GET /favicon.ico HTTP/1.1" 302 395 "https://labrassa.es/wp-content/uploads/2024/09/CARTA-BRASSA-_231106_102916.pdf" "Mozilla/5.0 (iPhone; CPU iPhone OS 18_0_1 like Mac OS X) AppleWebKit/605.1.15 (KHTML, like Gecko) Version/18.0.1 Mobile/15E148 Safari/604.1"
90.167.23.222 - - [08/Oct/2024:06:19:34 +0000] "GET /wp-content/uploads/2024/09/favicon-150x150.jpg HTTP/1.1" 200 6563 "https://labrassa.es/wp-content/uploads/2024/09/CARTA-BRASSA-_231106_102916.pdf" "Mozilla/5.0 (iPhone; CPU iPhone OS 18_0_1 like Mac OS X) AppleWebKit/605.1.15 (KHTML, like Gecko) Version/18.0.1 Mobile/15E148 Safari/604.1"
146.190.157.162 - - [08/Oct/2024:06:26:00 +0000] "POST /wp-cron.php?doing_wp_cron=1728368760.3590490818023681640625 HTTP/1.1" 200 2883 "-" "WordPress/6.6.2; https://labrassa.es"
79.151.34.48 - - [08/Oct/2024:06:26:00 +0000] "GET / HTTP/1.1" 200 17918 "-" "Mozilla/5.0 (Linux; Android 10; K) AppleWebKit/537.36 (KHTML, like Gecko) SamsungBrowser/26.0 Chrome/122.0.0.0 Mobile Safari/537.36"
79.151.34.48 - - [08/Oct/2024:06:26:02 +0000] "GET /wp-content/uploads/2024/01/logo.png HTTP/1.1" 404 62360 "https://labrassa.es/" "Mozilla/5.0 (Linux; Android 10; K) AppleWebKit/537.36 (KHTML, like Gecko) SamsungBrowser/26.0 Chrome/122.0.0.0 Mobile Safari/537.36"
79.151.34.48 - - [08/Oct/2024:06:26:13 +0000] "GET /wp-content/uploads/2024/09/barbecue-5002642_1920.jpg HTTP/1.1" 200 600813 "https://labrassa.es/" "Mozilla/5.0 (Linux; Android 10; K) AppleWebKit/537.36 (KHTML, like Gecko) SamsungBrowser/26.0 Chrome/122.0.0.0 Mobile Safari/537.36"
79.151.34.48 - - [08/Oct/2024:06:26:13 +0000] "GET /wp-content/uploads/2024/09/403967068_7235686646466166_8983020479769813756_n.jpg HTTP/1.1" 200 208758 "https://labrassa.es/" "Mozilla/5.0 (Linux; Android 10; K) AppleWebKit/537.36 (KHTML, like Gecko) SamsungBrowser/26.0 Chrome/122.0.0.0 Mobile Safari/537.36"
79.151.34.48 - - [08/Oct/2024:06:26:13 +0000] "GET /wp-content/uploads/2024/09/412156970_1179200609721275_7052798116494434314_n.jpg HTTP/1.1" 200 309009 "https://labrassa.es/" "Mozilla/5.0 (Linux; Android 10; K) AppleWebKit/537.36 (KHTML, like Gecko) SamsungBrowser/26.0 Chrome/122.0.0.0 Mobile Safari/537.36"
79.151.34.48 - - [08/Oct/2024:06:26:13 +0000] "GET /wp-content/uploads/2024/09/403880390_382599460862065_7675329947410464719_n.jpg HTTP/1.1" 200 319725 "https://labrassa.es/" "Mozilla/5.0 (Linux; Android 10; K) AppleWebKit/537.36 (KHTML, like Gecko) SamsungBrowser/26.0 Chrome/122.0.0.0 Mobile Safari/537.36"
79.151.34.48 - - [08/Oct/2024:06:26:59 +0000] "GET / HTTP/1.1" 200 15656 "https://labrassa.es/" "Mozilla/5.0 (Linux; Android 10; K) AppleWebKit/537.36 (KHTML, like Gecko) SamsungBrowser/26.0 Chrome/122.0.0.0 Mobile Safari/537.36"
79.151.34.48 - - [08/Oct/2024:06:27:00 +0000] "GET /wp-content/uploads/2024/01/logo.png HTTP/1.1" 404 62360 "https://labrassa.es/" "Mozilla/5.0 (Linux; Android 10; K) AppleWebKit/537.36 (KHTML, like Gecko) SamsungBrowser/26.0 Chrome/122.0.0.0 Mobile Safari/537.36"
79.151.34.48 - - [08/Oct/2024:06:27:05 +0000] "GET /menu/ HTTP/1.1" 200 15850 "https://labrassa.es/" "Mozilla/5.0 (Linux; Android 10; K) AppleWebKit/537.36 (KHTML, like Gecko) SamsungBrowser/26.0 Chrome/122.0.0.0 Mobile Safari/537.36"
79.151.34.48 - - [08/Oct/2024:06:27:06 +0000] "GET /wp-content/uploads/2024/01/logo.png HTTP/1.1" 404 62360 "https://labrassa.es/menu/" "Mozilla/5.0 (Linux; Android 10; K) AppleWebKit/537.36 (KHTML, like Gecko) SamsungBrowser/26.0 Chrome/122.0.0.0 Mobile Safari/537.36"
79.151.34.48 - - [08/Oct/2024:06:27:25 +0000] "-" 408 323 "-" "-"
146.190.157.162 - - [08/Oct/2024:06:37:16 +0000] "POST /wp-cron.php?doing_wp_cron=1728369436.7371020317077636718750 HTTP/1.1" 200 2882 "-" "WordPress/6.6.2; https://labrassa.es"
192.155.90.118 - - [08/Oct/2024:06:37:16 +0000] "GET / HTTP/1.1" 301 2622 "-" "Mozilla/5.0 (Macintosh; Intel Mac OS X 13_1) AppleWebKit/537.36 (KHTML, like Gecko) Chrome/108.0.0.0 Safari/537.36"
157.245.152.34 - - [08/Oct/2024:06:37:18 +0000] "GET /wp-admin/setup-config.php?step=1 HTTP/1.1" 301 570 "-" "Mozilla/5.0 (Linux; Android 5.1.1; SM-J111F) AppleWebKit/537.36 (KHTML, like Gecko) Chrome/73.0.3683.90 Mobile Safari/537.36"
157.245.152.34 - - [08/Oct/2024:06:37:19 +0000] "GET /wp-admin/setup-config.php?step=1 HTTP/1.1" 409 5501 "http://labrassa.es/wp-admin/setup-config.php?step=1" "Mozilla/5.0 (Linux; Android 5.1.1; SM-J111F) AppleWebKit/537.36 (KHTML, like Gecko) Chrome/73.0.3683.90 Mobile Safari/537.36"
157.245.152.34 - - [08/Oct/2024:06:37:19 +0000] "GET /wordpress/wp-admin/setup-config.php?step=1 HTTP/1.1" 301 590 "-" "Mozilla/5.0 (Linux; Android 5.1.1; SM-J111F) AppleWebKit/537.36 (KHTML, like Gecko) Chrome/73.0.3683.90 Mobile Safari/537.36"
157.245.152.34 - - [08/Oct/2024:06:37:19 +0000] "GET /wordpress/wp-admin/setup-config.php?step=1 HTTP/1.1" 404 62305 "http://labrassa.es/wordpress/wp-admin/setup-config.php?step=1" "Mozilla/5.0 (Linux; Android 5.1.1; SM-J111F) AppleWebKit/537.36 (KHTML, like Gecko) Chrome/73.0.3683.90 Mobile Safari/537.36"
185.189.182.234 - - [08/Oct/2024:06:38:02 +0000] "GET / HTTP/1.1" 400 2888 "-" "-"
87.236.176.139 - - [08/Oct/2024:06:46:00 +0000] "GET / HTTP/1.1" 301 525 "-" "Mozilla/5.0 (compatible; InternetMeasurement/1.0; +https://internet-measurement.com/)"
146.190.157.162 - - [08/Oct/2024:06:46:01 +0000] "POST /wp-cron.php?doing_wp_cron=1728369961.1110789775848388671875 HTTP/1.1" 200 2881 "-" "WordPress/6.6.2; https://labrassa.es"
87.236.176.139 - - [08/Oct/2024:06:46:00 +0000] "GET / HTTP/1.1" 200 17861 "http://labrassa.es" "Mozilla/5.0 (compatible; InternetMeasurement/1.0; +https://internet-measurement.com/)"
87.236.176.226 - - [08/Oct/2024:06:46:06 +0000] "GET /wp-content/uploads/2024/09/favicon-300x300.jpg HTTP/1.1" 200 18667 "-" "Mozilla/5.0 (compatible; InternetMeasurement/1.0; +https://internet-measurement.com/)"
87.236.176.177 - - [08/Oct/2024:06:46:06 +0000] "GET /wp-content/uploads/2024/09/favicon-150x150.jpg HTTP/1.1" 200 9112 "-" "Mozilla/5.0 (compatible; InternetMeasurement/1.0; +https://internet-measurement.com/)"
87.236.176.72 - - [08/Oct/2024:06:46:06 +0000] "GET /favicon.ico HTTP/1.1" 302 2945 "-" "Mozilla/5.0 (compatible; InternetMeasurement/1.0; +https://internet-measurement.com/)"
87.236.176.72 - - [08/Oct/2024:06:46:07 +0000] "GET /wp-content/uploads/2024/09/favicon-150x150.jpg HTTP/1.1" 200 9092 "https://labrassa.es/favicon.ico" "Mozilla/5.0 (compatible; InternetMeasurement/1.0; +https://internet-measurement.com/)"
83.222.191.62 - - [08/Oct/2024:06:47:22 +0000] "GET /containers/json HTTP/1.1" 301 2976 "-" "Mozilla/5.0 (Linux; Linux x86_64; en-US) Gecko/20100101 Firefox/122.0"
83.222.191.62 - - [08/Oct/2024:06:47:37 +0000] "GET /containers/json HTTP/1.1" 301 2976 "-" "Mozilla/5.0 (Linux; Linux x86_64; en-US) Gecko/20100101 Firefox/122.0"
40.67.138.47 - - [08/Oct/2024:06:48:46 +0000] "GET /.env HTTP/1.1" 404 65008 "-" "Mozilla/5.0 (X11; Linux x86_64) AppleWebKit/537.36 (KHTML, like Gecko) Chrome/81.0.4044.129 Safari/537.36"
40.67.138.47 - - [08/Oct/2024:06:48:47 +0000] "POST / HTTP/1.1" 200 17934 "-" "Mozilla/5.0 (X11; Linux x86_64) AppleWebKit/537.36 (KHTML, like Gecko) Chrome/81.0.4044.129 Safari/537.36"
146.190.157.162 - - [08/Oct/2024:07:05:59 +0000] "POST /wp-cron.php?doing_wp_cron=1728371159.7715120315551757812500 HTTP/1.1" 200 2882 "-" "WordPress/6.6.2; https://labrassa.es"
206.168.34.117 - - [08/Oct/2024:07:05:59 +0000] "GET / HTTP/1.1" 200 82175 "-" "-"
206.168.34.117 - - [08/Oct/2024:07:06:04 +0000] "GET / HTTP/1.1" 301 2808 "-" "Mozilla/5.0 (compatible; CensysInspect/1.1; +https://about.censys.io/)"
206.168.34.117 - - [08/Oct/2024:07:06:18 +0000] "GET / HTTP/1.1" 200 17842 "-" "Mozilla/5.0 (compatible; CensysInspect/1.1; +https://about.censys.io/)"
206.168.34.117 - - [08/Oct/2024:07:06:20 +0000] "GET /wp-content/uploads/2024/09/favicon-150x150.jpg HTTP/1.1" 200 9097 "-" "Mozilla/5.0 (compatible; CensysInspect/1.1; +https://about.censys.io/)"
206.168.34.117 - - [08/Oct/2024:07:06:20 +0000] "GET /wp-content/uploads/2024/09/favicon-300x300.jpg HTTP/1.1" 200 18652 "-" "Mozilla/5.0 (compatible; CensysInspect/1.1; +https://about.censys.io/)"
206.168.34.117 - - [08/Oct/2024:07:06:21 +0000] "GET /favicon.ico HTTP/1.1" 302 2930 "-" "Mozilla/5.0 (compatible; CensysInspect/1.1; +https://about.censys.io/)"
206.168.34.117 - - [08/Oct/2024:07:06:22 +0000] "GET /wp-content/uploads/2024/09/favicon-150x150.jpg HTTP/1.1" 200 9096 "https://labrassa.es/favicon.ico" "Mozilla/5.0 (compatible; CensysInspect/1.1; +https://about.censys.io/)"
93.156.206.215 - - [08/Oct/2024:07:09:13 +0000] "-" 408 2585 "-" "-"
146.190.157.162 - - [08/Oct/2024:07:17:21 +0000] "POST /wp-cron.php?doing_wp_cron=1728371841.3235349655151367187500 HTTP/1.1" 200 2882 "-" "WordPress/6.6.2; https://labrassa.es"
66.249.72.66 - - [08/Oct/2024:07:17:20 +0000] "GET /product/pork-liver-5-lb/ HTTP/1.1" 404 64969 "-" "Mozilla/5.0 (compatible; Googlebot/2.1; +http://www.google.com/bot.html)"
93.156.206.215 - - [08/Oct/2024:07:19:18 +0000] "-" 408 2585 "-" "-"
93.156.206.215 - - [08/Oct/2024:07:21:30 +0000] "-" 408 323 "-" "-"
51.159.103.22 - - [08/Oct/2024:07:22:52 +0000] "HEAD / HTTP/1.1" 301 180 "-" "curl/7.81.0"
51.159.103.22 - - [08/Oct/2024:07:22:59 +0000] "GET / HTTP/1.1" 301 562 "-" "Mozilla/5.0 (Windows NT 10.0; Win64; x64) AppleWebKit/537.36 (KHTML, like Gecko) Chrome/124.0.0.0 Safari/537.3"
146.190.157.162 - - [08/Oct/2024:07:23:00 +0000] "POST /wp-cron.php?doing_wp_cron=1728372180.5752079486846923828125 HTTP/1.1" 200 2883 "-" "WordPress/6.6.2; https://labrassa.es"
51.159.103.22 - - [08/Oct/2024:07:23:00 +0000] "GET / HTTP/1.1" 200 17933 "-" "Mozilla/5.0 (Windows NT 10.0; Win64; x64) AppleWebKit/537.36 (KHTML, like Gecko) Chrome/124.0.0.0 Safari/537.3"
51.159.103.22 - - [08/Oct/2024:07:23:02 +0000] "GET /wp-content/uploads/2024/09/favicon-150x150.jpg HTTP/1.1" 200 6563 "-" "Mozilla/5.0 (Windows NT 10.0; Win64; x64) AppleWebKit/537.36 (KHTML, like Gecko) Chrome/124.0.0.0 Safari/537.3"
51.159.103.22 - - [08/Oct/2024:07:23:02 +0000] "GET /favicon.ico HTTP/1.1" 301 583 "-" "Mozilla/5.0 (Windows NT 10.0; Win64; x64) AppleWebKit/537.36 (KHTML, like Gecko) Chrome/124.0.0.0 Safari/537.3"
