51.159.103.22 - - [08/Oct/2024:07:23:02 +0000] "GET /favicon.ico HTTP/1.1" 302 395 "-" "Mozilla/5.0 (Windows NT 10.0; Win64; x64) AppleWebKit/537.36 (KHTML, like Gecko) Chrome/124.0.0.0 Safari/537.3"
51.159.103.22 - - [08/Oct/2024:07:23:03 +0000] "GET /wp-content/uploads/2024/09/favicon-150x150.jpg HTTP/1.1" 200 6563 "-" "Mozilla/5.0 (Windows NT 10.0; Win64; x64) AppleWebKit/537.36 (KHTML, like Gecko) Chrome/124.0.0.0 Safari/537.3"
51.159.103.22 - - [08/Oct/2024:07:23:04 +0000] "GET /ads.txt HTTP/1.1" 301 576 "-" "Mozilla/5.0 (Windows NT 10.0; Win64; x64) AppleWebKit/537.36 (KHTML, like Gecko) Chrome/124.0.0.0 Safari/537.3"
51.159.103.22 - - [08/Oct/2024:07:23:05 +0000] "GET /ads.txt HTTP/1.1" 404 64963 "-" "Mozilla/5.0 (Windows NT 10.0; Win64; x64) AppleWebKit/537.36 (KHTML, like Gecko) Chrome/124.0.0.0 Safari/537.3"
51.159.103.22 - - [08/Oct/2024:07:23:06 +0000] "GET /app-ads.txt HTTP/1.1" 301 584 "-" "Mozilla/5.0 (Windows NT 10.0; Win64; x64) AppleWebKit/537.36 (KHTML, like Gecko) Chrome/124.0.0.0 Safari/537.3"
51.159.103.22 - - [08/Oct/2024:07:23:06 +0000] "GET /app-ads.txt HTTP/1.1" 404 64964 "-" "Mozilla/5.0 (Windows NT 10.0; Win64; x64) AppleWebKit/537.36 (KHTML, like Gecko) Chrome/124.0.0.0 Safari/537.3"
51.159.103.22 - - [08/Oct/2024:07:23:08 +0000] "GET /sellers.json HTTP/1.1" 301 586 "-" "Mozilla/5.0 (Windows NT 10.0; Win64; x64) AppleWebKit/537.36 (KHTML, like Gecko) Chrome/124.0.0.0 Safari/537.3"
51.159.103.22 - - [08/Oct/2024:07:23:08 +0000] "GET /sellers.json HTTP/1.1" 404 64964 "-" "Mozilla/5.0 (Windows NT 10.0; Win64; x64) AppleWebKit/537.36 (KHTML, like Gecko) Chrome/124.0.0.0 Safari/537.3"
51.159.103.22 - - [08/Oct/2024:07:23:11 +0000] "GET /wp-includes/js/jquery/jquery.min.js?ver=3.7.1 HTTP/1.1" 200 33449 "-" "Mozilla/5.0 (Windows NT 10.0; Win64; x64) AppleWebKit/537.36 (KHTML, like Gecko) Chrome/124.0.0.0 Safari/537.3"
51.159.103.22 - - [08/Oct/2024:07:23:12 +0000] "GET /wp-includes/js/jquery/jquery-migrate.min.js?ver=3.4.1 HTTP/1.1" 200 7841 "-" "Mozilla/5.0 (Windows NT 10.0; Win64; x64) AppleWebKit/537.36 (KHTML, like Gecko) Chrome/124.0.0.0 Safari/537.3"
51.159.103.22 - - [08/Oct/2024:07:23:12 +0000] "GET /wp-content/themes/Divi/js/custom.unified.js?ver=4.9.1 HTTP/1.1" 200 141940 "-" "Mozilla/5.0 (Windows NT 10.0; Win64; x64) AppleWebKit/537.36 (KHTML, like Gecko) Chrome/124.0.0.0 Safari/537.3"
51.159.103.22 - - [08/Oct/2024:07:23:13 +0000] "GET /wp-content/themes/Divi/core/admin/js/common.js?ver=4.9.1 HTTP/1.1" 200 3532 "-" "Mozilla/5.0 (Windows NT 10.0; Win64; x64) AppleWebKit/537.36 (KHTML, like Gecko) Chrome/124.0.0.0 Safari/537.3"
93.156.206.215 - - [08/Oct/2024:07:23:20 +0000] "-" 408 323 "-" "-"
93.156.206.215 - - [08/Oct/2024:07:25:21 +0000] "-" 408 323 "-" "-"
146.190.157.162 - - [08/Oct/2024:07:28:51 +0000] "POST /wp-cron.php?doing_wp_cron=1728372531.3709199428558349609375 HTTP/1.1" 200 2883 "-" "WordPress/6.6.2; https://labrassa.es"
52.167.144.215 - - [08/Oct/2024:07:28:51 +0000] "GET /sitemap_index.xml HTTP/1.1" 200 3219 "-" "Mozilla/5.0 AppleWebKit/537.36 (KHTML, like Gecko; compatible; bingbot/2.0; +http://www.bing.com/bingbot.htm) Chrome/116.0.1938.76 Safari/537.36"
146.190.157.162 - - [08/Oct/2024:07:45:30 +0000] "POST /wp-cron.php?doing_wp_cron=1728373530.7734510898590087890625 HTTP/1.1" 200 2882 "-" "WordPress/6.6.2; https://labrassa.es"
66.249.72.66 - - [08/Oct/2024:07:45:30 +0000] "GET / HTTP/1.1" 301 2863 "-" "Mozilla/5.0 (Linux; Android 6.0.1; Nexus 5X Build/MMB29P) AppleWebKit/537.36 (KHTML, like Gecko) Chrome/129.0.6668.89 Mobile Safari/537.36 (compatible; Googlebot/2.1; +http://www.google.com/bot.html)"
146.190.157.162 - - [08/Oct/2024:07:47:52 +0000] "POST /wp-cron.php?doing_wp_cron=1728373672.8172891139984130859375 HTTP/1.1" 200 2883 "-" "WordPress/6.6.2; https://labrassa.es"
75.119.138.210 - - [08/Oct/2024:07:47:52 +0000] "GET / HTTP/1.1" 301 2827 "-" "Mozilla/5.0 (Windows NT 10.0; Win64; x64; rv:78.0) Gecko/20100101 Firefox/78.0"
75.119.138.210 - - [08/Oct/2024:07:47:53 +0000] "GET /favicon.ico HTTP/1.1" 302 2924 "-" "Mozilla/5.0 (Windows NT 10.0; Win64; x64; rv:78.0) Gecko/20100101 Firefox/78.0"
146.190.157.162 - - [08/Oct/2024:07:59:12 +0000] "POST /wp-cron.php?doing_wp_cron=1728374352.8714139461517333984375 HTTP/1.1" 200 2881 "-" "WordPress/6.6.2; https://labrassa.es"
66.249.72.64 - - [08/Oct/2024:07:59:12 +0000] "GET /product-tag/ground-chicken-backs/ HTTP/1.1" 404 64971 "-" "Mozilla/5.0 (compatible; Googlebot/2.1; +http://www.google.com/bot.html)"
146.190.157.162 - - [08/Oct/2024:08:00:39 +0000] "POST /wp-cron.php?doing_wp_cron=1728374439.4771869182586669921875 HTTP/1.1" 200 2883 "-" "WordPress/6.6.2; https://labrassa.es"
185.177.126.54 - - [08/Oct/2024:08:00:39 +0000] "GET / HTTP/1.1" 200 82147 "-" "-"
165.22.229.148 - - [08/Oct/2024:08:00:53 +0000] "GET / HTTP/1.1" 301 2823 "-" "Mozilla/5.0 (Windows NT 10.0; Win64; x64) AppleWebKit/537.36 (KHTML, like Gecko) Chrome/126.0.0.0 Safari/537.36"
146.190.157.162 - - [08/Oct/2024:08:24:32 +0000] "POST /wp-cron.php?doing_wp_cron=1728375872.0281479358673095703125 HTTP/1.1" 200 2882 "-" "WordPress/6.6.2; https://labrassa.es"
135.125.244.52 - - [08/Oct/2024:08:24:31 +0000] "GET /.env HTTP/1.1" 404 64832 "-" "Mozilla/5.0 (X11; Linux x86_64) AppleWebKit/537.36 (KHTML, like Gecko) Chrome/81.0.4044.129 Safari/537.36"
135.125.244.52 - - [08/Oct/2024:08:24:34 +0000] "POST / HTTP/1.1" 200 17737 "-" "Mozilla/5.0 (X11; Linux x86_64) AppleWebKit/537.36 (KHTML, like Gecko) Chrome/81.0.4044.129 Safari/537.36"
146.190.157.162 - - [08/Oct/2024:08:26:25 +0000] "POST /wp-cron.php?doing_wp_cron=1728375985.0780720710754394531250 HTTP/1.1" 200 2881 "-" "WordPress/6.6.2; https://labrassa.es"
66.249.69.3 - - [08/Oct/2024:08:26:24 +0000] "GET / HTTP/1.1" 301 2863 "-" "Mozilla/5.0 (Linux; Android 6.0.1; Nexus 5X Build/MMB29P) AppleWebKit/537.36 (KHTML, like Gecko) Chrome/129.0.6668.89 Mobile Safari/537.36 (compatible; Googlebot/2.1; +http://www.google.com/bot.html)"
66.249.70.194 - - [08/Oct/2024:08:26:36 +0000] "GET /wp-includes/css/dist/block-library/style.min.css?ver=f30054a140ded00f5fd5888418ee5d69 HTTP/1.1" 200 17837 "https://labrassa.es/" "Mozilla/5.0 (Linux; Android 6.0.1; Nexus 5X Build/MMB29P) AppleWebKit/537.36 (KHTML, like Gecko) Chrome/129.0.6668.70 Mobile Safari/537.36 (compatible; Googlebot/2.1; +http://www.google.com/bot.html)"
66.249.70.194 - - [08/Oct/2024:08:26:37 +0000] "GET /wp-includes/css/dashicons.min.css?ver=f30054a140ded00f5fd5888418ee5d69 HTTP/1.1" 200 36222 "https://labrassa.es/" "Mozilla/5.0 (Linux; Android 6.0.1; Nexus 5X Build/MMB29P) AppleWebKit/537.36 (KHTML, like Gecko) Chrome/129.0.6668.70 Mobile Safari/537.36 (compatible; Googlebot/2.1; +http://www.google.com/bot.html)"
66.249.70.194 - - [08/Oct/2024:08:26:38 +0000] "GET /wp-content/themes/Divi/style.css?ver=4.9.1 HTTP/1.1" 200 83545 "https://labrassa.es/" "Mozilla/5.0 (Linux; Android 6.0.1; Nexus 5X Build/MMB29P) AppleWebKit/537.36 (KHTML, like Gecko) Chrome/129.0.6668.70 Mobile Safari/537.36 (compatible; Googlebot/2.1; +http://www.google.com/bot.html)"
66.249.70.194 - - [08/Oct/2024:08:26:39 +0000] "GET /wp-includes/js/jquery/jquery.min.js?ver=3.7.1 HTTP/1.1" 200 30846 "https://labrassa.es/" "Mozilla/5.0 (Linux; Android 6.0.1; Nexus 5X Build/MMB29P) AppleWebKit/537.36 (KHTML, like Gecko) Chrome/129.0.6668.70 Mobile Safari/537.36 (compatible; Googlebot/2.1; +http://www.google.com/bot.html)"
93.176.144.166 - - [08/Oct/2024:08:41:39 +0000] "-" 408 2548 "-" "-"
93.176.144.166 - - [08/Oct/2024:08:41:39 +0000] "-" 408 323 "-" "-"
146.190.157.162 - - [08/Oct/2024:08:47:40 +0000] "POST /wp-cron.php?doing_wp_cron=1728377260.0769870281219482421875 HTTP/1.1" 200 2882 "-" "WordPress/6.6.2; https://labrassa.es"
107.189.31.157 - - [08/Oct/2024:08:47:39 +0000] "GET /wp-login.php HTTP/1.1" 200 11972 "-" "Mozilla/5.0 (Windows NT 6.1; Trident/7.0; rv:11.0) like Gecko"
107.189.31.157 - - [08/Oct/2024:08:47:44 +0000] "POST /wp-login.php HTTP/1.1" 200 9887 "-" "Mozilla/5.0 (Windows NT 6.1; Trident/7.0; rv:11.0) like Gecko"
66.249.72.65 - - [08/Oct/2024:08:50:06 +0000] "GET /product/split-beef-knuckle-bones/ HTTP/1.1" 404 64971 "-" "Mozilla/5.0 (compatible; Googlebot/2.1; +http://www.google.com/bot.html)"
146.190.157.162 - - [08/Oct/2024:08:54:24 +0000] "POST /wp-cron.php?doing_wp_cron=1728377664.2831399440765380859375 HTTP/1.1" 200 2881 "-" "WordPress/6.6.2; https://labrassa.es"
66.249.72.64 - - [08/Oct/2024:08:54:23 +0000] "GET /product-tag/goat/ HTTP/1.1" 404 64976 "-" "Mozilla/5.0 (Linux; Android 6.0.1; Nexus 5X Build/MMB29P) AppleWebKit/537.36 (KHTML, like Gecko) Chrome/129.0.6668.89 Mobile Safari/537.36 (compatible; Googlebot/2.1; +http://www.google.com/bot.html)"
213.232.87.234 - - [08/Oct/2024:08:55:10 +0000] "GET /server-status HTTP/1.1" 403 3049 "-" "Go-http-client/1.1"
213.232.87.234 - - [08/Oct/2024:08:55:09 +0000] "GET /wp-admin/setup-config.php HTTP/1.1" 409 5505 "-" "Go-http-client/1.1"
213.232.87.234 - - [08/Oct/2024:08:55:09 +0000] "GET /wp-config.php HTTP/1.1" 200 2757 "-" "Go-http-client/1.1"
213.232.87.234 - - [08/Oct/2024:08:55:10 +0000] "GET /feed HTTP/1.1" 301 2934 "-" "Go-http-client/1.1"
213.232.87.234 - - [08/Oct/2024:08:55:08 +0000] "GET /user_secrets.yml HTTP/1.1" 404 64887 "-" "Go-http-client/1.1"
213.232.87.234 - - [08/Oct/2024:08:55:10 +0000] "GET /phpinfo.php HTTP/1.1" 404 64888 "-" "Go-http-client/1.1"
213.232.87.234 - - [08/Oct/2024:08:55:08 +0000] "GET /etc/ssl/private/server.key HTTP/1.1" 404 64838 "-" "Go-http-client/1.1"
213.232.87.234 - - [08/Oct/2024:08:55:08 +0000] "GET /config.yml HTTP/1.1" 404 64836 "-" "Go-http-client/1.1"
213.232.87.234 - - [08/Oct/2024:08:55:09 +0000] "GET /config.yaml HTTP/1.1" 404 64888 "-" "Go-http-client/1.1"
213.232.87.234 - - [08/Oct/2024:08:55:10 +0000] "GET /backup.zip HTTP/1.1" 404 64837 "-" "Go-http-client/1.1"
213.232.87.234 - - [08/Oct/2024:08:55:10 +0000] "GET /dump.sql HTTP/1.1" 404 64889 "-" "Go-http-client/1.1"
213.232.87.234 - - [08/Oct/2024:08:55:08 +0000] "GET /api/.env HTTP/1.1" 404 64836 "-" "Go-http-client/1.1"
213.232.87.234 - - [08/Oct/2024:08:55:08 +0000] "GET /server.key HTTP/1.1" 404 64836 "-" "Go-http-client/1.1"
213.232.87.234 - - [08/Oct/2024:08:55:09 +0000] "GET /.git/HEAD HTTP/1.1" 404 64837 "-" "Go-http-client/1.1"
213.232.87.234 - - [08/Oct/2024:08:55:10 +0000] "GET /.svn/wc.db HTTP/1.1" 404 64837 "-" "Go-http-client/1.1"
213.232.87.234 - - [08/Oct/2024:08:55:10 +0000] "GET /.kube/config HTTP/1.1" 404 64837 "-" "Go-http-client/1.1"
213.232.87.234 - - [08/Oct/2024:08:55:08 +0000] "GET /.env HTTP/1.1" 404 64837 "-" "Go-http-client/1.1"
213.232.87.234 - - [08/Oct/2024:08:55:10 +0000] "GET /.aws/credentials HTTP/1.1" 404 64888 "-" "Go-http-client/1.1"
213.232.87.234 - - [08/Oct/2024:08:55:10 +0000] "GET / HTTP/1.1" 200 17862 "-" "Go-http-client/1.1"
213.232.87.234 - - [08/Oct/2024:08:55:09 +0000] "GET /_vti_pvt/administrators.pwd HTTP/1.1" 404 64889 "-" "Go-http-client/1.1"
213.232.87.234 - - [08/Oct/2024:08:55:10 +0000] "GET /backup.tar.gz HTTP/1.1" 404 64837 "-" "Go-http-client/1.1"
213.232.87.234 - - [08/Oct/2024:08:55:13 +0000] "GET /.env.production HTTP/1.1" 404 64887 "-" "Go-http-client/1.1"
213.232.87.234 - - [08/Oct/2024:08:55:11 +0000] "GET /config/database.php HTTP/1.1" 404 64838 "-" "Go-http-client/1.1"
213.232.87.234 - - [08/Oct/2024:08:55:13 +0000] "GET /database.sql HTTP/1.1" 404 64836 "-" "Go-http-client/1.1"
213.232.87.234 - - [08/Oct/2024:08:55:12 +0000] "GET /backup.sql HTTP/1.1" 404 64838 "-" "Go-http-client/1.1"
213.232.87.234 - - [08/Oct/2024:08:55:11 +0000] "GET /.ssh/id_ecdsa HTTP/1.1" 404 64837 "-" "Go-http-client/1.1"
213.232.87.234 - - [08/Oct/2024:08:55:11 +0000] "GET /_vti_pvt/service.pwd HTTP/1.1" 404 64836 "-" "Go-http-client/1.1"
213.232.87.234 - - [08/Oct/2024:08:55:12 +0000] "GET /_vti_pvt/authors.pwd HTTP/1.1" 404 64837 "-" "Go-http-client/1.1"
213.232.87.234 - - [08/Oct/2024:08:55:10 +0000] "GET /config/production.json HTTP/1.1" 404 64888 "-" "Go-http-client/1.1"
213.232.87.234 - - [08/Oct/2024:08:55:12 +0000] "GET /cloud-config.yml HTTP/1.1" 404 64837 "-" "Go-http-client/1.1"
213.232.87.234 - - [08/Oct/2024:08:55:11 +0000] "GET /etc/shadow HTTP/1.1" 404 64837 "-" "Go-http-client/1.1"
213.232.87.234 - - [08/Oct/2024:08:55:10 +0000] "GET /.vscode/sftp.json HTTP/1.1" 404 64838 "-" "Go-http-client/1.1"
213.232.87.234 - - [08/Oct/2024:08:55:12 +0000] "GET /config.php HTTP/1.1" 404 64888 "-" "Go-http-client/1.1"
213.232.87.234 - - [08/Oct/2024:08:55:12 +0000] "GET /secrets.json HTTP/1.1" 404 64836 "-" "Go-http-client/1.1"
213.232.87.234 - - [08/Oct/2024:08:55:11 +0000] "GET /web.config HTTP/1.1" 404 64888 "-" "Go-http-client/1.1"
213.232.87.234 - - [08/Oct/2024:08:55:10 +0000] "GET /.ssh/id_rsa HTTP/1.1" 404 64837 "-" "Go-http-client/1.1"
213.232.87.234 - - [08/Oct/2024:08:55:11 +0000] "GET /config.xml HTTP/1.1" 404 64888 "-" "Go-http-client/1.1"
213.232.87.234 - - [08/Oct/2024:08:55:12 +0000] "GET /config.json HTTP/1.1" 404 64888 "-" "Go-http-client/1.1"
213.232.87.234 - - [08/Oct/2024:08:55:11 +0000] "GET /docker-compose.yml HTTP/1.1" 404 64888 "-" "Go-http-client/1.1"
213.232.87.234 - - [08/Oct/2024:08:55:12 +0000] "GET /.ssh/id_ed25519 HTTP/1.1" 404 64838 "-" "Go-http-client/1.1"
196.251.240.182 - - [08/Oct/2024:09:13:51 +0000] "-" 408 323 "-" "-"
196.251.240.182 - - [08/Oct/2024:09:15:25 +0000] "-" 408 2543 "-" "-"
146.190.157.162 - - [08/Oct/2024:09:15:31 +0000] "POST /wp-cron.php?doing_wp_cron=1728378931.0415918827056884765625 HTTP/1.1" 200 2882 "-" "WordPress/6.6.2; https://labrassa.es"
66.249.72.64 - - [08/Oct/2024:09:15:30 +0000] "GET / HTTP/1.1" 301 2864 "-" "Mozilla/5.0 (Linux; Android 6.0.1; Nexus 5X Build/MMB29P) AppleWebKit/537.36 (KHTML, like Gecko) Chrome/129.0.6668.89 Mobile Safari/537.36 (compatible; Googlebot/2.1; +http://www.google.com/bot.html)"
93.156.206.215 - - [08/Oct/2024:09:31:28 +0000] "-" 408 323 "-" "-"
146.190.157.162 - - [08/Oct/2024:09:39:02 +0000] "POST /wp-cron.php?doing_wp_cron=1728380342.4596300125122070312500 HTTP/1.1" 200 2883 "-" "WordPress/6.6.2; https://labrassa.es"
147.185.132.161 - - [08/Oct/2024:09:39:01 +0000] "GET / HTTP/1.1" 200 17841 "-" "Expanse, a Palo Alto Networks company, searches across the global IPv4 space multiple times per day to identify customers' presences on the Internet. If you would like to be excluded from our scans, please send IP addresses/domains to: scaninfo@paloaltonetworks.com"
93.156.206.215 - - [08/Oct/2024:09:43:15 +0000] "-" 408 323 "-" "-"
146.190.157.162 - - [08/Oct/2024:09:48:18 +0000] "POST /wp-cron.php?doing_wp_cron=1728380898.4647099971771240234375 HTTP/1.1" 200 2882 "-" "WordPress/6.6.2; https://labrassa.es"
66.249.72.64 - - [08/Oct/2024:09:48:18 +0000] "GET /product/ground-duck-organs-feet/?add-to-cart=14965 HTTP/1.1" 404 64976 "-" "Mozilla/5.0 (Linux; Android 6.0.1; Nexus 5X Build/MMB29P) AppleWebKit/537.36 (KHTML, like Gecko) Chrome/129.0.6668.89 Mobile Safari/537.36 (compatible; Googlebot/2.1; +http://www.google.com/bot.html)"
146.190.157.162 - - [08/Oct/2024:10:01:06 +0000] "POST /wp-cron.php?doing_wp_cron=1728381666.7157859802246093750000 HTTP/1.1" 200 2882 "-" "WordPress/6.6.2; https://labrassa.es"
51.222.253.15 - - [08/Oct/2024:10:01:06 +0000] "GET /robots.txt HTTP/1.1" 200 3037 "-" "Mozilla/5.0 (compatible; AhrefsBot/7.0; +http://ahrefs.com/robot/)"
54.36.148.203 - - [08/Oct/2024:10:01:08 +0000] "GET / HTTP/1.1" 200 17874 "-" "Mozilla/5.0 (compatible; AhrefsBot/7.0; +http://ahrefs.com/robot/)"
54.36.148.136 - - [08/Oct/2024:10:01:11 +0000] "GET /wp-content/uploads/2024/09/Logo-crema.png HTTP/1.1" 200 51906 "-" "Mozilla/5.0 (compatible; AhrefsBot/7.0; +http://ahrefs.com/robot/)"
54.36.148.28 - - [08/Oct/2024:10:01:11 +0000] "GET /wp-content/uploads/2024/09/barbecue-5002642_1920.jpg HTTP/1.1" 200 600775 "-" "Mozilla/5.0 (compatible; AhrefsBot/7.0; +http://ahrefs.com/robot/)"
54.36.148.2 - - [08/Oct/2024:10:01:13 +0000] "GET /wp-content/uploads/2024/01/logo.png HTTP/1.1" 404 64899 "-" "Mozilla/5.0 (compatible; AhrefsBot/7.0; +http://ahrefs.com/robot/)"
54.36.148.69 - - [08/Oct/2024:10:01:14 +0000] "GET /wp-content/themes/Divi/core/admin/js/common.js?ver=4.9.1 HTTP/1.1" 200 3477 "-" "Mozilla/5.0 (compatible; AhrefsBot/7.0; +http://ahrefs.com/robot/)"
54.36.148.184 - - [08/Oct/2024:10:01:15 +0000] "GET /wp-includes/js/jquery/jquery.min.js?ver=3.7.1 HTTP/1.1" 200 33391 "-" "Mozilla/5.0 (compatible; AhrefsBot/7.0; +http://ahrefs.com/robot/)"
54.36.148.166 - - [08/Oct/2024:10:01:15 +0000] "GET /wp-content/uploads/2024/09/Logo-violeta.png HTTP/1.1" 200 52797 "-" "Mozilla/5.0 (compatible; AhrefsBot/7.0; +http://ahrefs.com/robot/)"
54.36.148.133 - - [08/Oct/2024:10:01:16 +0000] "GET /wp-content/uploads/2024/09/Logo-negro.png HTTP/1.1" 200 52288 "-" "Mozilla/5.0 (compatible; AhrefsBot/7.0; +http://ahrefs.com/robot/)"
54.36.148.63 - - [08/Oct/2024:10:01:17 +0000] "GET /wp-content/themes/Divi/style.css?ver=4.9.1 HTTP/1.1" 200 86092 "-" "Mozilla/5.0 (compatible; AhrefsBot/7.0; +http://ahrefs.com/robot/)"
54.36.148.91 - - [08/Oct/2024:10:01:20 +0000] "GET /wp-includes/css/dashicons.min.css HTTP/1.1" 200 38767 "-" "Mozilla/5.0 (compatible; AhrefsBot/7.0; +http://ahrefs.com/robot/)"
54.36.148.76 - - [08/Oct/2024:10:01:20 +0000] "GET /wp-includes/css/dist/block-library/style.min.css HTTP/1.1" 200 17812 "-" "Mozilla/5.0 (compatible; AhrefsBot/7.0; +http://ahrefs.com/robot/)"
54.36.149.42 - - [08/Oct/2024:10:01:21 +0000] "GET /wp-content/uploads/2024/09/369819017_869295911530313_7625983285349549390_n.jpg HTTP/1.1" 200 178413 "-" "Mozilla/5.0 (compatible; AhrefsBot/7.0; +http://ahrefs.com/robot/)"
54.36.148.188 - - [08/Oct/2024:10:01:22 +0000] "GET /wp-content/uploads/2024/09/kit_digital-1024x61-1.png HTTP/1.1" 200 65713 "-" "Mozilla/5.0 (compatible; AhrefsBot/7.0; +http://ahrefs.com/robot/)"
54.36.148.116 - - [08/Oct/2024:10:01:23 +0000] "GET /wp-content/uploads/2024/09/401018447_1842951106156254_5245991858301469789_n.jpg HTTP/1.1" 200 263349 "-" "Mozilla/5.0 (compatible; AhrefsBot/7.0; +http://ahrefs.com/robot/)"
54.36.148.28 - - [08/Oct/2024:10:01:24 +0000] "GET /wp-content/uploads/2024/09/403967068_7235686646466166_8983020479769813756_n.jpg HTTP/1.1" 200 210980 "-" "Mozilla/5.0 (compatible; AhrefsBot/7.0; +http://ahrefs.com/robot/)"
54.36.148.89 - - [08/Oct/2024:10:01:25 +0000] "GET /wp-content/themes/Divi/js/custom.unified.js?ver=4.9.1 HTTP/1.1" 200 141885 "-" "Mozilla/5.0 (compatible; AhrefsBot/7.0; +http://ahrefs.com/robot/)"
54.36.148.9 - - [08/Oct/2024:10:01:26 +0000] "GET /wp-content/uploads/2024/09/403880390_382599460862065_7675329947410464719_n.jpg HTTP/1.1" 200 321946 "-" "Mozilla/5.0 (compatible; AhrefsBot/7.0; +http://ahrefs.com/robot/)"
54.36.148.103 - - [08/Oct/2024:10:01:27 +0000] "GET /wp-includes/js/jquery/jquery-migrate.min.js?ver=3.4.1 HTTP/1.1" 200 7784 "-" "Mozilla/5.0 (compatible; AhrefsBot/7.0; +http://ahrefs.com/robot/)"
54.36.148.216 - - [08/Oct/2024:10:01:28 +0000] "GET /wp-content/uploads/2024/09/412156970_1179200609721275_7052798116494434314_n.jpg HTTP/1.1" 200 308970 "-" "Mozilla/5.0 (compatible; AhrefsBot/7.0; +http://ahrefs.com/robot/)"
193.188.22.226 - - [08/Oct/2024:10:04:28 +0000] "POST /global-protect/login.esp HTTP/1.1" 404 64942 "-" "Mozilla/5.0 (Windows NT 10.0; Win64; x64) AppleWebKit/537.36 (KHTML, like Gecko) Chrome/115.0.0.0 Safari/537.36 Edg/115.0.1901.203"
146.190.157.162 - - [08/Oct/2024:10:09:05 +0000] "POST /wp-cron.php?doing_wp_cron=1728382145.0216228961944580078125 HTTP/1.1" 200 2883 "-" "WordPress/6.6.2; https://labrassa.es"
213.143.58.208 - - [08/Oct/2024:10:09:04 +0000] "GET / HTTP/1.1" 200 17917 "-" "Mozilla/5.0 (Linux; Android 10; K) AppleWebKit/537.36 (KHTML, like Gecko) SamsungBrowser/26.0 Chrome/122.0.0.0 Mobile Safari/537.36"
213.143.58.208 - - [08/Oct/2024:10:09:06 +0000] "GET /wp-content/uploads/2024/01/logo.png HTTP/1.1" 404 62360 "https://labrassa.es/" "Mozilla/5.0 (Linux; Android 10; K) AppleWebKit/537.36 (KHTML, like Gecko) SamsungBrowser/26.0 Chrome/122.0.0.0 Mobile Safari/537.36"
213.143.58.208 - - [08/Oct/2024:10:09:19 +0000] "GET / HTTP/1.1" 200 17917 "-" "Mozilla/5.0 (Linux; Android 10; K) AppleWebKit/537.36 (KHTML, like Gecko) SamsungBrowser/26.0 Chrome/122.0.0.0 Mobile Safari/537.36"
213.143.58.208 - - [08/Oct/2024:10:09:21 +0000] "GET /wp-content/uploads/2024/01/logo.png HTTP/1.1" 404 62360 "https://labrassa.es/" "Mozilla/5.0 (Linux; Android 10; K) AppleWebKit/537.36 (KHTML, like Gecko) SamsungBrowser/26.0 Chrome/122.0.0.0 Mobile Safari/537.36"
213.143.58.208 - - [08/Oct/2024:10:09:40 +0000] "-" 408 323 "-" "-"
93.156.206.215 - - [08/Oct/2024:10:21:05 +0000] "-" 408 323 "-" "-"
93.156.206.215 - - [08/Oct/2024:10:21:05 +0000] "-" 408 323 "-" "-"
93.156.206.215 - - [08/Oct/2024:10:21:16 +0000] "-" 408 2585 "-" "-"
146.190.157.162 - - [08/Oct/2024:10:22:55 +0000] "POST /wp-cron.php?doing_wp_cron=1728382975.0986180305480957031250 HTTP/1.1" 200 2882 "-" "WordPress/6.6.2; https://labrassa.es"
135.125.244.52 - - [08/Oct/2024:10:22:54 +0000] "GET /.env HTTP/1.1" 404 64832 "-" "Mozilla/5.0 (X11; Linux x86_64) AppleWebKit/537.36 (KHTML, like Gecko) Chrome/81.0.4044.129 Safari/537.36"
135.125.244.52 - - [08/Oct/2024:10:22:56 +0000] "POST / HTTP/1.1" 200 17738 "-" "Mozilla/5.0 (X11; Linux x86_64) AppleWebKit/537.36 (KHTML, like Gecko) Chrome/81.0.4044.129 Safari/537.36"
81.61.18.137 - - [08/Oct/2024:10:32:02 +0000] "-" 408 2585 "-" "-"
81.61.18.137 - - [08/Oct/2024:10:32:02 +0000] "-" 408 2585 "-" "-"
146.190.157.162 - - [08/Oct/2024:10:43:04 +0000] "POST /wp-cron.php?doing_wp_cron=1728384184.5800740718841552734375 HTTP/1.1" 200 2882 "-" "WordPress/6.6.2; https://labrassa.es"
66.249.72.65 - - [08/Oct/2024:10:43:04 +0000] "GET /product/turkey-duck-fish-organ/ HTTP/1.1" 404 64970 "-" "Mozilla/5.0 (compatible; Googlebot/2.1; +http://www.google.com/bot.html)"
34.64.88.74 - - [08/Oct/2024:10:47:56 +0000] "POST /cgi-bin/.%2e/.%2e/.%2e/.%2e/.%2e/.%2e/.%2e/.%2e/.%2e/.%2e/bin/sh HTTP/1.1" 400 3077 "-" "Custom-AsyncHttpClient"
34.64.88.74 - - [08/Oct/2024:10:47:57 +0000] "POST /cgi-bin/%%32%65%%32%65/%%32%65%%32%65/%%32%65%%32%65/%%32%65%%32%65/%%32%65%%32%65/%%32%65%%32%65/%%32%65%%32%65/bin/sh HTTP/1.1" 400 3078 "-" "Custom-AsyncHttpClient"
146.190.157.162 - - [08/Oct/2024:10:47:59 +0000] "POST /wp-cron.php?doing_wp_cron=1728384479.4094450473785400390625 HTTP/1.1" 200 2883 "-" "WordPress/6.6.2; https://labrassa.es"
34.64.88.74 - - [08/Oct/2024:10:47:59 +0000] "POST /hello.world?%ADd+allow_url_include%3d1+%ADd+auto_prepend_file%3dphp://input HTTP/1.1" 404 64970 "-" "Custom-AsyncHttpClient"
34.64.88.74 - - [08/Oct/2024:10:48:01 +0000] "GET /vendor/phpunit/phpunit/src/Util/PHP/eval-stdin.php HTTP/1.1" 301 444 "-" "Custom-AsyncHttpClient"
34.64.88.74 - - [08/Oct/2024:10:48:03 +0000] "GET /vendor/phpunit/phpunit/src/Util/PHP/eval-stdin.php HTTP/1.1" 301 3010 "-" "Custom-AsyncHttpClient"
34.64.88.74 - - [08/Oct/2024:10:48:04 +0000] "GET /vendor/phpunit/phpunit/Util/PHP/eval-stdin.php HTTP/1.1" 301 440 "-" "Custom-AsyncHttpClient"
34.64.88.74 - - [08/Oct/2024:10:48:05 +0000] "GET /vendor/phpunit/src/Util/PHP/eval-stdin.php HTTP/1.1" 301 436 "-" "Custom-AsyncHttpClient"
34.64.88.74 - - [08/Oct/2024:10:48:06 +0000] "GET /vendor/phpunit/Util/PHP/eval-stdin.php HTTP/1.1" 301 432 "-" "Custom-AsyncHttpClient"
34.64.88.74 - - [08/Oct/2024:10:48:07 +0000] "GET /vendor/phpunit/phpunit/LICENSE/eval-stdin.php HTTP/1.1" 301 439 "-" "Custom-AsyncHttpClient"
34.64.88.74 - - [08/Oct/2024:10:48:08 +0000] "GET /vendor/vendor/phpunit/phpunit/src/Util/PHP/eval-stdin.php HTTP/1.1" 301 451 "-" "Custom-AsyncHttpClient"
34.64.88.74 - - [08/Oct/2024:10:48:09 +0000] "GET /phpunit/phpunit/src/Util/PHP/eval-stdin.php HTTP/1.1" 301 437 "-" "Custom-AsyncHttpClient"
34.64.88.74 - - [08/Oct/2024:10:48:10 +0000] "GET /phpunit/phpunit/Util/PHP/eval-stdin.php HTTP/1.1" 301 433 "-" "Custom-AsyncHttpClient"
34.64.88.74 - - [08/Oct/2024:10:48:11 +0000] "GET /phpunit/src/Util/PHP/eval-stdin.php HTTP/1.1" 301 429 "-" "Custom-AsyncHttpClient"
34.64.88.74 - - [08/Oct/2024:10:48:12 +0000] "GET /phpunit/Util/PHP/eval-stdin.php HTTP/1.1" 301 425 "-" "Custom-AsyncHttpClient"
34.64.88.74 - - [08/Oct/2024:10:48:13 +0000] "GET /lib/phpunit/phpunit/src/Util/PHP/eval-stdin.php HTTP/1.1" 301 441 "-" "Custom-AsyncHttpClient"
34.64.88.74 - - [08/Oct/2024:10:48:14 +0000] "GET /lib/phpunit/phpunit/Util/PHP/eval-stdin.php HTTP/1.1" 301 437 "-" "Custom-AsyncHttpClient"
34.64.88.74 - - [08/Oct/2024:10:48:15 +0000] "GET /lib/phpunit/src/Util/PHP/eval-stdin.php HTTP/1.1" 301 433 "-" "Custom-AsyncHttpClient"
34.64.88.74 - - [08/Oct/2024:10:48:16 +0000] "GET /lib/phpunit/Util/PHP/eval-stdin.php HTTP/1.1" 301 429 "-" "Custom-AsyncHttpClient"
34.64.88.74 - - [08/Oct/2024:10:48:18 +0000] "GET /lib/vendor/phpunit/phpunit/src/Util/PHP/eval-stdin.php HTTP/1.1" 301 448 "-" "Custom-AsyncHttpClient"
34.64.88.74 - - [08/Oct/2024:10:48:19 +0000] "GET /laravel/vendor/phpunit/phpunit/src/Util/PHP/eval-stdin.php HTTP/1.1" 301 452 "-" "Custom-AsyncHttpClient"
34.64.88.74 - - [08/Oct/2024:10:48:20 +0000] "GET /www/vendor/phpunit/phpunit/src/Util/PHP/eval-stdin.php HTTP/1.1" 301 448 "-" "Custom-AsyncHttpClient"
34.64.88.74 - - [08/Oct/2024:10:48:21 +0000] "GET /ws/vendor/phpunit/phpunit/src/Util/PHP/eval-stdin.php HTTP/1.1" 301 447 "-" "Custom-AsyncHttpClient"
34.64.88.74 - - [08/Oct/2024:10:48:22 +0000] "GET /yii/vendor/phpunit/phpunit/src/Util/PHP/eval-stdin.php HTTP/1.1" 301 448 "-" "Custom-AsyncHttpClient"
34.64.88.74 - - [08/Oct/2024:10:48:24 +0000] "GET /zend/vendor/phpunit/phpunit/src/Util/PHP/eval-stdin.php HTTP/1.1" 301 449 "-" "Custom-AsyncHttpClient"
34.64.88.74 - - [08/Oct/2024:10:48:25 +0000] "GET /ws/ec/vendor/phpunit/phpunit/src/Util/PHP/eval-stdin.php HTTP/1.1" 301 450 "-" "Custom-AsyncHttpClient"
34.64.88.74 - - [08/Oct/2024:10:48:26 +0000] "GET /V2/vendor/phpunit/phpunit/src/Util/PHP/eval-stdin.php HTTP/1.1" 301 447 "-" "Custom-AsyncHttpClient"
34.64.88.74 - - [08/Oct/2024:10:48:27 +0000] "GET /tests/vendor/phpunit/phpunit/src/Util/PHP/eval-stdin.php HTTP/1.1" 301 450 "-" "Custom-AsyncHttpClient"
34.64.88.74 - - [08/Oct/2024:10:48:28 +0000] "GET /test/vendor/phpunit/phpunit/src/Util/PHP/eval-stdin.php HTTP/1.1" 301 449 "-" "Custom-AsyncHttpClient"
34.64.88.74 - - [08/Oct/2024:10:48:29 +0000] "GET /testing/vendor/phpunit/phpunit/src/Util/PHP/eval-stdin.php HTTP/1.1" 301 452 "-" "Custom-AsyncHttpClient"
34.64.88.74 - - [08/Oct/2024:10:48:30 +0000] "GET /api/vendor/phpunit/phpunit/src/Util/PHP/eval-stdin.php HTTP/1.1" 301 448 "-" "Custom-AsyncHttpClient"
34.64.88.74 - - [08/Oct/2024:10:48:31 +0000] "GET /demo/vendor/phpunit/phpunit/src/Util/PHP/eval-stdin.php HTTP/1.1" 301 449 "-" "Custom-AsyncHttpClient"
34.64.88.74 - - [08/Oct/2024:10:48:32 +0000] "GET /cms/vendor/phpunit/phpunit/src/Util/PHP/eval-stdin.php HTTP/1.1" 301 448 "-" "Custom-AsyncHttpClient"
34.64.88.74 - - [08/Oct/2024:10:48:33 +0000] "GET /crm/vendor/phpunit/phpunit/src/Util/PHP/eval-stdin.php HTTP/1.1" 301 448 "-" "Custom-AsyncHttpClient"
34.64.88.74 - - [08/Oct/2024:10:48:34 +0000] "GET /admin/vendor/phpunit/phpunit/src/Util/PHP/eval-stdin.php HTTP/1.1" 301 450 "-" "Custom-AsyncHttpClient"
34.64.88.74 - - [08/Oct/2024:10:48:35 +0000] "GET /backup/vendor/phpunit/phpunit/src/Util/PHP/eval-stdin.php HTTP/1.1" 301 451 "-" "Custom-AsyncHttpClient"
34.64.88.74 - - [08/Oct/2024:10:48:36 +0000] "GET /blog/vendor/phpunit/phpunit/src/Util/PHP/eval-stdin.php HTTP/1.1" 301 449 "-" "Custom-AsyncHttpClient"
34.64.88.74 - - [08/Oct/2024:10:48:37 +0000] "GET /workspace/drupal/vendor/phpunit/phpunit/src/Util/PHP/eval-stdin.php HTTP/1.1" 301 461 "-" "Custom-AsyncHttpClient"
34.64.88.74 - - [08/Oct/2024:10:48:38 +0000] "GET /panel/vendor/phpunit/phpunit/src/Util/PHP/eval-stdin.php HTTP/1.1" 301 450 "-" "Custom-AsyncHttpClient"
34.64.88.74 - - [08/Oct/2024:10:48:39 +0000] "GET /public/vendor/phpunit/phpunit/src/Util/PHP/eval-stdin.php HTTP/1.1" 301 451 "-" "Custom-AsyncHttpClient"
34.64.88.74 - - [08/Oct/2024:10:48:40 +0000] "GET /apps/vendor/phpunit/phpunit/src/Util/PHP/eval-stdin.php HTTP/1.1" 301 449 "-" "Custom-AsyncHttpClient"
34.64.88.74 - - [08/Oct/2024:10:48:42 +0000] "GET /app/vendor/phpunit/phpunit/src/Util/PHP/eval-stdin.php HTTP/1.1" 301 448 "-" "Custom-AsyncHttpClient"
34.64.88.74 - - [08/Oct/2024:10:48:43 +0000] "GET /index.php?s=/index/\\think\\app/invokefunction&function=call_user_func_array&vars[0]=md5&vars[1][]=Hello HTTP/1.1" 200 63470 "-" "Custom-AsyncHttpClient"
34.64.88.74 - - [08/Oct/2024:10:48:44 +0000] "GET /public/index.php?s=/index/\\think\\app/invokefunction&function=call_user_func_array&vars[0]=md5&vars[1][]=Hello HTTP/1.1" 301 492 "-" "Custom-AsyncHttpClient"
34.64.88.74 - - [08/Oct/2024:10:48:46 +0000] "GET /index.php?lang=../../../../../../../../usr/local/lib/php/pearcmd&+config-create+/&/<?echo(md5(\"hi\"));?>+/tmp/index1.php HTTP/1.1" 301 500 "-" "Custom-AsyncHttpClient"
34.64.88.74 - - [08/Oct/2024:10:48:47 +0000] "GET /index.php?lang=../../../../../../../../tmp/index1 HTTP/1.1" 301 434 "-" "Custom-AsyncHttpClient"
207.46.13.230 - - [08/Oct/2024:10:50:19 +0000] "GET /robots.txt HTTP/1.1" 200 3180 "-" "Mozilla/5.0 AppleWebKit/537.36 (KHTML, like Gecko; compatible; bingbot/2.0; +http://www.bing.com/bingbot.htm) Chrome/116.0.1938.76 Safari/537.36"
207.46.13.230 - - [08/Oct/2024:10:50:19 +0000] "GET /robots.txt HTTP/1.1" 200 491 "-" "Mozilla/5.0 AppleWebKit/537.36 (KHTML, like Gecko; compatible; bingbot/2.0; +http://www.bing.com/bingbot.htm) Chrome/116.0.1938.76 Safari/537.36"
40.77.167.152 - - [08/Oct/2024:10:50:25 +0000] "GET /sitemap_index.xml HTTP/1.1" 200 3219 "-" "Mozilla/5.0 AppleWebKit/537.36 (KHTML, like Gecko; compatible; bingbot/2.0; +http://www.bing.com/bingbot.htm) Chrome/116.0.1938.76 Safari/537.36"
146.190.157.162 - - [08/Oct/2024:10:57:49 +0000] "POST /wp-cron.php?doing_wp_cron=1728385069.3270781040191650390625 HTTP/1.1" 200 2883 "-" "WordPress/6.6.2; https://labrassa.es"
171.244.43.14 - - [08/Oct/2024:10:57:48 +0000] "GET / HTTP/1.1" 200 17863 "-" "Mozilla/5.0 (Linux; Android 10; K) AppleWebKit/537.36 (KHTML, like Gecko) Chrome/122.0.0.0 Mobile Safari/537.36"
146.190.157.162 - - [08/Oct/2024:11:24:24 +0000] "POST /wp-cron.php?doing_wp_cron=1728386664.7213950157165527343750 HTTP/1.1" 200 2883 "-" "WordPress/6.6.2; https://labrassa.es"
66.249.69.2 - - [08/Oct/2024:11:24:24 +0000] "GET /lander HTTP/1.1" 404 64975 "-" "Mozilla/5.0 (Linux; Android 6.0.1; Nexus 5X Build/MMB29P) AppleWebKit/537.36 (KHTML, like Gecko) Chrome/129.0.6668.89 Mobile Safari/537.36 (compatible; Googlebot/2.1; +http://www.google.com/bot.html)"
66.249.70.194 - - [08/Oct/2024:11:32:23 +0000] "GET /wp-includes/css/dist/block-library/style.min.css?ver=f30054a140ded00f5fd5888418ee5d69 HTTP/1.1" 200 17837 "https://labrassa.es/" "Mozilla/5.0 (Linux; Android 6.0.1; Nexus 5X Build/MMB29P) AppleWebKit/537.36 (KHTML, like Gecko) Chrome/129.0.6668.70 Mobile Safari/537.36 (compatible; Googlebot/2.1; +http://www.google.com/bot.html)"
66.249.70.194 - - [08/Oct/2024:11:32:24 +0000] "GET /wp-includes/js/jquery/jquery-migrate.min.js?ver=3.4.1 HTTP/1.1" 200 5238 "https://labrassa.es/" "Mozilla/5.0 (Linux; Android 6.0.1; Nexus 5X Build/MMB29P) AppleWebKit/537.36 (KHTML, like Gecko) Chrome/129.0.6668.70 Mobile Safari/537.36 (compatible; Googlebot/2.1; +http://www.google.com/bot.html)"
66.249.70.194 - - [08/Oct/2024:11:32:25 +0000] "GET /wp-content/themes/Divi/core/admin/js/common.js?ver=4.9.1 HTTP/1.1" 200 930 "https://labrassa.es/" "Mozilla/5.0 (Linux; Android 6.0.1; Nexus 5X Build/MMB29P) AppleWebKit/537.36 (KHTML, like Gecko) Chrome/129.0.6668.70 Mobile Safari/537.36 (compatible; Googlebot/2.1; +http://www.google.com/bot.html)"
66.249.70.194 - - [08/Oct/2024:11:32:25 +0000] "GET /wp-content/themes/Divi/js/custom.unified.js?ver=4.9.1 HTTP/1.1" 200 139339 "https://labrassa.es/" "Mozilla/5.0 (Linux; Android 6.0.1; Nexus 5X Build/MMB29P) AppleWebKit/537.36 (KHTML, like Gecko) Chrome/129.0.6668.70 Mobile Safari/537.36 (compatible; Googlebot/2.1; +http://www.google.com/bot.html)"
146.190.157.162 - - [08/Oct/2024:11:37:23 +0000] "POST /wp-cron.php?doing_wp_cron=1728387443.8126640319824218750000 HTTP/1.1" 200 2882 "-" "WordPress/6.6.2; https://labrassa.es"
66.249.72.66 - - [08/Oct/2024:11:37:23 +0000] "GET /product/ground-duck-organs-feet/?add-to-cart=92 HTTP/1.1" 404 64975 "-" "Mozilla/5.0 (Linux; Android 6.0.1; Nexus 5X Build/MMB29P) AppleWebKit/537.36 (KHTML, like Gecko) Chrome/129.0.6668.89 Mobile Safari/537.36 (compatible; Googlebot/2.1; +http://www.google.com/bot.html)"
93.156.206.215 - - [08/Oct/2024:11:49:32 +0000] "-" 408 323 "-" "-"
93.156.206.215 - - [08/Oct/2024:11:49:32 +0000] "-" 408 2586 "-" "-"
93.156.206.215 - - [08/Oct/2024:11:51:07 +0000] "-" 408 2584 "-" "-"
93.156.206.215 - - [08/Oct/2024:11:51:07 +0000] "-" 408 2584 "-" "-"
146.190.157.162 - - [08/Oct/2024:11:55:56 +0000] "POST /wp-cron.php?doing_wp_cron=1728388556.5193660259246826171875 HTTP/1.1" 200 2883 "-" "WordPress/6.6.2; https://labrassa.es"
45.84.89.2 - - [08/Oct/2024:11:55:56 +0000] "GET / HTTP/1.1" 301 2807 "-" "Mozilla/6.0 (Windows NT 10.0; Win64; x64) AppleWebKit/537.36 (KHTML, like Gecko) Chrome/127.0.0.0 Safari/537.36 Inspici (www.inspici.com)"
146.190.157.162 - - [08/Oct/2024:12:09:17 +0000] "POST /wp-cron.php?doing_wp_cron=1728389357.6345300674438476562500 HTTP/1.1" 200 2882 "-" "WordPress/6.6.2; https://labrassa.es"
50.6.194.151 - - [08/Oct/2024:12:09:17 +0000] "GET /.env HTTP/1.1" 404 65008 "-" "Mozilla/5.0 (Linux; U; Android 4.4.2; en-US; HM NOTE 1W Build/KOT49H) AppleWebKit/534.30 (KHTML, like Gecko) Version/4.0 UCBrowser/11.0.5.850 U3/0.8.0 Mobile Safari/534.30"
146.190.157.162 - - [08/Oct/2024:12:16:45 +0000] "POST /wp-cron.php?doing_wp_cron=1728389805.4261960983276367187500 HTTP/1.1" 200 2883 "-" "WordPress/6.6.2; https://labrassa.es"
66.249.72.65 - - [08/Oct/2024:12:16:45 +0000] "GET /shop/treats/dehydrated-treats/page/2/?add-to-cart=283 HTTP/1.1" 404 64976 "-" "Mozilla/5.0 (Linux; Android 6.0.1; Nexus 5X Build/MMB29P) AppleWebKit/537.36 (KHTML, like Gecko) Chrome/129.0.6668.89 Mobile Safari/537.36 (compatible; Googlebot/2.1; +http://www.google.com/bot.html)"
54.36.149.51 - - [08/Oct/2024:12:20:40 +0000] "GET /robots.txt HTTP/1.1" 301 526 "-" "Mozilla/5.0 (compatible; AhrefsBot/7.0; +http://ahrefs.com/robot/)"
146.190.157.162 - - [08/Oct/2024:12:20:41 +0000] "POST /wp-cron.php?doing_wp_cron=1728390041.5220749378204345703125 HTTP/1.1" 200 2883 "-" "WordPress/6.6.2; https://labrassa.es"
54.36.149.51 - - [08/Oct/2024:12:20:41 +0000] "GET /robots.txt HTTP/1.1" 200 3037 "-" "Mozilla/5.0 (compatible; AhrefsBot/7.0; +http://ahrefs.com/robot/)"
146.190.157.162 - - [08/Oct/2024:12:31:58 +0000] "POST /wp-cron.php?doing_wp_cron=1728390718.3037769794464111328125 HTTP/1.1" 200 2881 "-" "WordPress/6.6.2; https://labrassa.es"
66.249.72.65 - - [08/Oct/2024:12:31:57 +0000] "GET /elementor-22973/ HTTP/1.1" 404 64975 "-" "Mozilla/5.0 (Linux; Android 6.0.1; Nexus 5X Build/MMB29P) AppleWebKit/537.36 (KHTML, like Gecko) Chrome/129.0.6668.89 Mobile Safari/537.36 (compatible; Googlebot/2.1; +http://www.google.com/bot.html)"
66.249.72.64 - - [08/Oct/2024:12:33:59 +0000] "GET /product/et-300ts-le-e-collar-12-mile-remote-dog-trainer/ HTTP/1.1" 404 64976 "-" "Mozilla/5.0 (Linux; Android 6.0.1; Nexus 5X Build/MMB29P) AppleWebKit/537.36 (KHTML, like Gecko) Chrome/129.0.6668.89 Mobile Safari/537.36 (compatible; Googlebot/2.1; +http://www.google.com/bot.html)"
146.190.157.162 - - [08/Oct/2024:12:42:13 +0000] "POST /wp-cron.php?doing_wp_cron=1728391333.8483250141143798828125 HTTP/1.1" 200 2881 "-" "WordPress/6.6.2; https://labrassa.es"
20.118.71.84 - - [08/Oct/2024:12:42:13 +0000] "GET /actuator/health HTTP/1.1" 404 64769 "-" "Mozilla/5.0 zgrab/0.x"
146.190.157.162 - - [08/Oct/2024:12:46:23 +0000] "POST /wp-cron.php?doing_wp_cron=1728391583.3555569648742675781250 HTTP/1.1" 200 2883 "-" "WordPress/6.6.2; https://labrassa.es"
157.55.39.225 - - [08/Oct/2024:12:46:23 +0000] "GET /robots.txt HTTP/1.1" 200 3183 "-" "Mozilla/5.0 AppleWebKit/537.36 (KHTML, like Gecko; compatible; bingbot/2.0; +http://www.bing.com/bingbot.htm) Chrome/116.0.1938.76 Safari/537.36"
157.55.39.56 - - [08/Oct/2024:12:46:27 +0000] "GET /page-sitemap.xml HTTP/1.1" 200 3650 "-" "Mozilla/5.0 AppleWebKit/537.36 (KHTML, like Gecko; compatible; bingbot/2.0; +http://www.bing.com/bingbot.htm) Chrome/116.0.1938.76 Safari/537.36"
135.125.244.52 - - [08/Oct/2024:12:49:32 +0000] "GET /.env HTTP/1.1" 404 64831 "-" "Mozilla/5.0 (X11; Linux x86_64) AppleWebKit/537.36 (KHTML, like Gecko) Chrome/81.0.4044.129 Safari/537.36"
135.125.244.52 - - [08/Oct/2024:12:49:34 +0000] "POST / HTTP/1.1" 200 17738 "-" "Mozilla/5.0 (X11; Linux x86_64) AppleWebKit/537.36 (KHTML, like Gecko) Chrome/81.0.4044.129 Safari/537.36"
146.190.157.162 - - [08/Oct/2024:12:54:51 +0000] "POST /wp-cron.php?doing_wp_cron=1728392091.1282570362091064453125 HTTP/1.1" 200 2882 "-" "WordPress/6.6.2; https://labrassa.es"
66.249.72.64 - - [08/Oct/2024:12:54:50 +0000] "GET /wp-content/uploads/2015/07/HEN-TURKEY-NECKS-5-LB-scaled.jpg HTTP/1.1" 404 64970 "-" "Googlebot-Image/1.0"
83.53.60.172 - - [08/Oct/2024:12:58:54 +0000] "GET / HTTP/1.1" 301 525 "-" "Mozilla/5.0 (Windows NT 10.0; Win64; x64) AppleWebKit/537.36 (KHTML, like Gecko) Chrome/90.0.4430.72 Safari/537.36"
146.190.157.162 - - [08/Oct/2024:12:58:55 +0000] "POST /wp-cron.php?doing_wp_cron=1728392335.4388940334320068359375 HTTP/1.1" 200 2882 "-" "WordPress/6.6.2; https://labrassa.es"
83.53.60.172 - - [08/Oct/2024:12:58:54 +0000] "GET / HTTP/1.1" 200 17879 "-" "Mozilla/5.0 (Windows NT 10.0; Win64; x64) AppleWebKit/537.36 (KHTML, like Gecko) Chrome/90.0.4430.72 Safari/537.36"
83.53.60.172 - - [08/Oct/2024:12:58:56 +0000] "GET /wp-includes/css/dist/block-library/style.min.css?ver=f30054a140ded00f5fd5888418ee5d69 HTTP/1.1" 200 15554 "https://labrassa.es/" "Mozilla/5.0 (Windows NT 10.0; Win64; x64) AppleWebKit/537.36 (KHTML, like Gecko) Chrome/90.0.4430.72 Safari/537.36"
83.53.60.172 - - [08/Oct/2024:12:58:56 +0000] "GET /wp-includes/js/jquery/jquery-migrate.min.js?ver=3.4.1 HTTP/1.1" 200 7787 "https://labrassa.es/" "Mozilla/5.0 (Windows NT 10.0; Win64; x64) AppleWebKit/537.36 (KHTML, like Gecko) Chrome/90.0.4430.72 Safari/537.36"
83.53.60.172 - - [08/Oct/2024:12:58:56 +0000] "GET /wp-includes/css/dashicons.min.css?ver=f30054a140ded00f5fd5888418ee5d69 HTTP/1.1" 200 38772 "https://labrassa.es/" "Mozilla/5.0 (Windows NT 10.0; Win64; x64) AppleWebKit/537.36 (KHTML, like Gecko) Chrome/90.0.4430.72 Safari/537.36"
83.53.60.172 - - [08/Oct/2024:12:58:56 +0000] "GET /wp-includes/js/jquery/jquery.min.js?ver=3.7.1 HTTP/1.1" 200 33394 "https://labrassa.es/" "Mozilla/5.0 (Windows NT 10.0; Win64; x64) AppleWebKit/537.36 (KHTML, like Gecko) Chrome/90.0.4430.72 Safari/537.36"
83.53.60.172 - - [08/Oct/2024:12:58:56 +0000] "GET /wp-content/themes/Divi/core/admin/fonts/modules.ttf HTTP/1.1" 200 95500 "https://labrassa.es/" "Mozilla/5.0 (Windows NT 10.0; Win64; x64) AppleWebKit/537.36 (KHTML, like Gecko) Chrome/90.0.4430.72 Safari/537.36"
83.53.60.172 - - [08/Oct/2024:12:58:56 +0000] "GET /wp-content/themes/Divi/style.css?ver=4.9.1 HTTP/1.1" 200 83832 "https://labrassa.es/" "Mozilla/5.0 (Windows NT 10.0; Win64; x64) AppleWebKit/537.36 (KHTML, like Gecko) Chrome/90.0.4430.72 Safari/537.36"
83.53.60.172 - - [08/Oct/2024:12:58:57 +0000] "GET /wp-content/uploads/2024/09/Logo-negro.png HTTP/1.1" 200 50029 "https://labrassa.es/" "Mozilla/5.0 (Windows NT 10.0; Win64; x64) AppleWebKit/537.36 (KHTML, like Gecko) Chrome/90.0.4430.72 Safari/537.36"
83.53.60.172 - - [08/Oct/2024:12:58:57 +0000] "GET /wp-content/uploads/2024/09/Logo-crema.png HTTP/1.1" 200 49648 "https://labrassa.es/" "Mozilla/5.0 (Windows NT 10.0; Win64; x64) AppleWebKit/537.36 (KHTML, like Gecko) Chrome/90.0.4430.72 Safari/537.36"
83.53.60.172 - - [08/Oct/2024:12:58:57 +0000] "GET /wp-content/themes/Divi/js/custom.unified.js?ver=4.9.1 HTTP/1.1" 200 141889 "https://labrassa.es/" "Mozilla/5.0 (Windows NT 10.0; Win64; x64) AppleWebKit/537.36 (KHTML, like Gecko) Chrome/90.0.4430.72 Safari/537.36"
83.53.60.172 - - [08/Oct/2024:12:58:57 +0000] "GET /wp-content/uploads/2024/09/barbecue-5002642_1920-1280x1235.jpg HTTP/1.1" 200 208292 "https://labrassa.es/" "Mozilla/5.0 (Windows NT 10.0; Win64; x64) AppleWebKit/537.36 (KHTML, like Gecko) Chrome/90.0.4430.72 Safari/537.36"
83.53.60.172 - - [08/Oct/2024:12:58:58 +0000] "GET /wp-content/themes/Divi/core/admin/js/common.js?ver=4.9.1 HTTP/1.1" 200 1217 "https://labrassa.es/" "Mozilla/5.0 (Windows NT 10.0; Win64; x64) AppleWebKit/537.36 (KHTML, like Gecko) Chrome/90.0.4430.72 Safari/537.36"
83.53.60.172 - - [08/Oct/2024:12:58:57 +0000] "GET /wp-content/uploads/2024/09/412156970_1179200609721275_7052798116494434314_n-1280x1280.jpg HTTP/1.1" 200 334206 "https://labrassa.es/" "Mozilla/5.0 (Windows NT 10.0; Win64; x64) AppleWebKit/537.36 (KHTML, like Gecko) Chrome/90.0.4430.72 Safari/537.36"
83.53.60.172 - - [08/Oct/2024:12:58:57 +0000] "GET /wp-content/uploads/2024/01/logo.png HTTP/1.1" 404 62649 "https://labrassa.es/" "Mozilla/5.0 (Windows NT 10.0; Win64; x64) AppleWebKit/537.36 (KHTML, like Gecko) Chrome/90.0.4430.72 Safari/537.36"
83.53.60.172 - - [08/Oct/2024:12:58:58 +0000] "GET /wp-content/uploads/2024/09/403967068_7235686646466166_8983020479769813756_n-1280x1280.jpg HTTP/1.1" 200 225562 "https://labrassa.es/" "Mozilla/5.0 (Windows NT 10.0; Win64; x64) AppleWebKit/537.36 (KHTML, like Gecko) Chrome/90.0.4430.72 Safari/537.36"
83.53.60.172 - - [08/Oct/2024:12:58:59 +0000] "GET /wp-content/uploads/2024/09/Logo-violeta.png HTTP/1.1" 200 52801 "https://labrassa.es/" "Mozilla/5.0 (Windows NT 10.0; Win64; x64) AppleWebKit/537.36 (KHTML, like Gecko) Chrome/90.0.4430.72 Safari/537.36"
83.53.60.172 - - [08/Oct/2024:12:58:59 +0000] "GET /wp-content/uploads/2024/09/kit_digital-1024x61-1.png HTTP/1.1" 200 65716 "https://labrassa.es/" "Mozilla/5.0 (Windows NT 10.0; Win64; x64) AppleWebKit/537.36 (KHTML, like Gecko) Chrome/90.0.4430.72 Safari/537.36"
83.53.60.172 - - [08/Oct/2024:12:58:58 +0000] "GET /wp-content/uploads/2024/09/369819017_869295911530313_7625983285349549390_n.jpg HTTP/1.1" 200 176153 "https://labrassa.es/" "Mozilla/5.0 (Windows NT 10.0; Win64; x64) AppleWebKit/537.36 (KHTML, like Gecko) Chrome/90.0.4430.72 Safari/537.36"
83.53.60.172 - - [08/Oct/2024:12:58:59 +0000] "GET /wp-content/uploads/2024/09/403880390_382599460862065_7675329947410464719_n-1280x1280.jpg HTTP/1.1" 200 327903 "https://labrassa.es/" "Mozilla/5.0 (Windows NT 10.0; Win64; x64) AppleWebKit/537.36 (KHTML, like Gecko) Chrome/90.0.4430.72 Safari/537.36"
83.53.60.172 - - [08/Oct/2024:12:58:58 +0000] "GET /wp-content/uploads/2024/09/coals-8825780_1920.jpg HTTP/1.1" 200 676727 "https://labrassa.es/" "Mozilla/5.0 (Windows NT 10.0; Win64; x64) AppleWebKit/537.36 (KHTML, like Gecko) Chrome/90.0.4430.72 Safari/537.36"
83.53.60.172 - - [08/Oct/2024:12:59:00 +0000] "GET /wp-includes/js/wp-emoji-release.min.js?ver=f30054a140ded00f5fd5888418ee5d69 HTTP/1.1" 200 5715 "https://labrassa.es/" "Mozilla/5.0 (Windows NT 10.0; Win64; x64) AppleWebKit/537.36 (KHTML, like Gecko) Chrome/90.0.4430.72 Safari/537.36"
83.53.60.172 - - [08/Oct/2024:12:58:59 +0000] "GET /wp-content/uploads/2024/09/carne2.jpg HTTP/1.1" 200 315035 "https://labrassa.es/" "Mozilla/5.0 (Windows NT 10.0; Win64; x64) AppleWebKit/537.36 (KHTML, like Gecko) Chrome/90.0.4430.72 Safari/537.36"
83.53.60.172 - - [08/Oct/2024:12:59:02 +0000] "GET /robots.txt HTTP/1.1" 200 3101 "-" "Wappalyzer"
83.53.60.172 - - [08/Oct/2024:12:59:02 +0000] "GET / HTTP/1.1" 200 17912 "-" "Wappalyzer"
83.53.60.172 - - [08/Oct/2024:12:59:04 +0000] "GET /wp-includes/js/jquery/jquery.min.js?ver=3.7.1 HTTP/1.1" 200 30846 "https://labrassa.es/" "Wappalyzer"
83.53.60.172 - - [08/Oct/2024:12:59:03 +0000] "GET /magento_version HTTP/1.1" 404 64941 "-" "Wappalyzer"
83.53.60.172 - - [08/Oct/2024:12:59:04 +0000] "GET /wp-includes/js/jquery/jquery-migrate.min.js?ver=3.4.1 HTTP/1.1" 200 5562 "https://labrassa.es/" "Wappalyzer"
83.53.60.172 - - [08/Oct/2024:12:59:04 +0000] "GET /wp-content/themes/Divi/core/admin/js/common.js?ver=4.9.1 HTTP/1.1" 200 1254 "https://labrassa.es/" "Wappalyzer"
83.53.60.172 - - [08/Oct/2024:12:59:04 +0000] "GET /wp-content/themes/Divi/js/custom.unified.js?ver=4.9.1 HTTP/1.1" 200 139339 "https://labrassa.es/" "Wappalyzer"
83.53.60.172 - - [08/Oct/2024:12:59:03 +0000] "GET /layouts/System/VisitorIdentification.aspx HTTP/1.1" 404 62679 "-" "Wappalyzer"
83.53.60.172 - - [08/Oct/2024:12:59:03 +0000] "GET /typo3/sysext/core/Resources/Public/Images/typo3_orange.svg HTTP/1.1" 404 62354 "-" "Wappalyzer"
83.53.60.172 - - [08/Oct/2024:12:59:05 +0000] "GET /wp-includes/js/wp-emoji-release.min.js?ver=f30054a140ded00f5fd5888418ee5d69 HTTP/1.1" 200 5428 "https://labrassa.es/" "Wappalyzer"
49.51.179.103 - - [08/Oct/2024:13:07:07 +0000] "GET / HTTP/1.0" 400 621 "-" "-"
146.190.157.162 - - [08/Oct/2024:13:07:34 +0000] "POST /wp-cron.php?doing_wp_cron=1728392854.5915770530700683593750 HTTP/1.1" 200 2882 "-" "WordPress/6.6.2; https://labrassa.es"
181.84.171.25 - - [08/Oct/2024:13:07:34 +0000] "GET / HTTP/1.1" 200 17918 "-" "Mozilla/5.0 (Macintosh; Intel Mac OS X 10_15_7) AppleWebKit/537.36 (KHTML, like Gecko) Chrome/129.0.0.0 Safari/537.36"
181.84.171.25 - - [08/Oct/2024:13:07:35 +0000] "GET /wp-includes/css/dist/block-library/style.min.css?ver=f30054a140ded00f5fd5888418ee5d69 HTTP/1.1" 200 15267 "https://labrassa.es/" "Mozilla/5.0 (Macintosh; Intel Mac OS X 10_15_7) AppleWebKit/537.36 (KHTML, like Gecko) Chrome/129.0.0.0 Safari/537.36"
181.84.171.25 - - [08/Oct/2024:13:07:36 +0000] "GET /wp-includes/css/dashicons.min.css?ver=f30054a140ded00f5fd5888418ee5d69 HTTP/1.1" 200 36546 "https://labrassa.es/" "Mozilla/5.0 (Macintosh; Intel Mac OS X 10_15_7) AppleWebKit/537.36 (KHTML, like Gecko) Chrome/129.0.0.0 Safari/537.36"
181.84.171.25 - - [08/Oct/2024:13:07:36 +0000] "GET /wp-includes/js/jquery/jquery-migrate.min.js?ver=3.4.1 HTTP/1.1" 200 5238 "https://labrassa.es/" "Mozilla/5.0 (Macintosh; Intel Mac OS X 10_15_7) AppleWebKit/537.36 (KHTML, like Gecko) Chrome/129.0.0.0 Safari/537.36"
181.84.171.25 - - [08/Oct/2024:13:07:36 +0000] "GET /wp-includes/js/jquery/jquery.min.js?ver=3.7.1 HTTP/1.1" 200 33432 "https://labrassa.es/" "Mozilla/5.0 (Macintosh; Intel Mac OS X 10_15_7) AppleWebKit/537.36 (KHTML, like Gecko) Chrome/129.0.0.0 Safari/537.36"
181.84.171.25 - - [08/Oct/2024:13:07:36 +0000] "GET /wp-content/themes/Divi/style.css?ver=4.9.1 HTTP/1.1" 200 83869 "https://labrassa.es/" "Mozilla/5.0 (Macintosh; Intel Mac OS X 10_15_7) AppleWebKit/537.36 (KHTML, like Gecko) Chrome/129.0.0.0 Safari/537.36"
181.84.171.25 - - [08/Oct/2024:13:07:36 +0000] "GET /wp-content/uploads/2024/09/Logo-crema.png HTTP/1.1" 200 49361 "https://labrassa.es/" "Mozilla/5.0 (Macintosh; Intel Mac OS X 10_15_7) AppleWebKit/537.36 (KHTML, like Gecko) Chrome/129.0.0.0 Safari/537.36"
181.84.171.25 - - [08/Oct/2024:13:07:36 +0000] "GET /wp-content/themes/Divi/core/admin/fonts/modules.ttf HTTP/1.1" 200 95537 "https://labrassa.es/" "Mozilla/5.0 (Macintosh; Intel Mac OS X 10_15_7) AppleWebKit/537.36 (KHTML, like Gecko) Chrome/129.0.0.0 Safari/537.36"
181.84.171.25 - - [08/Oct/2024:13:07:36 +0000] "GET /wp-content/uploads/2024/09/Logo-negro.png HTTP/1.1" 200 52328 "https://labrassa.es/" "Mozilla/5.0 (Macintosh; Intel Mac OS X 10_15_7) AppleWebKit/537.36 (KHTML, like Gecko) Chrome/129.0.0.0 Safari/537.36"
181.84.171.25 - - [08/Oct/2024:13:07:36 +0000] "GET /wp-content/uploads/2024/01/logo.png HTTP/1.1" 404 62358 "https://labrassa.es/" "Mozilla/5.0 (Macintosh; Intel Mac OS X 10_15_7) AppleWebKit/537.36 (KHTML, like Gecko) Chrome/129.0.0.0 Safari/537.36"
181.84.171.25 - - [08/Oct/2024:13:07:37 +0000] "GET /wp-content/themes/Divi/core/admin/js/common.js?ver=4.9.1 HTTP/1.1" 200 930 "https://labrassa.es/" "Mozilla/5.0 (Macintosh; Intel Mac OS X 10_15_7) AppleWebKit/537.36 (KHTML, like Gecko) Chrome/129.0.0.0 Safari/537.36"
181.84.171.25 - - [08/Oct/2024:13:07:37 +0000] "GET /wp-content/uploads/2024/09/412156970_1179200609721275_7052798116494434314_n.jpg HTTP/1.1" 200 306423 "https://labrassa.es/" "Mozilla/5.0 (Macintosh; Intel Mac OS X 10_15_7) AppleWebKit/537.36 (KHTML, like Gecko) Chrome/129.0.0.0 Safari/537.36"
181.84.171.25 - - [08/Oct/2024:13:07:37 +0000] "GET /wp-content/themes/Divi/js/custom.unified.js?ver=4.9.1 HTTP/1.1" 200 139339 "https://labrassa.es/" "Mozilla/5.0 (Macintosh; Intel Mac OS X 10_15_7) AppleWebKit/537.36 (KHTML, like Gecko) Chrome/129.0.0.0 Safari/537.36"
181.84.171.25 - - [08/Oct/2024:13:07:37 +0000] "GET /wp-content/uploads/2024/09/369819017_869295911530313_7625983285349549390_n.jpg HTTP/1.1" 200 175866 "https://labrassa.es/" "Mozilla/5.0 (Macintosh; Intel Mac OS X 10_15_7) AppleWebKit/537.36 (KHTML, like Gecko) Chrome/129.0.0.0 Safari/537.36"
181.84.171.25 - - [08/Oct/2024:13:07:39 +0000] "GET /wp-content/uploads/2024/09/Logo-violeta.png HTTP/1.1" 200 50251 "https://labrassa.es/" "Mozilla/5.0 (Macintosh; Intel Mac OS X 10_15_7) AppleWebKit/537.36 (KHTML, like Gecko) Chrome/129.0.0.0 Safari/537.36"
181.84.171.25 - - [08/Oct/2024:13:07:39 +0000] "GET /wp-content/uploads/2024/09/kit_digital-1024x61-1.png HTTP/1.1" 200 63167 "https://labrassa.es/" "Mozilla/5.0 (Macintosh; Intel Mac OS X 10_15_7) AppleWebKit/537.36 (KHTML, like Gecko) Chrome/129.0.0.0 Safari/537.36"
181.84.171.25 - - [08/Oct/2024:13:07:39 +0000] "GET /wp-content/uploads/2024/09/carne2.jpg HTTP/1.1" 200 314748 "https://labrassa.es/" "Mozilla/5.0 (Macintosh; Intel Mac OS X 10_15_7) AppleWebKit/537.36 (KHTML, like Gecko) Chrome/129.0.0.0 Safari/537.36"
181.84.171.25 - - [08/Oct/2024:13:07:39 +0000] "GET /wp-includes/js/wp-emoji-release.min.js?ver=f30054a140ded00f5fd5888418ee5d69 HTTP/1.1" 200 5428 "https://labrassa.es/" "Mozilla/5.0 (Macintosh; Intel Mac OS X 10_15_7) AppleWebKit/537.36 (KHTML, like Gecko) Chrome/129.0.0.0 Safari/537.36"
