66.249.70.67 - - [13/Nov/2024:07:36:37 +0000] "GET /wp-content/et-cache/26/et-core-unified-cpt-26-17314476619741.min.css HTTP/1.1" 200 1493 "https://urosalud.es/?s={search_term_string}" "Mozilla/5.0 (Linux; Android 6.0.1; Nexus 5X Build/MMB29P) AppleWebKit/537.36 (KHTML, like Gecko) Chrome/130.0.6723.69 Mobile Safari/537.36 (compatible; Googlebot/2.1; +http://www.google.com/bot.html)"
66.249.70.66 - - [13/Nov/2024:07:36:38 +0000] "GET /wp-content/et-cache/global/et-divi-customizer-global-17314476619741.min.css HTTP/1.1" 200 6440 "https://urosalud.es/?s={search_term_string}" "Mozilla/5.0 (Linux; Android 6.0.1; Nexus 5X Build/MMB29P) AppleWebKit/537.36 (KHTML, like Gecko) Chrome/130.0.6723.69 Mobile Safari/537.36 (compatible; Googlebot/2.1; +http://www.google.com/bot.html)"
66.249.70.66 - - [13/Nov/2024:07:40:55 +0000] "GET /?et_core_page_resource= HTTP/1.1" 404 2870 "-" "Mozilla/5.0 (Linux; Android 6.0.1; Nexus 5X Build/MMB29P) AppleWebKit/537.36 (KHTML, like Gecko) Chrome/130.0.6723.116 Mobile Safari/537.36 (compatible; Googlebot/2.1; +http://www.google.com/bot.html)"
146.190.157.162 - - [13/Nov/2024:07:56:41 +0000] "POST /wp-cron.php?doing_wp_cron=1731484601.0036189556121826171875 HTTP/1.1" 200 2857 "-" "WordPress/6.6.2; https://urosalud.es"
66.249.70.66 - - [13/Nov/2024:07:56:40 +0000] "GET /contacto HTTP/1.1" 301 2851 "-" "Mozilla/5.0 (Linux; Android 6.0.1; Nexus 5X Build/MMB29P) AppleWebKit/537.36 (KHTML, like Gecko) Chrome/130.0.6723.116 Mobile Safari/537.36 (compatible; Googlebot/2.1; +http://www.google.com/bot.html)"
66.249.70.67 - - [13/Nov/2024:07:56:44 +0000] "GET /wp-content/et-cache/763/et-core-unified-763-17314484274824.min.css HTTP/1.1" 200 6246 "https://urosalud.es/contacto/" "Mozilla/5.0 (Linux; Android 6.0.1; Nexus 5X Build/MMB29P) AppleWebKit/537.36 (KHTML, like Gecko) Chrome/130.0.6723.69 Mobile Safari/537.36 (compatible; Googlebot/2.1; +http://www.google.com/bot.html)"
66.249.70.66 - - [13/Nov/2024:07:56:44 +0000] "GET /wp-content/et-cache/763/et-core-unified-tb-26-tb-434-763-17314484274824.min.css HTTP/1.1" 200 2107 "https://urosalud.es/contacto/" "Mozilla/5.0 (Linux; Android 6.0.1; Nexus 5X Build/MMB29P) AppleWebKit/537.36 (KHTML, like Gecko) Chrome/130.0.6723.69 Mobile Safari/537.36 (compatible; Googlebot/2.1; +http://www.google.com/bot.html)"
146.190.157.162 - - [13/Nov/2024:08:02:14 +0000] "POST /wp-cron.php?doing_wp_cron=1731484934.7164230346679687500000 HTTP/1.1" 200 2856 "-" "WordPress/6.6.2; https://urosalud.es"
66.249.70.66 - - [13/Nov/2024:08:02:14 +0000] "GET /servicios/ HTTP/1.1" 200 14384 "-" "Mozilla/5.0 (Linux; Android 6.0.1; Nexus 5X Build/MMB29P) AppleWebKit/537.36 (KHTML, like Gecko) Chrome/130.0.6723.116 Mobile Safari/537.36 (compatible; GoogleOther)"
66.249.70.67 - - [13/Nov/2024:08:02:23 +0000] "GET /wp-content/et-cache/1842/et-core-unified-1842-17314474769175.min.css HTTP/1.1" 200 6248 "https://urosalud.es/servicios/" "Mozilla/5.0 (Linux; Android 6.0.1; Nexus 5X Build/MMB29P) AppleWebKit/537.36 (KHTML, like Gecko) Chrome/130.0.6723.69 Mobile Safari/537.36 (compatible; Googlebot/2.1; +http://www.google.com/bot.html)"
66.249.70.66 - - [13/Nov/2024:08:02:23 +0000] "GET /wp-content/et-cache/1842/et-core-unified-tb-26-tb-434-1842-17314474769175.min.css HTTP/1.1" 200 5103 "https://urosalud.es/servicios/" "Mozilla/5.0 (Linux; Android 6.0.1; Nexus 5X Build/MMB29P) AppleWebKit/537.36 (KHTML, like Gecko) Chrome/130.0.6723.69 Mobile Safari/537.36 (compatible; Googlebot/2.1; +http://www.google.com/bot.html)"
66.249.70.66 - - [13/Nov/2024:08:02:24 +0000] "GET /wp-content/themes/Divi/core/admin/js/common.js?ver=4.9.1 HTTP/1.1" 200 930 "https://urosalud.es/servicios/" "Mozilla/5.0 (Linux; Android 6.0.1; Nexus 5X Build/MMB29P) AppleWebKit/537.36 (KHTML, like Gecko) Chrome/130.0.6723.69 Mobile Safari/537.36 (compatible; Googlebot/2.1; +http://www.google.com/bot.html)"
66.249.70.66 - - [13/Nov/2024:08:02:24 +0000] "GET /wp-content/plugins/contact-form-7/includes/js/index.js?ver=5.9.8 HTTP/1.1" 200 4623 "https://urosalud.es/servicios/" "Mozilla/5.0 (Linux; Android 6.0.1; Nexus 5X Build/MMB29P) AppleWebKit/537.36 (KHTML, like Gecko) Chrome/130.0.6723.69 Mobile Safari/537.36 (compatible; Googlebot/2.1; +http://www.google.com/bot.html)"
66.249.70.67 - - [13/Nov/2024:08:09:49 +0000] "GET /?s=%7Bsearch_term_string%7D HTTP/1.1" 200 12391 "-" "Mozilla/5.0 (Linux; Android 6.0.1; Nexus 5X Build/MMB29P) AppleWebKit/537.36 (KHTML, like Gecko) Chrome/130.0.6723.116 Mobile Safari/537.36 (compatible; Googlebot/2.1; +http://www.google.com/bot.html)"
146.190.157.162 - - [13/Nov/2024:08:09:50 +0000] "POST /wp-cron.php?doing_wp_cron=1731485390.2237980365753173828125 HTTP/1.1" 200 2857 "-" "WordPress/6.6.2; https://urosalud.es"
66.249.70.66 - - [13/Nov/2024:08:09:54 +0000] "GET /wp-content/et-cache/434/et-core-unified-cpt-434-17314476619741.min.css HTTP/1.1" 200 3541 "https://urosalud.es/?s=%7Bsearch_term_string%7D" "Mozilla/5.0 (Linux; Android 6.0.1; Nexus 5X Build/MMB29P) AppleWebKit/537.36 (KHTML, like Gecko) Chrome/130.0.6723.69 Mobile Safari/537.36 (compatible; Googlebot/2.1; +http://www.google.com/bot.html)"
66.249.70.66 - - [13/Nov/2024:08:09:56 +0000] "GET /wp-content/et-cache/global/et-divi-customizer-global-17314476619741.min.css HTTP/1.1" 200 3895 "https://urosalud.es/?s=%7Bsearch_term_string%7D" "Mozilla/5.0 (Linux; Android 6.0.1; Nexus 5X Build/MMB29P) AppleWebKit/537.36 (KHTML, like Gecko) Chrome/130.0.6723.69 Mobile Safari/537.36 (compatible; Googlebot/2.1; +http://www.google.com/bot.html)"
66.249.70.67 - - [13/Nov/2024:08:09:57 +0000] "GET /wp-content/et-cache/26/et-core-unified-cpt-26-17314476619741.min.css HTTP/1.1" 200 4039 "https://urosalud.es/?s=%7Bsearch_term_string%7D" "Mozilla/5.0 (Linux; Android 6.0.1; Nexus 5X Build/MMB29P) AppleWebKit/537.36 (KHTML, like Gecko) Chrome/130.0.6723.69 Mobile Safari/537.36 (compatible; Googlebot/2.1; +http://www.google.com/bot.html)"
66.249.70.68 - - [13/Nov/2024:09:32:19 +0000] "GET /servicios HTTP/1.1" 301 2851 "-" "Mozilla/5.0 (Linux; Android 6.0.1; Nexus 5X Build/MMB29P) AppleWebKit/537.36 (KHTML, like Gecko) Chrome/130.0.6723.116 Mobile Safari/537.36 (compatible; GoogleOther)"
146.190.157.162 - - [13/Nov/2024:09:32:19 +0000] "POST /wp-cron.php?doing_wp_cron=1731490339.9072809219360351562500 HTTP/1.1" 200 2855 "-" "WordPress/6.6.2; https://urosalud.es"
146.190.157.162 - - [13/Nov/2024:09:54:55 +0000] "POST /wp-cron.php?doing_wp_cron=1731491695.1116249561309814453125 HTTP/1.1" 200 2857 "-" "WordPress/6.6.2; https://urosalud.es"
66.249.70.67 - - [13/Nov/2024:09:54:54 +0000] "GET /accesibilidad HTTP/1.1" 301 2857 "-" "Mozilla/5.0 (Linux; Android 6.0.1; Nexus 5X Build/MMB29P) AppleWebKit/537.36 (KHTML, like Gecko) Chrome/130.0.6723.116 Mobile Safari/537.36 (compatible; GoogleOther)"
66.249.70.67 - - [13/Nov/2024:09:55:00 +0000] "GET /accesibilidad/ HTTP/1.1" 200 13245 "-" "Mozilla/5.0 (Linux; Android 6.0.1; Nexus 5X Build/MMB29P) AppleWebKit/537.36 (KHTML, like Gecko) Chrome/130.0.6723.116 Mobile Safari/537.36 (compatible; GoogleOther)"
66.249.70.67 - - [13/Nov/2024:09:55:06 +0000] "GET /wp-content/et-cache/1851/et-core-unified-1851-17314492054357.min.css HTTP/1.1" 200 6248 "https://urosalud.es/accesibilidad/" "Mozilla/5.0 (Linux; Android 6.0.1; Nexus 5X Build/MMB29P) AppleWebKit/537.36 (KHTML, like Gecko) Chrome/130.0.6723.69 Mobile Safari/537.36 (compatible; Googlebot/2.1; +http://www.google.com/bot.html)"
66.249.70.67 - - [13/Nov/2024:09:55:07 +0000] "GET /wp-content/et-cache/1851/et-core-unified-tb-26-tb-434-1851-17314492054357.min.css HTTP/1.1" 200 2198 "https://urosalud.es/accesibilidad/" "Mozilla/5.0 (Linux; Android 6.0.1; Nexus 5X Build/MMB29P) AppleWebKit/537.36 (KHTML, like Gecko) Chrome/130.0.6723.69 Mobile Safari/537.36 (compatible; Googlebot/2.1; +http://www.google.com/bot.html)"
146.190.157.162 - - [13/Nov/2024:10:03:44 +0000] "POST /wp-cron.php?doing_wp_cron=1731492224.8238620758056640625000 HTTP/1.1" 200 2856 "-" "WordPress/6.6.2; https://urosalud.es"
54.202.94.44 - - [13/Nov/2024:10:03:44 +0000] "GET / HTTP/1.1" 200 13785 "-" "Mozilla/5.0 (Macintosh; Intel Mac OS X 10_15_7) AppleWebKit/537.36 (KHTML, like Gecko) Chrome/113.0.0.0 Safari/537.36"
54.202.94.44 - - [13/Nov/2024:10:03:45 +0000] "GET /wp-includes/css/dist/block-library/style.min.css?ver=6.6.2 HTTP/1.1" 200 15267 "https://urosalud.es/" "Mozilla/5.0 (Macintosh; Intel Mac OS X 10_15_7) AppleWebKit/537.36 (KHTML, like Gecko) Chrome/113.0.0.0 Safari/537.36"
54.202.94.44 - - [13/Nov/2024:10:03:45 +0000] "GET /wp-content/plugins/wp-pagenavi/pagenavi-css.css?ver=2.70 HTTP/1.1" 200 920 "https://urosalud.es/" "Mozilla/5.0 (Macintosh; Intel Mac OS X 10_15_7) AppleWebKit/537.36 (KHTML, like Gecko) Chrome/113.0.0.0 Safari/537.36"
54.202.94.44 - - [13/Nov/2024:10:03:45 +0000] "GET /wp-content/plugins/contact-form-7/includes/css/styles.css?ver=5.9.8 HTTP/1.1" 200 1697 "https://urosalud.es/" "Mozilla/5.0 (Macintosh; Intel Mac OS X 10_15_7) AppleWebKit/537.36 (KHTML, like Gecko) Chrome/113.0.0.0 Safari/537.36"
54.202.94.44 - - [13/Nov/2024:10:03:45 +0000] "GET /wp-content/et-cache/86/et-core-unified-tb-26-tb-434-86-1731435765377.min.css HTTP/1.1" 200 4908 "https://urosalud.es/" "Mozilla/5.0 (Macintosh; Intel Mac OS X 10_15_7) AppleWebKit/537.36 (KHTML, like Gecko) Chrome/113.0.0.0 Safari/537.36"
54.202.94.44 - - [13/Nov/2024:10:03:45 +0000] "GET /wp-includes/css/dashicons.min.css?ver=6.6.2 HTTP/1.1" 200 38782 "https://urosalud.es/" "Mozilla/5.0 (Macintosh; Intel Mac OS X 10_15_7) AppleWebKit/537.36 (KHTML, like Gecko) Chrome/113.0.0.0 Safari/537.36"
54.202.94.44 - - [13/Nov/2024:10:03:45 +0000] "GET /wp-content/et-cache/86/et-core-unified-86-1731435765377.min.css HTTP/1.1" 200 3702 "https://urosalud.es/" "Mozilla/5.0 (Macintosh; Intel Mac OS X 10_15_7) AppleWebKit/537.36 (KHTML, like Gecko) Chrome/113.0.0.0 Safari/537.36"
54.202.94.44 - - [13/Nov/2024:10:03:45 +0000] "GET /wp-includes/js/jquery/jquery-migrate.min.js?ver=3.4.1 HTTP/1.1" 200 5238 "https://urosalud.es/" "Mozilla/5.0 (Macintosh; Intel Mac OS X 10_15_7) AppleWebKit/537.36 (KHTML, like Gecko) Chrome/113.0.0.0 Safari/537.36"
54.202.94.44 - - [13/Nov/2024:10:03:45 +0000] "GET /wp-content/themes/Divi/style.css?ver=4.9.1 HTTP/1.1" 200 86104 "https://urosalud.es/" "Mozilla/5.0 (Macintosh; Intel Mac OS X 10_15_7) AppleWebKit/537.36 (KHTML, like Gecko) Chrome/113.0.0.0 Safari/537.36"
54.202.94.44 - - [13/Nov/2024:10:03:45 +0000] "GET /wp-content/themes/Divi/core/admin/fonts/modules.ttf HTTP/1.1" 200 92951 "https://urosalud.es/" "Mozilla/5.0 (Macintosh; Intel Mac OS X 10_15_7) AppleWebKit/537.36 (KHTML, like Gecko) Chrome/113.0.0.0 Safari/537.36"
54.202.94.44 - - [13/Nov/2024:10:03:45 +0000] "GET /wp-includes/js/jquery/jquery.min.js?ver=3.7.1 HTTP/1.1" 200 30846 "https://urosalud.es/" "Mozilla/5.0 (Macintosh; Intel Mac OS X 10_15_7) AppleWebKit/537.36 (KHTML, like Gecko) Chrome/113.0.0.0 Safari/537.36"
54.202.94.44 - - [13/Nov/2024:10:03:46 +0000] "GET /wp-includes/js/dist/hooks.min.js?ver=2810c76e705dd1a53b18 HTTP/1.1" 200 1907 "https://urosalud.es/" "Mozilla/5.0 (Macintosh; Intel Mac OS X 10_15_7) AppleWebKit/537.36 (KHTML, like Gecko) Chrome/113.0.0.0 Safari/537.36"
54.202.94.44 - - [13/Nov/2024:10:03:46 +0000] "GET /wp-includes/js/dist/i18n.min.js?ver=5e580eb46a90c2b997e6 HTTP/1.1" 200 4033 "https://urosalud.es/" "Mozilla/5.0 (Macintosh; Intel Mac OS X 10_15_7) AppleWebKit/537.36 (KHTML, like Gecko) Chrome/113.0.0.0 Safari/537.36"
54.202.94.44 - - [13/Nov/2024:10:03:46 +0000] "GET /wp-content/plugins/contact-form-7/includes/swv/js/index.js?ver=5.9.8 HTTP/1.1" 200 3720 "https://urosalud.es/" "Mozilla/5.0 (Macintosh; Intel Mac OS X 10_15_7) AppleWebKit/537.36 (KHTML, like Gecko) Chrome/113.0.0.0 Safari/537.36"
54.202.94.44 - - [13/Nov/2024:10:03:46 +0000] "GET /wp-content/plugins/contact-form-7/includes/js/index.js?ver=5.9.8 HTTP/1.1" 200 4623 "https://urosalud.es/" "Mozilla/5.0 (Macintosh; Intel Mac OS X 10_15_7) AppleWebKit/537.36 (KHTML, like Gecko) Chrome/113.0.0.0 Safari/537.36"
54.202.94.44 - - [13/Nov/2024:10:03:46 +0000] "GET /wp-content/themes/Divi/js/custom.unified.js?ver=4.9.1 HTTP/1.1" 200 139339 "https://urosalud.es/" "Mozilla/5.0 (Macintosh; Intel Mac OS X 10_15_7) AppleWebKit/537.36 (KHTML, like Gecko) Chrome/113.0.0.0 Safari/537.36"
54.202.94.44 - - [13/Nov/2024:10:03:46 +0000] "GET /wp-content/themes/Divi/core/admin/js/common.js?ver=4.9.1 HTTP/1.1" 200 930 "https://urosalud.es/" "Mozilla/5.0 (Macintosh; Intel Mac OS X 10_15_7) AppleWebKit/537.36 (KHTML, like Gecko) Chrome/113.0.0.0 Safari/537.36"
54.202.94.44 - - [13/Nov/2024:10:03:46 +0000] "GET /wp-content/uploads/2024/10/Logo.png HTTP/1.1" 200 16229 "https://urosalud.es/" "Mozilla/5.0 (Macintosh; Intel Mac OS X 10_15_7) AppleWebKit/537.36 (KHTML, like Gecko) Chrome/113.0.0.0 Safari/537.36"
54.202.94.44 - - [13/Nov/2024:10:03:46 +0000] "GET /wp-content/uploads/2024/10/Logo-blanco.png HTTP/1.1" 200 14172 "https://urosalud.es/" "Mozilla/5.0 (Macintosh; Intel Mac OS X 10_15_7) AppleWebKit/537.36 (KHTML, like Gecko) Chrome/113.0.0.0 Safari/537.36"
54.202.94.44 - - [13/Nov/2024:10:03:46 +0000] "GET /wp-content/uploads/2024/10/kit_digital-1024x61-1.png HTTP/1.1" 200 63167 "https://urosalud.es/" "Mozilla/5.0 (Macintosh; Intel Mac OS X 10_15_7) AppleWebKit/537.36 (KHTML, like Gecko) Chrome/113.0.0.0 Safari/537.36"
54.202.94.44 - - [13/Nov/2024:10:03:46 +0000] "GET /wp-content/uploads/2024/10/461762649_2602455713275435_694335859116593698_n.jpg HTTP/1.1" 200 87088 "https://urosalud.es/" "Mozilla/5.0 (Macintosh; Intel Mac OS X 10_15_7) AppleWebKit/537.36 (KHTML, like Gecko) Chrome/113.0.0.0 Safari/537.36"
54.202.94.44 - - [13/Nov/2024:10:03:46 +0000] "GET /wp-content/uploads/2024/10/Back1.jpg HTTP/1.1" 200 90706 "https://urosalud.es/wp-content/et-cache/86/et-core-unified-tb-26-tb-434-86-1731435765377.min.css" "Mozilla/5.0 (Macintosh; Intel Mac OS X 10_15_7) AppleWebKit/537.36 (KHTML, like Gecko) Chrome/113.0.0.0 Safari/537.36"
54.202.94.44 - - [13/Nov/2024:10:03:46 +0000] "GET /wp-content/uploads/2024/10/Back4.jpg HTTP/1.1" 200 57268 "https://urosalud.es/" "Mozilla/5.0 (Macintosh; Intel Mac OS X 10_15_7) AppleWebKit/537.36 (KHTML, like Gecko) Chrome/113.0.0.0 Safari/537.36"
54.202.94.44 - - [13/Nov/2024:10:03:46 +0000] "GET /wp-content/uploads/2023/11/05-What-People-Say-About-Us.png HTTP/1.1" 200 198673 "https://urosalud.es/" "Mozilla/5.0 (Macintosh; Intel Mac OS X 10_15_7) AppleWebKit/537.36 (KHTML, like Gecko) Chrome/113.0.0.0 Safari/537.36"
54.202.94.44 - - [13/Nov/2024:10:03:46 +0000] "GET /wp-includes/js/wp-emoji-release.min.js?ver=6.6.2 HTTP/1.1" 200 5428 "https://urosalud.es/" "Mozilla/5.0 (Macintosh; Intel Mac OS X 10_15_7) AppleWebKit/537.36 (KHTML, like Gecko) Chrome/113.0.0.0 Safari/537.36"
54.202.94.44 - - [13/Nov/2024:10:03:47 +0000] "GET /wp-content/uploads/2024/10/home-hero_mb2.jpg HTTP/1.1" 200 45121 "https://urosalud.es/wp-content/et-cache/86/et-core-unified-tb-26-tb-434-86-1731435765377.min.css" "Mozilla/5.0 (Macintosh; Intel Mac OS X 10_15_7) AppleWebKit/537.36 (KHTML, like Gecko) Chrome/113.0.0.0 Safari/537.36"
54.202.94.44 - - [13/Nov/2024:10:03:48 +0000] "GET / HTTP/1.1" 200 13786 "-" "Mozilla/5.0 (Linux; Android 8.0.0; SM-G965U Build/R16NW) AppleWebKit/537.36 (KHTML, like Gecko) Chrome/63.0.3239.111 Mobile Safari/537.36"
54.202.94.44 - - [13/Nov/2024:10:03:49 +0000] "GET /wp-includes/css/dist/block-library/style.min.css?ver=6.6.2 HTTP/1.1" 200 15267 "https://urosalud.es/" "Mozilla/5.0 (Linux; Android 8.0.0; SM-G965U Build/R16NW) AppleWebKit/537.36 (KHTML, like Gecko) Chrome/63.0.3239.111 Mobile Safari/537.36"
54.202.94.44 - - [13/Nov/2024:10:03:49 +0000] "GET /wp-content/plugins/contact-form-7/includes/css/styles.css?ver=5.9.8 HTTP/1.1" 200 1373 "https://urosalud.es/" "Mozilla/5.0 (Linux; Android 8.0.0; SM-G965U Build/R16NW) AppleWebKit/537.36 (KHTML, like Gecko) Chrome/63.0.3239.111 Mobile Safari/537.36"
54.202.94.44 - - [13/Nov/2024:10:03:49 +0000] "GET /wp-includes/css/dashicons.min.css?ver=6.6.2 HTTP/1.1" 200 38782 "https://urosalud.es/" "Mozilla/5.0 (Linux; Android 8.0.0; SM-G965U Build/R16NW) AppleWebKit/537.36 (KHTML, like Gecko) Chrome/63.0.3239.111 Mobile Safari/537.36"
54.202.94.44 - - [13/Nov/2024:10:03:49 +0000] "GET /wp-content/plugins/wp-pagenavi/pagenavi-css.css?ver=2.70 HTTP/1.1" 200 920 "https://urosalud.es/" "Mozilla/5.0 (Linux; Android 8.0.0; SM-G965U Build/R16NW) AppleWebKit/537.36 (KHTML, like Gecko) Chrome/63.0.3239.111 Mobile Safari/537.36"
54.202.94.44 - - [13/Nov/2024:10:03:49 +0000] "GET /wp-content/et-cache/86/et-core-unified-tb-26-tb-434-86-1731435765377.min.css HTTP/1.1" 200 4908 "https://urosalud.es/" "Mozilla/5.0 (Linux; Android 8.0.0; SM-G965U Build/R16NW) AppleWebKit/537.36 (KHTML, like Gecko) Chrome/63.0.3239.111 Mobile Safari/537.36"
54.202.94.44 - - [13/Nov/2024:10:03:49 +0000] "GET /wp-content/et-cache/86/et-core-unified-86-1731435765377.min.css HTTP/1.1" 200 6262 "https://urosalud.es/" "Mozilla/5.0 (Linux; Android 8.0.0; SM-G965U Build/R16NW) AppleWebKit/537.36 (KHTML, like Gecko) Chrome/63.0.3239.111 Mobile Safari/537.36"
54.202.94.44 - - [13/Nov/2024:10:03:49 +0000] "GET /wp-includes/js/jquery/jquery.min.js?ver=3.7.1 HTTP/1.1" 200 30846 "https://urosalud.es/" "Mozilla/5.0 (Linux; Android 8.0.0; SM-G965U Build/R16NW) AppleWebKit/537.36 (KHTML, like Gecko) Chrome/63.0.3239.111 Mobile Safari/537.36"
54.202.94.44 - - [13/Nov/2024:10:03:49 +0000] "GET /wp-content/themes/Divi/style.css?ver=4.9.1 HTTP/1.1" 200 83869 "https://urosalud.es/" "Mozilla/5.0 (Linux; Android 8.0.0; SM-G965U Build/R16NW) AppleWebKit/537.36 (KHTML, like Gecko) Chrome/63.0.3239.111 Mobile Safari/537.36"
54.202.94.44 - - [13/Nov/2024:10:03:49 +0000] "GET /wp-content/themes/Divi/core/admin/fonts/modules.ttf HTTP/1.1" 200 92951 "https://urosalud.es/" "Mozilla/5.0 (Linux; Android 8.0.0; SM-G965U Build/R16NW) AppleWebKit/537.36 (KHTML, like Gecko) Chrome/63.0.3239.111 Mobile Safari/537.36"
54.202.94.44 - - [13/Nov/2024:10:03:49 +0000] "GET /wp-includes/js/jquery/jquery-migrate.min.js?ver=3.4.1 HTTP/1.1" 200 5238 "https://urosalud.es/" "Mozilla/5.0 (Linux; Android 8.0.0; SM-G965U Build/R16NW) AppleWebKit/537.36 (KHTML, like Gecko) Chrome/63.0.3239.111 Mobile Safari/537.36"
54.202.94.44 - - [13/Nov/2024:10:03:49 +0000] "GET /wp-includes/js/dist/hooks.min.js?ver=2810c76e705dd1a53b18 HTTP/1.1" 200 1907 "https://urosalud.es/" "Mozilla/5.0 (Linux; Android 8.0.0; SM-G965U Build/R16NW) AppleWebKit/537.36 (KHTML, like Gecko) Chrome/63.0.3239.111 Mobile Safari/537.36"
54.202.94.44 - - [13/Nov/2024:10:03:49 +0000] "GET /wp-includes/js/dist/i18n.min.js?ver=5e580eb46a90c2b997e6 HTTP/1.1" 200 4033 "https://urosalud.es/" "Mozilla/5.0 (Linux; Android 8.0.0; SM-G965U Build/R16NW) AppleWebKit/537.36 (KHTML, like Gecko) Chrome/63.0.3239.111 Mobile Safari/537.36"
54.202.94.44 - - [13/Nov/2024:10:03:49 +0000] "GET /wp-content/plugins/contact-form-7/includes/swv/js/index.js?ver=5.9.8 HTTP/1.1" 200 3720 "https://urosalud.es/" "Mozilla/5.0 (Linux; Android 8.0.0; SM-G965U Build/R16NW) AppleWebKit/537.36 (KHTML, like Gecko) Chrome/63.0.3239.111 Mobile Safari/537.36"
54.202.94.44 - - [13/Nov/2024:10:03:49 +0000] "GET /wp-content/plugins/contact-form-7/includes/js/index.js?ver=5.9.8 HTTP/1.1" 200 4623 "https://urosalud.es/" "Mozilla/5.0 (Linux; Android 8.0.0; SM-G965U Build/R16NW) AppleWebKit/537.36 (KHTML, like Gecko) Chrome/63.0.3239.111 Mobile Safari/537.36"
54.202.94.44 - - [13/Nov/2024:10:03:49 +0000] "GET /wp-content/uploads/2024/10/Logo.png HTTP/1.1" 200 16229 "https://urosalud.es/" "Mozilla/5.0 (Linux; Android 8.0.0; SM-G965U Build/R16NW) AppleWebKit/537.36 (KHTML, like Gecko) Chrome/63.0.3239.111 Mobile Safari/537.36"
54.202.94.44 - - [13/Nov/2024:10:03:49 +0000] "GET /wp-content/themes/Divi/core/admin/js/common.js?ver=4.9.1 HTTP/1.1" 200 930 "https://urosalud.es/" "Mozilla/5.0 (Linux; Android 8.0.0; SM-G965U Build/R16NW) AppleWebKit/537.36 (KHTML, like Gecko) Chrome/63.0.3239.111 Mobile Safari/537.36"
54.202.94.44 - - [13/Nov/2024:10:03:49 +0000] "GET /wp-content/uploads/2024/10/461762649_2602455713275435_694335859116593698_n.jpg HTTP/1.1" 200 87088 "https://urosalud.es/" "Mozilla/5.0 (Linux; Android 8.0.0; SM-G965U Build/R16NW) AppleWebKit/537.36 (KHTML, like Gecko) Chrome/63.0.3239.111 Mobile Safari/537.36"
54.202.94.44 - - [13/Nov/2024:10:03:49 +0000] "GET /wp-content/uploads/2024/10/Logo-blanco.png HTTP/1.1" 200 14172 "https://urosalud.es/" "Mozilla/5.0 (Linux; Android 8.0.0; SM-G965U Build/R16NW) AppleWebKit/537.36 (KHTML, like Gecko) Chrome/63.0.3239.111 Mobile Safari/537.36"
54.202.94.44 - - [13/Nov/2024:10:03:49 +0000] "GET /wp-content/themes/Divi/js/custom.unified.js?ver=4.9.1 HTTP/1.1" 200 139339 "https://urosalud.es/" "Mozilla/5.0 (Linux; Android 8.0.0; SM-G965U Build/R16NW) AppleWebKit/537.36 (KHTML, like Gecko) Chrome/63.0.3239.111 Mobile Safari/537.36"
54.202.94.44 - - [13/Nov/2024:10:03:49 +0000] "GET /wp-content/uploads/2024/10/kit_digital-1024x61-1.png HTTP/1.1" 200 63167 "https://urosalud.es/" "Mozilla/5.0 (Linux; Android 8.0.0; SM-G965U Build/R16NW) AppleWebKit/537.36 (KHTML, like Gecko) Chrome/63.0.3239.111 Mobile Safari/537.36"
54.202.94.44 - - [13/Nov/2024:10:03:49 +0000] "GET /wp-content/uploads/2024/10/home-hero_mb2.jpg HTTP/1.1" 200 45121 "https://urosalud.es/wp-content/et-cache/86/et-core-unified-tb-26-tb-434-86-1731435765377.min.css" "Mozilla/5.0 (Linux; Android 8.0.0; SM-G965U Build/R16NW) AppleWebKit/537.36 (KHTML, like Gecko) Chrome/63.0.3239.111 Mobile Safari/537.36"
54.202.94.44 - - [13/Nov/2024:10:03:49 +0000] "GET /wp-content/uploads/2024/10/Back4.jpg HTTP/1.1" 200 57268 "https://urosalud.es/" "Mozilla/5.0 (Linux; Android 8.0.0; SM-G965U Build/R16NW) AppleWebKit/537.36 (KHTML, like Gecko) Chrome/63.0.3239.111 Mobile Safari/537.36"
54.202.94.44 - - [13/Nov/2024:10:03:49 +0000] "GET /wp-content/uploads/2023/11/05-What-People-Say-About-Us.png HTTP/1.1" 200 198673 "https://urosalud.es/" "Mozilla/5.0 (Linux; Android 8.0.0; SM-G965U Build/R16NW) AppleWebKit/537.36 (KHTML, like Gecko) Chrome/63.0.3239.111 Mobile Safari/537.36"
54.202.94.44 - - [13/Nov/2024:10:03:49 +0000] "GET /wp-includes/js/wp-emoji-release.min.js?ver=6.6.2 HTTP/1.1" 200 5428 "https://urosalud.es/" "Mozilla/5.0 (Linux; Android 8.0.0; SM-G965U Build/R16NW) AppleWebKit/537.36 (KHTML, like Gecko) Chrome/63.0.3239.111 Mobile Safari/537.36"
66.249.70.68 - - [13/Nov/2024:10:27:11 +0000] "GET /wp-content/uploads/2024/10/doctor-5710151_1920232.jpg HTTP/1.1" 200 191895 "-" "Googlebot-Image/1.0"
66.249.70.68 - - [13/Nov/2024:10:55:14 +0000] "GET /wp-content/uploads/2024/10/kit_digital-1024x61-1.png HTTP/1.1" 200 65711 "-" "Googlebot-Image/1.0"
87.236.176.213 - - [13/Nov/2024:11:08:00 +0000] "GET / HTTP/1.1" 301 537 "-" "Mozilla/5.0 (compatible; InternetMeasurement/1.0; +https://internet-measurement.com/)"
87.236.176.213 - - [13/Nov/2024:11:08:00 +0000] "GET / HTTP/1.1" 301 2805 "http://www.urosalud.es" "Mozilla/5.0 (compatible; InternetMeasurement/1.0; +https://internet-measurement.com/)"
146.190.157.162 - - [13/Nov/2024:11:08:01 +0000] "POST /wp-cron.php?doing_wp_cron=1731496081.3561909198760986328125 HTTP/1.1" 200 2856 "-" "WordPress/6.6.2; https://urosalud.es"
87.236.176.213 - - [13/Nov/2024:11:08:02 +0000] "GET / HTTP/1.1" 200 13729 "https://www.urosalud.es/" "Mozilla/5.0 (compatible; InternetMeasurement/1.0; +https://internet-measurement.com/)"
87.236.176.152 - - [13/Nov/2024:11:08:05 +0000] "GET /wp-content/uploads/2024/10/cropped-favicon-270x270.jpg HTTP/1.1" 200 10633 "-" "Mozilla/5.0 (compatible; InternetMeasurement/1.0; +https://internet-measurement.com/)"
87.236.176.252 - - [13/Nov/2024:11:08:05 +0000] "GET /wp-content/uploads/2024/10/cropped-favicon-180x180.jpg HTTP/1.1" 200 8052 "-" "Mozilla/5.0 (compatible; InternetMeasurement/1.0; +https://internet-measurement.com/)"
87.236.176.126 - - [13/Nov/2024:11:08:05 +0000] "GET /wp-content/uploads/2024/10/cropped-favicon-192x192.jpg HTTP/1.1" 200 8352 "-" "Mozilla/5.0 (compatible; InternetMeasurement/1.0; +https://internet-measurement.com/)"
87.236.176.120 - - [13/Nov/2024:11:08:05 +0000] "GET /wp-content/uploads/2024/10/cropped-favicon-32x32.jpg HTTP/1.1" 200 3978 "-" "Mozilla/5.0 (compatible; InternetMeasurement/1.0; +https://internet-measurement.com/)"
87.236.176.100 - - [13/Nov/2024:11:08:05 +0000] "GET /favicon.ico HTTP/1.1" 302 2924 "-" "Mozilla/5.0 (compatible; InternetMeasurement/1.0; +https://internet-measurement.com/)"
87.236.176.134 - - [13/Nov/2024:11:08:05 +0000] "GET /favicon.ico HTTP/1.1" 302 2923 "-" "Mozilla/5.0 (compatible; InternetMeasurement/1.0; +https://internet-measurement.com/)"
87.236.176.100 - - [13/Nov/2024:11:08:06 +0000] "GET /wp-content/uploads/2024/10/cropped-favicon-32x32.jpg HTTP/1.1" 200 3959 "https://urosalud.es/favicon.ico" "Mozilla/5.0 (compatible; InternetMeasurement/1.0; +https://internet-measurement.com/)"
87.236.176.134 - - [13/Nov/2024:11:08:06 +0000] "GET /wp-content/uploads/2024/10/cropped-favicon-32x32.jpg HTTP/1.1" 200 3957 "https://www.urosalud.es/favicon.ico" "Mozilla/5.0 (compatible; InternetMeasurement/1.0; +https://internet-measurement.com/)"
146.190.157.162 - - [13/Nov/2024:11:27:04 +0000] "POST /wp-cron.php?doing_wp_cron=1731497224.8315908908843994140625 HTTP/1.1" 200 2855 "-" "WordPress/6.6.2; https://urosalud.es"
45.148.10.206 - - [13/Nov/2024:11:27:04 +0000] "GET /.git/config HTTP/1.1" 301 2908 "-" "Mozilla/5.0 (X11; U; Linux x86_64; en-US) AppleWebKit/532.9 (KHTML, like Gecko) Chrome/5.0.309.0 Safari/532.9"
45.148.10.206 - - [13/Nov/2024:11:32:24 +0000] "GET /.git/config HTTP/1.1" 301 559 "-" "Googlebot-News"
45.148.10.206 - - [13/Nov/2024:11:36:26 +0000] "GET /.git/config HTTP/1.1" 301 559 "-" "Mozilla/5.0 (Windows NT 6.1; WOW64; Trident/7.0; rv:11.0) like Gecko"
146.190.157.162 - - [13/Nov/2024:11:46:46 +0000] "POST /wp-cron.php?doing_wp_cron=1731498406.4319310188293457031250 HTTP/1.1" 200 2857 "-" "WordPress/6.6.2; https://urosalud.es"
45.148.10.206 - - [13/Nov/2024:11:46:45 +0000] "GET /.git/config HTTP/1.1" 404 39036 "-" "Mozilla/5.0 (Windows NT 6.1; WOW64) AppleWebKit/537.36 (KHTML, like Gecko) Chrome/74.0.3729.108 Safari/537.36"
146.190.157.162 - - [13/Nov/2024:11:54:17 +0000] "POST /wp-cron.php?doing_wp_cron=1731498857.7529730796813964843750 HTTP/1.1" 200 2856 "-" "WordPress/6.6.2; https://urosalud.es"
45.148.10.206 - - [13/Nov/2024:11:54:17 +0000] "GET /.git/config HTTP/1.1" 404 39032 "-" "Mozilla/5.0 (Mobile; Windows Phone 8.1; Android 4.0; ARM; Trident/7.0; Touch; rv:11.0; IEMobile/11.0; NOKIA; Lumia 929) like iPhone OS 7_0_3 Mac OS X AppleWebKit/537 (KHTML, like Gecko) Mobile Safari/537"
66.249.70.67 - - [13/Nov/2024:11:55:10 +0000] "GET /wp-content/uploads/2024/10/doctor-650534_1920.jpg HTTP/1.1" 200 561923 "-" "Googlebot-Image/1.0"
146.190.157.162 - - [13/Nov/2024:12:04:42 +0000] "POST /wp-cron.php?doing_wp_cron=1731499482.6019430160522460937500 HTTP/1.1" 200 2855 "-" "WordPress/6.6.2; https://urosalud.es"
87.236.176.125 - - [13/Nov/2024:12:04:42 +0000] "GET / HTTP/1.1" 301 2804 "-" "Mozilla/5.0 (compatible; InternetMeasurement/1.0; +https://internet-measurement.com/)"
87.236.176.125 - - [13/Nov/2024:12:04:44 +0000] "GET / HTTP/1.1" 200 13728 "https://www.urosalud.es" "Mozilla/5.0 (compatible; InternetMeasurement/1.0; +https://internet-measurement.com/)"
87.236.176.202 - - [13/Nov/2024:12:05:27 +0000] "GET /wp-content/uploads/2024/10/cropped-favicon-192x192.jpg HTTP/1.1" 200 8351 "-" "Mozilla/5.0 (compatible; InternetMeasurement/1.0; +https://internet-measurement.com/)"
87.236.176.235 - - [13/Nov/2024:12:05:27 +0000] "GET /wp-content/uploads/2024/10/cropped-favicon-180x180.jpg HTTP/1.1" 200 8053 "-" "Mozilla/5.0 (compatible; InternetMeasurement/1.0; +https://internet-measurement.com/)"
87.236.176.223 - - [13/Nov/2024:12:05:27 +0000] "GET /wp-content/uploads/2024/10/cropped-favicon-270x270.jpg HTTP/1.1" 200 10634 "-" "Mozilla/5.0 (compatible; InternetMeasurement/1.0; +https://internet-measurement.com/)"
87.236.176.173 - - [13/Nov/2024:12:05:27 +0000] "GET /wp-content/uploads/2024/10/cropped-favicon-32x32.jpg HTTP/1.1" 200 3976 "-" "Mozilla/5.0 (compatible; InternetMeasurement/1.0; +https://internet-measurement.com/)"
87.236.176.32 - - [13/Nov/2024:12:05:27 +0000] "GET /favicon.ico HTTP/1.1" 302 2924 "-" "Mozilla/5.0 (compatible; InternetMeasurement/1.0; +https://internet-measurement.com/)"
87.236.176.32 - - [13/Nov/2024:12:05:28 +0000] "GET /wp-content/uploads/2024/10/cropped-favicon-32x32.jpg HTTP/1.1" 200 3958 "https://urosalud.es/favicon.ico" "Mozilla/5.0 (compatible; InternetMeasurement/1.0; +https://internet-measurement.com/)"
91.106.16.228 - - [13/Nov/2024:12:11:18 +0000] "GET / HTTP/1.1" 301 2858 "-" "Mozilla/5.0 (Macintosh; Intel Mac OS X 10_15_7) AppleWebKit/537.36 (KHTML, like Gecko) Chrome/130.0.0.0 Safari/537.36"
146.190.157.162 - - [13/Nov/2024:12:11:18 +0000] "POST /wp-cron.php?doing_wp_cron=1731499878.7811920642852783203125 HTTP/1.1" 200 2856 "-" "WordPress/6.6.2; https://urosalud.es"
91.106.16.228 - - [13/Nov/2024:12:11:20 +0000] "GET / HTTP/1.1" 200 13784 "-" "Mozilla/5.0 (Macintosh; Intel Mac OS X 10_15_7) AppleWebKit/537.36 (KHTML, like Gecko) Chrome/130.0.0.0 Safari/537.36"
91.106.16.228 - - [13/Nov/2024:12:11:21 +0000] "GET / HTTP/1.1" 200 11548 "-" "Mozilla/5.0 (Macintosh; Intel Mac OS X 10_15_7) AppleWebKit/537.36 (KHTML, like Gecko) Chrome/130.0.0.0 Safari/537.36"
91.106.16.228 - - [13/Nov/2024:12:11:22 +0000] "GET /wp-includes/css/dist/block-library/style.min.css?ver=6.6.2 HTTP/1.1" 200 15267 "https://urosalud.es/" "Mozilla/5.0 (Macintosh; Intel Mac OS X 10_15_7) AppleWebKit/537.36 (KHTML, like Gecko) Chrome/130.0.0.0 Safari/537.36"
91.106.16.228 - - [13/Nov/2024:12:11:22 +0000] "GET /wp-content/plugins/contact-form-7/includes/css/styles.css?ver=5.9.8 HTTP/1.1" 200 1373 "https://urosalud.es/" "Mozilla/5.0 (Macintosh; Intel Mac OS X 10_15_7) AppleWebKit/537.36 (KHTML, like Gecko) Chrome/130.0.0.0 Safari/537.36"
91.106.16.228 - - [13/Nov/2024:12:11:22 +0000] "GET /wp-content/plugins/wp-pagenavi/pagenavi-css.css?ver=2.70 HTTP/1.1" 200 920 "https://urosalud.es/" "Mozilla/5.0 (Macintosh; Intel Mac OS X 10_15_7) AppleWebKit/537.36 (KHTML, like Gecko) Chrome/130.0.0.0 Safari/537.36"
91.106.16.228 - - [13/Nov/2024:12:11:22 +0000] "GET /wp-content/et-cache/86/et-core-unified-tb-26-tb-434-86-1731435765377.min.css HTTP/1.1" 200 4907 "https://urosalud.es/" "Mozilla/5.0 (Macintosh; Intel Mac OS X 10_15_7) AppleWebKit/537.36 (KHTML, like Gecko) Chrome/130.0.0.0 Safari/537.36"
91.106.16.228 - - [13/Nov/2024:12:11:22 +0000] "GET /wp-includes/css/dashicons.min.css?ver=6.6.2 HTTP/1.1" 200 38782 "https://urosalud.es/" "Mozilla/5.0 (Macintosh; Intel Mac OS X 10_15_7) AppleWebKit/537.36 (KHTML, like Gecko) Chrome/130.0.0.0 Safari/537.36"
91.106.16.228 - - [13/Nov/2024:12:11:22 +0000] "GET /wp-content/et-cache/86/et-core-unified-86-1731435765377.min.css HTTP/1.1" 200 4026 "https://urosalud.es/" "Mozilla/5.0 (Macintosh; Intel Mac OS X 10_15_7) AppleWebKit/537.36 (KHTML, like Gecko) Chrome/130.0.0.0 Safari/537.36"
91.106.16.228 - - [13/Nov/2024:12:11:22 +0000] "GET /wp-includes/js/jquery/jquery.min.js?ver=3.7.1 HTTP/1.1" 200 30846 "https://urosalud.es/" "Mozilla/5.0 (Macintosh; Intel Mac OS X 10_15_7) AppleWebKit/537.36 (KHTML, like Gecko) Chrome/130.0.0.0 Safari/537.36"
91.106.16.228 - - [13/Nov/2024:12:11:22 +0000] "GET /wp-content/themes/Divi/style.css?ver=4.9.1 HTTP/1.1" 200 86105 "https://urosalud.es/" "Mozilla/5.0 (Macintosh; Intel Mac OS X 10_15_7) AppleWebKit/537.36 (KHTML, like Gecko) Chrome/130.0.0.0 Safari/537.36"
91.106.16.228 - - [13/Nov/2024:12:11:23 +0000] "GET /wp-includes/js/jquery/jquery-migrate.min.js?ver=3.4.1 HTTP/1.1" 200 5238 "https://urosalud.es/" "Mozilla/5.0 (Macintosh; Intel Mac OS X 10_15_7) AppleWebKit/537.36 (KHTML, like Gecko) Chrome/130.0.0.0 Safari/537.36"
91.106.16.228 - - [13/Nov/2024:12:11:23 +0000] "GET /wp-content/themes/Divi/core/admin/fonts/modules.ttf HTTP/1.1" 200 92951 "https://urosalud.es/" "Mozilla/5.0 (Macintosh; Intel Mac OS X 10_15_7) AppleWebKit/537.36 (KHTML, like Gecko) Chrome/130.0.0.0 Safari/537.36"
91.106.16.228 - - [13/Nov/2024:12:11:23 +0000] "GET /wp-content/uploads/2024/10/Logo.png HTTP/1.1" 200 16229 "https://urosalud.es/" "Mozilla/5.0 (Macintosh; Intel Mac OS X 10_15_7) AppleWebKit/537.36 (KHTML, like Gecko) Chrome/130.0.0.0 Safari/537.36"
91.106.16.228 - - [13/Nov/2024:12:11:23 +0000] "GET /wp-content/uploads/2024/10/461762649_2602455713275435_694335859116593698_n.jpg HTTP/1.1" 200 87088 "https://urosalud.es/" "Mozilla/5.0 (Macintosh; Intel Mac OS X 10_15_7) AppleWebKit/537.36 (KHTML, like Gecko) Chrome/130.0.0.0 Safari/537.36"
91.106.16.228 - - [13/Nov/2024:12:11:23 +0000] "GET /wp-content/uploads/2024/10/Logo-blanco.png HTTP/1.1" 200 14172 "https://urosalud.es/" "Mozilla/5.0 (Macintosh; Intel Mac OS X 10_15_7) AppleWebKit/537.36 (KHTML, like Gecko) Chrome/130.0.0.0 Safari/537.36"
91.106.16.228 - - [13/Nov/2024:12:11:23 +0000] "GET /wp-content/uploads/2024/10/kit_digital-1024x61-1.png HTTP/1.1" 200 63167 "https://urosalud.es/" "Mozilla/5.0 (Macintosh; Intel Mac OS X 10_15_7) AppleWebKit/537.36 (KHTML, like Gecko) Chrome/130.0.0.0 Safari/537.36"
91.106.16.228 - - [13/Nov/2024:12:11:23 +0000] "GET /wp-includes/js/dist/i18n.min.js?ver=5e580eb46a90c2b997e6 HTTP/1.1" 200 4033 "https://urosalud.es/" "Mozilla/5.0 (Macintosh; Intel Mac OS X 10_15_7) AppleWebKit/537.36 (KHTML, like Gecko) Chrome/130.0.0.0 Safari/537.36"
91.106.16.228 - - [13/Nov/2024:12:11:23 +0000] "GET /wp-includes/js/dist/hooks.min.js?ver=2810c76e705dd1a53b18 HTTP/1.1" 200 1907 "https://urosalud.es/" "Mozilla/5.0 (Macintosh; Intel Mac OS X 10_15_7) AppleWebKit/537.36 (KHTML, like Gecko) Chrome/130.0.0.0 Safari/537.36"
91.106.16.228 - - [13/Nov/2024:12:11:23 +0000] "GET /wp-content/plugins/contact-form-7/includes/swv/js/index.js?ver=5.9.8 HTTP/1.1" 200 3720 "https://urosalud.es/" "Mozilla/5.0 (Macintosh; Intel Mac OS X 10_15_7) AppleWebKit/537.36 (KHTML, like Gecko) Chrome/130.0.0.0 Safari/537.36"
91.106.16.228 - - [13/Nov/2024:12:11:23 +0000] "GET /wp-content/uploads/2024/10/Back1.jpg HTTP/1.1" 200 90706 "https://urosalud.es/wp-content/et-cache/86/et-core-unified-tb-26-tb-434-86-1731435765377.min.css" "Mozilla/5.0 (Macintosh; Intel Mac OS X 10_15_7) AppleWebKit/537.36 (KHTML, like Gecko) Chrome/130.0.0.0 Safari/537.36"
91.106.16.228 - - [13/Nov/2024:12:11:23 +0000] "GET /wp-content/plugins/contact-form-7/includes/js/index.js?ver=5.9.8 HTTP/1.1" 200 4623 "https://urosalud.es/" "Mozilla/5.0 (Macintosh; Intel Mac OS X 10_15_7) AppleWebKit/537.36 (KHTML, like Gecko) Chrome/130.0.0.0 Safari/537.36"
91.106.16.228 - - [13/Nov/2024:12:11:23 +0000] "GET /wp-content/themes/Divi/js/custom.unified.js?ver=4.9.1 HTTP/1.1" 200 139339 "https://urosalud.es/" "Mozilla/5.0 (Macintosh; Intel Mac OS X 10_15_7) AppleWebKit/537.36 (KHTML, like Gecko) Chrome/130.0.0.0 Safari/537.36"
91.106.16.228 - - [13/Nov/2024:12:11:23 +0000] "GET /wp-content/themes/Divi/core/admin/js/common.js?ver=4.9.1 HTTP/1.1" 200 930 "https://urosalud.es/" "Mozilla/5.0 (Macintosh; Intel Mac OS X 10_15_7) AppleWebKit/537.36 (KHTML, like Gecko) Chrome/130.0.0.0 Safari/537.36"
91.106.16.228 - - [13/Nov/2024:12:11:23 +0000] "GET /wp-content/uploads/2024/10/Back4.jpg HTTP/1.1" 200 57268 "https://urosalud.es/" "Mozilla/5.0 (Macintosh; Intel Mac OS X 10_15_7) AppleWebKit/537.36 (KHTML, like Gecko) Chrome/130.0.0.0 Safari/537.36"
91.106.16.228 - - [13/Nov/2024:12:11:23 +0000] "GET /wp-content/uploads/2023/11/05-What-People-Say-About-Us.png HTTP/1.1" 200 198673 "https://urosalud.es/" "Mozilla/5.0 (Macintosh; Intel Mac OS X 10_15_7) AppleWebKit/537.36 (KHTML, like Gecko) Chrome/130.0.0.0 Safari/537.36"
91.106.16.228 - - [13/Nov/2024:12:11:24 +0000] "GET /wp-content/uploads/2024/10/cropped-favicon-32x32.jpg HTTP/1.1" 200 1454 "https://urosalud.es/" "Mozilla/5.0 (Macintosh; Intel Mac OS X 10_15_7) AppleWebKit/537.36 (KHTML, like Gecko) Chrome/130.0.0.0 Safari/537.36"
91.106.16.228 - - [13/Nov/2024:12:11:43 +0000] "GET /servicios/ HTTP/1.1" 200 12162 "https://urosalud.es/" "Mozilla/5.0 (Macintosh; Intel Mac OS X 10_15_7) AppleWebKit/537.36 (KHTML, like Gecko) Chrome/130.0.0.0 Safari/537.36"
91.106.16.228 - - [13/Nov/2024:12:11:44 +0000] "GET /wp-content/et-cache/1842/et-core-unified-tb-26-tb-434-1842-17314474769175.min.css HTTP/1.1" 200 2557 "https://urosalud.es/servicios/" "Mozilla/5.0 (Macintosh; Intel Mac OS X 10_15_7) AppleWebKit/537.36 (KHTML, like Gecko) Chrome/130.0.0.0 Safari/537.36"
91.106.16.228 - - [13/Nov/2024:12:11:44 +0000] "GET /wp-content/et-cache/1842/et-core-unified-1842-17314474769175.min.css HTTP/1.1" 200 4026 "https://urosalud.es/servicios/" "Mozilla/5.0 (Macintosh; Intel Mac OS X 10_15_7) AppleWebKit/537.36 (KHTML, like Gecko) Chrome/130.0.0.0 Safari/537.36"
91.106.16.228 - - [13/Nov/2024:12:11:44 +0000] "GET /wp-content/uploads/2024/10/Back4b.jpg HTTP/1.1" 200 117318 "https://urosalud.es/servicios/" "Mozilla/5.0 (Macintosh; Intel Mac OS X 10_15_7) AppleWebKit/537.36 (KHTML, like Gecko) Chrome/130.0.0.0 Safari/537.36"
91.106.16.228 - - [13/Nov/2024:12:11:44 +0000] "GET /wp-content/uploads/2024/10/305840987_434142568808949_3521036066911885574_n.jpg HTTP/1.1" 200 236190 "https://urosalud.es/servicios/" "Mozilla/5.0 (Macintosh; Intel Mac OS X 10_15_7) AppleWebKit/537.36 (KHTML, like Gecko) Chrome/130.0.0.0 Safari/537.36"
91.106.16.228 - - [13/Nov/2024:12:11:44 +0000] "GET /wp-content/uploads/2024/10/doctor-650534_1920.jpg HTTP/1.1" 200 559379 "https://urosalud.es/servicios/" "Mozilla/5.0 (Macintosh; Intel Mac OS X 10_15_7) AppleWebKit/537.36 (KHTML, like Gecko) Chrome/130.0.0.0 Safari/537.36"
91.106.16.228 - - [13/Nov/2024:12:11:49 +0000] "GET /contacto/ HTTP/1.1" 200 10879 "https://urosalud.es/servicios/" "Mozilla/5.0 (Macintosh; Intel Mac OS X 10_15_7) AppleWebKit/537.36 (KHTML, like Gecko) Chrome/130.0.0.0 Safari/537.36"
91.106.16.228 - - [13/Nov/2024:12:11:50 +0000] "GET /wp-content/et-cache/763/et-core-unified-763-17314484274824.min.css HTTP/1.1" 200 4026 "https://urosalud.es/contacto/" "Mozilla/5.0 (Macintosh; Intel Mac OS X 10_15_7) AppleWebKit/537.36 (KHTML, like Gecko) Chrome/130.0.0.0 Safari/537.36"
91.106.16.228 - - [13/Nov/2024:12:11:50 +0000] "GET /wp-content/et-cache/763/et-core-unified-tb-26-tb-434-763-17314484274824.min.css HTTP/1.1" 200 2107 "https://urosalud.es/contacto/" "Mozilla/5.0 (Macintosh; Intel Mac OS X 10_15_7) AppleWebKit/537.36 (KHTML, like Gecko) Chrome/130.0.0.0 Safari/537.36"
91.106.16.228 - - [13/Nov/2024:12:11:51 +0000] "GET /wp-content/uploads/2024/10/Back2b.jpg HTTP/1.1" 200 102329 "https://urosalud.es/contacto/" "Mozilla/5.0 (Macintosh; Intel Mac OS X 10_15_7) AppleWebKit/537.36 (KHTML, like Gecko) Chrome/130.0.0.0 Safari/537.36"
91.106.16.228 - - [13/Nov/2024:12:11:50 +0000] "GET /wp-content/uploads/2024/10/Dr.-Eduardo-Martin-Oses-scaled.jpg HTTP/1.1" 200 355247 "https://urosalud.es/contacto/" "Mozilla/5.0 (Macintosh; Intel Mac OS X 10_15_7) AppleWebKit/537.36 (KHTML, like Gecko) Chrome/130.0.0.0 Safari/537.36"
66.249.70.66 - - [13/Nov/2024:12:14:10 +0000] "GET /wp-content/uploads/2024/10/doctor-5710151_1920-2.jpg HTTP/1.1" 200 391458 "-" "Googlebot-Image/1.0"
146.190.157.162 - - [13/Nov/2024:12:31:05 +0000] "POST /wp-cron.php?doing_wp_cron=1731501064.9321880340576171875000 HTTP/1.1" 200 2856 "-" "WordPress/6.6.2; https://urosalud.es"
45.148.10.206 - - [13/Nov/2024:12:31:04 +0000] "GET /.git/config HTTP/1.1" 301 2908 "-" "Mozilla/5.0 (Macintosh; Intel Mac OS X 10_14_4) AppleWebKit/537.36 (KHTML, like Gecko) Chrome/73.0.3683.103 Safari/537.36"
66.249.70.67 - - [13/Nov/2024:12:38:52 +0000] "GET /wp-content/uploads/2024/10/Dr.-Eduardo-Martin-Oses-scaled.jpg HTTP/1.1" 200 355233 "-" "Googlebot-Image/1.0"
66.249.70.67 - - [13/Nov/2024:13:04:48 +0000] "GET /wp-content/uploads/2024/10/cropped-favicon-32x32.jpg HTTP/1.1" 200 4000 "-" "Googlebot-Image/1.0"
66.249.79.76 - - [13/Nov/2024:13:14:59 +0000] "GET /robots.txt HTTP/1.1" 301 2851 "-" "Mozilla/5.0 (compatible; Googlebot/2.1; +http://www.google.com/bot.html)"
66.249.70.67 - - [13/Nov/2024:13:15:01 +0000] "GET /robots.txt HTTP/1.1" 200 3035 "-" "Mozilla/5.0 (compatible; Googlebot/2.1; +http://www.google.com/bot.html)"
66.249.79.76 - - [13/Nov/2024:13:15:03 +0000] "GET / HTTP/1.1" 301 297 "-" "Mozilla/5.0 (Linux; Android 6.0.1; Nexus 5X Build/MMB29P) AppleWebKit/537.36 (KHTML, like Gecko) Chrome/130.0.6723.116 Mobile Safari/537.36 (compatible; Googlebot/2.1; +http://www.google.com/bot.html)"
66.249.79.76 - - [13/Nov/2024:13:15:09 +0000] "GET / HTTP/1.1" 301 2842 "-" "Mozilla/5.0 (compatible; Googlebot/2.1; +http://www.google.com/bot.html)"
66.249.79.76 - - [13/Nov/2024:13:15:10 +0000] "GET / HTTP/1.1" 301 297 "-" "Mozilla/5.0 (Linux; Android 6.0.1; Nexus 5X Build/MMB29P) AppleWebKit/537.36 (KHTML, like Gecko) Chrome/99.0.4844.84 Mobile Safari/537.36 (compatible; Googlebot/2.1; +http://www.google.com/bot.html)"
66.249.70.67 - - [13/Nov/2024:13:15:10 +0000] "GET / HTTP/1.1" 200 13766 "-" "Mozilla/5.0 (compatible; Googlebot/2.1; +http://www.google.com/bot.html)"
66.249.70.67 - - [13/Nov/2024:13:15:11 +0000] "GET / HTTP/1.1" 200 11226 "-" "Mozilla/5.0 (Linux; Android 6.0.1; Nexus 5X Build/MMB29P) AppleWebKit/537.36 (KHTML, like Gecko) Chrome/99.0.4844.84 Mobile Safari/537.36 (compatible; Googlebot/2.1; +http://www.google.com/bot.html)"
146.190.157.162 - - [13/Nov/2024:13:14:59 +0000] "POST /wp-cron.php?doing_wp_cron=1731503699.6628289222717285156250 HTTP/1.1" 200 2855 "-" "WordPress/6.6.2; https://urosalud.es"
66.249.70.68 - - [13/Nov/2024:13:54:01 +0000] "GET /wp-content/uploads/2024/10/Logo.png HTTP/1.1" 200 18775 "-" "Googlebot-Image/1.0"
35.171.47.129 - - [13/Nov/2024:14:23:07 +0000] "GET /.git/config HTTP/1.1" 301 2910 "-" "Mozilla/4.0 (compatible; MSIE 5.0; Series80/2.0 Nokia9500/4.51 Profile/MIDP-2.0 Configuration/CLDC-1.1)"
146.190.157.162 - - [13/Nov/2024:14:23:07 +0000] "POST /wp-cron.php?doing_wp_cron=1731507787.4729099273681640625000 HTTP/1.1" 200 2857 "-" "WordPress/6.6.2; https://urosalud.es"
66.249.70.68 - - [13/Nov/2024:14:46:26 +0000] "GET /wp-content/uploads/2024/10/461762649_2602455713275435_694335859116593698_n.jpg HTTP/1.1" 200 89634 "-" "Googlebot-Image/1.0"
51.159.101.199 - - [13/Nov/2024:16:11:38 +0000] "HEAD / HTTP/1.1" 301 180 "-" "curl/7.81.0"
51.159.101.199 - - [13/Nov/2024:16:11:40 +0000] "GET / HTTP/1.1" 301 562 "-" "Mozilla/5.0 (Windows NT 10.0; Win64; x64) AppleWebKit/537.36 (KHTML, like Gecko) Chrome/124.0.0.0 Safari/537.3"
51.159.101.199 - - [13/Nov/2024:16:11:41 +0000] "GET / HTTP/1.1" 200 13801 "-" "Mozilla/5.0 (Windows NT 10.0; Win64; x64) AppleWebKit/537.36 (KHTML, like Gecko) Chrome/124.0.0.0 Safari/537.3"
51.159.101.199 - - [13/Nov/2024:16:11:43 +0000] "GET /wp-content/uploads/2024/10/cropped-favicon-180x180.jpg HTTP/1.1" 200 5530 "-" "Mozilla/5.0 (Windows NT 10.0; Win64; x64) AppleWebKit/537.36 (KHTML, like Gecko) Chrome/124.0.0.0 Safari/537.3"
51.159.101.199 - - [13/Nov/2024:16:11:43 +0000] "GET /favicon.ico HTTP/1.1" 301 583 "-" "Mozilla/5.0 (Windows NT 10.0; Win64; x64) AppleWebKit/537.36 (KHTML, like Gecko) Chrome/124.0.0.0 Safari/537.3"
146.190.157.162 - - [13/Nov/2024:16:11:41 +0000] "POST /wp-cron.php?doing_wp_cron=1731514301.4777059555053710937500 HTTP/1.1" 200 2856 "-" "WordPress/6.6.2; https://urosalud.es"
51.159.101.199 - - [13/Nov/2024:16:11:44 +0000] "GET /favicon.ico HTTP/1.1" 302 401 "-" "Mozilla/5.0 (Windows NT 10.0; Win64; x64) AppleWebKit/537.36 (KHTML, like Gecko) Chrome/124.0.0.0 Safari/537.3"
51.159.101.199 - - [13/Nov/2024:16:11:44 +0000] "GET /wp-content/uploads/2024/10/cropped-favicon-32x32.jpg HTTP/1.1" 200 1454 "-" "Mozilla/5.0 (Windows NT 10.0; Win64; x64) AppleWebKit/537.36 (KHTML, like Gecko) Chrome/124.0.0.0 Safari/537.3"
51.159.101.199 - - [13/Nov/2024:16:11:45 +0000] "GET /ads.txt HTTP/1.1" 301 576 "-" "Mozilla/5.0 (Windows NT 10.0; Win64; x64) AppleWebKit/537.36 (KHTML, like Gecko) Chrome/124.0.0.0 Safari/537.3"
51.159.101.199 - - [13/Nov/2024:16:11:46 +0000] "GET /ads.txt HTTP/1.1" 404 39104 "-" "Mozilla/5.0 (Windows NT 10.0; Win64; x64) AppleWebKit/537.36 (KHTML, like Gecko) Chrome/124.0.0.0 Safari/537.3"
51.159.101.199 - - [13/Nov/2024:16:11:47 +0000] "GET /app-ads.txt HTTP/1.1" 301 584 "-" "Mozilla/5.0 (Windows NT 10.0; Win64; x64) AppleWebKit/537.36 (KHTML, like Gecko) Chrome/124.0.0.0 Safari/537.3"
51.159.101.199 - - [13/Nov/2024:16:11:48 +0000] "GET /app-ads.txt HTTP/1.1" 404 39105 "-" "Mozilla/5.0 (Windows NT 10.0; Win64; x64) AppleWebKit/537.36 (KHTML, like Gecko) Chrome/124.0.0.0 Safari/537.3"
51.159.101.199 - - [13/Nov/2024:16:11:49 +0000] "GET /sellers.json HTTP/1.1" 301 586 "-" "Mozilla/5.0 (Windows NT 10.0; Win64; x64) AppleWebKit/537.36 (KHTML, like Gecko) Chrome/124.0.0.0 Safari/537.3"
51.159.101.199 - - [13/Nov/2024:16:11:50 +0000] "GET /sellers.json HTTP/1.1" 404 39104 "-" "Mozilla/5.0 (Windows NT 10.0; Win64; x64) AppleWebKit/537.36 (KHTML, like Gecko) Chrome/124.0.0.0 Safari/537.3"
51.159.101.199 - - [13/Nov/2024:16:11:53 +0000] "GET /wp-includes/js/jquery/jquery.min.js?ver=3.7.1 HTTP/1.1" 200 33423 "-" "Mozilla/5.0 (Windows NT 10.0; Win64; x64) AppleWebKit/537.36 (KHTML, like Gecko) Chrome/124.0.0.0 Safari/537.3"
51.159.101.199 - - [13/Nov/2024:16:11:53 +0000] "GET /wp-includes/js/jquery/jquery-migrate.min.js?ver=3.4.1 HTTP/1.1" 200 7813 "-" "Mozilla/5.0 (Windows NT 10.0; Win64; x64) AppleWebKit/537.36 (KHTML, like Gecko) Chrome/124.0.0.0 Safari/537.3"
51.159.101.199 - - [13/Nov/2024:16:11:54 +0000] "GET /wp-includes/js/dist/hooks.min.js?ver=2810c76e705dd1a53b18 HTTP/1.1" 200 4482 "-" "Mozilla/5.0 (Windows NT 10.0; Win64; x64) AppleWebKit/537.36 (KHTML, like Gecko) Chrome/124.0.0.0 Safari/537.3"
51.159.101.199 - - [13/Nov/2024:16:11:54 +0000] "GET /wp-includes/js/dist/i18n.min.js?ver=5e580eb46a90c2b997e6 HTTP/1.1" 200 6609 "-" "Mozilla/5.0 (Windows NT 10.0; Win64; x64) AppleWebKit/537.36 (KHTML, like Gecko) Chrome/124.0.0.0 Safari/537.3"
51.159.101.199 - - [13/Nov/2024:16:11:55 +0000] "GET /wp-content/plugins/contact-form-7/includes/swv/js/index.js?ver=5.9.8 HTTP/1.1" 200 6297 "-" "Mozilla/5.0 (Windows NT 10.0; Win64; x64) AppleWebKit/537.36 (KHTML, like Gecko) Chrome/124.0.0.0 Safari/537.3"
51.159.101.199 - - [13/Nov/2024:16:11:55 +0000] "GET /wp-content/plugins/contact-form-7/includes/js/index.js?ver=5.9.8 HTTP/1.1" 200 7200 "-" "Mozilla/5.0 (Windows NT 10.0; Win64; x64) AppleWebKit/537.36 (KHTML, like Gecko) Chrome/124.0.0.0 Safari/537.3"
51.159.101.199 - - [13/Nov/2024:16:11:56 +0000] "GET /wp-content/themes/Divi/js/custom.unified.js?ver=4.9.1 HTTP/1.1" 200 141915 "-" "Mozilla/5.0 (Windows NT 10.0; Win64; x64) AppleWebKit/537.36 (KHTML, like Gecko) Chrome/124.0.0.0 Safari/537.3"
51.159.101.199 - - [13/Nov/2024:16:11:57 +0000] "GET /wp-content/themes/Divi/core/admin/js/common.js?ver=4.9.1 HTTP/1.1" 200 3507 "-" "Mozilla/5.0 (Windows NT 10.0; Win64; x64) AppleWebKit/537.36 (KHTML, like Gecko) Chrome/124.0.0.0 Safari/537.3"
128.199.194.235 - - [13/Nov/2024:17:00:21 +0000] "HEAD / HTTP/1.1" 301 180 "-" "curl/7.88.1"
128.199.194.235 - - [13/Nov/2024:17:00:23 +0000] "GET / HTTP/1.1" 301 506 "-" "Mozilla/5.0 (Windows NT 10.0; Win64; x64) AppleWebKit/537.36 (KHTML, like Gecko) Chrome/99.0.4859.172 Safari/537.36"
146.190.157.162 - - [13/Nov/2024:17:00:24 +0000] "POST /wp-cron.php?doing_wp_cron=1731517224.6460011005401611328125 HTTP/1.1" 200 2857 "-" "WordPress/6.6.2; https://urosalud.es"
128.199.194.235 - - [13/Nov/2024:17:00:24 +0000] "GET / HTTP/1.1" 200 46633 "-" "Mozilla/5.0 (Windows NT 10.0; Win64; x64) AppleWebKit/537.36 (KHTML, like Gecko) Chrome/99.0.4859.172 Safari/537.36"
128.199.194.235 - - [13/Nov/2024:17:00:27 +0000] "GET /kcfinder/upload.php HTTP/1.1" 301 544 "-" "Mozilla/5.0 (Windows NT 10.0; Win64; x64) AppleWebKit/537.36 (KHTML, like Gecko) Chrome/99.0.4859.172 Safari/537.36"
128.199.194.235 - - [13/Nov/2024:17:00:28 +0000] "GET /kcfinder/upload.php HTTP/1.1" 404 39050 "-" "Mozilla/5.0 (Windows NT 10.0; Win64; x64) AppleWebKit/537.36 (KHTML, like Gecko) Chrome/99.0.4859.172 Safari/537.36"
128.199.194.235 - - [13/Nov/2024:17:00:31 +0000] "GET /asset/kcfinder/upload.php HTTP/1.1" 301 556 "-" "Mozilla/5.0 (Windows NT 10.0; Win64; x64) AppleWebKit/537.36 (KHTML, like Gecko) Chrome/99.0.4859.172 Safari/537.36"
128.199.194.235 - - [13/Nov/2024:17:00:32 +0000] "GET /asset/kcfinder/upload.php HTTP/1.1" 404 39049 "-" "Mozilla/5.0 (Windows NT 10.0; Win64; x64) AppleWebKit/537.36 (KHTML, like Gecko) Chrome/99.0.4859.172 Safari/537.36"
128.199.194.235 - - [13/Nov/2024:17:00:34 +0000] "GET /assets/kcfinder/upload.php HTTP/1.1" 301 558 "-" "Mozilla/5.0 (Windows NT 10.0; Win64; x64) AppleWebKit/537.36 (KHTML, like Gecko) Chrome/99.0.4859.172 Safari/537.36"
128.199.194.235 - - [13/Nov/2024:17:00:35 +0000] "GET /assets/kcfinder/upload.php HTTP/1.1" 404 39049 "-" "Mozilla/5.0 (Windows NT 10.0; Win64; x64) AppleWebKit/537.36 (KHTML, like Gecko) Chrome/99.0.4859.172 Safari/537.36"
128.199.194.235 - - [13/Nov/2024:17:00:38 +0000] "GET /js/kcfinder/upload.php HTTP/1.1" 301 550 "-" "Mozilla/5.0 (Windows NT 10.0; Win64; x64) AppleWebKit/537.36 (KHTML, like Gecko) Chrome/99.0.4859.172 Safari/537.36"
128.199.194.235 - - [13/Nov/2024:17:00:39 +0000] "GET /js/kcfinder/upload.php HTTP/1.1" 404 39048 "-" "Mozilla/5.0 (Windows NT 10.0; Win64; x64) AppleWebKit/537.36 (KHTML, like Gecko) Chrome/99.0.4859.172 Safari/537.36"
128.199.194.235 - - [13/Nov/2024:17:00:41 +0000] "GET /assets/js/kcfinder/upload.php HTTP/1.1" 301 564 "-" "Mozilla/5.0 (Windows NT 10.0; Win64; x64) AppleWebKit/537.36 (KHTML, like Gecko) Chrome/99.0.4859.172 Safari/537.36"
128.199.194.235 - - [13/Nov/2024:17:00:42 +0000] "GET /assets/js/kcfinder/upload.php HTTP/1.1" 404 39048 "-" "Mozilla/5.0 (Windows NT 10.0; Win64; x64) AppleWebKit/537.36 (KHTML, like Gecko) Chrome/99.0.4859.172 Safari/537.36"
128.199.194.235 - - [13/Nov/2024:17:00:44 +0000] "GET /assets/plugins/kcfinder/upload.php HTTP/1.1" 301 574 "-" "Mozilla/5.0 (Windows NT 10.0; Win64; x64) AppleWebKit/537.36 (KHTML, like Gecko) Chrome/99.0.4859.172 Safari/537.36"
