152.39.200.51 - - [13/Nov/2024:20:51:25 +0000] "GET /wp-content/et-cache/86/et-core-unified-86-1731435765377.min.css HTTP/1.1" 200 6262 "https://urosalud.es/" "Mozilla/5.0 (iPhone; CPU iPhone OS 16_0 like Mac OS X) AppleWebKit/605.1.15 (KHTML, like Gecko) CriOS/99.0.4844.47 Mobile/15E148 Safari/604.1"
203.109.63.163 - - [13/Nov/2024:20:51:25 +0000] "GET /wp-includes/js/jquery/jquery.min.js?ver=3.7.1 HTTP/1.1" 200 33406 "https://urosalud.es/" "Mozilla/5.0 (iPhone; CPU iPhone OS 16_0 like Mac OS X) AppleWebKit/605.1.15 (KHTML, like Gecko) CriOS/99.0.4844.47 Mobile/15E148 Safari/604.1"
188.212.143.27 - - [13/Nov/2024:20:51:25 +0000] "GET /wp-includes/js/jquery/jquery-migrate.min.js?ver=3.4.1 HTTP/1.1" 200 7798 "https://urosalud.es/" "Mozilla/5.0 (iPhone; CPU iPhone OS 16_0 like Mac OS X) AppleWebKit/605.1.15 (KHTML, like Gecko) CriOS/99.0.4844.47 Mobile/15E148 Safari/604.1"
152.39.200.51 - - [13/Nov/2024:20:51:25 +0000] "GET /wp-content/themes/Divi/core/admin/fonts/modules.ttf HTTP/1.1" 200 92951 "https://urosalud.es/" "Mozilla/5.0 (iPhone; CPU iPhone OS 16_0 like Mac OS X) AppleWebKit/605.1.15 (KHTML, like Gecko) CriOS/99.0.4844.47 Mobile/15E148 Safari/604.1"
150.129.95.137 - - [13/Nov/2024:20:51:25 +0000] "GET /wp-content/uploads/2024/10/Logo.png HTTP/1.1" 200 16229 "https://urosalud.es/" "Mozilla/5.0 (iPhone; CPU iPhone OS 16_0 like Mac OS X) AppleWebKit/605.1.15 (KHTML, like Gecko) CriOS/99.0.4844.47 Mobile/15E148 Safari/604.1"
188.212.143.27 - - [13/Nov/2024:20:51:25 +0000] "GET /wp-content/uploads/2024/10/461762649_2602455713275435_694335859116593698_n-480x440.jpg HTTP/1.1" 200 29775 "https://urosalud.es/" "Mozilla/5.0 (iPhone; CPU iPhone OS 16_0 like Mac OS X) AppleWebKit/605.1.15 (KHTML, like Gecko) CriOS/99.0.4844.47 Mobile/15E148 Safari/604.1"
180.149.31.162 - - [13/Nov/2024:20:51:25 +0000] "GET /wp-content/themes/Divi/style.css?ver=4.9.1 HTTP/1.1" 200 83869 "https://urosalud.es/" "Mozilla/5.0 (iPhone; CPU iPhone OS 16_0 like Mac OS X) AppleWebKit/605.1.15 (KHTML, like Gecko) CriOS/99.0.4844.47 Mobile/15E148 Safari/604.1"
150.129.95.137 - - [13/Nov/2024:20:51:25 +0000] "GET /wp-content/uploads/2024/10/Logo-blanco.png HTTP/1.1" 200 14172 "https://urosalud.es/" "Mozilla/5.0 (iPhone; CPU iPhone OS 16_0 like Mac OS X) AppleWebKit/605.1.15 (KHTML, like Gecko) CriOS/99.0.4844.47 Mobile/15E148 Safari/604.1"
150.129.95.137 - - [13/Nov/2024:20:51:25 +0000] "GET /wp-content/uploads/2024/10/kit_digital-1024x61-1-480x29.png HTTP/1.1" 200 17943 "https://urosalud.es/" "Mozilla/5.0 (iPhone; CPU iPhone OS 16_0 like Mac OS X) AppleWebKit/605.1.15 (KHTML, like Gecko) CriOS/99.0.4844.47 Mobile/15E148 Safari/604.1"
152.39.200.51 - - [13/Nov/2024:20:51:25 +0000] "GET /wp-includes/js/dist/i18n.min.js?ver=5e580eb46a90c2b997e6 HTTP/1.1" 200 4033 "https://urosalud.es/" "Mozilla/5.0 (iPhone; CPU iPhone OS 16_0 like Mac OS X) AppleWebKit/605.1.15 (KHTML, like Gecko) CriOS/99.0.4844.47 Mobile/15E148 Safari/604.1"
180.149.31.162 - - [13/Nov/2024:20:51:25 +0000] "GET /wp-includes/js/dist/hooks.min.js?ver=4d63a3d491d11ffd8ac6 HTTP/1.1" 200 2014 "https://urosalud.es/" "Mozilla/5.0 (iPhone; CPU iPhone OS 16_0 like Mac OS X) AppleWebKit/605.1.15 (KHTML, like Gecko) CriOS/99.0.4844.47 Mobile/15E148 Safari/604.1"
154.37.100.178 - - [13/Nov/2024:20:51:25 +0000] "GET /wp-content/plugins/contact-form-7/includes/js/index.js?ver=5.9.8 HTTP/1.1" 200 4623 "https://urosalud.es/" "Mozilla/5.0 (iPhone; CPU iPhone OS 16_0 like Mac OS X) AppleWebKit/605.1.15 (KHTML, like Gecko) CriOS/99.0.4844.47 Mobile/15E148 Safari/604.1"
203.109.63.163 - - [13/Nov/2024:20:51:25 +0000] "GET /wp-content/plugins/contact-form-7/includes/swv/js/index.js?ver=5.9.8 HTTP/1.1" 200 3720 "https://urosalud.es/" "Mozilla/5.0 (iPhone; CPU iPhone OS 16_0 like Mac OS X) AppleWebKit/605.1.15 (KHTML, like Gecko) CriOS/99.0.4844.47 Mobile/15E148 Safari/604.1"
150.129.95.137 - - [13/Nov/2024:20:51:25 +0000] "GET /wp-content/uploads/2023/11/05-What-People-Say-About-Us.png HTTP/1.1" 200 198673 "https://urosalud.es/" "Mozilla/5.0 (iPhone; CPU iPhone OS 16_0 like Mac OS X) AppleWebKit/605.1.15 (KHTML, like Gecko) CriOS/99.0.4844.47 Mobile/15E148 Safari/604.1"
152.39.200.51 - - [13/Nov/2024:20:51:25 +0000] "GET /wp-content/uploads/2024/10/Back4.jpg HTTP/1.1" 200 57268 "https://urosalud.es/" "Mozilla/5.0 (iPhone; CPU iPhone OS 16_0 like Mac OS X) AppleWebKit/605.1.15 (KHTML, like Gecko) CriOS/99.0.4844.47 Mobile/15E148 Safari/604.1"
188.212.143.27 - - [13/Nov/2024:20:51:25 +0000] "GET /wp-content/themes/Divi/js/custom.unified.js?ver=4.9.1 HTTP/1.1" 200 139339 "https://urosalud.es/" "Mozilla/5.0 (iPhone; CPU iPhone OS 16_0 like Mac OS X) AppleWebKit/605.1.15 (KHTML, like Gecko) CriOS/99.0.4844.47 Mobile/15E148 Safari/604.1"
180.149.31.162 - - [13/Nov/2024:20:51:25 +0000] "GET /wp-content/uploads/2024/10/Back1.jpg HTTP/1.1" 200 90706 "https://urosalud.es/wp-content/et-cache/86/et-core-unified-tb-26-tb-434-86-1731435765377.min.css" "Mozilla/5.0 (iPhone; CPU iPhone OS 16_0 like Mac OS X) AppleWebKit/605.1.15 (KHTML, like Gecko) CriOS/99.0.4844.47 Mobile/15E148 Safari/604.1"
203.109.63.163 - - [13/Nov/2024:20:51:25 +0000] "GET /wp-content/uploads/2024/10/461762649_2602455713275435_694335859116593698_n.jpg HTTP/1.1" 200 87088 "https://urosalud.es/" "Mozilla/5.0 (iPhone; CPU iPhone OS 16_0 like Mac OS X) AppleWebKit/605.1.15 (KHTML, like Gecko) CriOS/99.0.4844.47 Mobile/15E148 Safari/604.1"
154.37.100.178 - - [13/Nov/2024:20:51:25 +0000] "GET /wp-content/themes/Divi/core/admin/js/common.js?ver=4.9.1 HTTP/1.1" 200 930 "https://urosalud.es/" "Mozilla/5.0 (iPhone; CPU iPhone OS 16_0 like Mac OS X) AppleWebKit/605.1.15 (KHTML, like Gecko) CriOS/99.0.4844.47 Mobile/15E148 Safari/604.1"
154.37.100.178 - - [13/Nov/2024:20:51:25 +0000] "GET /wp-content/uploads/2024/10/kit_digital-1024x61-1-980x58.png HTTP/1.1" 200 56387 "https://urosalud.es/" "Mozilla/5.0 (iPhone; CPU iPhone OS 16_0 like Mac OS X) AppleWebKit/605.1.15 (KHTML, like Gecko) CriOS/99.0.4844.47 Mobile/15E148 Safari/604.1"
150.129.95.137 - - [13/Nov/2024:20:51:25 +0000] "GET /wp-content/uploads/2024/10/cropped-favicon-32x32.jpg HTTP/1.1" 200 1454 "https://urosalud.es/" "Mozilla/5.0 (iPhone; CPU iPhone OS 16_0 like Mac OS X) AppleWebKit/605.1.15 (KHTML, like Gecko) CriOS/99.0.4844.47 Mobile/15E148 Safari/604.1"
146.190.157.162 - - [13/Nov/2024:21:04:28 +0000] "POST /wp-cron.php?doing_wp_cron=1731531868.8524000644683837890625 HTTP/1.1" 200 2855 "-" "WordPress/6.7; https://urosalud.es"
45.148.10.172 - - [13/Nov/2024:21:04:28 +0000] "GET /.env HTTP/1.1" 301 2901 "-" "Mozilla/5.0 (Windows NT 6.1; WOW64) AppleWebKit/535.8 (KHTML, like Gecko) Beamrise/17.2.0.9 Chrome/17.0.939.0 Safari/535.8"
146.190.157.162 - - [13/Nov/2024:21:14:12 +0000] "POST /wp-cron.php?doing_wp_cron=1731532452.6642220020294189453125 HTTP/1.1" 200 2855 "-" "WordPress/6.7; https://urosalud.es"
35.171.47.129 - - [13/Nov/2024:21:14:12 +0000] "GET /.git/config HTTP/1.1" 404 39028 "-" "Mozilla/5.0 (Windows NT 6.1; WOW64) AppleWebKit/537.36 (KHTML, like Gecko) Chrome/75.0.3770.100 Safari/537.36"
199.45.154.131 - - [13/Nov/2024:22:00:13 +0000] "GET / HTTP/1.1" 301 506 "-" "Mozilla/5.0 (compatible; CensysInspect/1.1; +https://about.censys.io/)"
146.190.157.162 - - [13/Nov/2024:22:00:18 +0000] "POST /wp-cron.php?doing_wp_cron=1731535218.7310819625854492187500 HTTP/1.1" 200 2857 "-" "WordPress/6.7; https://urosalud.es"
199.45.154.131 - - [13/Nov/2024:22:00:18 +0000] "GET / HTTP/1.1" 200 13709 "-" "Mozilla/5.0 (compatible; CensysInspect/1.1; +https://about.censys.io/)"
199.45.154.131 - - [13/Nov/2024:22:00:20 +0000] "GET /wp-content/uploads/2024/10/cropped-favicon-32x32.jpg HTTP/1.1" 200 3962 "-" "Mozilla/5.0 (compatible; CensysInspect/1.1; +https://about.censys.io/)"
146.190.157.162 - - [13/Nov/2024:23:16:27 +0000] "POST /wp-cron.php?doing_wp_cron=1731539787.8198649883270263671875 HTTP/1.1" 200 2856 "-" "WordPress/6.7; https://urosalud.es"
167.94.146.58 - - [13/Nov/2024:23:16:27 +0000] "GET / HTTP/1.1" 200 13709 "-" "Mozilla/5.0 (compatible; CensysInspect/1.1; +https://about.censys.io/)"
167.94.146.58 - - [13/Nov/2024:23:16:30 +0000] "GET /wp-content/uploads/2024/10/cropped-favicon-32x32.jpg HTTP/1.1" 200 3961 "-" "Mozilla/5.0 (compatible; CensysInspect/1.1; +https://about.censys.io/)"
167.94.146.58 - - [13/Nov/2024:23:16:30 +0000] "GET /wp-content/uploads/2024/10/cropped-favicon-192x192.jpg HTTP/1.1" 200 8336 "-" "Mozilla/5.0 (compatible; CensysInspect/1.1; +https://about.censys.io/)"
167.94.146.58 - - [13/Nov/2024:23:16:32 +0000] "GET /wp-content/uploads/2024/10/cropped-favicon-180x180.jpg HTTP/1.1" 200 8038 "-" "Mozilla/5.0 (compatible; CensysInspect/1.1; +https://about.censys.io/)"
167.94.146.58 - - [13/Nov/2024:23:16:33 +0000] "GET /favicon.ico HTTP/1.1" 302 2909 "-" "Mozilla/5.0 (compatible; CensysInspect/1.1; +https://about.censys.io/)"
167.94.146.58 - - [13/Nov/2024:23:16:34 +0000] "GET /wp-content/uploads/2024/10/cropped-favicon-32x32.jpg HTTP/1.1" 200 3961 "https://urosalud.es/favicon.ico" "Mozilla/5.0 (compatible; CensysInspect/1.1; +https://about.censys.io/)"
146.190.157.162 - - [13/Nov/2024:23:50:28 +0000] "POST /wp-cron.php?doing_wp_cron=1731541828.7892880439758300781250 HTTP/1.1" 200 2857 "-" "WordPress/6.7; https://urosalud.es"
89.248.174.11 - - [13/Nov/2024:23:50:28 +0000] "GET / HTTP/1.1" 200 13799 "-" "Mozilla/5.0 (Windows NT 10.0; Win64; x64; rv:123.0) Gecko/20100101 Firefox/123.0"
13.72.242.126 - - [14/Nov/2024:00:48:46 +0000] "HEAD /wordpress HTTP/1.1" 301 189 "-" "Mozilla/5.0 (Windows NT 10.0; Win64; x64) AppleWebKit/537.36 (KHTML, like Gecko) Chrome/74.0.3729.169 Safari/537.36"
146.190.157.162 - - [14/Nov/2024:00:48:47 +0000] "POST /wp-cron.php?doing_wp_cron=1731545327.1359980106353759765625 HTTP/1.1" 200 2855 "-" "WordPress/6.7; https://urosalud.es"
13.72.242.126 - - [14/Nov/2024:00:48:46 +0000] "HEAD /wordpress HTTP/1.1" 404 2642 "http://urosalud.es/wordpress" "Mozilla/5.0 (Windows NT 10.0; Win64; x64) AppleWebKit/537.36 (KHTML, like Gecko) Chrome/74.0.3729.169 Safari/537.36"
13.72.242.126 - - [14/Nov/2024:00:48:48 +0000] "HEAD / HTTP/1.1" 301 180 "-" "Mozilla/5.0 (Windows NT 10.0; Win64; x64) AppleWebKit/537.36 (KHTML, like Gecko) Chrome/74.0.3729.169 Safari/537.36"
13.72.242.126 - - [14/Nov/2024:00:48:48 +0000] "HEAD / HTTP/1.1" 200 374 "http://urosalud.es/" "Mozilla/5.0 (Windows NT 10.0; Win64; x64) AppleWebKit/537.36 (KHTML, like Gecko) Chrome/74.0.3729.169 Safari/537.36"
13.72.242.126 - - [14/Nov/2024:00:48:49 +0000] "HEAD /wp HTTP/1.1" 301 182 "-" "Mozilla/5.0 (Windows NT 10.0; Win64; x64) AppleWebKit/537.36 (KHTML, like Gecko) Chrome/74.0.3729.169 Safari/537.36"
13.72.242.126 - - [14/Nov/2024:00:48:49 +0000] "HEAD /wp HTTP/1.1" 404 321 "http://urosalud.es/wp" "Mozilla/5.0 (Windows NT 10.0; Win64; x64) AppleWebKit/537.36 (KHTML, like Gecko) Chrome/74.0.3729.169 Safari/537.36"
13.72.242.126 - - [14/Nov/2024:00:48:50 +0000] "HEAD /bc HTTP/1.1" 301 182 "-" "Mozilla/5.0 (Windows NT 10.0; Win64; x64) AppleWebKit/537.36 (KHTML, like Gecko) Chrome/74.0.3729.169 Safari/537.36"
13.72.242.126 - - [14/Nov/2024:00:48:50 +0000] "HEAD /bc HTTP/1.1" 404 321 "http://urosalud.es/bc" "Mozilla/5.0 (Windows NT 10.0; Win64; x64) AppleWebKit/537.36 (KHTML, like Gecko) Chrome/74.0.3729.169 Safari/537.36"
13.72.242.126 - - [14/Nov/2024:00:48:51 +0000] "HEAD /bk HTTP/1.1" 301 182 "-" "Mozilla/5.0 (Windows NT 10.0; Win64; x64) AppleWebKit/537.36 (KHTML, like Gecko) Chrome/74.0.3729.169 Safari/537.36"
13.72.242.126 - - [14/Nov/2024:00:48:51 +0000] "HEAD /bk HTTP/1.1" 404 321 "http://urosalud.es/bk" "Mozilla/5.0 (Windows NT 10.0; Win64; x64) AppleWebKit/537.36 (KHTML, like Gecko) Chrome/74.0.3729.169 Safari/537.36"
13.72.242.126 - - [14/Nov/2024:00:48:52 +0000] "HEAD /backup HTTP/1.1" 301 186 "-" "Mozilla/5.0 (Windows NT 10.0; Win64; x64) AppleWebKit/537.36 (KHTML, like Gecko) Chrome/74.0.3729.169 Safari/537.36"
13.72.242.126 - - [14/Nov/2024:00:48:52 +0000] "HEAD /backup HTTP/1.1" 404 321 "http://urosalud.es/backup" "Mozilla/5.0 (Windows NT 10.0; Win64; x64) AppleWebKit/537.36 (KHTML, like Gecko) Chrome/74.0.3729.169 Safari/537.36"
13.72.242.126 - - [14/Nov/2024:00:48:53 +0000] "HEAD /old HTTP/1.1" 301 183 "-" "Mozilla/5.0 (Windows NT 10.0; Win64; x64) AppleWebKit/537.36 (KHTML, like Gecko) Chrome/74.0.3729.169 Safari/537.36"
13.72.242.126 - - [14/Nov/2024:00:48:53 +0000] "HEAD /old HTTP/1.1" 404 321 "http://urosalud.es/old" "Mozilla/5.0 (Windows NT 10.0; Win64; x64) AppleWebKit/537.36 (KHTML, like Gecko) Chrome/74.0.3729.169 Safari/537.36"
13.72.242.126 - - [14/Nov/2024:00:48:54 +0000] "HEAD /new HTTP/1.1" 301 183 "-" "Mozilla/5.0 (Windows NT 10.0; Win64; x64) AppleWebKit/537.36 (KHTML, like Gecko) Chrome/74.0.3729.169 Safari/537.36"
13.72.242.126 - - [14/Nov/2024:00:48:54 +0000] "HEAD /new HTTP/1.1" 404 321 "http://urosalud.es/new" "Mozilla/5.0 (Windows NT 10.0; Win64; x64) AppleWebKit/537.36 (KHTML, like Gecko) Chrome/74.0.3729.169 Safari/537.36"
13.72.242.126 - - [14/Nov/2024:00:48:55 +0000] "HEAD /main HTTP/1.1" 301 184 "-" "Mozilla/5.0 (Windows NT 10.0; Win64; x64) AppleWebKit/537.36 (KHTML, like Gecko) Chrome/74.0.3729.169 Safari/537.36"
13.72.242.126 - - [14/Nov/2024:00:48:55 +0000] "HEAD /main HTTP/1.1" 404 321 "http://urosalud.es/main" "Mozilla/5.0 (Windows NT 10.0; Win64; x64) AppleWebKit/537.36 (KHTML, like Gecko) Chrome/74.0.3729.169 Safari/537.36"
13.72.242.126 - - [14/Nov/2024:00:48:56 +0000] "HEAD /home HTTP/1.1" 301 184 "-" "Mozilla/5.0 (Windows NT 10.0; Win64; x64) AppleWebKit/537.36 (KHTML, like Gecko) Chrome/74.0.3729.169 Safari/537.36"
13.72.242.126 - - [14/Nov/2024:00:48:57 +0000] "HEAD /home HTTP/1.1" 301 230 "http://urosalud.es/home" "Mozilla/5.0 (Windows NT 10.0; Win64; x64) AppleWebKit/537.36 (KHTML, like Gecko) Chrome/74.0.3729.169 Safari/537.36"
13.72.242.126 - - [14/Nov/2024:00:48:57 +0000] "HEAD / HTTP/1.1" 200 374 "https://urosalud.es/home" "Mozilla/5.0 (Windows NT 10.0; Win64; x64) AppleWebKit/537.36 (KHTML, like Gecko) Chrome/74.0.3729.169 Safari/537.36"
66.249.79.74 - - [14/Nov/2024:01:42:04 +0000] "GET /robots.txt HTTP/1.1" 301 594 "-" "Mozilla/5.0 (compatible; Googlebot/2.1; +http://www.google.com/bot.html)"
146.190.157.162 - - [14/Nov/2024:01:42:05 +0000] "POST /wp-cron.php?doing_wp_cron=1731548525.3685541152954101562500 HTTP/1.1" 200 2856 "-" "WordPress/6.7; https://urosalud.es"
66.249.79.65 - - [14/Nov/2024:01:42:04 +0000] "GET /robots.txt HTTP/1.1" 301 2852 "-" "Mozilla/5.0 (compatible; Googlebot/2.1; +http://www.google.com/bot.html)"
66.249.70.67 - - [14/Nov/2024:01:42:07 +0000] "GET /robots.txt HTTP/1.1" 200 3035 "-" "Mozilla/5.0 (compatible; Googlebot/2.1; +http://www.google.com/bot.html)"
66.249.79.74 - - [14/Nov/2024:01:42:37 +0000] "GET / HTTP/1.1" 301 574 "-" "Mozilla/5.0 (compatible; Googlebot/2.1; +http://www.google.com/bot.html)"
146.190.157.162 - - [14/Nov/2024:01:43:11 +0000] "POST /wp-cron.php?doing_wp_cron=1731548591.2464089393615722656250 HTTP/1.1" 200 2856 "-" "WordPress/6.7; https://urosalud.es"
66.249.79.76 - - [14/Nov/2024:01:43:10 +0000] "GET / HTTP/1.1" 301 2842 "-" "Mozilla/5.0 (compatible; Googlebot/2.1; +http://www.google.com/bot.html)"
185.229.224.230 - - [14/Nov/2024:02:01:12 +0000] "GET /.env HTTP/1.1" 301 570 "-" "Mozilla/5.0 (Macintosh; Intel Mac OS X 10.15; rv:77.0) Gecko/20100101 Firefox/77.0"
146.190.157.162 - - [14/Nov/2024:02:01:13 +0000] "POST /wp-cron.php?doing_wp_cron=1731549673.8613290786743164062500 HTTP/1.1" 200 2856 "-" "WordPress/6.7; https://urosalud.es"
185.229.224.230 - - [14/Nov/2024:02:01:12 +0000] "GET /.env HTTP/1.1" 404 39093 "-" "Mozilla/5.0 (Macintosh; Intel Mac OS X 10.15; rv:77.0) Gecko/20100101 Firefox/77.0"
185.229.224.230 - - [14/Nov/2024:02:01:15 +0000] "GET /wp-content/ HTTP/1.1" 301 584 "-" "Mozilla/5.0 (Macintosh; Intel Mac OS X 10.15; rv:77.0) Gecko/20100101 Firefox/77.0"
185.229.224.230 - - [14/Nov/2024:02:01:15 +0000] "GET /wp-content/ HTTP/1.1" 200 2799 "-" "Mozilla/5.0 (Macintosh; Intel Mac OS X 10.15; rv:77.0) Gecko/20100101 Firefox/77.0"
185.229.224.230 - - [14/Nov/2024:02:01:16 +0000] "GET /.env HTTP/1.1" 301 582 "-" "Mozilla/5.0 (Macintosh; Intel Mac OS X 10.15; rv:77.0) Gecko/20100101 Firefox/77.0"
185.229.224.230 - - [14/Nov/2024:02:01:16 +0000] "GET /.env HTTP/1.1" 301 2970 "-" "Mozilla/5.0 (Macintosh; Intel Mac OS X 10.15; rv:77.0) Gecko/20100101 Firefox/77.0"
185.229.224.230 - - [14/Nov/2024:02:01:17 +0000] "GET /.env HTTP/1.1" 404 39092 "-" "Mozilla/5.0 (Macintosh; Intel Mac OS X 10.15; rv:77.0) Gecko/20100101 Firefox/77.0"
185.229.224.230 - - [14/Nov/2024:02:01:18 +0000] "GET /wp-content/ HTTP/1.1" 301 596 "-" "Mozilla/5.0 (Macintosh; Intel Mac OS X 10.15; rv:77.0) Gecko/20100101 Firefox/77.0"
185.229.224.230 - - [14/Nov/2024:02:01:19 +0000] "GET /wp-content/ HTTP/1.1" 200 2801 "-" "Mozilla/5.0 (Macintosh; Intel Mac OS X 10.15; rv:77.0) Gecko/20100101 Firefox/77.0"
146.190.157.162 - - [14/Nov/2024:02:09:21 +0000] "POST /wp-cron.php?doing_wp_cron=1731550161.4281690120697021484375 HTTP/1.1" 200 2856 "-" "WordPress/6.7; https://urosalud.es"
15.204.182.106 - - [14/Nov/2024:02:09:21 +0000] "GET / HTTP/1.1" 200 13548 "-" "Mozilla/5.0 (Windows NT 10.0; Win64; x64) AppleWebKit/537.36 (KHTML, like Gecko) Chrome/122.0.0.0 Safari/537.36"
146.190.157.162 - - [14/Nov/2024:02:32:42 +0000] "POST /wp-cron.php?doing_wp_cron=1731551562.3028750419616699218750 HTTP/1.1" 200 2857 "-" "WordPress/6.7; https://urosalud.es"
66.249.70.66 - - [14/Nov/2024:02:32:42 +0000] "GET / HTTP/1.1" 200 13763 "-" "Mozilla/5.0 (compatible; Googlebot/2.1; +http://www.google.com/bot.html)"
146.190.157.162 - - [14/Nov/2024:02:48:09 +0000] "POST /wp-cron.php?doing_wp_cron=1731552489.4747900962829589843750 HTTP/1.1" 200 2856 "-" "WordPress/6.7; https://urosalud.es"
15.204.182.106 - - [14/Nov/2024:02:48:09 +0000] "GET / HTTP/1.1" 301 2600 "-" "Mozilla/5.0 (Windows NT 10.0; Win64; x64) AppleWebKit/537.36 (KHTML, like Gecko) Chrome/122.0.0.0 Safari/537.36"
15.204.182.106 - - [14/Nov/2024:02:48:11 +0000] "GET / HTTP/1.1" 200 13547 "https://www.urosalud.es/" "Mozilla/5.0 (Windows NT 10.0; Win64; x64) AppleWebKit/537.36 (KHTML, like Gecko) Chrome/122.0.0.0 Safari/537.36"
146.190.157.162 - - [14/Nov/2024:03:38:49 +0000] "POST /wp-cron.php?doing_wp_cron=1731555529.5464289188385009765625 HTTP/1.1" 200 2856 "-" "WordPress/6.7; https://urosalud.es"
87.236.176.144 - - [14/Nov/2024:03:38:49 +0000] "GET / HTTP/1.1" 200 13728 "-" "Mozilla/5.0 (compatible; InternetMeasurement/1.0; +https://internet-measurement.com/)"
87.236.176.80 - - [14/Nov/2024:03:38:51 +0000] "GET /wp-content/uploads/2024/10/cropped-favicon-32x32.jpg HTTP/1.1" 200 3977 "-" "Mozilla/5.0 (compatible; InternetMeasurement/1.0; +https://internet-measurement.com/)"
87.236.176.147 - - [14/Nov/2024:03:38:51 +0000] "GET /wp-content/uploads/2024/10/cropped-favicon-192x192.jpg HTTP/1.1" 200 8351 "-" "Mozilla/5.0 (compatible; InternetMeasurement/1.0; +https://internet-measurement.com/)"
87.236.176.57 - - [14/Nov/2024:03:38:51 +0000] "GET /wp-content/uploads/2024/10/cropped-favicon-180x180.jpg HTTP/1.1" 200 8054 "-" "Mozilla/5.0 (compatible; InternetMeasurement/1.0; +https://internet-measurement.com/)"
87.236.176.112 - - [14/Nov/2024:03:38:51 +0000] "GET /wp-content/uploads/2024/10/cropped-favicon-270x270.jpg HTTP/1.1" 200 10633 "-" "Mozilla/5.0 (compatible; InternetMeasurement/1.0; +https://internet-measurement.com/)"
13.72.242.126 - - [14/Nov/2024:06:11:08 +0000] "HEAD /wordpress HTTP/1.1" 301 189 "-" "Mozilla/5.0 (Windows NT 10.0; Win64; x64) AppleWebKit/537.36 (KHTML, like Gecko) Chrome/74.0.3729.169 Safari/537.36"
13.72.242.126 - - [14/Nov/2024:06:11:09 +0000] "HEAD /wordpress HTTP/1.1" 404 2643 "http://urosalud.es/wordpress" "Mozilla/5.0 (Windows NT 10.0; Win64; x64) AppleWebKit/537.36 (KHTML, like Gecko) Chrome/74.0.3729.169 Safari/537.36"
13.72.242.126 - - [14/Nov/2024:06:11:10 +0000] "HEAD / HTTP/1.1" 301 180 "-" "Mozilla/5.0 (Windows NT 10.0; Win64; x64) AppleWebKit/537.36 (KHTML, like Gecko) Chrome/74.0.3729.169 Safari/537.36"
13.72.242.126 - - [14/Nov/2024:06:11:10 +0000] "HEAD / HTTP/1.1" 200 374 "http://urosalud.es/" "Mozilla/5.0 (Windows NT 10.0; Win64; x64) AppleWebKit/537.36 (KHTML, like Gecko) Chrome/74.0.3729.169 Safari/537.36"
13.72.242.126 - - [14/Nov/2024:06:11:11 +0000] "HEAD /wp HTTP/1.1" 301 182 "-" "Mozilla/5.0 (Windows NT 10.0; Win64; x64) AppleWebKit/537.36 (KHTML, like Gecko) Chrome/74.0.3729.169 Safari/537.36"
13.72.242.126 - - [14/Nov/2024:06:11:11 +0000] "HEAD /wp HTTP/1.1" 404 321 "http://urosalud.es/wp" "Mozilla/5.0 (Windows NT 10.0; Win64; x64) AppleWebKit/537.36 (KHTML, like Gecko) Chrome/74.0.3729.169 Safari/537.36"
13.72.242.126 - - [14/Nov/2024:06:11:11 +0000] "HEAD /bc HTTP/1.1" 301 182 "-" "Mozilla/5.0 (Windows NT 10.0; Win64; x64) AppleWebKit/537.36 (KHTML, like Gecko) Chrome/74.0.3729.169 Safari/537.36"
13.72.242.126 - - [14/Nov/2024:06:11:11 +0000] "HEAD /bc HTTP/1.1" 404 321 "http://urosalud.es/bc" "Mozilla/5.0 (Windows NT 10.0; Win64; x64) AppleWebKit/537.36 (KHTML, like Gecko) Chrome/74.0.3729.169 Safari/537.36"
13.72.242.126 - - [14/Nov/2024:06:11:12 +0000] "HEAD /bk HTTP/1.1" 301 182 "-" "Mozilla/5.0 (Windows NT 10.0; Win64; x64) AppleWebKit/537.36 (KHTML, like Gecko) Chrome/74.0.3729.169 Safari/537.36"
13.72.242.126 - - [14/Nov/2024:06:11:12 +0000] "HEAD /bk HTTP/1.1" 404 321 "http://urosalud.es/bk" "Mozilla/5.0 (Windows NT 10.0; Win64; x64) AppleWebKit/537.36 (KHTML, like Gecko) Chrome/74.0.3729.169 Safari/537.36"
13.72.242.126 - - [14/Nov/2024:06:11:12 +0000] "HEAD /backup HTTP/1.1" 301 186 "-" "Mozilla/5.0 (Windows NT 10.0; Win64; x64) AppleWebKit/537.36 (KHTML, like Gecko) Chrome/74.0.3729.169 Safari/537.36"
146.190.157.162 - - [14/Nov/2024:06:11:09 +0000] "POST /wp-cron.php?doing_wp_cron=1731564669.3231968879699707031250 HTTP/1.1" 200 2855 "-" "WordPress/6.7; https://urosalud.es"
13.72.242.126 - - [14/Nov/2024:06:11:13 +0000] "HEAD /backup HTTP/1.1" 404 321 "http://urosalud.es/backup" "Mozilla/5.0 (Windows NT 10.0; Win64; x64) AppleWebKit/537.36 (KHTML, like Gecko) Chrome/74.0.3729.169 Safari/537.36"
13.72.242.126 - - [14/Nov/2024:06:11:13 +0000] "HEAD /old HTTP/1.1" 301 183 "-" "Mozilla/5.0 (Windows NT 10.0; Win64; x64) AppleWebKit/537.36 (KHTML, like Gecko) Chrome/74.0.3729.169 Safari/537.36"
13.72.242.126 - - [14/Nov/2024:06:11:13 +0000] "HEAD /old HTTP/1.1" 404 321 "http://urosalud.es/old" "Mozilla/5.0 (Windows NT 10.0; Win64; x64) AppleWebKit/537.36 (KHTML, like Gecko) Chrome/74.0.3729.169 Safari/537.36"
13.72.242.126 - - [14/Nov/2024:06:11:14 +0000] "HEAD /new HTTP/1.1" 301 183 "-" "Mozilla/5.0 (Windows NT 10.0; Win64; x64) AppleWebKit/537.36 (KHTML, like Gecko) Chrome/74.0.3729.169 Safari/537.36"
13.72.242.126 - - [14/Nov/2024:06:11:14 +0000] "HEAD /new HTTP/1.1" 404 321 "http://urosalud.es/new" "Mozilla/5.0 (Windows NT 10.0; Win64; x64) AppleWebKit/537.36 (KHTML, like Gecko) Chrome/74.0.3729.169 Safari/537.36"
13.72.242.126 - - [14/Nov/2024:06:11:14 +0000] "HEAD /main HTTP/1.1" 301 184 "-" "Mozilla/5.0 (Windows NT 10.0; Win64; x64) AppleWebKit/537.36 (KHTML, like Gecko) Chrome/74.0.3729.169 Safari/537.36"
13.72.242.126 - - [14/Nov/2024:06:11:14 +0000] "HEAD /main HTTP/1.1" 404 321 "http://urosalud.es/main" "Mozilla/5.0 (Windows NT 10.0; Win64; x64) AppleWebKit/537.36 (KHTML, like Gecko) Chrome/74.0.3729.169 Safari/537.36"
13.72.242.126 - - [14/Nov/2024:06:11:15 +0000] "HEAD /home HTTP/1.1" 301 184 "-" "Mozilla/5.0 (Windows NT 10.0; Win64; x64) AppleWebKit/537.36 (KHTML, like Gecko) Chrome/74.0.3729.169 Safari/537.36"
13.72.242.126 - - [14/Nov/2024:06:11:15 +0000] "HEAD /home HTTP/1.1" 301 230 "http://urosalud.es/home" "Mozilla/5.0 (Windows NT 10.0; Win64; x64) AppleWebKit/537.36 (KHTML, like Gecko) Chrome/74.0.3729.169 Safari/537.36"
13.72.242.126 - - [14/Nov/2024:06:11:15 +0000] "HEAD / HTTP/1.1" 200 374 "https://urosalud.es/home" "Mozilla/5.0 (Windows NT 10.0; Win64; x64) AppleWebKit/537.36 (KHTML, like Gecko) Chrome/74.0.3729.169 Safari/537.36"
146.190.157.162 - - [14/Nov/2024:06:58:53 +0000] "POST /wp-cron.php?doing_wp_cron=1731567533.4356119632720947265625 HTTP/1.1" 200 2857 "-" "WordPress/6.7; https://urosalud.es"
104.152.52.63 - - [14/Nov/2024:06:58:53 +0000] "GET / HTTP/1.1" 200 46586 "-" "curl/7.61.1"
146.190.157.162 - - [14/Nov/2024:07:39:36 +0000] "POST /wp-cron.php?doing_wp_cron=1731569976.5460619926452636718750 HTTP/1.1" 200 2855 "-" "WordPress/6.7; https://urosalud.es"
45.148.10.206 - - [14/Nov/2024:07:39:36 +0000] "GET /.git/config HTTP/1.1" 404 39029 "-" "Mozilla/5.0 (Windows NT 6.1; Win64; x64) AppleWebKit/537.36 (KHTML, like Gecko) Chrome/77.0.3835.0 Safari/537.36"
146.190.157.162 - - [14/Nov/2024:08:21:24 +0000] "POST /wp-cron.php?doing_wp_cron=1731572484.7453091144561767578125 HTTP/1.1" 200 2857 "-" "WordPress/6.7; https://urosalud.es"
45.148.10.206 - - [14/Nov/2024:08:21:24 +0000] "GET /.git/config HTTP/1.1" 404 39026 "-" "Mozilla/5.0 (iPhone; CPU iPhone OS 8_3 like Mac OS X) AppleWebKit/600.1.4 (KHTML, like Gecko) Version/8.0 Mobile/12F70 Safari/600.1.4"
146.190.157.162 - - [14/Nov/2024:09:45:47 +0000] "POST /wp-cron.php?doing_wp_cron=1731577547.4844579696655273437500 HTTP/1.1" 200 2857 "-" "WordPress/6.7; https://urosalud.es"
104.152.52.59 - - [14/Nov/2024:09:45:47 +0000] "GET / HTTP/1.1" 301 2786 "-" "curl/7.61.1"
146.190.157.162 - - [14/Nov/2024:10:30:58 +0000] "POST /wp-cron.php?doing_wp_cron=1731580258.7637510299682617187500 HTTP/1.1" 200 2856 "-" "WordPress/6.7; https://urosalud.es"
45.148.10.206 - - [14/Nov/2024:10:30:58 +0000] "GET /.git/config HTTP/1.1" 301 2910 "-" "Mozilla/5.0 (Macintosh; Intel Mac OS X 10_14_2) AppleWebKit/605.1.15 (KHTML, like Gecko) Version/13.1 Safari/605.1.15"
146.190.157.162 - - [14/Nov/2024:10:53:28 +0000] "POST /wp-cron.php?doing_wp_cron=1731581608.5722870826721191406250 HTTP/1.1" 200 2856 "-" "WordPress/6.7; https://urosalud.es"
82.78.49.19 - - [14/Nov/2024:10:53:28 +0000] "GET / HTTP/1.1" 200 13784 "https://customercare.cylex.de/" "Mozilla/5.0 (Windows NT 10.0; Win64; x64) AppleWebKit/537.36 (KHTML, like Gecko) Chrome/130.0.0.0 Safari/537.36"
82.78.49.19 - - [14/Nov/2024:10:53:29 +0000] "GET /wp-content/plugins/contact-form-7/includes/css/styles.css?ver=5.9.8 HTTP/1.1" 200 3933 "https://urosalud.es/" "Mozilla/5.0 (Windows NT 10.0; Win64; x64) AppleWebKit/537.36 (KHTML, like Gecko) Chrome/130.0.0.0 Safari/537.36"
82.78.49.19 - - [14/Nov/2024:10:53:29 +0000] "GET /wp-includes/css/dist/block-library/style.min.css?ver=6.7 HTTP/1.1" 200 15604 "https://urosalud.es/" "Mozilla/5.0 (Windows NT 10.0; Win64; x64) AppleWebKit/537.36 (KHTML, like Gecko) Chrome/130.0.0.0 Safari/537.36"
82.78.49.19 - - [14/Nov/2024:10:53:29 +0000] "GET /wp-content/plugins/wp-pagenavi/pagenavi-css.css?ver=2.70 HTTP/1.1" 200 596 "https://urosalud.es/" "Mozilla/5.0 (Windows NT 10.0; Win64; x64) AppleWebKit/537.36 (KHTML, like Gecko) Chrome/130.0.0.0 Safari/537.36"
82.78.49.19 - - [14/Nov/2024:10:53:29 +0000] "GET /wp-content/themes/Divi/style.css?ver=4.9.1 HTTP/1.1" 200 83545 "https://urosalud.es/" "Mozilla/5.0 (Windows NT 10.0; Win64; x64) AppleWebKit/537.36 (KHTML, like Gecko) Chrome/130.0.0.0 Safari/537.36"
82.78.49.19 - - [14/Nov/2024:10:53:29 +0000] "GET /wp-includes/css/dashicons.min.css?ver=6.7 HTTP/1.1" 200 36222 "https://urosalud.es/" "Mozilla/5.0 (Windows NT 10.0; Win64; x64) AppleWebKit/537.36 (KHTML, like Gecko) Chrome/130.0.0.0 Safari/537.36"
82.78.49.19 - - [14/Nov/2024:10:53:29 +0000] "GET /wp-content/et-cache/86/et-core-unified-tb-26-tb-434-86-1731435765377.min.css HTTP/1.1" 200 2347 "https://urosalud.es/" "Mozilla/5.0 (Windows NT 10.0; Win64; x64) AppleWebKit/537.36 (KHTML, like Gecko) Chrome/130.0.0.0 Safari/537.36"
82.78.49.19 - - [14/Nov/2024:10:53:29 +0000] "GET /wp-content/et-cache/86/et-core-unified-86-1731435765377.min.css HTTP/1.1" 200 3702 "https://urosalud.es/" "Mozilla/5.0 (Windows NT 10.0; Win64; x64) AppleWebKit/537.36 (KHTML, like Gecko) Chrome/130.0.0.0 Safari/537.36"
82.78.49.19 - - [14/Nov/2024:10:53:29 +0000] "GET /wp-includes/js/jquery/jquery.min.js?ver=3.7.1 HTTP/1.1" 200 31170 "https://urosalud.es/" "Mozilla/5.0 (Windows NT 10.0; Win64; x64) AppleWebKit/537.36 (KHTML, like Gecko) Chrome/130.0.0.0 Safari/537.36"
82.78.49.19 - - [14/Nov/2024:10:53:29 +0000] "GET /wp-includes/js/jquery/jquery-migrate.min.js?ver=3.4.1 HTTP/1.1" 200 5238 "https://urosalud.es/" "Mozilla/5.0 (Windows NT 10.0; Win64; x64) AppleWebKit/537.36 (KHTML, like Gecko) Chrome/130.0.0.0 Safari/537.36"
82.78.49.19 - - [14/Nov/2024:10:53:30 +0000] "GET /wp-content/themes/Divi/core/admin/fonts/modules.ttf HTTP/1.1" 200 92951 "https://urosalud.es/" "Mozilla/5.0 (Windows NT 10.0; Win64; x64) AppleWebKit/537.36 (KHTML, like Gecko) Chrome/130.0.0.0 Safari/537.36"
82.78.49.19 - - [14/Nov/2024:10:53:30 +0000] "GET /wp-content/uploads/2024/10/Logo.png HTTP/1.1" 200 16229 "https://urosalud.es/" "Mozilla/5.0 (Windows NT 10.0; Win64; x64) AppleWebKit/537.36 (KHTML, like Gecko) Chrome/130.0.0.0 Safari/537.36"
82.78.49.19 - - [14/Nov/2024:10:53:30 +0000] "GET /wp-content/uploads/2024/10/461762649_2602455713275435_694335859116593698_n.jpg HTTP/1.1" 200 87088 "https://urosalud.es/" "Mozilla/5.0 (Windows NT 10.0; Win64; x64) AppleWebKit/537.36 (KHTML, like Gecko) Chrome/130.0.0.0 Safari/537.36"
82.78.49.19 - - [14/Nov/2024:10:53:30 +0000] "GET /wp-content/uploads/2024/10/Logo-blanco.png HTTP/1.1" 200 14172 "https://urosalud.es/" "Mozilla/5.0 (Windows NT 10.0; Win64; x64) AppleWebKit/537.36 (KHTML, like Gecko) Chrome/130.0.0.0 Safari/537.36"
82.78.49.19 - - [14/Nov/2024:10:53:30 +0000] "GET /wp-content/uploads/2024/10/kit_digital-1024x61-1.png HTTP/1.1" 200 63167 "https://urosalud.es/" "Mozilla/5.0 (Windows NT 10.0; Win64; x64) AppleWebKit/537.36 (KHTML, like Gecko) Chrome/130.0.0.0 Safari/537.36"
82.78.49.19 - - [14/Nov/2024:10:53:30 +0000] "GET /wp-includes/js/dist/hooks.min.js?ver=4d63a3d491d11ffd8ac6 HTTP/1.1" 200 2014 "https://urosalud.es/" "Mozilla/5.0 (Windows NT 10.0; Win64; x64) AppleWebKit/537.36 (KHTML, like Gecko) Chrome/130.0.0.0 Safari/537.36"
82.78.49.19 - - [14/Nov/2024:10:53:30 +0000] "GET /wp-content/plugins/contact-form-7/includes/swv/js/index.js?ver=5.9.8 HTTP/1.1" 200 3720 "https://urosalud.es/" "Mozilla/5.0 (Windows NT 10.0; Win64; x64) AppleWebKit/537.36 (KHTML, like Gecko) Chrome/130.0.0.0 Safari/537.36"
82.78.49.19 - - [14/Nov/2024:10:53:30 +0000] "GET /wp-includes/js/dist/i18n.min.js?ver=5e580eb46a90c2b997e6 HTTP/1.1" 200 4033 "https://urosalud.es/" "Mozilla/5.0 (Windows NT 10.0; Win64; x64) AppleWebKit/537.36 (KHTML, like Gecko) Chrome/130.0.0.0 Safari/537.36"
82.78.49.19 - - [14/Nov/2024:10:53:30 +0000] "GET /wp-content/plugins/contact-form-7/includes/js/index.js?ver=5.9.8 HTTP/1.1" 200 4623 "https://urosalud.es/" "Mozilla/5.0 (Windows NT 10.0; Win64; x64) AppleWebKit/537.36 (KHTML, like Gecko) Chrome/130.0.0.0 Safari/537.36"
82.78.49.19 - - [14/Nov/2024:10:53:30 +0000] "GET /wp-content/themes/Divi/core/admin/js/common.js?ver=4.9.1 HTTP/1.1" 200 930 "https://urosalud.es/" "Mozilla/5.0 (Windows NT 10.0; Win64; x64) AppleWebKit/537.36 (KHTML, like Gecko) Chrome/130.0.0.0 Safari/537.36"
82.78.49.19 - - [14/Nov/2024:10:53:30 +0000] "GET /wp-content/themes/Divi/js/custom.unified.js?ver=4.9.1 HTTP/1.1" 200 139339 "https://urosalud.es/" "Mozilla/5.0 (Windows NT 10.0; Win64; x64) AppleWebKit/537.36 (KHTML, like Gecko) Chrome/130.0.0.0 Safari/537.36"
82.78.49.19 - - [14/Nov/2024:10:53:31 +0000] "GET /wp-content/uploads/2023/11/05-What-People-Say-About-Us.png HTTP/1.1" 200 198673 "https://urosalud.es/" "Mozilla/5.0 (Windows NT 10.0; Win64; x64) AppleWebKit/537.36 (KHTML, like Gecko) Chrome/130.0.0.0 Safari/537.36"
82.78.49.19 - - [14/Nov/2024:10:53:31 +0000] "GET /wp-content/uploads/2024/10/Back1.jpg HTTP/1.1" 200 90706 "https://urosalud.es/wp-content/et-cache/86/et-core-unified-tb-26-tb-434-86-1731435765377.min.css" "Mozilla/5.0 (Windows NT 10.0; Win64; x64) AppleWebKit/537.36 (KHTML, like Gecko) Chrome/130.0.0.0 Safari/537.36"
82.78.49.19 - - [14/Nov/2024:10:53:31 +0000] "GET /wp-content/uploads/2024/10/Back4.jpg HTTP/1.1" 200 57268 "https://urosalud.es/" "Mozilla/5.0 (Windows NT 10.0; Win64; x64) AppleWebKit/537.36 (KHTML, like Gecko) Chrome/130.0.0.0 Safari/537.36"
82.78.49.19 - - [14/Nov/2024:10:53:31 +0000] "GET /wp-includes/js/wp-emoji-release.min.js?ver=6.7 HTTP/1.1" 200 5428 "https://urosalud.es/" "Mozilla/5.0 (Windows NT 10.0; Win64; x64) AppleWebKit/537.36 (KHTML, like Gecko) Chrome/130.0.0.0 Safari/537.36"
82.78.49.19 - - [14/Nov/2024:10:53:31 +0000] "GET /wp-content/uploads/2024/10/cropped-favicon-32x32.jpg HTTP/1.1" 200 1454 "https://urosalud.es/" "Mozilla/5.0 (Windows NT 10.0; Win64; x64) AppleWebKit/537.36 (KHTML, like Gecko) Chrome/130.0.0.0 Safari/537.36"
146.190.157.162 - - [14/Nov/2024:10:58:07 +0000] "POST /wp-cron.php?doing_wp_cron=1731581887.5688281059265136718750 HTTP/1.1" 200 2855 "-" "WordPress/6.7; https://urosalud.es"
104.166.80.2 - - [14/Nov/2024:10:58:07 +0000] "GET / HTTP/1.1" 200 13800 "-" "Mozilla/5.0 (X11; Linux i686; rv:109.0) Gecko/20100101 Firefox/120.0"
146.190.157.162 - - [14/Nov/2024:11:56:27 +0000] "POST /wp-cron.php?doing_wp_cron=1731585387.0498390197753906250000 HTTP/1.1" 200 2857 "-" "WordPress/6.7; https://urosalud.es"
104.166.80.51 - - [14/Nov/2024:11:56:26 +0000] "GET / HTTP/1.1" 200 13800 "-" "Mozilla/5.0 (X11; Linux i686; rv:109.0) Gecko/20100101 Firefox/120.0"
161.35.172.89 - - [14/Nov/2024:13:26:32 +0000] "GET / HTTP/1.1" 301 518 "-" "Mozilla/5.0 (X11; Linux x86_64) AppleWebKit/537.36 (KHTML, like Gecko) Chrome/129.0.0.0 Safari/537.36"
146.190.157.162 - - [14/Nov/2024:13:26:34 +0000] "POST /wp-cron.php?doing_wp_cron=1731590794.1020979881286621093750 HTTP/1.1" 200 2855 "-" "WordPress/6.7; https://urosalud.es"
161.35.172.89 - - [14/Nov/2024:13:26:33 +0000] "GET / HTTP/1.1" 301 2802 "-" "Mozilla/5.0 (X11; Linux x86_64) AppleWebKit/537.36 (KHTML, like Gecko) Chrome/129.0.0.0 Safari/537.36"
159.223.12.194 - - [14/Nov/2024:13:31:09 +0000] "GET / HTTP/1.1" 301 506 "-" "Mozilla/5.0 (X11; Linux x86_64) AppleWebKit/537.36 (KHTML, like Gecko) Chrome/129.0.0.0 Safari/537.36"
146.190.157.162 - - [14/Nov/2024:13:31:10 +0000] "POST /wp-cron.php?doing_wp_cron=1731591070.8516399860382080078125 HTTP/1.1" 200 2856 "-" "WordPress/6.7; https://urosalud.es"
159.223.12.194 - - [14/Nov/2024:13:31:10 +0000] "GET / HTTP/1.1" 200 13729 "-" "Mozilla/5.0 (X11; Linux x86_64) AppleWebKit/537.36 (KHTML, like Gecko) Chrome/129.0.0.0 Safari/537.36"
159.223.12.194 - - [14/Nov/2024:13:31:16 +0000] "GET /wp-content/uploads/2024/10/cropped-favicon-32x32.jpg HTTP/1.1" 200 3960 "https://urosalud.es/" "Mozilla/5.0 (X11; Linux x86_64) AppleWebKit/537.36 (KHTML, like Gecko) Chrome/129.0.0.0 Safari/537.36"
146.190.157.162 - - [14/Nov/2024:13:58:27 +0000] "POST /wp-cron.php?doing_wp_cron=1731592707.3469719886779785156250 HTTP/1.1" 200 2855 "-" "WordPress/6.7; https://urosalud.es"
18.216.99.253 - - [14/Nov/2024:13:58:26 +0000] "GET / HTTP/1.1" 200 13732 "-" "Mozilla/5.0 (Linux; Android 8.0.0; SM-A520F) AppleWebKit/537.36 (KHTML, like Gecko) Chrome/101.0.4951.41 Mobile Safari/537.36"
18.216.99.253 - - [14/Nov/2024:13:58:50 +0000] "GET //urosalud.es/wp-includes/js/dist/i18n.min.js HTTP/1.1" 301 2941 "-" "Mozilla/5.0 (Symbian/3; Series60/5.2 NokiaX7-00/021.004; Profile/MIDP-2.1 Configuration/CLDC-1.1 ) AppleWebKit/533.4 (KHTML, like Gecko) NokiaBrowser/7.3.1.21 Mobile Safari/533.4 3gpp-gba"
18.216.99.253 - - [14/Nov/2024:13:58:50 +0000] "GET //urosalud.es/wp-content/themes/Divi/js/custom.unified.js HTTP/1.1" 301 2954 "-" "Python-urllib/2.5"
18.216.99.253 - - [14/Nov/2024:13:58:50 +0000] "GET //urosalud.es/wp-includes/js/jquery/jquery-migrate.min.js HTTP/1.1" 301 2953 "-" "Mozilla/5.0 (Windows NT 10.0; Win64; x64) AppleWebKit/537.36 (KHTML, like Gecko) Chrome/100.0.4896.75 Safari/537.36"
18.216.99.253 - - [14/Nov/2024:13:58:50 +0000] "GET /index.js HTTP/1.1" 404 39026 "-" "Mozilla/5.0 (iPad; CPU OS 6_0 like Mac OS X) AppleWebKit/536.26 (KHTML, like Gecko) Version/6.0 Mobile/10A5355d Safari/8536.25"
18.216.99.253 - - [14/Nov/2024:13:58:50 +0000] "GET //urosalud.es/wp-content/plugins/contact-form-7/includes/swv/js/index.js HTTP/1.1" 301 2969 "-" "Mozilla/5.0 (Linux; Android 4.1.2; SHV-E250S Build/JZO54K) AppleWebKit/537.36 (KHTML, like Gecko) Chrome/30.0.1599.82 Mobile Safari/537.36"
18.216.99.253 - - [14/Nov/2024:13:58:50 +0000] "GET //kit.fontawesome.com/e89cdf5d76.js HTTP/1.1" 301 2930 "-" "Mozilla/5.0 (Android; Mobile; rv:35.0) Gecko/35.0 Firefox/35.0"
18.216.99.253 - - [14/Nov/2024:13:58:50 +0000] "GET //urosalud.es/wp-includes/js/dist/hooks.min.js HTTP/1.1" 301 2942 "-" "Mozilla/5.0 (Windows NT 10.0; WOW64) AppleWebKit/537.36 (KHTML, like Gecko) Chrome/101.0.4951.54 Safari/537.36 Edg/101.0.1210.39"
18.216.99.253 - - [14/Nov/2024:13:58:50 +0000] "GET //urosalud.es/wp-content/themes/Divi/core/admin/js/common.js HTTP/1.1" 301 2956 "-" "Mozilla/5.0 (Linux; Android 7.1.1; CPH1729) AppleWebKit/537.36 (KHTML, like Gecko) Chrome/97.0.4692.98 Mobile Safari/537.36"
18.216.99.253 - - [14/Nov/2024:13:58:50 +0000] "GET //urosalud.es/wp-includes/js/jquery/jquery.min.js HTTP/1.1" 301 2945 "-" "BlackBerry7100i/4.1.0 Profile/MIDP-2.0 Configuration/CLDC-1.1 VendorID/103"
18.216.99.253 - - [14/Nov/2024:13:58:50 +0000] "GET //urosalud.es/wp-content/plugins/contact-form-7/includes/js/index.js HTTP/1.1" 301 2964 "-" "Mozilla/5.0 (Macintosh; Intel Mac OS X 10_15_7) AppleWebKit/537.36 (KHTML, like Gecko) Chrome/100.0.4896.88 Safari/537.36"
18.216.99.253 - - [14/Nov/2024:13:58:50 +0000] "GET /wp-emoji-release.min.js HTTP/1.1" 404 39021 "-" "Mozilla/5.0 (compatible; YandexBot/3.0; +http://yandex.com/bots)"
18.216.99.253 - - [14/Nov/2024:13:59:33 +0000] "GET //kit.fontawesome.com/e89cdf5d76.js HTTP/1.1" 301 2931 "-" "Mozilla/5.0 (X11; U; Linux armv7l like Android; en-us) AppleWebKit/531.2+ (KHTML, like Gecko) Version/5.0 Safari/533.2+ Kindle/3.0+"
18.216.99.253 - - [14/Nov/2024:13:59:33 +0000] "GET //urosalud.es/wp-content/themes/Divi/core/admin/js/common.js HTTP/1.1" 301 2957 "-" "Mozilla/5.0 (Linux; Android 11; moto g(40) fusion) AppleWebKit/537.36 (KHTML, like Gecko) Chrome/101.0.4951.41 Mobile Safari/537.36"
18.216.99.253 - - [14/Nov/2024:13:59:33 +0000] "GET //urosalud.es/wp-content/themes/Divi/js/custom.unified.js HTTP/1.1" 301 2954 "-" "Mozilla/5.0 (Macintosh; Intel Mac OS X 10_15_7) AppleWebKit/537.36 (KHTML, like Gecko) Chrome/95.0.4638.54 Safari/537.36"
18.216.99.253 - - [14/Nov/2024:13:59:33 +0000] "GET //urosalud.es/wp-content/plugins/contact-form-7/includes/js/index.js HTTP/1.1" 301 2963 "-" "Mozilla/5.0 (X11; U; Linux x86_64; en-US) AppleWebKit/534.15 (KHTML, like Gecko) Chrome/10.0.613.0 Safari/534.15"
18.216.99.253 - - [14/Nov/2024:13:59:33 +0000] "GET //urosalud.es/wp-includes/js/dist/hooks.min.js HTTP/1.1" 301 2943 "-" "Mozilla/5.0 (Windows NT 10.0; WOW64) AppleWebKit/537.36 (KHTML, like Gecko) Chrome/96.0.4664.45 Safari/537.36"
18.216.99.253 - - [14/Nov/2024:13:59:33 +0000] "GET //urosalud.es/wp-includes/js/jquery/jquery.min.js HTTP/1.1" 301 2945 "-" "Mozilla/5.0 (Macintosh; U; Intel Mac OS X 10_6_3; en-us; Silk/1.0.13.81_10003810) AppleWebKit/533.16 (KHTML, like Gecko) Version/5.0 Safari/533.16 Silk-Accelerated=true"
18.216.99.253 - - [14/Nov/2024:13:59:33 +0000] "GET //urosalud.es/wp-includes/js/dist/i18n.min.js HTTP/1.1" 301 2942 "-" "Mozilla/5.0 (Windows NT 10.0; WOW64) AppleWebKit/537.36 (KHTML, like Gecko) Chrome/101.0.4951.64 Safari/537.36"
18.216.99.253 - - [14/Nov/2024:13:59:33 +0000] "GET /wp-emoji-release.min.js HTTP/1.1" 404 39029 "-" "Mozilla/5.0 (Windows NT 6.2; ARM; Trident/7.0; Touch; rv:11.0; WPDesktop; NOKIA; Lumia 635) like Gecko"
18.216.99.253 - - [14/Nov/2024:13:59:35 +0000] "GET //urosalud.es/wp-includes/js/jquery/jquery-migrate.min.js HTTP/1.1" 301 2953 "-" "Mozilla/5.0 (Android; Linux armv7l; rv:2.0.1) Gecko/20100101 Firefox/4.0.1 Fennec/2.0.1"
18.216.99.253 - - [14/Nov/2024:13:59:35 +0000] "GET //urosalud.es/wp-content/plugins/contact-form-7/includes/swv/js/index.js HTTP/1.1" 301 2969 "-" "Mozilla/5.0 (Macintosh; Intel Mac OS X 10_15_7) AppleWebKit/605.1.15 (KHTML, like Gecko)"
18.216.99.253 - - [14/Nov/2024:13:59:35 +0000] "GET /index.js HTTP/1.1" 404 39025 "-" "Mozilla/5.0 (iPhone; CPU iPhone OS 15_1_1 like Mac OS X) AppleWebKit/605.1.15 (KHTML, like Gecko) Version/15.1 Mobile/15E148 Safari/604.1"
18.216.99.253 - - [14/Nov/2024:14:00:17 +0000] "GET //urosalud.es/wp-content/themes/Divi/js/custom.unified.js HTTP/1.1" 301 2953 "-" "Mozilla/5.0 (Linux; Android 8.0.0; F8331) AppleWebKit/537.36 (KHTML, like Gecko) Chrome/100.0.4896.88 Mobile Safari/537.36"
18.216.99.253 - - [14/Nov/2024:14:00:17 +0000] "GET //kit.fontawesome.com/e89cdf5d76.js HTTP/1.1" 301 2931 "-" "Mozilla/5.0 (Linux; Android 10; MI 8) AppleWebKit/537.36 (KHTML, like Gecko) Chrome/101.0.4951.61 Mobile Safari/537.36"
18.216.99.253 - - [14/Nov/2024:14:00:17 +0000] "GET //urosalud.es/wp-includes/js/dist/hooks.min.js HTTP/1.1" 301 2942 "-" "Mozilla/5.0 (Windows NT 6.2; WOW64; rv:39.0) Gecko/20100101 Firefox/39.0"
18.216.99.253 - - [14/Nov/2024:14:00:17 +0000] "GET //urosalud.es/wp-includes/js/jquery/jquery.min.js HTTP/1.1" 301 2945 "-" "WebCopier v4.6"
18.216.99.253 - - [14/Nov/2024:14:00:17 +0000] "GET //urosalud.es/wp-includes/js/dist/i18n.min.js HTTP/1.1" 301 2940 "-" "Opera/9.80 (Macintosh; Intel Mac OS X 10.6.8; U; fr) Presto/2.9.168 Version/11.52"
18.216.99.253 - - [14/Nov/2024:14:00:17 +0000] "GET //urosalud.es/wp-content/themes/Divi/core/admin/js/common.js HTTP/1.1" 301 2957 "-" "Mozilla/5.0 (X11; Linux x86_64) AppleWebKit/537.36 (KHTML, like Gecko) Chrome/96.0.4664.110 Safari/537.36"
18.216.99.253 - - [14/Nov/2024:14:00:17 +0000] "GET //urosalud.es/wp-content/plugins/contact-form-7/includes/swv/js/index.js HTTP/1.1" 301 2967 "-" "Mozilla/5.0 (OS/2; U; OS/2; en-US) AppleWebKit/533.3 (KHTML, like Gecko) Arora/0.11.0 Safari/533.3"
18.216.99.253 - - [14/Nov/2024:14:00:17 +0000] "GET /wp-emoji-release.min.js HTTP/1.1" 404 39028 "-" "Mozilla/5.0 (Linux; U; Android 2.2; en-ca; GT-P1000M Build/FROYO) AppleWebKit/533.1 (KHTML, like Gecko) Version/4.0 Mobile Safari/533.1"
18.216.99.253 - - [14/Nov/2024:14:00:17 +0000] "GET /index.js HTTP/1.1" 404 39025 "-" "Mozilla/5.0 (Macintosh; Intel Mac OS X 10_8_4) AppleWebKit/537.31 (KHTML like Gecko) Chrome/26.0.1410.63 Safari/537.31"
18.216.99.253 - - [14/Nov/2024:14:00:18 +0000] "GET //urosalud.es/wp-includes/js/jquery/jquery-migrate.min.js HTTP/1.1" 301 2951 "-" "Mozilla/5.0 (X11; Linux x86_64) AppleWebKit/537.36 (KHTML, like Gecko) Chrome/98.0.4758.102 Safari/537.36"
18.216.99.253 - - [14/Nov/2024:14:00:18 +0000] "GET //urosalud.es/wp-content/plugins/contact-form-7/includes/js/index.js HTTP/1.1" 301 2964 "-" "Mozilla/5.0 (Linux; Android 12; Pixel 6) AppleWebKit/537.36 (KHTML, like Gecko) Chrome/101.0.4951.41 Mobile Safari/537.36"
18.216.99.253 - - [14/Nov/2024:14:00:59 +0000] "GET //urosalud.es/wp-includes/js/jquery/jquery-migrate.min.js HTTP/1.1" 301 2953 "-" "Mozilla/5.0 (Windows NT 10.0; Win64; x64) AppleWebKit/537.36 (KHTML, like Gecko) Chrome/101.0.4951.67 Safari/537.36"
18.216.99.253 - - [14/Nov/2024:14:01:00 +0000] "GET //urosalud.es/wp-content/plugins/contact-form-7/includes/js/index.js HTTP/1.1" 301 2965 "-" "Mozilla/5.0 (Macintosh; Intel Mac OS X 10_15_6) AppleWebKit/605.1.15 (KHTML, like Gecko) Flipboard/4.2.142"
18.216.99.253 - - [14/Nov/2024:14:00:59 +0000] "GET //urosalud.es/wp-includes/js/dist/i18n.min.js HTTP/1.1" 301 2942 "-" "Mozilla/5.0 (Windows NT 6.1; WOW64) AppleWebKit/537.36 (KHTML, like Gecko) Chrome/100.0.4896.60 Safari/537.36"
18.216.99.253 - - [14/Nov/2024:14:01:00 +0000] "GET //urosalud.es/wp-content/themes/Divi/core/admin/js/common.js HTTP/1.1" 301 2956 "-" "WebZIP/3.5 (http://www.spidersoft.com)"
18.216.99.253 - - [14/Nov/2024:14:00:59 +0000] "GET //urosalud.es/wp-content/plugins/contact-form-7/includes/swv/js/index.js HTTP/1.1" 301 2969 "-" "Mozilla/5.0 (en-us) AppleWebKit/525.13 (KHTML, like Gecko; Google Web Preview) Version/3.1 Safari/525.13"
18.216.99.253 - - [14/Nov/2024:14:00:59 +0000] "GET //urosalud.es/wp-includes/js/dist/hooks.min.js HTTP/1.1" 301 2941 "-" "SAMSUNG-SGH-A867/A867UCHJ3 SHP/VPP/R5 NetFront/35 SMM-MMS/1.2.0 profile/MIDP-2.0 configuration/CLDC-1.1 UP.Link/6.3.0.0.0"
18.216.99.253 - - [14/Nov/2024:14:01:00 +0000] "GET //urosalud.es/wp-content/themes/Divi/js/custom.unified.js HTTP/1.1" 301 2952 "-" "Mozilla/5.0 (Windows; U; Windows NT 5.1; tr; rv:1.9.2.8) Gecko/20100722 Firefox/3.6.8 ( .NET CLR 3.5.30729; .NET4.0E)"
18.216.99.253 - - [14/Nov/2024:14:01:00 +0000] "GET //kit.fontawesome.com/e89cdf5d76.js HTTP/1.1" 301 2932 "-" "Mozilla/5.0 (MeeGo; NokiaN9) AppleWebKit/534.13 (KHTML, like Gecko) NokiaBrowser/8.5.0 Mobile Safari/534.13"
18.216.99.253 - - [14/Nov/2024:14:01:00 +0000] "GET /index.js HTTP/1.1" 404 39026 "-" "Mozilla/5.0 (Macintosh; Intel Mac OS X 10_15_4) AppleWebKit/537.36 (KHTML, like Gecko) Chrome/101.0.4951.64 Safari/537.36"
18.216.99.253 - - [14/Nov/2024:14:01:00 +0000] "GET /wp-emoji-release.min.js HTTP/1.1" 404 39021 "-" "Mozilla/5.0 (X11; NetBSD x86; en-us) AppleWebKit/666.6+ (KHTML, like Gecko) Chromium/20.0.0000.00 Chrome/20.0.0000.00 Safari/666.6+"
18.216.99.253 - - [14/Nov/2024:14:01:00 +0000] "GET //urosalud.es/wp-includes/js/jquery/jquery.min.js HTTP/1.1" 301 2944 "-" "Mozilla/5.0 (Linux; Android 12; SM-N9860) AppleWebKit/537.36 (KHTML, like Gecko) Chrome/101.0.4951.41 Mobile Safari/537.36"
18.216.99.253 - - [14/Nov/2024:14:01:47 +0000] "GET //urosalud.es/wp-content/themes/Divi/js/custom.unified.js HTTP/1.1" 301 2952 "-" "Opera/9.60 (J2ME/MIDP; Opera Mini/4.2.14320/554; U; cs) Presto/2.2.0"
18.216.99.253 - - [14/Nov/2024:14:01:47 +0000] "GET //urosalud.es/wp-content/themes/Divi/core/admin/js/common.js HTTP/1.1" 301 2955 "-" "Mozilla/5.0 (X11; FreeBSD amd64; rv:54.0) Gecko/20100101 Firefox/54.0"
18.216.99.253 - - [14/Nov/2024:14:01:47 +0000] "GET //urosalud.es/wp-includes/js/jquery/jquery-migrate.min.js HTTP/1.1" 301 2954 "-" "Opera/9.80 (Android; Opera Mini/9.0.1829/66.318; U; en) Presto/2.12.423 Version/12.16"
18.216.99.253 - - [14/Nov/2024:14:01:47 +0000] "GET //urosalud.es/wp-content/plugins/contact-form-7/includes/js/index.js HTTP/1.1" 301 2963 "-" "Mozilla/5.0 (X11; U; Linux x86_64; us; rv:1.9.1.19) Gecko/20110430 shadowfox/7.0 (like Firefox/7.0"
18.216.99.253 - - [14/Nov/2024:14:01:47 +0000] "GET //urosalud.es/wp-content/plugins/contact-form-7/includes/swv/js/index.js HTTP/1.1" 301 2968 "-" "Mozilla/5.0 (X11; Linux x86_64) AppleWebKit/537.36 (KHTML, like Gecko) Chrome/102.0.4997.0 Safari/537.36"
18.216.99.253 - - [14/Nov/2024:14:01:47 +0000] "GET //urosalud.es/wp-includes/js/jquery/jquery.min.js HTTP/1.1" 301 2945 "-" "WebCopier v4.6"
18.216.99.253 - - [14/Nov/2024:14:01:47 +0000] "GET //urosalud.es/wp-includes/js/dist/i18n.min.js HTTP/1.1" 301 2942 "-" "Mozilla/5.0 (X11; Linux i686; rv:32.0) Gecko/20100101 Firefox/32.0"
18.216.99.253 - - [14/Nov/2024:14:01:47 +0000] "GET //urosalud.es/wp-includes/js/dist/hooks.min.js HTTP/1.1" 301 2943 "-" "Mozilla/5.0 (X11; NetBSD amd64; rv:30.0) Gecko/20100101 Firefox/30.0"
18.216.99.253 - - [14/Nov/2024:14:01:48 +0000] "GET //kit.fontawesome.com/e89cdf5d76.js HTTP/1.1" 301 2932 "-" "Mozilla/5.0 (Linux; Android 10; HMA-L29) AppleWebKit/537.36 (KHTML, like Gecko) Chrome/84.0.4147.89 Mobile Safari/537.36"
18.216.99.253 - - [14/Nov/2024:14:01:47 +0000] "GET /wp-emoji-release.min.js HTTP/1.1" 404 39026 "-" "Mozilla/5.0 (Linux; Android 11; SM-M315F) AppleWebKit/537.36 (KHTML, like Gecko) Chrome/101.0.4951.41 Mobile Safari/537.36"
18.216.99.253 - - [14/Nov/2024:14:01:47 +0000] "GET /index.js HTTP/1.1" 404 39029 "-" "Mozilla/5.0 (Windows NT 10.0; WOW64) AppleWebKit/537.36 (KHTML, like Gecko) Chrome/57.0.2987.133 AOL/11.0 AOLBUILD/11.0.1305 Safari/537.36"
18.216.99.253 - - [14/Nov/2024:14:02:27 +0000] "GET //urosalud.es/wp-includes/js/jquery/jquery.min.js HTTP/1.1" 301 2944 "-" "Mozilla/5.0 (SymbianOS/9.1; U; en-us) AppleWebKit/413 (KHTML, like Gecko) Safari/413 es50"
18.216.99.253 - - [14/Nov/2024:14:02:27 +0000] "GET //urosalud.es/wp-includes/js/jquery/jquery-migrate.min.js HTTP/1.1" 301 2953 "-" "msnbot-media/1.1 ( http://search.msn.com/msnbot.htm)"
18.216.99.253 - - [14/Nov/2024:14:02:27 +0000] "GET //urosalud.es/wp-content/themes/Divi/js/custom.unified.js HTTP/1.1" 301 2953 "-" "Mozilla/5.0 (X11; Linux x86_64; rv:15.0) Gecko/20120724 Debian Iceweasel/15.02"
18.216.99.253 - - [14/Nov/2024:14:02:27 +0000] "GET //urosalud.es/wp-includes/js/dist/hooks.min.js HTTP/1.1" 301 2942 "-" "Mozilla/5.0 (Linux; Android 11; SM-A505FN) AppleWebKit/537.36 (KHTML, like Gecko) Chrome/101.0.4951.41 Mobile Safari/537.36"
18.216.99.253 - - [14/Nov/2024:14:02:27 +0000] "GET //urosalud.es/wp-includes/js/dist/i18n.min.js HTTP/1.1" 301 2942 "-" "Mozilla/5.0 (Linux; Android 12; KB2005) AppleWebKit/537.36 (KHTML, like Gecko) Chrome/101.0.4951.61 Mobile Safari/537.36"
18.216.99.253 - - [14/Nov/2024:14:02:27 +0000] "GET //kit.fontawesome.com/e89cdf5d76.js HTTP/1.1" 301 2930 "-" "Screaming Frog SEO Spider/8.1"
18.216.99.253 - - [14/Nov/2024:14:02:27 +0000] "GET //urosalud.es/wp-content/plugins/contact-form-7/includes/swv/js/index.js HTTP/1.1" 301 2967 "-" "Mozilla/5.0 (X11; Fedora; Linux x86_64) AppleWebKit/537.36 (KHTML, like Gecko) Chrome/62.0.3178.0 Safari/537.36"
18.216.99.253 - - [14/Nov/2024:14:02:27 +0000] "GET //urosalud.es/wp-content/themes/Divi/core/admin/js/common.js HTTP/1.1" 301 2956 "-" "Mozilla/5.0 (X11; Linux x86_64) AppleWebKit/537.36 (KHTML, like Gecko) Chrome/33.0.1750.166 Safari/537.36 OPR/20.0.1396.73172"
18.216.99.253 - - [14/Nov/2024:14:02:27 +0000] "GET //urosalud.es/wp-content/plugins/contact-form-7/includes/js/index.js HTTP/1.1" 301 2965 "-" "Mozilla/5.0 (Windows NT 5.1) AppleWebKit/537.36 (KHTML, like Gecko) Chrome/56.0.2924.87 YaBrowser/17.3.0.1785 Yowser/2.5 Safari/537.36"
18.216.99.253 - - [14/Nov/2024:14:02:27 +0000] "GET /index.js HTTP/1.1" 404 39028 "-" "Mozilla/5.0 (Linux; Android 10; DL1036) AppleWebKit/537.36 (KHTML, like Gecko) Chrome/81.0.4044.138 Safari/537.36"
