191.80.167.255 - - [04/Nov/2024:14:59:28 +0000] "POST /wp-admin/admin-ajax.php HTTP/1.1" 200 903 "http://urosalud.devuocloud.com/et_header_layout/theme-builder-layout-3/?et_fb=1&PageSpeed=off&et_tb=1" "Mozilla/5.0 (Windows NT 10.0; Win64; x64) AppleWebKit/537.36 (KHTML, like Gecko) Chrome/130.0.0.0 Safari/537.36"
191.80.167.255 - - [04/Nov/2024:14:59:47 +0000] "POST /wp-admin/admin-ajax.php HTTP/1.1" 200 606 "http://urosalud.devuocloud.com/wp-admin/admin.php?page=et_theme_builder" "Mozilla/5.0 (Windows NT 10.0; Win64; x64) AppleWebKit/537.36 (KHTML, like Gecko) Chrome/130.0.0.0 Safari/537.36"
191.80.167.255 - - [04/Nov/2024:15:00:52 +0000] "POST /wp-admin/admin-ajax.php HTTP/1.1" 200 606 "http://urosalud.devuocloud.com/wp-admin/admin.php?page=et_theme_builder" "Mozilla/5.0 (Windows NT 10.0; Win64; x64) AppleWebKit/537.36 (KHTML, like Gecko) Chrome/130.0.0.0 Safari/537.36"
191.80.167.255 - - [04/Nov/2024:15:00:52 +0000] "POST /wp-admin/admin-ajax.php HTTP/1.1" 200 723 "http://urosalud.devuocloud.com/et_header_layout/theme-builder-layout-3/?et_fb=1&PageSpeed=off&et_tb=1" "Mozilla/5.0 (Windows NT 10.0; Win64; x64) AppleWebKit/537.36 (KHTML, like Gecko) Chrome/130.0.0.0 Safari/537.36"
191.80.167.255 - - [04/Nov/2024:15:00:59 +0000] "POST /wp-admin/admin-ajax.php HTTP/1.1" 200 6676 "http://urosalud.devuocloud.com/wp-admin/admin.php?page=et_theme_builder" "Mozilla/5.0 (Windows NT 10.0; Win64; x64) AppleWebKit/537.36 (KHTML, like Gecko) Chrome/130.0.0.0 Safari/537.36"
191.80.167.255 - - [04/Nov/2024:15:01:02 +0000] "GET /wp-admin/admin.php?page=et_divi_options HTTP/1.1" 200 47272 "http://urosalud.devuocloud.com/wp-admin/admin.php?page=et_theme_builder" "Mozilla/5.0 (Windows NT 10.0; Win64; x64) AppleWebKit/537.36 (KHTML, like Gecko) Chrome/130.0.0.0 Safari/537.36"
191.80.167.255 - - [04/Nov/2024:15:01:17 +0000] "GET /wp-login.php?action=logout&_wpnonce=81d5fb4d8d HTTP/1.1" 302 2579 "http://urosalud.devuocloud.com/wp-admin/admin.php?page=et_divi_options" "Mozilla/5.0 (Windows NT 10.0; Win64; x64) AppleWebKit/537.36 (KHTML, like Gecko) Chrome/130.0.0.0 Safari/537.36"
191.80.167.255 - - [04/Nov/2024:15:01:17 +0000] "GET /wp-login.php?loggedout=true&wp_lang=es_ES HTTP/1.1" 200 3597 "http://urosalud.devuocloud.com/wp-admin/admin.php?page=et_divi_options" "Mozilla/5.0 (Windows NT 10.0; Win64; x64) AppleWebKit/537.36 (KHTML, like Gecko) Chrome/130.0.0.0 Safari/537.36"
191.80.167.255 - - [04/Nov/2024:15:03:29 +0000] "GET /wp-login.php?redirect_to=http%3A%2F%2Furosalud.devuocloud.com%2Fwp-admin%2F&reauth=1 HTTP/1.1" 200 5474 "-" "Mozilla/5.0 (Windows NT 10.0; Win64; x64) AppleWebKit/537.36 (KHTML, like Gecko) Chrome/130.0.0.0 Safari/537.36"
191.80.167.255 - - [04/Nov/2024:15:03:33 +0000] "GET / HTTP/1.1" 200 11207 "-" "Mozilla/5.0 (Windows NT 10.0; Win64; x64) AppleWebKit/537.36 (KHTML, like Gecko) Chrome/130.0.0.0 Safari/537.36"
191.80.167.255 - - [04/Nov/2024:15:03:34 +0000] "GET /wp-content/themes/Divi/style.css?ver=4.9.1 HTTP/1.1" 200 83127 "http://urosalud.devuocloud.com/" "Mozilla/5.0 (Windows NT 10.0; Win64; x64) AppleWebKit/537.36 (KHTML, like Gecko) Chrome/130.0.0.0 Safari/537.36"
191.80.167.255 - - [04/Nov/2024:15:03:34 +0000] "GET /wp-content/et-cache/86/et-core-unified-tb-26-tb-434-86-1730232481832.min.css HTTP/1.1" 200 2334 "http://urosalud.devuocloud.com/" "Mozilla/5.0 (Windows NT 10.0; Win64; x64) AppleWebKit/537.36 (KHTML, like Gecko) Chrome/130.0.0.0 Safari/537.36"
191.80.167.255 - - [04/Nov/2024:15:03:34 +0000] "GET /wp-content/et-cache/86/et-core-unified-86-1730232481832.min.css HTTP/1.1" 200 3681 "http://urosalud.devuocloud.com/" "Mozilla/5.0 (Windows NT 10.0; Win64; x64) AppleWebKit/537.36 (KHTML, like Gecko) Chrome/130.0.0.0 Safari/537.36"
191.80.167.255 - - [04/Nov/2024:15:03:34 +0000] "GET /wp-content/uploads/2024/10/461762649_2602455713275435_694335859116593698_n.jpg HTTP/1.1" 200 86847 "http://urosalud.devuocloud.com/" "Mozilla/5.0 (Windows NT 10.0; Win64; x64) AppleWebKit/537.36 (KHTML, like Gecko) Chrome/130.0.0.0 Safari/537.36"
191.80.167.255 - - [04/Nov/2024:15:03:34 +0000] "GET /wp-content/uploads/2024/10/Back4.jpg HTTP/1.1" 200 57092 "http://urosalud.devuocloud.com/" "Mozilla/5.0 (Windows NT 10.0; Win64; x64) AppleWebKit/537.36 (KHTML, like Gecko) Chrome/130.0.0.0 Safari/537.36"
191.80.167.255 - - [04/Nov/2024:15:03:34 +0000] "GET /wp-content/uploads/2024/10/Back1.jpg HTTP/1.1" 200 90442 "http://urosalud.devuocloud.com/wp-content/et-cache/86/et-core-unified-tb-26-tb-434-86-1730232481832.min.css" "Mozilla/5.0 (Windows NT 10.0; Win64; x64) AppleWebKit/537.36 (KHTML, like Gecko) Chrome/130.0.0.0 Safari/537.36"
191.80.167.255 - - [04/Nov/2024:15:03:34 +0000] "GET /wp-content/uploads/2023/11/05-What-People-Say-About-Us.png HTTP/1.1" 200 198123 "http://urosalud.devuocloud.com/" "Mozilla/5.0 (Windows NT 10.0; Win64; x64) AppleWebKit/537.36 (KHTML, like Gecko) Chrome/130.0.0.0 Safari/537.36"
191.80.167.255 - - [04/Nov/2024:15:03:45 +0000] "GET /wp-content/uploads/2024/10/home-hero_mb2.jpg HTTP/1.1" 200 44990 "http://urosalud.devuocloud.com/wp-content/et-cache/86/et-core-unified-tb-26-tb-434-86-1730232481832.min.css" "Mozilla/5.0 (Windows NT 10.0; Win64; x64) AppleWebKit/537.36 (KHTML, like Gecko) Chrome/130.0.0.0 Safari/537.36"
191.80.167.255 - - [04/Nov/2024:15:03:46 +0000] "GET /wp-content/themes/Divi/js/custom.unified.js.map HTTP/1.1" 404 25819 "-" "Mozilla/5.0 (Windows NT 10.0; Win64; x64) AppleWebKit/537.36 (KHTML, like Gecko) Chrome/130.0.0.0 Safari/537.36"
201.219.70.221 - - [12/Nov/2024:18:16:48 +0000] "GET / HTTP/1.1" 200 11206 "-" "Mozilla/5.0 (Windows NT 10.0; Win64; x64) AppleWebKit/537.36 (KHTML, like Gecko) Chrome/130.0.0.0 Safari/537.36"
201.219.70.221 - - [12/Nov/2024:18:16:50 +0000] "GET /wp-content/plugins/contact-form-7/includes/css/styles.css?ver=5.9.8 HTTP/1.1" 200 1352 "http://urosalud.devuocloud.com/" "Mozilla/5.0 (Windows NT 10.0; Win64; x64) AppleWebKit/537.36 (KHTML, like Gecko) Chrome/130.0.0.0 Safari/537.36"
201.219.70.221 - - [12/Nov/2024:18:16:50 +0000] "GET /wp-includes/css/dist/block-library/style.min.css?ver=6.6.2 HTTP/1.1" 200 15179 "http://urosalud.devuocloud.com/" "Mozilla/5.0 (Windows NT 10.0; Win64; x64) AppleWebKit/537.36 (KHTML, like Gecko) Chrome/130.0.0.0 Safari/537.36"
201.219.70.221 - - [12/Nov/2024:18:16:50 +0000] "GET /wp-content/plugins/wp-pagenavi/pagenavi-css.css?ver=2.70 HTTP/1.1" 200 575 "http://urosalud.devuocloud.com/" "Mozilla/5.0 (Windows NT 10.0; Win64; x64) AppleWebKit/537.36 (KHTML, like Gecko) Chrome/130.0.0.0 Safari/537.36"
201.219.70.221 - - [12/Nov/2024:18:16:50 +0000] "GET /wp-includes/css/dashicons.min.css?ver=6.6.2 HTTP/1.1" 200 36068 "http://urosalud.devuocloud.com/" "Mozilla/5.0 (Windows NT 10.0; Win64; x64) AppleWebKit/537.36 (KHTML, like Gecko) Chrome/130.0.0.0 Safari/537.36"
201.219.70.221 - - [12/Nov/2024:18:16:50 +0000] "GET /wp-content/et-cache/86/et-core-unified-tb-26-tb-434-86-1730232481832.min.css HTTP/1.1" 200 2334 "http://urosalud.devuocloud.com/" "Mozilla/5.0 (Windows NT 10.0; Win64; x64) AppleWebKit/537.36 (KHTML, like Gecko) Chrome/130.0.0.0 Safari/537.36"
201.219.70.221 - - [12/Nov/2024:18:16:50 +0000] "GET /wp-content/et-cache/86/et-core-unified-86-1730232481832.min.css HTTP/1.1" 200 3681 "http://urosalud.devuocloud.com/" "Mozilla/5.0 (Windows NT 10.0; Win64; x64) AppleWebKit/537.36 (KHTML, like Gecko) Chrome/130.0.0.0 Safari/537.36"
201.219.70.221 - - [12/Nov/2024:18:16:50 +0000] "GET /wp-includes/js/jquery/jquery.min.js?ver=3.7.1 HTTP/1.1" 200 30715 "http://urosalud.devuocloud.com/" "Mozilla/5.0 (Windows NT 10.0; Win64; x64) AppleWebKit/537.36 (KHTML, like Gecko) Chrome/130.0.0.0 Safari/537.36"
201.219.70.221 - - [12/Nov/2024:18:16:51 +0000] "GET /wp-includes/js/jquery/jquery-migrate.min.js?ver=3.4.1 HTTP/1.1" 200 5216 "http://urosalud.devuocloud.com/" "Mozilla/5.0 (Windows NT 10.0; Win64; x64) AppleWebKit/537.36 (KHTML, like Gecko) Chrome/130.0.0.0 Safari/537.36"
201.219.70.221 - - [12/Nov/2024:18:16:51 +0000] "GET /wp-content/themes/Divi/core/admin/fonts/modules.ttf HTTP/1.1" 200 92687 "http://urosalud.devuocloud.com/" "Mozilla/5.0 (Windows NT 10.0; Win64; x64) AppleWebKit/537.36 (KHTML, like Gecko) Chrome/130.0.0.0 Safari/537.36"
201.219.70.221 - - [12/Nov/2024:18:16:50 +0000] "GET /wp-content/themes/Divi/style.css?ver=4.9.1 HTTP/1.1" 200 83127 "http://urosalud.devuocloud.com/" "Mozilla/5.0 (Windows NT 10.0; Win64; x64) AppleWebKit/537.36 (KHTML, like Gecko) Chrome/130.0.0.0 Safari/537.36"
201.219.70.221 - - [12/Nov/2024:18:16:51 +0000] "GET /wp-content/uploads/2024/10/Logo.png HTTP/1.1" 200 16185 "http://urosalud.devuocloud.com/" "Mozilla/5.0 (Windows NT 10.0; Win64; x64) AppleWebKit/537.36 (KHTML, like Gecko) Chrome/130.0.0.0 Safari/537.36"
201.219.70.221 - - [12/Nov/2024:18:16:51 +0000] "GET /wp-content/uploads/2024/10/461762649_2602455713275435_694335859116593698_n.jpg HTTP/1.1" 200 86846 "http://urosalud.devuocloud.com/" "Mozilla/5.0 (Windows NT 10.0; Win64; x64) AppleWebKit/537.36 (KHTML, like Gecko) Chrome/130.0.0.0 Safari/537.36"
201.219.70.221 - - [12/Nov/2024:18:16:51 +0000] "GET /wp-content/uploads/2024/10/Logo-blanco.png HTTP/1.1" 200 14128 "http://urosalud.devuocloud.com/" "Mozilla/5.0 (Windows NT 10.0; Win64; x64) AppleWebKit/537.36 (KHTML, like Gecko) Chrome/130.0.0.0 Safari/537.36"
201.219.70.221 - - [12/Nov/2024:18:16:51 +0000] "GET /wp-content/uploads/2024/10/kit_digital-1024x61-1.png HTTP/1.1" 200 62991 "http://urosalud.devuocloud.com/" "Mozilla/5.0 (Windows NT 10.0; Win64; x64) AppleWebKit/537.36 (KHTML, like Gecko) Chrome/130.0.0.0 Safari/537.36"
201.219.70.221 - - [12/Nov/2024:18:16:51 +0000] "GET /wp-includes/js/dist/hooks.min.js?ver=2810c76e705dd1a53b18 HTTP/1.1" 200 1885 "http://urosalud.devuocloud.com/" "Mozilla/5.0 (Windows NT 10.0; Win64; x64) AppleWebKit/537.36 (KHTML, like Gecko) Chrome/130.0.0.0 Safari/537.36"
201.219.70.221 - - [12/Nov/2024:18:16:51 +0000] "GET /wp-includes/js/dist/i18n.min.js?ver=5e580eb46a90c2b997e6 HTTP/1.1" 200 4011 "http://urosalud.devuocloud.com/" "Mozilla/5.0 (Windows NT 10.0; Win64; x64) AppleWebKit/537.36 (KHTML, like Gecko) Chrome/130.0.0.0 Safari/537.36"
201.219.70.221 - - [12/Nov/2024:18:16:51 +0000] "GET /wp-content/uploads/2024/10/Back1.jpg HTTP/1.1" 200 90442 "http://urosalud.devuocloud.com/wp-content/et-cache/86/et-core-unified-tb-26-tb-434-86-1730232481832.min.css" "Mozilla/5.0 (Windows NT 10.0; Win64; x64) AppleWebKit/537.36 (KHTML, like Gecko) Chrome/130.0.0.0 Safari/537.36"
201.219.70.221 - - [12/Nov/2024:18:16:51 +0000] "GET /wp-content/plugins/contact-form-7/includes/swv/js/index.js?ver=5.9.8 HTTP/1.1" 200 3698 "http://urosalud.devuocloud.com/" "Mozilla/5.0 (Windows NT 10.0; Win64; x64) AppleWebKit/537.36 (KHTML, like Gecko) Chrome/130.0.0.0 Safari/537.36"
201.219.70.221 - - [12/Nov/2024:18:16:51 +0000] "GET /wp-content/plugins/contact-form-7/includes/js/index.js?ver=5.9.8 HTTP/1.1" 200 4601 "http://urosalud.devuocloud.com/" "Mozilla/5.0 (Windows NT 10.0; Win64; x64) AppleWebKit/537.36 (KHTML, like Gecko) Chrome/130.0.0.0 Safari/537.36"
201.219.70.221 - - [12/Nov/2024:18:16:51 +0000] "GET /wp-content/themes/Divi/core/admin/js/common.js?ver=4.9.1 HTTP/1.1" 200 908 "http://urosalud.devuocloud.com/" "Mozilla/5.0 (Windows NT 10.0; Win64; x64) AppleWebKit/537.36 (KHTML, like Gecko) Chrome/130.0.0.0 Safari/537.36"
201.219.70.221 - - [12/Nov/2024:18:16:51 +0000] "GET /wp-content/themes/Divi/js/custom.unified.js?ver=4.9.1 HTTP/1.1" 200 138723 "http://urosalud.devuocloud.com/" "Mozilla/5.0 (Windows NT 10.0; Win64; x64) AppleWebKit/537.36 (KHTML, like Gecko) Chrome/130.0.0.0 Safari/537.36"
201.219.70.221 - - [12/Nov/2024:18:16:51 +0000] "GET /wp-content/uploads/2023/11/05-What-People-Say-About-Us.png HTTP/1.1" 200 198123 "http://urosalud.devuocloud.com/" "Mozilla/5.0 (Windows NT 10.0; Win64; x64) AppleWebKit/537.36 (KHTML, like Gecko) Chrome/130.0.0.0 Safari/537.36"
201.219.70.221 - - [12/Nov/2024:18:16:51 +0000] "GET /wp-content/uploads/2024/10/Back4.jpg HTTP/1.1" 200 57092 "http://urosalud.devuocloud.com/" "Mozilla/5.0 (Windows NT 10.0; Win64; x64) AppleWebKit/537.36 (KHTML, like Gecko) Chrome/130.0.0.0 Safari/537.36"
201.219.70.221 - - [12/Nov/2024:18:16:52 +0000] "GET /wp-includes/js/wp-emoji-release.min.js?ver=6.6.2 HTTP/1.1" 200 5406 "http://urosalud.devuocloud.com/" "Mozilla/5.0 (Windows NT 10.0; Win64; x64) AppleWebKit/537.36 (KHTML, like Gecko) Chrome/130.0.0.0 Safari/537.36"
146.190.157.162 - - [12/Nov/2024:18:16:52 +0000] "POST /wp-cron.php HTTP/1.1" 200 259 "-" "WordPress/6.6.2; http://urosalud.devuocloud.com"
201.219.70.221 - - [12/Nov/2024:18:16:53 +0000] "GET /wp-content/uploads/2024/10/cropped-favicon-32x32.jpg HTTP/1.1" 200 1432 "http://urosalud.devuocloud.com/" "Mozilla/5.0 (Windows NT 10.0; Win64; x64) AppleWebKit/537.36 (KHTML, like Gecko) Chrome/130.0.0.0 Safari/537.36"
146.190.157.162 - - [12/Nov/2024:18:16:54 +0000] "GET / HTTP/1.1" 200 11160 "-" "WordPress/6.6.2; http://urosalud.devuocloud.com"
146.190.157.162 - - [12/Nov/2024:18:16:55 +0000] "GET / HTTP/1.1" 200 11160 "-" "WordPress/6.6.2; http://urosalud.devuocloud.com"
146.190.157.162 - - [12/Nov/2024:18:16:56 +0000] "GET / HTTP/1.1" 200 11160 "-" "WordPress/6.6.2; http://urosalud.devuocloud.com"
146.190.157.162 - - [12/Nov/2024:18:16:48 +0000] "POST /wp-cron.php?doing_wp_cron=1731435408.8849229812622070312500 HTTP/1.1" 200 259 "-" "WordPress/6.6.2; http://urosalud.devuocloud.com"
201.219.70.221 - - [12/Nov/2024:18:18:35 +0000] "GET / HTTP/1.1" 200 12934 "-" "Mozilla/5.0 (Windows NT 10.0; Win64; x64) AppleWebKit/537.36 (KHTML, like Gecko) Chrome/130.0.0.0 Safari/537.36"
201.219.70.221 - - [12/Nov/2024:18:18:37 +0000] "GET /wp-includes/css/dist/block-library/style.min.css?ver=6.6.2 HTTP/1.1" 200 15179 "http://urosalud.es/" "Mozilla/5.0 (Windows NT 10.0; Win64; x64) AppleWebKit/537.36 (KHTML, like Gecko) Chrome/130.0.0.0 Safari/537.36"
201.219.70.221 - - [12/Nov/2024:18:18:37 +0000] "GET /wp-content/plugins/contact-form-7/includes/css/styles.css?ver=5.9.8 HTTP/1.1" 200 1352 "http://urosalud.es/" "Mozilla/5.0 (Windows NT 10.0; Win64; x64) AppleWebKit/537.36 (KHTML, like Gecko) Chrome/130.0.0.0 Safari/537.36"
201.219.70.221 - - [12/Nov/2024:18:18:37 +0000] "GET /wp-content/plugins/wp-pagenavi/pagenavi-css.css?ver=2.70 HTTP/1.1" 200 574 "http://urosalud.es/" "Mozilla/5.0 (Windows NT 10.0; Win64; x64) AppleWebKit/537.36 (KHTML, like Gecko) Chrome/130.0.0.0 Safari/537.36"
201.219.70.221 - - [12/Nov/2024:18:18:37 +0000] "GET /wp-content/et-cache/86/et-core-unified-86-17314355163759.min.css HTTP/1.1" 200 3683 "http://urosalud.es/" "Mozilla/5.0 (Windows NT 10.0; Win64; x64) AppleWebKit/537.36 (KHTML, like Gecko) Chrome/130.0.0.0 Safari/537.36"
201.219.70.221 - - [12/Nov/2024:18:18:37 +0000] "GET /wp-includes/css/dashicons.min.css?ver=6.6.2 HTTP/1.1" 200 36068 "http://urosalud.es/" "Mozilla/5.0 (Windows NT 10.0; Win64; x64) AppleWebKit/537.36 (KHTML, like Gecko) Chrome/130.0.0.0 Safari/537.36"
201.219.70.221 - - [12/Nov/2024:18:18:37 +0000] "GET /wp-includes/js/jquery/jquery-migrate.min.js?ver=3.4.1 HTTP/1.1" 200 5217 "http://urosalud.es/" "Mozilla/5.0 (Windows NT 10.0; Win64; x64) AppleWebKit/537.36 (KHTML, like Gecko) Chrome/130.0.0.0 Safari/537.36"
201.219.70.221 - - [12/Nov/2024:18:18:37 +0000] "GET /wp-includes/js/jquery/jquery.min.js?ver=3.7.1 HTTP/1.1" 200 30715 "http://urosalud.es/" "Mozilla/5.0 (Windows NT 10.0; Win64; x64) AppleWebKit/537.36 (KHTML, like Gecko) Chrome/130.0.0.0 Safari/537.36"
201.219.70.221 - - [12/Nov/2024:18:18:37 +0000] "GET /wp-content/themes/Divi/style.css?ver=4.9.1 HTTP/1.1" 200 83128 "http://urosalud.es/" "Mozilla/5.0 (Windows NT 10.0; Win64; x64) AppleWebKit/537.36 (KHTML, like Gecko) Chrome/130.0.0.0 Safari/537.36"
201.219.70.221 - - [12/Nov/2024:18:18:37 +0000] "GET /wp-content/themes/Divi/core/admin/fonts/modules.ttf HTTP/1.1" 200 92687 "http://urosalud.es/" "Mozilla/5.0 (Windows NT 10.0; Win64; x64) AppleWebKit/537.36 (KHTML, like Gecko) Chrome/130.0.0.0 Safari/537.36"
201.219.70.221 - - [12/Nov/2024:18:18:37 +0000] "GET /wp-content/uploads/2024/10/Logo.png HTTP/1.1" 200 16185 "http://urosalud.es/" "Mozilla/5.0 (Windows NT 10.0; Win64; x64) AppleWebKit/537.36 (KHTML, like Gecko) Chrome/130.0.0.0 Safari/537.36"
201.219.70.221 - - [12/Nov/2024:18:18:37 +0000] "GET /wp-content/uploads/2024/10/461762649_2602455713275435_694335859116593698_n.jpg HTTP/1.1" 200 86846 "http://urosalud.es/" "Mozilla/5.0 (Windows NT 10.0; Win64; x64) AppleWebKit/537.36 (KHTML, like Gecko) Chrome/130.0.0.0 Safari/537.36"
201.219.70.221 - - [12/Nov/2024:18:18:38 +0000] "GET /wp-content/uploads/2024/10/Logo-blanco.png HTTP/1.1" 200 14128 "http://urosalud.es/" "Mozilla/5.0 (Windows NT 10.0; Win64; x64) AppleWebKit/537.36 (KHTML, like Gecko) Chrome/130.0.0.0 Safari/537.36"
201.219.70.221 - - [12/Nov/2024:18:18:38 +0000] "GET /wp-content/uploads/2024/10/kit_digital-1024x61-1.png HTTP/1.1" 200 62991 "http://urosalud.es/" "Mozilla/5.0 (Windows NT 10.0; Win64; x64) AppleWebKit/537.36 (KHTML, like Gecko) Chrome/130.0.0.0 Safari/537.36"
201.219.70.221 - - [12/Nov/2024:18:18:38 +0000] "GET /wp-content/plugins/contact-form-7/includes/swv/js/index.js?ver=5.9.8 HTTP/1.1" 200 3698 "http://urosalud.es/" "Mozilla/5.0 (Windows NT 10.0; Win64; x64) AppleWebKit/537.36 (KHTML, like Gecko) Chrome/130.0.0.0 Safari/537.36"
201.219.70.221 - - [12/Nov/2024:18:18:38 +0000] "GET /wp-includes/js/dist/i18n.min.js?ver=5e580eb46a90c2b997e6 HTTP/1.1" 200 4011 "http://urosalud.es/" "Mozilla/5.0 (Windows NT 10.0; Win64; x64) AppleWebKit/537.36 (KHTML, like Gecko) Chrome/130.0.0.0 Safari/537.36"
201.219.70.221 - - [12/Nov/2024:18:18:38 +0000] "GET /wp-includes/js/dist/hooks.min.js?ver=2810c76e705dd1a53b18 HTTP/1.1" 200 1885 "http://urosalud.es/" "Mozilla/5.0 (Windows NT 10.0; Win64; x64) AppleWebKit/537.36 (KHTML, like Gecko) Chrome/130.0.0.0 Safari/537.36"
201.219.70.221 - - [12/Nov/2024:18:18:38 +0000] "GET /wp-content/plugins/contact-form-7/includes/js/index.js?ver=5.9.8 HTTP/1.1" 200 4601 "http://urosalud.es/" "Mozilla/5.0 (Windows NT 10.0; Win64; x64) AppleWebKit/537.36 (KHTML, like Gecko) Chrome/130.0.0.0 Safari/537.36"
201.219.70.221 - - [12/Nov/2024:18:18:38 +0000] "GET /wp-content/themes/Divi/core/admin/js/common.js?ver=4.9.1 HTTP/1.1" 200 908 "http://urosalud.es/" "Mozilla/5.0 (Windows NT 10.0; Win64; x64) AppleWebKit/537.36 (KHTML, like Gecko) Chrome/130.0.0.0 Safari/537.36"
201.219.70.221 - - [12/Nov/2024:18:18:38 +0000] "GET /wp-content/uploads/2024/10/Back4.jpg HTTP/1.1" 200 57092 "http://urosalud.es/" "Mozilla/5.0 (Windows NT 10.0; Win64; x64) AppleWebKit/537.36 (KHTML, like Gecko) Chrome/130.0.0.0 Safari/537.36"
201.219.70.221 - - [12/Nov/2024:18:18:38 +0000] "GET /wp-content/uploads/2023/11/05-What-People-Say-About-Us.png HTTP/1.1" 200 198123 "http://urosalud.es/" "Mozilla/5.0 (Windows NT 10.0; Win64; x64) AppleWebKit/537.36 (KHTML, like Gecko) Chrome/130.0.0.0 Safari/537.36"
201.219.70.221 - - [12/Nov/2024:18:18:38 +0000] "GET /wp-content/themes/Divi/js/custom.unified.js?ver=4.9.1 HTTP/1.1" 200 138723 "http://urosalud.es/" "Mozilla/5.0 (Windows NT 10.0; Win64; x64) AppleWebKit/537.36 (KHTML, like Gecko) Chrome/130.0.0.0 Safari/537.36"
201.219.70.221 - - [12/Nov/2024:18:18:39 +0000] "GET /wp-includes/js/wp-emoji-release.min.js?ver=6.6.2 HTTP/1.1" 200 5406 "http://urosalud.es/" "Mozilla/5.0 (Windows NT 10.0; Win64; x64) AppleWebKit/537.36 (KHTML, like Gecko) Chrome/130.0.0.0 Safari/537.36"
201.219.70.221 - - [12/Nov/2024:18:18:39 +0000] "GET /wp-content/uploads/2024/10/Back1.jpg HTTP/1.1" 200 90442 "http://urosalud.es/" "Mozilla/5.0 (Windows NT 10.0; Win64; x64) AppleWebKit/537.36 (KHTML, like Gecko) Chrome/130.0.0.0 Safari/537.36"
201.219.70.221 - - [12/Nov/2024:18:18:40 +0000] "GET /wp-content/uploads/2024/10/cropped-favicon-32x32.jpg HTTP/1.1" 200 1432 "http://urosalud.es/" "Mozilla/5.0 (Windows NT 10.0; Win64; x64) AppleWebKit/537.36 (KHTML, like Gecko) Chrome/130.0.0.0 Safari/537.36"
190.174.130.28 - - [12/Nov/2024:18:19:11 +0000] "GET / HTTP/1.1" 200 11156 "-" "Mozilla/5.0 (X11; Ubuntu; Linux x86_64; rv:131.0) Gecko/20100101 Firefox/131.0"
190.174.130.28 - - [12/Nov/2024:18:19:11 +0000] "GET /wp-content/plugins/wp-pagenavi/pagenavi-css.css?ver=2.70 HTTP/1.1" 200 574 "http://urosalud.es/" "Mozilla/5.0 (X11; Ubuntu; Linux x86_64; rv:131.0) Gecko/20100101 Firefox/131.0"
190.174.130.28 - - [12/Nov/2024:18:19:11 +0000] "GET /wp-content/plugins/contact-form-7/includes/css/styles.css?ver=5.9.8 HTTP/1.1" 200 1352 "http://urosalud.es/" "Mozilla/5.0 (X11; Ubuntu; Linux x86_64; rv:131.0) Gecko/20100101 Firefox/131.0"
190.174.130.28 - - [12/Nov/2024:18:19:11 +0000] "GET /wp-includes/css/dist/block-library/style.min.css?ver=6.6.2 HTTP/1.1" 200 15180 "http://urosalud.es/" "Mozilla/5.0 (X11; Ubuntu; Linux x86_64; rv:131.0) Gecko/20100101 Firefox/131.0"
190.174.130.28 - - [12/Nov/2024:18:19:12 +0000] "GET /wp-content/themes/Divi/core/admin/fonts/modules.ttf HTTP/1.1" 200 92687 "http://urosalud.es/" "Mozilla/5.0 (X11; Ubuntu; Linux x86_64; rv:131.0) Gecko/20100101 Firefox/131.0"
190.174.130.28 - - [12/Nov/2024:18:19:12 +0000] "GET /wp-includes/js/jquery/jquery-migrate.min.js?ver=3.4.1 HTTP/1.1" 200 5217 "http://urosalud.es/" "Mozilla/5.0 (X11; Ubuntu; Linux x86_64; rv:131.0) Gecko/20100101 Firefox/131.0"
190.174.130.28 - - [12/Nov/2024:18:19:12 +0000] "GET /wp-includes/css/dashicons.min.css?ver=6.6.2 HTTP/1.1" 200 36068 "http://urosalud.es/" "Mozilla/5.0 (X11; Ubuntu; Linux x86_64; rv:131.0) Gecko/20100101 Firefox/131.0"
190.174.130.28 - - [12/Nov/2024:18:19:12 +0000] "GET /wp-includes/js/jquery/jquery.min.js?ver=3.7.1 HTTP/1.1" 200 30715 "http://urosalud.es/" "Mozilla/5.0 (X11; Ubuntu; Linux x86_64; rv:131.0) Gecko/20100101 Firefox/131.0"
190.174.130.28 - - [12/Nov/2024:18:19:12 +0000] "GET /wp-content/themes/Divi/style.css?ver=4.9.1 HTTP/1.1" 200 83128 "http://urosalud.es/" "Mozilla/5.0 (X11; Ubuntu; Linux x86_64; rv:131.0) Gecko/20100101 Firefox/131.0"
190.174.130.28 - - [12/Nov/2024:18:19:12 +0000] "GET /wp-content/et-cache/86/et-core-unified-tb-26-tb-434-86-17314355163759.min.css HTTP/1.1" 200 2325 "http://urosalud.es/" "Mozilla/5.0 (X11; Ubuntu; Linux x86_64; rv:131.0) Gecko/20100101 Firefox/131.0"
190.174.130.28 - - [12/Nov/2024:18:19:12 +0000] "GET /wp-content/et-cache/86/et-core-unified-86-17314355163759.min.css HTTP/1.1" 200 3680 "http://urosalud.es/" "Mozilla/5.0 (X11; Ubuntu; Linux x86_64; rv:131.0) Gecko/20100101 Firefox/131.0"
190.174.130.28 - - [12/Nov/2024:18:19:12 +0000] "GET /wp-includes/js/dist/hooks.min.js?ver=2810c76e705dd1a53b18 HTTP/1.1" 200 1885 "http://urosalud.es/" "Mozilla/5.0 (X11; Ubuntu; Linux x86_64; rv:131.0) Gecko/20100101 Firefox/131.0"
190.174.130.28 - - [12/Nov/2024:18:19:12 +0000] "GET /wp-content/plugins/contact-form-7/includes/swv/js/index.js?ver=5.9.8 HTTP/1.1" 200 3698 "http://urosalud.es/" "Mozilla/5.0 (X11; Ubuntu; Linux x86_64; rv:131.0) Gecko/20100101 Firefox/131.0"
190.174.130.28 - - [12/Nov/2024:18:19:12 +0000] "GET /wp-content/plugins/contact-form-7/includes/js/index.js?ver=5.9.8 HTTP/1.1" 200 4601 "http://urosalud.es/" "Mozilla/5.0 (X11; Ubuntu; Linux x86_64; rv:131.0) Gecko/20100101 Firefox/131.0"
190.174.130.28 - - [12/Nov/2024:18:19:12 +0000] "GET /wp-includes/js/dist/i18n.min.js?ver=5e580eb46a90c2b997e6 HTTP/1.1" 200 4011 "http://urosalud.es/" "Mozilla/5.0 (X11; Ubuntu; Linux x86_64; rv:131.0) Gecko/20100101 Firefox/131.0"
190.174.130.28 - - [12/Nov/2024:18:19:13 +0000] "GET /wp-content/themes/Divi/core/admin/js/common.js?ver=4.9.1 HTTP/1.1" 200 909 "http://urosalud.es/" "Mozilla/5.0 (X11; Ubuntu; Linux x86_64; rv:131.0) Gecko/20100101 Firefox/131.0"
190.174.130.28 - - [12/Nov/2024:18:19:13 +0000] "GET /wp-content/themes/Divi/js/custom.unified.js?ver=4.9.1 HTTP/1.1" 200 138723 "http://urosalud.es/" "Mozilla/5.0 (X11; Ubuntu; Linux x86_64; rv:131.0) Gecko/20100101 Firefox/131.0"
190.174.130.28 - - [12/Nov/2024:18:19:13 +0000] "GET /wp-content/uploads/2024/10/Logo.png HTTP/1.1" 200 16185 "http://urosalud.es/" "Mozilla/5.0 (X11; Ubuntu; Linux x86_64; rv:131.0) Gecko/20100101 Firefox/131.0"
190.174.130.28 - - [12/Nov/2024:18:19:13 +0000] "GET /wp-content/uploads/2024/10/461762649_2602455713275435_694335859116593698_n.jpg HTTP/1.1" 200 86846 "http://urosalud.es/" "Mozilla/5.0 (X11; Ubuntu; Linux x86_64; rv:131.0) Gecko/20100101 Firefox/131.0"
190.174.130.28 - - [12/Nov/2024:18:19:13 +0000] "GET /wp-content/uploads/2024/10/kit_digital-1024x61-1.png HTTP/1.1" 200 62991 "http://urosalud.es/" "Mozilla/5.0 (X11; Ubuntu; Linux x86_64; rv:131.0) Gecko/20100101 Firefox/131.0"
190.174.130.28 - - [12/Nov/2024:18:19:13 +0000] "GET /wp-content/uploads/2024/10/Logo-blanco.png HTTP/1.1" 200 14128 "http://urosalud.es/" "Mozilla/5.0 (X11; Ubuntu; Linux x86_64; rv:131.0) Gecko/20100101 Firefox/131.0"
190.174.130.28 - - [12/Nov/2024:18:19:13 +0000] "GET /wp-includes/js/dist/hooks.min.js?ver=2810c76e705dd1a53b18 HTTP/1.1" 200 1886 "-" "Mozilla/5.0 (X11; Ubuntu; Linux x86_64; rv:131.0) Gecko/20100101 Firefox/131.0"
190.174.130.28 - - [12/Nov/2024:18:19:13 +0000] "GET /wp-includes/js/jquery/jquery-migrate.min.js?ver=3.4.1 HTTP/1.1" 200 5217 "-" "Mozilla/5.0 (X11; Ubuntu; Linux x86_64; rv:131.0) Gecko/20100101 Firefox/131.0"
190.174.130.28 - - [12/Nov/2024:18:19:13 +0000] "GET /wp-content/plugins/contact-form-7/includes/swv/js/index.js?ver=5.9.8 HTTP/1.1" 200 3699 "-" "Mozilla/5.0 (X11; Ubuntu; Linux x86_64; rv:131.0) Gecko/20100101 Firefox/131.0"
190.174.130.28 - - [12/Nov/2024:18:19:13 +0000] "GET /wp-includes/js/jquery/jquery.min.js?ver=3.7.1 HTTP/1.1" 200 30715 "-" "Mozilla/5.0 (X11; Ubuntu; Linux x86_64; rv:131.0) Gecko/20100101 Firefox/131.0"
190.174.130.28 - - [12/Nov/2024:18:19:13 +0000] "GET /wp-content/themes/Divi/core/admin/js/common.js?ver=4.9.1 HTTP/1.1" 200 908 "-" "Mozilla/5.0 (X11; Ubuntu; Linux x86_64; rv:131.0) Gecko/20100101 Firefox/131.0"
190.174.130.28 - - [12/Nov/2024:18:19:13 +0000] "GET /wp-includes/js/dist/i18n.min.js?ver=5e580eb46a90c2b997e6 HTTP/1.1" 200 4012 "-" "Mozilla/5.0 (X11; Ubuntu; Linux x86_64; rv:131.0) Gecko/20100101 Firefox/131.0"
190.174.130.28 - - [12/Nov/2024:18:19:13 +0000] "GET /wp-content/plugins/contact-form-7/includes/js/index.js?ver=5.9.8 HTTP/1.1" 200 4602 "-" "Mozilla/5.0 (X11; Ubuntu; Linux x86_64; rv:131.0) Gecko/20100101 Firefox/131.0"
190.174.130.28 - - [12/Nov/2024:18:19:13 +0000] "GET /wp-content/uploads/2024/10/Back1.jpg HTTP/1.1" 200 90442 "http://urosalud.es/wp-content/et-cache/86/et-core-unified-tb-26-tb-434-86-17314355163759.min.css" "Mozilla/5.0 (X11; Ubuntu; Linux x86_64; rv:131.0) Gecko/20100101 Firefox/131.0"
190.174.130.28 - - [12/Nov/2024:18:19:13 +0000] "GET /wp-content/uploads/2024/10/Back4.jpg HTTP/1.1" 200 57092 "http://urosalud.es/" "Mozilla/5.0 (X11; Ubuntu; Linux x86_64; rv:131.0) Gecko/20100101 Firefox/131.0"
190.174.130.28 - - [12/Nov/2024:18:19:13 +0000] "GET /wp-content/uploads/2023/11/05-What-People-Say-About-Us.png HTTP/1.1" 200 198123 "http://urosalud.es/" "Mozilla/5.0 (X11; Ubuntu; Linux x86_64; rv:131.0) Gecko/20100101 Firefox/131.0"
190.174.130.28 - - [12/Nov/2024:18:19:13 +0000] "GET /wp-includes/js/wp-emoji-release.min.js?ver=6.6.2 HTTP/1.1" 200 5406 "http://urosalud.es/" "Mozilla/5.0 (X11; Ubuntu; Linux x86_64; rv:131.0) Gecko/20100101 Firefox/131.0"
190.174.130.28 - - [12/Nov/2024:18:19:13 +0000] "GET /wp-content/themes/Divi/js/custom.unified.js?ver=4.9.1 HTTP/1.1" 200 138723 "-" "Mozilla/5.0 (X11; Ubuntu; Linux x86_64; rv:131.0) Gecko/20100101 Firefox/131.0"
190.174.130.28 - - [12/Nov/2024:18:19:14 +0000] "GET /wp-includes/js/wp-emoji-release.min.js?ver=6.6.2 HTTP/1.1" 200 5406 "-" "Mozilla/5.0 (X11; Ubuntu; Linux x86_64; rv:131.0) Gecko/20100101 Firefox/131.0"
190.174.130.28 - - [12/Nov/2024:18:19:14 +0000] "GET /wp-content/uploads/2024/10/cropped-favicon-32x32.jpg HTTP/1.1" 200 1432 "http://urosalud.es/" "Mozilla/5.0 (X11; Ubuntu; Linux x86_64; rv:131.0) Gecko/20100101 Firefox/131.0"
190.174.130.28 - - [12/Nov/2024:18:19:14 +0000] "GET /wp-content/uploads/2024/10/cropped-favicon-192x192.jpg HTTP/1.1" 200 5806 "http://urosalud.es/" "Mozilla/5.0 (X11; Ubuntu; Linux x86_64; rv:131.0) Gecko/20100101 Firefox/131.0"
23.178.112.211 - - [12/Nov/2024:18:21:18 +0000] "GET /.well-known/acme-challenge/YoxVYle4sJeFeywb7Q6JDgyMKLtc1L9Tq35zy0k7jEo HTTP/1.1" 200 308 "-" "Mozilla/5.0 (compatible; Let's Encrypt validation server; +https://www.letsencrypt.org)"
3.137.207.238 - - [12/Nov/2024:18:21:19 +0000] "GET /.well-known/acme-challenge/YoxVYle4sJeFeywb7Q6JDgyMKLtc1L9Tq35zy0k7jEo HTTP/1.1" 200 308 "-" "Mozilla/5.0 (compatible; Let's Encrypt validation server; +https://www.letsencrypt.org)"
23.178.112.217 - - [12/Nov/2024:18:21:19 +0000] "GET /.well-known/acme-challenge/4lGrqIWUtmTS7DzT27lKW4Ons25XakUgMlnwQwhFY4c HTTP/1.1" 200 308 "-" "Mozilla/5.0 (compatible; Let's Encrypt validation server; +https://www.letsencrypt.org)"
3.137.207.238 - - [12/Nov/2024:18:21:19 +0000] "GET /.well-known/acme-challenge/4lGrqIWUtmTS7DzT27lKW4Ons25XakUgMlnwQwhFY4c HTTP/1.1" 200 308 "-" "Mozilla/5.0 (compatible; Let's Encrypt validation server; +https://www.letsencrypt.org)"
16.16.139.156 - - [12/Nov/2024:18:21:19 +0000] "GET /.well-known/acme-challenge/YoxVYle4sJeFeywb7Q6JDgyMKLtc1L9Tq35zy0k7jEo HTTP/1.1" 200 308 "-" "Mozilla/5.0 (compatible; Let's Encrypt validation server; +https://www.letsencrypt.org)"
13.49.238.159 - - [12/Nov/2024:18:21:19 +0000] "GET /.well-known/acme-challenge/4lGrqIWUtmTS7DzT27lKW4Ons25XakUgMlnwQwhFY4c HTTP/1.1" 200 308 "-" "Mozilla/5.0 (compatible; Let's Encrypt validation server; +https://www.letsencrypt.org)"
13.250.109.80 - - [12/Nov/2024:18:21:19 +0000] "GET /.well-known/acme-challenge/YoxVYle4sJeFeywb7Q6JDgyMKLtc1L9Tq35zy0k7jEo HTTP/1.1" 200 308 "-" "Mozilla/5.0 (compatible; Let's Encrypt validation server; +https://www.letsencrypt.org)"
13.250.53.200 - - [12/Nov/2024:18:21:19 +0000] "GET /.well-known/acme-challenge/4lGrqIWUtmTS7DzT27lKW4Ons25XakUgMlnwQwhFY4c HTTP/1.1" 200 308 "-" "Mozilla/5.0 (compatible; Let's Encrypt validation server; +https://www.letsencrypt.org)"
167.71.81.114 - - [12/Nov/2024:18:21:40 +0000] "GET / HTTP/1.1" 301 525 "-" "-"
167.71.81.114 - - [12/Nov/2024:18:21:40 +0000] "GET / HTTP/1.1" 301 525 "-" "Mozilla/5.0 (Linux; Android 6.0; HTC One M9 Build/MRA969164) AppleWebKit/537.36 (KHTML, like Gecko) Chrome/52.0.2461.98 Mobile Safari/537.3"
206.81.24.74 - - [12/Nov/2024:18:21:40 +0000] "GET / HTTP/1.1" 301 537 "-" "-"
167.71.81.114 - - [12/Nov/2024:18:21:41 +0000] "GET /server HTTP/1.1" 301 537 "-" "Go-http-client/1.1"
167.71.81.114 - - [12/Nov/2024:18:21:41 +0000] "GET /.vscode/sftp.json HTTP/1.1" 301 559 "-" "Go-http-client/1.1"
164.92.244.132 - - [12/Nov/2024:18:21:40 +0000] "GET / HTTP/1.1" 301 2804 "-" "-"
165.227.84.14 - - [12/Nov/2024:18:21:40 +0000] "GET / HTTP/1.1" 200 2543 "-" "-"
206.81.24.74 - - [12/Nov/2024:18:21:41 +0000] "GET / HTTP/1.1" 301 537 "-" "Mozilla/5.0 (Linux; Android 6.0; HTC One M9 Build/MRA969164) AppleWebKit/537.36 (KHTML, like Gecko) Chrome/52.0.2461.98 Mobile Safari/537.3"
167.71.81.114 - - [12/Nov/2024:18:21:41 +0000] "GET /about HTTP/1.1" 301 535 "-" "Go-http-client/1.1"
167.71.81.114 - - [12/Nov/2024:18:21:42 +0000] "GET /debug/default/view?panel=config HTTP/1.1" 301 587 "-" "Go-http-client/1.1"
165.227.84.14 - - [12/Nov/2024:18:21:42 +0000] "GET / HTTP/1.1" 200 46943 "-" "Mozilla/5.0 (Linux; Android 6.0; HTC One M9 Build/MRA969164) AppleWebKit/537.36 (KHTML, like Gecko) Chrome/52.0.2461.98 Mobile Safari/537.3"
164.92.244.132 - - [12/Nov/2024:18:21:42 +0000] "GET / HTTP/1.1" 301 2804 "-" "Mozilla/5.0 (Linux; Android 6.0; HTC One M9 Build/MRA969164) AppleWebKit/537.36 (KHTML, like Gecko) Chrome/52.0.2461.98 Mobile Safari/537.3"
206.81.24.74 - - [12/Nov/2024:18:21:42 +0000] "GET /server HTTP/1.1" 301 549 "-" "Go-http-client/1.1"
167.71.81.114 - - [12/Nov/2024:18:21:42 +0000] "GET /v2/_catalog HTTP/1.1" 301 547 "-" "Go-http-client/1.1"
201.219.70.221 - - [12/Nov/2024:18:21:43 +0000] "GET / HTTP/1.1" 301 562 "-" "Mozilla/5.0 (Windows NT 10.0; Win64; x64) AppleWebKit/537.36 (KHTML, like Gecko) Chrome/130.0.0.0 Safari/537.36"
165.227.84.14 - - [12/Nov/2024:18:21:42 +0000] "GET /server HTTP/1.1" 404 49368 "-" "Go-http-client/1.1"
164.92.244.132 - - [12/Nov/2024:18:21:43 +0000] "GET /server HTTP/1.1" 301 2904 "-" "Go-http-client/1.1"
167.71.81.114 - - [12/Nov/2024:18:21:43 +0000] "GET /ecp/Current/exporttool/microsoft.exchange.ediscovery.exporttool.application HTTP/1.1" 301 675 "-" "Go-http-client/1.1"
165.227.84.14 - - [12/Nov/2024:18:21:44 +0000] "GET /.vscode/sftp.json HTTP/1.1" 404 36932 "-" "Go-http-client/1.1"
201.219.70.221 - - [12/Nov/2024:18:21:44 +0000] "GET / HTTP/1.1" 200 13795 "-" "Mozilla/5.0 (Windows NT 10.0; Win64; x64) AppleWebKit/537.36 (KHTML, like Gecko) Chrome/130.0.0.0 Safari/537.36"
201.219.70.221 - - [12/Nov/2024:18:21:44 +0000] "GET /wp-includes/css/dist/block-library/style.min.css?ver=6.6.2 HTTP/1.1" 200 15267 "https://urosalud.es/" "Mozilla/5.0 (Windows NT 10.0; Win64; x64) AppleWebKit/537.36 (KHTML, like Gecko) Chrome/130.0.0.0 Safari/537.36"
164.92.244.132 - - [12/Nov/2024:18:21:44 +0000] "GET /.vscode/sftp.json HTTP/1.1" 301 679 "-" "Go-http-client/1.1"
201.219.70.221 - - [12/Nov/2024:18:21:45 +0000] "GET /wp-content/plugins/contact-form-7/includes/css/styles.css?ver=5.9.8 HTTP/1.1" 200 1373 "https://urosalud.es/" "Mozilla/5.0 (Windows NT 10.0; Win64; x64) AppleWebKit/537.36 (KHTML, like Gecko) Chrome/130.0.0.0 Safari/537.36"
206.81.24.74 - - [12/Nov/2024:18:21:45 +0000] "GET /.vscode/sftp.json HTTP/1.1" 301 571 "-" "Go-http-client/1.1"
167.71.81.114 - - [12/Nov/2024:18:21:45 +0000] "GET /server-status HTTP/1.1" 301 551 "-" "Go-http-client/1.1"
201.219.70.221 - - [12/Nov/2024:18:21:45 +0000] "GET /wp-content/plugins/wp-pagenavi/pagenavi-css.css?ver=2.70 HTTP/1.1" 200 596 "https://urosalud.es/" "Mozilla/5.0 (Windows NT 10.0; Win64; x64) AppleWebKit/537.36 (KHTML, like Gecko) Chrome/130.0.0.0 Safari/537.36"
201.219.70.221 - - [12/Nov/2024:18:21:45 +0000] "GET /wp-content/themes/Divi/style.css?ver=4.9.1 HTTP/1.1" 200 83545 "https://urosalud.es/" "Mozilla/5.0 (Windows NT 10.0; Win64; x64) AppleWebKit/537.36 (KHTML, like Gecko) Chrome/130.0.0.0 Safari/537.36"
165.227.84.14 - - [12/Nov/2024:18:21:45 +0000] "GET /about HTTP/1.1" 404 36932 "-" "Go-http-client/1.1"
201.219.70.221 - - [12/Nov/2024:18:21:45 +0000] "GET /wp-includes/css/dashicons.min.css?ver=6.6.2 HTTP/1.1" 200 36546 "https://urosalud.es/" "Mozilla/5.0 (Windows NT 10.0; Win64; x64) AppleWebKit/537.36 (KHTML, like Gecko) Chrome/130.0.0.0 Safari/537.36"
201.219.70.221 - - [12/Nov/2024:18:21:45 +0000] "GET /wp-content/et-cache/86/et-core-unified-tb-26-tb-434-86-17314355163759.min.css HTTP/1.1" 200 4907 "https://urosalud.es/" "Mozilla/5.0 (Windows NT 10.0; Win64; x64) AppleWebKit/537.36 (KHTML, like Gecko) Chrome/130.0.0.0 Safari/537.36"
201.219.70.221 - - [12/Nov/2024:18:21:45 +0000] "GET /wp-content/et-cache/86/et-core-unified-86-17314355163759.min.css HTTP/1.1" 200 3702 "https://urosalud.es/" "Mozilla/5.0 (Windows NT 10.0; Win64; x64) AppleWebKit/537.36 (KHTML, like Gecko) Chrome/130.0.0.0 Safari/537.36"
201.219.70.221 - - [12/Nov/2024:18:21:46 +0000] "GET /wp-includes/js/jquery/jquery.min.js?ver=3.7.1 HTTP/1.1" 200 30846 "https://urosalud.es/" "Mozilla/5.0 (Windows NT 10.0; Win64; x64) AppleWebKit/537.36 (KHTML, like Gecko) Chrome/130.0.0.0 Safari/537.36"
201.219.70.221 - - [12/Nov/2024:18:21:46 +0000] "GET /wp-includes/js/jquery/jquery-migrate.min.js?ver=3.4.1 HTTP/1.1" 200 5238 "https://urosalud.es/" "Mozilla/5.0 (Windows NT 10.0; Win64; x64) AppleWebKit/537.36 (KHTML, like Gecko) Chrome/130.0.0.0 Safari/537.36"
167.71.81.114 - - [12/Nov/2024:18:21:46 +0000] "GET /login.action HTTP/1.1" 301 549 "-" "Go-http-client/1.1"
201.219.70.221 - - [12/Nov/2024:18:21:46 +0000] "GET /wp-content/themes/Divi/core/admin/fonts/modules.ttf HTTP/1.1" 200 93275 "https://urosalud.es/" "Mozilla/5.0 (Windows NT 10.0; Win64; x64) AppleWebKit/537.36 (KHTML, like Gecko) Chrome/130.0.0.0 Safari/537.36"
201.219.70.221 - - [12/Nov/2024:18:21:46 +0000] "GET /wp-includes/js/dist/hooks.min.js?ver=2810c76e705dd1a53b18 HTTP/1.1" 200 1907 "https://urosalud.es/" "Mozilla/5.0 (Windows NT 10.0; Win64; x64) AppleWebKit/537.36 (KHTML, like Gecko) Chrome/130.0.0.0 Safari/537.36"
201.219.70.221 - - [12/Nov/2024:18:21:46 +0000] "GET /wp-includes/js/dist/i18n.min.js?ver=5e580eb46a90c2b997e6 HTTP/1.1" 200 4033 "https://urosalud.es/" "Mozilla/5.0 (Windows NT 10.0; Win64; x64) AppleWebKit/537.36 (KHTML, like Gecko) Chrome/130.0.0.0 Safari/537.36"
201.219.70.221 - - [12/Nov/2024:18:21:46 +0000] "GET /wp-content/plugins/contact-form-7/includes/swv/js/index.js?ver=5.9.8 HTTP/1.1" 200 3720 "https://urosalud.es/" "Mozilla/5.0 (Windows NT 10.0; Win64; x64) AppleWebKit/537.36 (KHTML, like Gecko) Chrome/130.0.0.0 Safari/537.36"
201.219.70.221 - - [12/Nov/2024:18:21:46 +0000] "GET /wp-content/plugins/contact-form-7/includes/js/index.js?ver=5.9.8 HTTP/1.1" 200 4623 "https://urosalud.es/" "Mozilla/5.0 (Windows NT 10.0; Win64; x64) AppleWebKit/537.36 (KHTML, like Gecko) Chrome/130.0.0.0 Safari/537.36"
201.219.70.221 - - [12/Nov/2024:18:21:46 +0000] "GET /wp-content/themes/Divi/js/custom.unified.js?ver=4.9.1 HTTP/1.1" 200 139339 "https://urosalud.es/" "Mozilla/5.0 (Windows NT 10.0; Win64; x64) AppleWebKit/537.36 (KHTML, like Gecko) Chrome/130.0.0.0 Safari/537.36"
201.219.70.221 - - [12/Nov/2024:18:21:46 +0000] "GET /wp-content/themes/Divi/core/admin/js/common.js?ver=4.9.1 HTTP/1.1" 200 930 "https://urosalud.es/" "Mozilla/5.0 (Windows NT 10.0; Win64; x64) AppleWebKit/537.36 (KHTML, like Gecko) Chrome/130.0.0.0 Safari/537.36"
201.219.70.221 - - [12/Nov/2024:18:21:46 +0000] "GET /wp-content/uploads/2024/10/Back1.jpg HTTP/1.1" 200 90706 "https://urosalud.es/wp-content/et-cache/86/et-core-unified-tb-26-tb-434-86-17314355163759.min.css" "Mozilla/5.0 (Windows NT 10.0; Win64; x64) AppleWebKit/537.36 (KHTML, like Gecko) Chrome/130.0.0.0 Safari/537.36"
201.219.70.221 - - [12/Nov/2024:18:21:46 +0000] "GET /wp-content/uploads/2023/11/05-What-People-Say-About-Us.png HTTP/1.1" 200 198673 "https://urosalud.es/" "Mozilla/5.0 (Windows NT 10.0; Win64; x64) AppleWebKit/537.36 (KHTML, like Gecko) Chrome/130.0.0.0 Safari/537.36"
201.219.70.221 - - [12/Nov/2024:18:21:46 +0000] "GET /wp-content/uploads/2024/10/Back4.jpg HTTP/1.1" 200 59828 "https://urosalud.es/" "Mozilla/5.0 (Windows NT 10.0; Win64; x64) AppleWebKit/537.36 (KHTML, like Gecko) Chrome/130.0.0.0 Safari/537.36"
201.219.70.221 - - [12/Nov/2024:18:21:47 +0000] "GET /wp-includes/js/wp-emoji-release.min.js?ver=6.6.2 HTTP/1.1" 200 5428 "https://urosalud.es/" "Mozilla/5.0 (Windows NT 10.0; Win64; x64) AppleWebKit/537.36 (KHTML, like Gecko) Chrome/130.0.0.0 Safari/537.36"
206.81.24.74 - - [12/Nov/2024:18:21:47 +0000] "GET /about HTTP/1.1" 301 547 "-" "Go-http-client/1.1"
167.71.81.114 - - [12/Nov/2024:18:21:48 +0000] "GET /_all_dbs HTTP/1.1" 301 541 "-" "Mozilla/5.0 (l9scan/2.0.236313e2735313e2039313e2634313; +https://leakix.net)"
206.81.24.74 - - [12/Nov/2024:18:21:48 +0000] "GET /debug/default/view?panel=config HTTP/1.1" 301 599 "-" "Go-http-client/1.1"
167.71.81.114 - - [12/Nov/2024:18:21:48 +0000] "GET /.DS_Store HTTP/1.1" 301 543 "-" "Go-http-client/1.1"
167.71.81.114 - - [12/Nov/2024:18:21:48 +0000] "GET /.env HTTP/1.1" 301 533 "-" "Go-http-client/1.1"
165.227.84.14 - - [12/Nov/2024:18:21:48 +0000] "GET /debug/default/view?panel=config HTTP/1.1" 404 16112 "-" "Go-http-client/1.1"
206.81.24.74 - - [12/Nov/2024:18:21:48 +0000] "GET /v2/_catalog HTTP/1.1" 301 559 "-" "Go-http-client/1.1"
167.71.81.114 - - [12/Nov/2024:18:21:48 +0000] "GET /.git/config HTTP/1.1" 301 547 "-" "Go-http-client/1.1"
201.219.70.221 - - [12/Nov/2024:18:21:48 +0000] "GET /wp-content/uploads/2024/10/cropped-favicon-32x32.jpg HTTP/1.1" 200 1454 "https://urosalud.es/" "Mozilla/5.0 (Windows NT 10.0; Win64; x64) AppleWebKit/537.36 (KHTML, like Gecko) Chrome/130.0.0.0 Safari/537.36"
167.71.81.114 - - [12/Nov/2024:18:21:48 +0000] "GET /s/236313e2735313e2039313e2634313/_/;/META-INF/maven/com.atlassian.jira/jira-webapp-dist/pom.properties HTTP/1.1" 301 729 "-" "Go-http-client/1.1"
164.92.244.132 - - [12/Nov/2024:18:21:48 +0000] "GET /debug/default/view?panel=config HTTP/1.1" 301 2930 "-" "Go-http-client/1.1"
206.81.24.74 - - [12/Nov/2024:18:21:48 +0000] "GET /ecp/Current/exporttool/microsoft.exchange.ediscovery.exporttool.application HTTP/1.1" 301 687 "-" "Go-http-client/1.1"
167.71.81.114 - - [12/Nov/2024:18:21:48 +0000] "GET /config.json HTTP/1.1" 301 547 "-" "Go-http-client/1.1"
165.227.84.14 - - [12/Nov/2024:18:21:48 +0000] "GET /v2/_catalog HTTP/1.1" 404 26587 "-" "Go-http-client/1.1"
167.71.81.114 - - [12/Nov/2024:18:21:49 +0000] "GET /telescope/requests HTTP/1.1" 301 561 "-" "Go-http-client/1.1"
206.81.24.74 - - [12/Nov/2024:18:21:49 +0000] "GET /server-status HTTP/1.1" 301 563 "-" "Go-http-client/1.1"
164.92.244.132 - - [12/Nov/2024:18:21:49 +0000] "GET /v2/_catalog HTTP/1.1" 301 673 "-" "Go-http-client/1.1"
165.227.84.14 - - [12/Nov/2024:18:21:49 +0000] "GET /ecp/Current/exporttool/microsoft.exchange.ediscovery.exporttool.application HTTP/1.1" 404 39168 "-" "Go-http-client/1.1"
167.71.81.114 - - [12/Nov/2024:18:21:49 +0000] "GET /?rest_route=/wp/v2/users/ HTTP/1.1" 301 575 "-" "Go-http-client/1.1"
165.227.84.14 - - [12/Nov/2024:18:21:49 +0000] "GET /server-status HTTP/1.1" 403 787 "-" "Go-http-client/1.1"
206.81.24.74 - - [12/Nov/2024:18:21:50 +0000] "GET /login.action HTTP/1.1" 301 561 "-" "Go-http-client/1.1"
206.81.24.74 - - [12/Nov/2024:18:21:50 +0000] "GET /_all_dbs HTTP/1.1" 301 553 "-" "Mozilla/5.0 (l9scan/2.0.236313e2735313e2039313e2634313; +https://leakix.net)"
164.92.244.132 - - [12/Nov/2024:18:21:50 +0000] "GET /ecp/Current/exporttool/microsoft.exchange.ediscovery.exporttool.application HTTP/1.1" 301 737 "-" "Go-http-client/1.1"
165.227.84.14 - - [12/Nov/2024:18:21:50 +0000] "GET /login.action HTTP/1.1" 404 36932 "-" "Go-http-client/1.1"
206.81.24.74 - - [12/Nov/2024:18:21:50 +0000] "GET /.DS_Store HTTP/1.1" 301 555 "-" "Go-http-client/1.1"
164.92.244.132 - - [12/Nov/2024:18:21:50 +0000] "GET /server-status HTTP/1.1" 403 791 "-" "Go-http-client/1.1"
206.81.24.74 - - [12/Nov/2024:18:21:51 +0000] "GET /.env HTTP/1.1" 301 545 "-" "Go-http-client/1.1"
165.227.84.14 - - [12/Nov/2024:18:21:50 +0000] "GET /_all_dbs HTTP/1.1" 404 24350 "-" "Mozilla/5.0 (l9scan/2.0.236313e2735313e2039313e2634313; +https://leakix.net)"
206.81.24.74 - - [12/Nov/2024:18:21:51 +0000] "GET /.git/config HTTP/1.1" 301 559 "-" "Go-http-client/1.1"
206.81.24.74 - - [12/Nov/2024:18:21:51 +0000] "GET /s/236313e2735313e2039313e2634313/_/;/META-INF/maven/com.atlassian.jira/jira-webapp-dist/pom.properties HTTP/1.1" 301 741 "-" "Go-http-client/1.1"
165.227.84.14 - - [12/Nov/2024:18:21:51 +0000] "GET /.DS_Store HTTP/1.1" 404 39167 "-" "Go-http-client/1.1"
164.92.244.132 - - [12/Nov/2024:18:21:51 +0000] "GET /login.action HTTP/1.1" 301 674 "-" "Go-http-client/1.1"
206.81.24.74 - - [12/Nov/2024:18:21:52 +0000] "GET /config.json HTTP/1.1" 301 559 "-" "Go-http-client/1.1"
206.81.24.74 - - [12/Nov/2024:18:21:52 +0000] "GET /telescope/requests HTTP/1.1" 301 573 "-" "Go-http-client/1.1"
165.227.84.14 - - [12/Nov/2024:18:21:51 +0000] "GET /.env HTTP/1.1" 404 36932 "-" "Go-http-client/1.1"
164.92.244.132 - - [12/Nov/2024:18:21:52 +0000] "GET /_all_dbs HTTP/1.1" 301 670 "-" "Mozilla/5.0 (l9scan/2.0.236313e2735313e2039313e2634313; +https://leakix.net)"
206.81.24.74 - - [12/Nov/2024:18:21:52 +0000] "GET /?rest_route=/wp/v2/users/ HTTP/1.1" 301 587 "-" "Go-http-client/1.1"
165.227.84.14 - - [12/Nov/2024:18:21:52 +0000] "GET /.git/config HTTP/1.1" 404 36932 "-" "Go-http-client/1.1"
164.92.244.132 - - [12/Nov/2024:18:21:53 +0000] "GET /.DS_Store HTTP/1.1" 301 671 "-" "Go-http-client/1.1"
165.227.84.14 - - [12/Nov/2024:18:21:53 +0000] "GET /s/236313e2735313e2039313e2634313/_/;/META-INF/maven/com.atlassian.jira/jira-webapp-dist/pom.properties HTTP/1.1" 404 36932 "-" "Go-http-client/1.1"
165.227.84.14 - - [12/Nov/2024:18:21:53 +0000] "GET /config.json HTTP/1.1" 404 36932 "-" "Go-http-client/1.1"
164.92.244.132 - - [12/Nov/2024:18:21:53 +0000] "GET /.env HTTP/1.1" 301 666 "-" "Go-http-client/1.1"
165.227.84.14 - - [12/Nov/2024:18:21:54 +0000] "GET /telescope/requests HTTP/1.1" 404 36932 "-" "Go-http-client/1.1"
165.227.84.14 - - [12/Nov/2024:18:21:54 +0000] "GET /?rest_route=/wp/v2/users/ HTTP/1.1" 200 1517 "-" "Go-http-client/1.1"
164.92.244.132 - - [12/Nov/2024:18:21:54 +0000] "GET /.git/config HTTP/1.1" 301 673 "-" "Go-http-client/1.1"
164.92.244.132 - - [12/Nov/2024:18:21:55 +0000] "GET /s/236313e2735313e2039313e2634313/_/;/META-INF/maven/com.atlassian.jira/jira-webapp-dist/pom.properties HTTP/1.1" 301 764 "-" "Go-http-client/1.1"
164.92.244.132 - - [12/Nov/2024:18:21:56 +0000] "GET /config.json HTTP/1.1" 301 673 "-" "Go-http-client/1.1"
164.92.244.132 - - [12/Nov/2024:18:21:57 +0000] "GET /telescope/requests HTTP/1.1" 301 680 "-" "Go-http-client/1.1"
164.92.244.132 - - [12/Nov/2024:18:21:58 +0000] "GET /?rest_route=/wp/v2/users/ HTTP/1.1" 200 1517 "-" "Go-http-client/1.1"
201.219.70.221 - - [12/Nov/2024:18:21:58 +0000] "GET /wp-admin HTTP/1.1" 301 3163 "-" "Mozilla/5.0 (Windows NT 10.0; Win64; x64) AppleWebKit/537.36 (KHTML, like Gecko) Chrome/130.0.0.0 Safari/537.36"
201.219.70.221 - - [12/Nov/2024:18:21:58 +0000] "GET /wp-admin/ HTTP/1.1" 302 451 "-" "Mozilla/5.0 (Windows NT 10.0; Win64; x64) AppleWebKit/537.36 (KHTML, like Gecko) Chrome/130.0.0.0 Safari/537.36"
201.219.70.221 - - [12/Nov/2024:18:21:58 +0000] "GET /wp-login.php?redirect_to=https%3A%2F%2Furosalud.es%2Fwp-admin%2F&reauth=1 HTTP/1.1" 200 5496 "-" "Mozilla/5.0 (Windows NT 10.0; Win64; x64) AppleWebKit/537.36 (KHTML, like Gecko) Chrome/130.0.0.0 Safari/537.36"
201.219.70.221 - - [12/Nov/2024:18:21:59 +0000] "GET /wp-includes/css/buttons.min.css?ver=6.6.2 HTTP/1.1" 200 1829 "https://urosalud.es/wp-login.php?redirect_to=https%3A%2F%2Furosalud.es%2Fwp-admin%2F&reauth=1" "Mozilla/5.0 (Windows NT 10.0; Win64; x64) AppleWebKit/537.36 (KHTML, like Gecko) Chrome/130.0.0.0 Safari/537.36"
201.219.70.221 - - [12/Nov/2024:18:21:59 +0000] "GET /wp-admin/css/forms.min.css?ver=6.6.2 HTTP/1.1" 200 7407 "https://urosalud.es/wp-login.php?redirect_to=https%3A%2F%2Furosalud.es%2Fwp-admin%2F&reauth=1" "Mozilla/5.0 (Windows NT 10.0; Win64; x64) AppleWebKit/537.36 (KHTML, like Gecko) Chrome/130.0.0.0 Safari/537.36"
201.219.70.221 - - [12/Nov/2024:18:21:59 +0000] "GET /wp-admin/css/l10n.min.css?ver=6.6.2 HTTP/1.1" 200 1124 "https://urosalud.es/wp-login.php?redirect_to=https%3A%2F%2Furosalud.es%2Fwp-admin%2F&reauth=1" "Mozilla/5.0 (Windows NT 10.0; Win64; x64) AppleWebKit/537.36 (KHTML, like Gecko) Chrome/130.0.0.0 Safari/537.36"
201.219.70.221 - - [12/Nov/2024:18:21:59 +0000] "GET /wp-admin/css/login.min.css?ver=6.6.2 HTTP/1.1" 200 2548 "https://urosalud.es/wp-login.php?redirect_to=https%3A%2F%2Furosalud.es%2Fwp-admin%2F&reauth=1" "Mozilla/5.0 (Windows NT 10.0; Win64; x64) AppleWebKit/537.36 (KHTML, like Gecko) Chrome/130.0.0.0 Safari/537.36"
201.219.70.221 - - [12/Nov/2024:18:21:59 +0000] "GET /wp-includes/js/zxcvbn-async.min.js?ver=1.0 HTTP/1.1" 200 620 "https://urosalud.es/wp-login.php?redirect_to=https%3A%2F%2Furosalud.es%2Fwp-admin%2F&reauth=1" "Mozilla/5.0 (Windows NT 10.0; Win64; x64) AppleWebKit/537.36 (KHTML, like Gecko) Chrome/130.0.0.0 Safari/537.36"
201.219.70.221 - - [12/Nov/2024:18:21:59 +0000] "GET /wp-admin/js/password-strength-meter.min.js?ver=6.6.2 HTTP/1.1" 200 985 "https://urosalud.es/wp-login.php?redirect_to=https%3A%2F%2Furosalud.es%2Fwp-admin%2F&reauth=1" "Mozilla/5.0 (Windows NT 10.0; Win64; x64) AppleWebKit/537.36 (KHTML, like Gecko) Chrome/130.0.0.0 Safari/537.36"
201.219.70.221 - - [12/Nov/2024:18:22:00 +0000] "GET /wp-includes/js/underscore.min.js?ver=1.13.4 HTTP/1.1" 200 7677 "https://urosalud.es/wp-login.php?redirect_to=https%3A%2F%2Furosalud.es%2Fwp-admin%2F&reauth=1" "Mozilla/5.0 (Windows NT 10.0; Win64; x64) AppleWebKit/537.36 (KHTML, like Gecko) Chrome/130.0.0.0 Safari/537.36"
201.219.70.221 - - [12/Nov/2024:18:22:00 +0000] "GET /wp-includes/js/wp-util.min.js?ver=6.6.2 HTTP/1.1" 200 1444 "https://urosalud.es/wp-login.php?redirect_to=https%3A%2F%2Furosalud.es%2Fwp-admin%2F&reauth=1" "Mozilla/5.0 (Windows NT 10.0; Win64; x64) AppleWebKit/537.36 (KHTML, like Gecko) Chrome/130.0.0.0 Safari/537.36"
201.219.70.221 - - [12/Nov/2024:18:22:00 +0000] "GET /wp-admin/js/user-profile.min.js?ver=6.6.2 HTTP/1.1" 200 2846 "https://urosalud.es/wp-login.php?redirect_to=https%3A%2F%2Furosalud.es%2Fwp-admin%2F&reauth=1" "Mozilla/5.0 (Windows NT 10.0; Win64; x64) AppleWebKit/537.36 (KHTML, like Gecko) Chrome/130.0.0.0 Safari/537.36"
201.219.70.221 - - [12/Nov/2024:18:22:00 +0000] "GET /wp-admin/images/wordpress-logo.svg?ver=20131107 HTTP/1.1" 200 1832 "https://urosalud.es/wp-admin/css/login.min.css?ver=6.6.2" "Mozilla/5.0 (Windows NT 10.0; Win64; x64) AppleWebKit/537.36 (KHTML, like Gecko) Chrome/130.0.0.0 Safari/537.36"
195.211.77.140 - - [12/Nov/2024:18:22:01 +0000] "HEAD / HTTP/1.1" 200 2998 "-" "Mozilla/5.0 (Windows NT 10.0; Win64; x64) AppleWebKit/537.36 (KHTML, like Gecko) Chrome/108.0.0.0 Safari/537.36"
201.219.70.221 - - [12/Nov/2024:18:22:01 +0000] "GET /wp-includes/js/zxcvbn.min.js HTTP/1.1" 200 402087 "https://urosalud.es/wp-login.php?redirect_to=https%3A%2F%2Furosalud.es%2Fwp-admin%2F&reauth=1" "Mozilla/5.0 (Windows NT 10.0; Win64; x64) AppleWebKit/537.36 (KHTML, like Gecko) Chrome/130.0.0.0 Safari/537.36"
195.211.77.142 - - [12/Nov/2024:18:22:12 +0000] "GET / HTTP/1.1" 200 13811 "-" "Mozilla/5.0 (Windows NT 10.0; Win64; x64) AppleWebKit/537.36 (KHTML, like Gecko) Chrome/108.0.0.0 Safari/537.36"
201.219.70.221 - - [12/Nov/2024:18:22:21 +0000] "POST /wp-login.php HTTP/1.1" 302 1678 "https://urosalud.es/wp-login.php?redirect_to=https%3A%2F%2Furosalud.es%2Fwp-admin%2F&reauth=1" "Mozilla/5.0 (Windows NT 10.0; Win64; x64) AppleWebKit/537.36 (KHTML, like Gecko) Chrome/130.0.0.0 Safari/537.36"
