34.72.176.129 - - [21/Aug/2024:13:47:03 +0000] "GET /wp-includes/js/dist/i18n.min.js?ver=5e580eb46a90c2b997e6 HTTP/1.1" 200 4033 "https://estilosilvia.es/" "Mozilla/5.0 (X11; Linux x86_64) AppleWebKit/537.36 (KHTML, like Gecko) HeadlessChrome/92.0.4515.159 Safari/537.36"
34.72.176.129 - - [21/Aug/2024:13:47:03 +0000] "GET /wp-content/plugins/elementor-pro/assets/js/frontend.min.js?ver=3.12.2 HTTP/1.1" 200 6918 "https://estilosilvia.es/" "Mozilla/5.0 (X11; Linux x86_64) AppleWebKit/537.36 (KHTML, like Gecko) HeadlessChrome/92.0.4515.159 Safari/537.36"
34.122.147.229 - - [21/Aug/2024:13:47:03 +0000] "GET /wp-content/plugins/elementor/assets/lib/waypoints/waypoints.min.js?ver=4.0.2 HTTP/1.1" 200 3359 "https://estilosilvia.es/" "Mozilla/5.0 (X11; Linux x86_64) AppleWebKit/537.36 (KHTML, like Gecko) HeadlessChrome/92.0.4515.159 Safari/537.36"
34.72.176.129 - - [21/Aug/2024:13:47:03 +0000] "GET /wp-includes/js/jquery/ui/core.min.js?ver=1.13.3 HTTP/1.1" 200 7472 "https://estilosilvia.es/" "Mozilla/5.0 (X11; Linux x86_64) AppleWebKit/537.36 (KHTML, like Gecko) HeadlessChrome/92.0.4515.159 Safari/537.36"
34.122.147.229 - - [21/Aug/2024:13:47:03 +0000] "GET /wp-content/plugins/elementor/assets/js/frontend.min.js?ver=3.23.4 HTTP/1.1" 200 12659 "https://estilosilvia.es/" "Mozilla/5.0 (X11; Linux x86_64) AppleWebKit/537.36 (KHTML, like Gecko) HeadlessChrome/92.0.4515.159 Safari/537.36"
34.72.176.129 - - [21/Aug/2024:13:47:03 +0000] "GET /wp-content/plugins/elementor-pro/assets/js/preloaded-elements-handlers.min.js?ver=3.12.2 HTTP/1.1" 200 39710 "https://estilosilvia.es/" "Mozilla/5.0 (X11; Linux x86_64) AppleWebKit/537.36 (KHTML, like Gecko) HeadlessChrome/92.0.4515.159 Safari/537.36"
34.72.176.129 - - [21/Aug/2024:13:47:03 +0000] "GET /wp-content/uploads/2024/08/450655941_399286799797542_1793721011316383473_n-824x1024.jpg HTTP/1.1" 200 208298 "https://estilosilvia.es/" "Mozilla/5.0 (X11; Linux x86_64) AppleWebKit/537.36 (KHTML, like Gecko) HeadlessChrome/92.0.4515.159 Safari/537.36"
34.122.147.229 - - [21/Aug/2024:13:47:03 +0000] "GET /wp-content/uploads/2023/07/ubicacion.webp HTTP/1.1" 200 2834 "https://estilosilvia.es/" "Mozilla/5.0 (X11; Linux x86_64) AppleWebKit/537.36 (KHTML, like Gecko) HeadlessChrome/92.0.4515.159 Safari/537.36"
205.169.39.6 - - [21/Aug/2024:13:47:03 +0000] "GET /wp-content/uploads/elementor/css/post-5.css?ver=1723842706 HTTP/1.1" 200 842 "https://estilosilvia.es/" "Mozilla/5.0 (Windows NT 10.0; Win64; x64) AppleWebKit/537.36 (KHTML, like Gecko) Chrome/117.0.5938.132 Safari/537.36"
34.122.147.229 - - [21/Aug/2024:13:47:03 +0000] "GET /wp-content/uploads/2024/08/logo3-1024x513.jpg HTTP/1.1" 200 41697 "https://estilosilvia.es/" "Mozilla/5.0 (X11; Linux x86_64) AppleWebKit/537.36 (KHTML, like Gecko) HeadlessChrome/92.0.4515.159 Safari/537.36"
34.72.176.129 - - [21/Aug/2024:13:47:03 +0000] "GET /wp-content/uploads/2024/08/kit_digital-1024x61-1.png HTTP/1.1" 200 63167 "https://estilosilvia.es/" "Mozilla/5.0 (X11; Linux x86_64) AppleWebKit/537.36 (KHTML, like Gecko) HeadlessChrome/92.0.4515.159 Safari/537.36"
34.72.176.129 - - [21/Aug/2024:13:47:03 +0000] "GET /wp-content/uploads/2023/07/mail.webp HTTP/1.1" 200 1404 "https://estilosilvia.es/" "Mozilla/5.0 (X11; Linux x86_64) AppleWebKit/537.36 (KHTML, like Gecko) HeadlessChrome/92.0.4515.159 Safari/537.36"
205.169.39.6 - - [21/Aug/2024:13:47:03 +0000] "GET /wp-content/plugins/elementor/assets/lib/eicons/css/elementor-icons.min.css?ver=5.30.0 HTTP/1.1" 200 4435 "https://estilosilvia.es/" "Mozilla/5.0 (Windows NT 10.0; Win64; x64) AppleWebKit/537.36 (KHTML, like Gecko) Chrome/117.0.5938.132 Safari/537.36"
34.72.176.129 - - [21/Aug/2024:13:47:03 +0000] "GET /wp-content/uploads/2023/07/redes.webp HTTP/1.1" 200 2130 "https://estilosilvia.es/" "Mozilla/5.0 (X11; Linux x86_64) AppleWebKit/537.36 (KHTML, like Gecko) HeadlessChrome/92.0.4515.159 Safari/537.36"
34.72.176.129 - - [21/Aug/2024:13:47:03 +0000] "GET /wp-content/uploads/2024/08/449389159_393369140389308_886480558190918260_n-761x1024.jpg HTTP/1.1" 200 109643 "https://estilosilvia.es/" "Mozilla/5.0 (X11; Linux x86_64) AppleWebKit/537.36 (KHTML, like Gecko) HeadlessChrome/92.0.4515.159 Safari/537.36"
34.72.176.129 - - [21/Aug/2024:13:47:03 +0000] "GET /wp-includes/js/wp-emoji-release.min.js?ver=6.6.1 HTTP/1.1" 200 5428 "https://estilosilvia.es/" "Mozilla/5.0 (X11; Linux x86_64) AppleWebKit/537.36 (KHTML, like Gecko) HeadlessChrome/92.0.4515.159 Safari/537.36"
205.169.39.6 - - [21/Aug/2024:13:47:04 +0000] "GET /wp-content/plugins/elementor/assets/lib/swiper/v8/css/swiper.min.css?ver=8.4.5 HTTP/1.1" 200 4942 "https://estilosilvia.es/" "Mozilla/5.0 (Windows NT 10.0; Win64; x64) AppleWebKit/537.36 (KHTML, like Gecko) Chrome/117.0.5938.132 Safari/537.36"
34.72.176.129 - - [21/Aug/2024:13:47:04 +0000] "GET /wp-content/plugins/elementor/assets/js/text-editor.2c35aafbe5bf0e127950.bundle.min.js HTTP/1.1" 200 1030 "https://estilosilvia.es/" "Mozilla/5.0 (X11; Linux x86_64) AppleWebKit/537.36 (KHTML, like Gecko) HeadlessChrome/92.0.4515.159 Safari/537.36"
34.72.176.129 - - [21/Aug/2024:13:47:04 +0000] "GET /wp-content/uploads/2024/08/sweatshirts-428607_1920.jpg HTTP/1.1" 200 513650 "https://estilosilvia.es/" "Mozilla/5.0 (X11; Linux x86_64) AppleWebKit/537.36 (KHTML, like Gecko) HeadlessChrome/92.0.4515.159 Safari/537.36"
205.169.39.6 - - [21/Aug/2024:13:47:04 +0000] "GET /wp-content/plugins/elementor-pro/assets/css/frontend-lite.min.css?ver=3.12.2 HTTP/1.1" 200 1797 "https://estilosilvia.es/" "Mozilla/5.0 (Windows NT 10.0; Win64; x64) AppleWebKit/537.36 (KHTML, like Gecko) Chrome/117.0.5938.132 Safari/537.36"
205.169.39.6 - - [21/Aug/2024:13:47:04 +0000] "GET /wp-content/uploads/elementor/css/global.css?ver=1723842706 HTTP/1.1" 200 2319 "https://estilosilvia.es/" "Mozilla/5.0 (Windows NT 10.0; Win64; x64) AppleWebKit/537.36 (KHTML, like Gecko) Chrome/117.0.5938.132 Safari/537.36"
205.169.39.6 - - [21/Aug/2024:13:47:04 +0000] "GET /wp-content/uploads/elementor/css/post-124.css?ver=1723848288 HTTP/1.1" 200 2969 "https://estilosilvia.es/" "Mozilla/5.0 (Windows NT 10.0; Win64; x64) AppleWebKit/537.36 (KHTML, like Gecko) Chrome/117.0.5938.132 Safari/537.36"
205.169.39.6 - - [21/Aug/2024:13:47:05 +0000] "GET /wp-content/uploads/elementor/css/post-88.css?ver=1723842707 HTTP/1.1" 200 1088 "https://estilosilvia.es/" "Mozilla/5.0 (Windows NT 10.0; Win64; x64) AppleWebKit/537.36 (KHTML, like Gecko) Chrome/117.0.5938.132 Safari/537.36"
205.169.39.6 - - [21/Aug/2024:13:47:05 +0000] "GET /wp-content/uploads/elementor/css/post-13.css?ver=1723854437 HTTP/1.1" 200 4407 "https://estilosilvia.es/" "Mozilla/5.0 (Windows NT 10.0; Win64; x64) AppleWebKit/537.36 (KHTML, like Gecko) Chrome/117.0.5938.132 Safari/537.36"
205.169.39.6 - - [21/Aug/2024:13:47:05 +0000] "GET /wp-content/plugins/elementor/assets/lib/font-awesome/css/fontawesome.min.css?ver=5.15.3 HTTP/1.1" 200 13043 "https://estilosilvia.es/" "Mozilla/5.0 (Windows NT 10.0; Win64; x64) AppleWebKit/537.36 (KHTML, like Gecko) Chrome/117.0.5938.132 Safari/537.36"
205.169.39.6 - - [21/Aug/2024:13:47:05 +0000] "GET /wp-content/plugins/elementor/assets/lib/font-awesome/css/solid.min.css?ver=5.15.3 HTTP/1.1" 200 666 "https://estilosilvia.es/" "Mozilla/5.0 (Windows NT 10.0; Win64; x64) AppleWebKit/537.36 (KHTML, like Gecko) Chrome/117.0.5938.132 Safari/537.36"
205.169.39.6 - - [21/Aug/2024:13:47:05 +0000] "GET /wp-content/plugins/elementor/assets/lib/font-awesome/css/brands.min.css?ver=5.15.3 HTTP/1.1" 200 665 "https://estilosilvia.es/" "Mozilla/5.0 (Windows NT 10.0; Win64; x64) AppleWebKit/537.36 (KHTML, like Gecko) Chrome/117.0.5938.132 Safari/537.36"
205.169.39.6 - - [21/Aug/2024:13:47:05 +0000] "GET /wp-content/plugins/elementor/assets/lib/eicons/fonts/eicons.woff2?5.30.0 HTTP/1.1" 200 97707 "https://estilosilvia.es/wp-content/plugins/elementor/assets/lib/eicons/css/elementor-icons.min.css?ver=5.30.0" "Mozilla/5.0 (Windows NT 10.0; Win64; x64) AppleWebKit/537.36 (KHTML, like Gecko) Chrome/117.0.5938.132 Safari/537.36"
205.169.39.6 - - [21/Aug/2024:13:47:05 +0000] "GET /wp-content/plugins/elementor/assets/lib/font-awesome/webfonts/fa-solid-900.woff2 HTTP/1.1" 200 78705 "https://estilosilvia.es/wp-content/plugins/elementor/assets/lib/font-awesome/css/solid.min.css?ver=5.15.3" "Mozilla/5.0 (Windows NT 10.0; Win64; x64) AppleWebKit/537.36 (KHTML, like Gecko) Chrome/117.0.5938.132 Safari/537.36"
205.169.39.6 - - [21/Aug/2024:13:47:05 +0000] "GET /wp-content/plugins/elementor/assets/lib/font-awesome/webfonts/fa-brands-400.woff2 HTTP/1.1" 200 82143 "https://estilosilvia.es/wp-content/plugins/elementor/assets/lib/font-awesome/css/brands.min.css?ver=5.15.3" "Mozilla/5.0 (Windows NT 10.0; Win64; x64) AppleWebKit/537.36 (KHTML, like Gecko) Chrome/117.0.5938.132 Safari/537.36"
205.169.39.6 - - [21/Aug/2024:13:47:05 +0000] "GET /wp-content/uploads/2024/08/sweatshirts-428607_1920.jpg HTTP/1.1" 200 513651 "https://estilosilvia.es/" "Mozilla/5.0 (Windows NT 10.0; Win64; x64) AppleWebKit/537.36 (KHTML, like Gecko) Chrome/117.0.5938.132 Safari/537.36"
205.169.39.6 - - [21/Aug/2024:13:47:05 +0000] "GET /wp-content/plugins/elementor/assets/lib/animations/animations.min.css?ver=3.23.4 HTTP/1.1" 200 2951 "https://estilosilvia.es/" "Mozilla/5.0 (Windows NT 10.0; Win64; x64) AppleWebKit/537.36 (KHTML, like Gecko) Chrome/117.0.5938.132 Safari/537.36"
205.169.39.6 - - [21/Aug/2024:13:47:06 +0000] "GET /wp-content/uploads/2023/05/logo-inv_03.jpg HTTP/1.1" 200 60140 "https://estilosilvia.es/" "Mozilla/5.0 (Windows NT 10.0; Win64; x64) AppleWebKit/537.36 (KHTML, like Gecko) Chrome/117.0.5938.132 Safari/537.36"
205.169.39.6 - - [21/Aug/2024:13:47:06 +0000] "GET /wp-content/uploads/2023/07/ubicacion.webp HTTP/1.1" 200 2834 "https://estilosilvia.es/" "Mozilla/5.0 (Windows NT 10.0; Win64; x64) AppleWebKit/537.36 (KHTML, like Gecko) Chrome/117.0.5938.132 Safari/537.36"
205.169.39.6 - - [21/Aug/2024:13:47:06 +0000] "GET /wp-content/uploads/2024/08/logo3.jpg HTTP/1.1" 200 74764 "https://estilosilvia.es/" "Mozilla/5.0 (Windows NT 10.0; Win64; x64) AppleWebKit/537.36 (KHTML, like Gecko) Chrome/117.0.5938.132 Safari/537.36"
205.169.39.6 - - [21/Aug/2024:13:47:06 +0000] "GET /wp-content/themes/hello-elementor/assets/js/hello-frontend.min.js?ver=3.1.1 HTTP/1.1" 200 1505 "https://estilosilvia.es/" "Mozilla/5.0 (Windows NT 10.0; Win64; x64) AppleWebKit/537.36 (KHTML, like Gecko) Chrome/117.0.5938.132 Safari/537.36"
205.169.39.6 - - [21/Aug/2024:13:47:06 +0000] "GET /wp-includes/js/jquery/jquery.min.js?ver=3.7.1 HTTP/1.1" 200 30846 "https://estilosilvia.es/" "Mozilla/5.0 (Windows NT 10.0; Win64; x64) AppleWebKit/537.36 (KHTML, like Gecko) Chrome/117.0.5938.132 Safari/537.36"
205.169.39.6 - - [21/Aug/2024:13:47:06 +0000] "GET /wp-includes/js/jquery/jquery-migrate.min.js?ver=3.4.1 HTTP/1.1" 200 7793 "https://estilosilvia.es/" "Mozilla/5.0 (Windows NT 10.0; Win64; x64) AppleWebKit/537.36 (KHTML, like Gecko) Chrome/117.0.5938.132 Safari/537.36"
205.169.39.6 - - [21/Aug/2024:13:47:06 +0000] "GET /wp-content/plugins/elementor-pro/assets/lib/smartmenus/jquery.smartmenus.min.js?ver=1.0.1 HTTP/1.1" 200 7523 "https://estilosilvia.es/" "Mozilla/5.0 (Windows NT 10.0; Win64; x64) AppleWebKit/537.36 (KHTML, like Gecko) Chrome/117.0.5938.132 Safari/537.36"
205.169.39.6 - - [21/Aug/2024:13:47:06 +0000] "GET /wp-content/plugins/elementor-pro/assets/js/webpack-pro.runtime.min.js?ver=3.12.2 HTTP/1.1" 200 5415 "https://estilosilvia.es/" "Mozilla/5.0 (Windows NT 10.0; Win64; x64) AppleWebKit/537.36 (KHTML, like Gecko) Chrome/117.0.5938.132 Safari/537.36"
205.169.39.6 - - [21/Aug/2024:13:47:06 +0000] "GET /wp-content/plugins/elementor/assets/js/webpack.runtime.min.js?ver=3.23.4 HTTP/1.1" 200 2580 "https://estilosilvia.es/" "Mozilla/5.0 (Windows NT 10.0; Win64; x64) AppleWebKit/537.36 (KHTML, like Gecko) Chrome/117.0.5938.132 Safari/537.36"
205.169.39.6 - - [21/Aug/2024:13:47:06 +0000] "GET /wp-content/uploads/2024/08/450655941_399286799797542_1793721011316383473_n-824x1024.jpg HTTP/1.1" 200 208298 "https://estilosilvia.es/" "Mozilla/5.0 (Windows NT 10.0; Win64; x64) AppleWebKit/537.36 (KHTML, like Gecko) Chrome/117.0.5938.132 Safari/537.36"
205.169.39.6 - - [21/Aug/2024:13:47:06 +0000] "GET /wp-content/plugins/elementor/assets/js/frontend-modules.min.js?ver=3.23.4 HTTP/1.1" 200 20320 "https://estilosilvia.es/" "Mozilla/5.0 (Windows NT 10.0; Win64; x64) AppleWebKit/537.36 (KHTML, like Gecko) Chrome/117.0.5938.132 Safari/537.36"
205.169.39.6 - - [21/Aug/2024:13:47:06 +0000] "GET /wp-includes/js/dist/hooks.min.js?ver=2810c76e705dd1a53b18 HTTP/1.1" 200 1907 "https://estilosilvia.es/" "Mozilla/5.0 (Windows NT 10.0; Win64; x64) AppleWebKit/537.36 (KHTML, like Gecko) Chrome/117.0.5938.132 Safari/537.36"
205.169.39.6 - - [21/Aug/2024:13:47:06 +0000] "GET /wp-includes/js/dist/i18n.min.js?ver=5e580eb46a90c2b997e6 HTTP/1.1" 200 4033 "https://estilosilvia.es/" "Mozilla/5.0 (Windows NT 10.0; Win64; x64) AppleWebKit/537.36 (KHTML, like Gecko) Chrome/117.0.5938.132 Safari/537.36"
205.169.39.6 - - [21/Aug/2024:13:47:06 +0000] "GET /wp-content/plugins/elementor-pro/assets/js/frontend.min.js?ver=3.12.2 HTTP/1.1" 200 6918 "https://estilosilvia.es/" "Mozilla/5.0 (Windows NT 10.0; Win64; x64) AppleWebKit/537.36 (KHTML, like Gecko) Chrome/117.0.5938.132 Safari/537.36"
205.169.39.6 - - [21/Aug/2024:13:47:06 +0000] "GET /wp-content/plugins/elementor/assets/lib/waypoints/waypoints.min.js?ver=4.0.2 HTTP/1.1" 200 3359 "https://estilosilvia.es/" "Mozilla/5.0 (Windows NT 10.0; Win64; x64) AppleWebKit/537.36 (KHTML, like Gecko) Chrome/117.0.5938.132 Safari/537.36"
205.169.39.6 - - [21/Aug/2024:13:47:06 +0000] "GET /wp-includes/js/jquery/ui/core.min.js?ver=1.13.3 HTTP/1.1" 200 7472 "https://estilosilvia.es/" "Mozilla/5.0 (Windows NT 10.0; Win64; x64) AppleWebKit/537.36 (KHTML, like Gecko) Chrome/117.0.5938.132 Safari/537.36"
205.169.39.6 - - [21/Aug/2024:13:47:06 +0000] "GET /wp-content/plugins/elementor/assets/js/frontend.min.js?ver=3.23.4 HTTP/1.1" 200 12659 "https://estilosilvia.es/" "Mozilla/5.0 (Windows NT 10.0; Win64; x64) AppleWebKit/537.36 (KHTML, like Gecko) Chrome/117.0.5938.132 Safari/537.36"
205.169.39.6 - - [21/Aug/2024:13:47:07 +0000] "GET /wp-content/plugins/elementor-pro/assets/js/preloaded-elements-handlers.min.js?ver=3.12.2 HTTP/1.1" 200 39710 "https://estilosilvia.es/" "Mozilla/5.0 (Windows NT 10.0; Win64; x64) AppleWebKit/537.36 (KHTML, like Gecko) Chrome/117.0.5938.132 Safari/537.36"
205.169.39.6 - - [21/Aug/2024:13:47:07 +0000] "GET /wp-content/uploads/2024/08/kit_digital-1024x61-1.png HTTP/1.1" 200 63167 "https://estilosilvia.es/" "Mozilla/5.0 (Windows NT 10.0; Win64; x64) AppleWebKit/537.36 (KHTML, like Gecko) Chrome/117.0.5938.132 Safari/537.36"
205.169.39.6 - - [21/Aug/2024:13:47:07 +0000] "GET /wp-content/uploads/2023/07/mail.webp HTTP/1.1" 200 1404 "https://estilosilvia.es/" "Mozilla/5.0 (Windows NT 10.0; Win64; x64) AppleWebKit/537.36 (KHTML, like Gecko) Chrome/117.0.5938.132 Safari/537.36"
205.169.39.6 - - [21/Aug/2024:13:47:07 +0000] "GET /wp-content/uploads/2023/07/redes.webp HTTP/1.1" 200 2130 "https://estilosilvia.es/" "Mozilla/5.0 (Windows NT 10.0; Win64; x64) AppleWebKit/537.36 (KHTML, like Gecko) Chrome/117.0.5938.132 Safari/537.36"
205.169.39.6 - - [21/Aug/2024:13:47:07 +0000] "GET /wp-includes/js/wp-emoji-release.min.js?ver=6.6.1 HTTP/1.1" 200 5428 "https://estilosilvia.es/" "Mozilla/5.0 (Windows NT 10.0; Win64; x64) AppleWebKit/537.36 (KHTML, like Gecko) Chrome/117.0.5938.132 Safari/537.36"
205.169.39.6 - - [21/Aug/2024:13:47:07 +0000] "GET /wp-content/plugins/elementor/assets/js/text-editor.2c35aafbe5bf0e127950.bundle.min.js HTTP/1.1" 200 1030 "https://estilosilvia.es/" "Mozilla/5.0 (Windows NT 10.0; Win64; x64) AppleWebKit/537.36 (KHTML, like Gecko) Chrome/117.0.5938.132 Safari/537.36"
205.169.39.6 - - [21/Aug/2024:13:47:07 +0000] "GET /wp-content/uploads/2024/08/449389159_393369140389308_886480558190918260_n-761x1024.jpg HTTP/1.1" 200 109643 "https://estilosilvia.es/" "Mozilla/5.0 (Windows NT 10.0; Win64; x64) AppleWebKit/537.36 (KHTML, like Gecko) Chrome/117.0.5938.132 Safari/537.36"
205.169.39.6 - - [21/Aug/2024:13:47:05 +0000] "GET /wp-content/uploads/2024/08/sweater-6788998_1920.jpg HTTP/1.1" 200 674312 "https://estilosilvia.es/" "Mozilla/5.0 (Windows NT 10.0; Win64; x64) AppleWebKit/537.36 (KHTML, like Gecko) Chrome/117.0.5938.132 Safari/537.36"
201.219.111.151 - - [21/Aug/2024:13:47:08 +0000] "POST /wp-login.php HTTP/1.1" 302 1679 "https://estilosilvia.es/wp-login.php" "Mozilla/5.0 (Windows NT 10.0; Win64; x64) AppleWebKit/537.36 (KHTML, like Gecko) Chrome/127.0.0.0 Safari/537.36"
201.219.111.151 - - [21/Aug/2024:13:47:08 +0000] "GET /wp-admin/ HTTP/1.1" 200 36795 "https://estilosilvia.es/wp-login.php" "Mozilla/5.0 (Windows NT 10.0; Win64; x64) AppleWebKit/537.36 (KHTML, like Gecko) Chrome/127.0.0.0 Safari/537.36"
201.219.111.151 - - [21/Aug/2024:13:47:10 +0000] "GET /wp-admin/load-styles.php?c=0&dir=ltr&load%5Bchunk_0%5D=dashicons,admin-bar,site-health,common,forms,admin-menu,dashboard,list-tables,edit,revisions,media,themes,about,nav-menus,wp-poi&load%5Bchunk_1%5D=nter,widgets,site-icon,l10n,buttons,wp-auth-check&ver=6.6.1 HTTP/1.1" 200 102730 "https://estilosilvia.es/wp-admin/" "Mozilla/5.0 (Windows NT 10.0; Win64; x64) AppleWebKit/537.36 (KHTML, like Gecko) Chrome/127.0.0.0 Safari/537.36"
201.219.111.151 - - [21/Aug/2024:13:47:10 +0000] "GET /wp-includes/js/thickbox/thickbox.css?ver=6.6.1 HTTP/1.1" 200 1296 "https://estilosilvia.es/wp-admin/" "Mozilla/5.0 (Windows NT 10.0; Win64; x64) AppleWebKit/537.36 (KHTML, like Gecko) Chrome/127.0.0.0 Safari/537.36"
201.219.111.151 - - [21/Aug/2024:13:47:10 +0000] "GET /wp-content/plugins/elementor-pro/assets/css/admin.min.css?ver=3.12.2 HTTP/1.1" 200 3187 "https://estilosilvia.es/wp-admin/" "Mozilla/5.0 (Windows NT 10.0; Win64; x64) AppleWebKit/537.36 (KHTML, like Gecko) Chrome/127.0.0.0 Safari/537.36"
201.219.111.151 - - [21/Aug/2024:13:47:10 +0000] "GET /wp-content/plugins/wordpress-seo/css/dist/admin-global-2320.css HTTP/1.1" 200 7067 "https://estilosilvia.es/wp-admin/" "Mozilla/5.0 (Windows NT 10.0; Win64; x64) AppleWebKit/537.36 (KHTML, like Gecko) Chrome/127.0.0.0 Safari/537.36"
201.219.111.151 - - [21/Aug/2024:13:47:10 +0000] "GET /wp-content/plugins/wordpress-seo/css/dist/wpseo-dismissible-2320.css HTTP/1.1" 200 3270 "https://estilosilvia.es/wp-admin/" "Mozilla/5.0 (Windows NT 10.0; Win64; x64) AppleWebKit/537.36 (KHTML, like Gecko) Chrome/127.0.0.0 Safari/537.36"
201.219.111.151 - - [21/Aug/2024:13:47:10 +0000] "GET /wp-content/plugins/wordpress-seo/css/dist/dashboard-2320.css HTTP/1.1" 200 1074 "https://estilosilvia.es/wp-admin/" "Mozilla/5.0 (Windows NT 10.0; Win64; x64) AppleWebKit/537.36 (KHTML, like Gecko) Chrome/127.0.0.0 Safari/537.36"
201.219.111.151 - - [21/Aug/2024:13:47:10 +0000] "GET /wp-content/plugins/wordpress-seo/css/dist/monorepo-2320.css HTTP/1.1" 200 10537 "https://estilosilvia.es/wp-admin/" "Mozilla/5.0 (Windows NT 10.0; Win64; x64) AppleWebKit/537.36 (KHTML, like Gecko) Chrome/127.0.0.0 Safari/537.36"
201.219.111.151 - - [21/Aug/2024:13:47:10 +0000] "GET /wp-content/plugins/elementor/assets/lib/eicons/css/elementor-icons.min.css?ver=5.30.0 HTTP/1.1" 200 4435 "https://estilosilvia.es/wp-admin/" "Mozilla/5.0 (Windows NT 10.0; Win64; x64) AppleWebKit/537.36 (KHTML, like Gecko) Chrome/127.0.0.0 Safari/537.36"
201.219.111.151 - - [21/Aug/2024:13:47:10 +0000] "GET /wp-content/plugins/elementor/assets/css/common.min.css?ver=3.23.4 HTTP/1.1" 200 3763 "https://estilosilvia.es/wp-admin/" "Mozilla/5.0 (Windows NT 10.0; Win64; x64) AppleWebKit/537.36 (KHTML, like Gecko) Chrome/127.0.0.0 Safari/537.36"
201.219.111.151 - - [21/Aug/2024:13:47:10 +0000] "GET /wp-content/plugins/elementor/assets/css/theme-light.min.css?ver=3.23.4 HTTP/1.1" 200 1079 "https://estilosilvia.es/wp-admin/" "Mozilla/5.0 (Windows NT 10.0; Win64; x64) AppleWebKit/537.36 (KHTML, like Gecko) Chrome/127.0.0.0 Safari/537.36"
201.219.111.151 - - [21/Aug/2024:13:47:10 +0000] "GET /wp-content/plugins/wordpress-seo/css/dist/adminbar-2320.css HTTP/1.1" 200 1969 "https://estilosilvia.es/wp-admin/" "Mozilla/5.0 (Windows NT 10.0; Win64; x64) AppleWebKit/537.36 (KHTML, like Gecko) Chrome/127.0.0.0 Safari/537.36"
201.219.111.151 - - [21/Aug/2024:13:47:10 +0000] "GET /wp-content/plugins/elementor/assets/css/admin.min.css?ver=3.23.4 HTTP/1.1" 200 12406 "https://estilosilvia.es/wp-admin/" "Mozilla/5.0 (Windows NT 10.0; Win64; x64) AppleWebKit/537.36 (KHTML, like Gecko) Chrome/127.0.0.0 Safari/537.36"
205.169.39.172 - - [21/Aug/2024:13:47:10 +0000] "GET / HTTP/1.1" 301 574 "-" "Mozilla/5.0 (Windows NT 6.1; Win64; x64) AppleWebKit/537.36 (KHTML, like Gecko) Chrome/83.0.4103.61 Safari/537.36"
201.219.111.151 - - [21/Aug/2024:13:47:10 +0000] "GET /wp-includes/js/utils.min.js?ver=6.6.1 HTTP/1.1" 200 1183 "https://estilosilvia.es/wp-admin/" "Mozilla/5.0 (Windows NT 10.0; Win64; x64) AppleWebKit/537.36 (KHTML, like Gecko) Chrome/127.0.0.0 Safari/537.36"
201.219.111.151 - - [21/Aug/2024:13:47:10 +0000] "GET /wp-includes/js/dist/vendor/wp-polyfill.min.js?ver=3.15.0 HTTP/1.1" 200 14264 "https://estilosilvia.es/wp-admin/" "Mozilla/5.0 (Windows NT 10.0; Win64; x64) AppleWebKit/537.36 (KHTML, like Gecko) Chrome/127.0.0.0 Safari/537.36"
201.219.111.151 - - [21/Aug/2024:13:47:10 +0000] "GET /wp-content/plugins/wordpress-seo/js/dist/admin-global.js?ver=ee3745f3fdc45e43fb51 HTTP/1.1" 200 2267 "https://estilosilvia.es/wp-admin/" "Mozilla/5.0 (Windows NT 10.0; Win64; x64) AppleWebKit/537.36 (KHTML, like Gecko) Chrome/127.0.0.0 Safari/537.36"
201.219.111.151 - - [21/Aug/2024:13:47:10 +0000] "GET /wp-includes/css/editor.min.css?ver=6.6.1 HTTP/1.1" 200 6205 "https://estilosilvia.es/wp-admin/" "Mozilla/5.0 (Windows NT 10.0; Win64; x64) AppleWebKit/537.36 (KHTML, like Gecko) Chrome/127.0.0.0 Safari/537.36"
201.219.111.151 - - [21/Aug/2024:13:47:10 +0000] "GET /wp-includes/js/hoverIntent.min.js?ver=1.10.2 HTTP/1.1" 200 1070 "https://estilosilvia.es/wp-admin/" "Mozilla/5.0 (Windows NT 10.0; Win64; x64) AppleWebKit/537.36 (KHTML, like Gecko) Chrome/127.0.0.0 Safari/537.36"
201.219.111.151 - - [21/Aug/2024:13:47:11 +0000] "GET /wp-admin/js/common.min.js?ver=6.6.1 HTTP/1.1" 200 7696 "https://estilosilvia.es/wp-admin/" "Mozilla/5.0 (Windows NT 10.0; Win64; x64) AppleWebKit/537.36 (KHTML, like Gecko) Chrome/127.0.0.0 Safari/537.36"
201.219.111.151 - - [21/Aug/2024:13:47:11 +0000] "GET /wp-includes/js/hoverintent-js.min.js?ver=2.2.1 HTTP/1.1" 200 1082 "https://estilosilvia.es/wp-admin/" "Mozilla/5.0 (Windows NT 10.0; Win64; x64) AppleWebKit/537.36 (KHTML, like Gecko) Chrome/127.0.0.0 Safari/537.36"
201.219.111.151 - - [21/Aug/2024:13:47:11 +0000] "GET /wp-includes/js/admin-bar.min.js?ver=6.6.1 HTTP/1.1" 200 1722 "https://estilosilvia.es/wp-admin/" "Mozilla/5.0 (Windows NT 10.0; Win64; x64) AppleWebKit/537.36 (KHTML, like Gecko) Chrome/127.0.0.0 Safari/537.36"
201.219.111.151 - - [21/Aug/2024:13:47:11 +0000] "GET /wp-includes/js/clipboard.min.js?ver=2.0.11 HTTP/1.1" 200 3516 "https://estilosilvia.es/wp-admin/" "Mozilla/5.0 (Windows NT 10.0; Win64; x64) AppleWebKit/537.36 (KHTML, like Gecko) Chrome/127.0.0.0 Safari/537.36"
201.219.111.151 - - [21/Aug/2024:13:47:11 +0000] "GET /wp-includes/js/dist/dom-ready.min.js?ver=f77871ff7694fffea381 HTTP/1.1" 200 684 "https://estilosilvia.es/wp-admin/" "Mozilla/5.0 (Windows NT 10.0; Win64; x64) AppleWebKit/537.36 (KHTML, like Gecko) Chrome/127.0.0.0 Safari/537.36"
201.219.111.151 - - [21/Aug/2024:13:47:11 +0000] "GET /wp-includes/js/dist/a11y.min.js?ver=d90eebea464f6c09bfd5 HTTP/1.1" 200 1314 "https://estilosilvia.es/wp-admin/" "Mozilla/5.0 (Windows NT 10.0; Win64; x64) AppleWebKit/537.36 (KHTML, like Gecko) Chrome/127.0.0.0 Safari/537.36"
201.219.111.151 - - [21/Aug/2024:13:47:11 +0000] "GET /wp-includes/js/api-request.min.js?ver=6.6.1 HTTP/1.1" 200 954 "https://estilosilvia.es/wp-admin/" "Mozilla/5.0 (Windows NT 10.0; Win64; x64) AppleWebKit/537.36 (KHTML, like Gecko) Chrome/127.0.0.0 Safari/537.36"
201.219.111.151 - - [21/Aug/2024:13:47:11 +0000] "GET /wp-content/plugins/elementor/assets/lib/eicons/fonts/eicons.woff2?5.30.0 HTTP/1.1" 200 97707 "https://estilosilvia.es/wp-content/plugins/elementor/assets/lib/eicons/css/elementor-icons.min.css?ver=5.30.0" "Mozilla/5.0 (Windows NT 10.0; Win64; x64) AppleWebKit/537.36 (KHTML, like Gecko) Chrome/127.0.0.0 Safari/537.36"
201.219.111.151 - - [21/Aug/2024:13:47:11 +0000] "GET /wp-includes/js/dist/url.min.js?ver=36ae0e4dd9043bb8749b HTTP/1.1" 200 4101 "https://estilosilvia.es/wp-admin/" "Mozilla/5.0 (Windows NT 10.0; Win64; x64) AppleWebKit/537.36 (KHTML, like Gecko) Chrome/127.0.0.0 Safari/537.36"
201.219.111.151 - - [21/Aug/2024:13:47:11 +0000] "GET /wp-admin/js/site-health.min.js?ver=6.6.1 HTTP/1.1" 200 2562 "https://estilosilvia.es/wp-admin/" "Mozilla/5.0 (Windows NT 10.0; Win64; x64) AppleWebKit/537.36 (KHTML, like Gecko) Chrome/127.0.0.0 Safari/537.36"
201.219.111.151 - - [21/Aug/2024:13:47:11 +0000] "GET /wp-includes/js/jquery/jquery.color.min.js?ver=2.2.0 HTTP/1.1" 200 3270 "https://estilosilvia.es/wp-admin/" "Mozilla/5.0 (Windows NT 10.0; Win64; x64) AppleWebKit/537.36 (KHTML, like Gecko) Chrome/127.0.0.0 Safari/537.36"
201.219.111.151 - - [21/Aug/2024:13:47:11 +0000] "GET /wp-includes/js/wp-ajax-response.min.js?ver=6.6.1 HTTP/1.1" 200 1456 "https://estilosilvia.es/wp-admin/" "Mozilla/5.0 (Windows NT 10.0; Win64; x64) AppleWebKit/537.36 (KHTML, like Gecko) Chrome/127.0.0.0 Safari/537.36"
201.219.111.151 - - [21/Aug/2024:13:47:11 +0000] "GET /wp-includes/js/wp-lists.min.js?ver=6.6.1 HTTP/1.1" 200 2900 "https://estilosilvia.es/wp-admin/" "Mozilla/5.0 (Windows NT 10.0; Win64; x64) AppleWebKit/537.36 (KHTML, like Gecko) Chrome/127.0.0.0 Safari/537.36"
201.219.111.151 - - [21/Aug/2024:13:47:11 +0000] "GET /wp-admin/js/edit-comments.min.js?ver=6.6.1 HTTP/1.1" 200 5476 "https://estilosilvia.es/wp-admin/" "Mozilla/5.0 (Windows NT 10.0; Win64; x64) AppleWebKit/537.36 (KHTML, like Gecko) Chrome/127.0.0.0 Safari/537.36"
201.219.111.151 - - [21/Aug/2024:13:47:11 +0000] "GET /wp-includes/js/jquery/ui/core.min.js?ver=1.13.3 HTTP/1.1" 200 7472 "https://estilosilvia.es/wp-admin/" "Mozilla/5.0 (Windows NT 10.0; Win64; x64) AppleWebKit/537.36 (KHTML, like Gecko) Chrome/127.0.0.0 Safari/537.36"
201.219.111.151 - - [21/Aug/2024:13:47:11 +0000] "GET /wp-includes/js/jquery/jquery.query.js?ver=2.2.3 HTTP/1.1" 200 1992 "https://estilosilvia.es/wp-admin/" "Mozilla/5.0 (Windows NT 10.0; Win64; x64) AppleWebKit/537.36 (KHTML, like Gecko) Chrome/127.0.0.0 Safari/537.36"
201.219.111.151 - - [21/Aug/2024:13:47:11 +0000] "GET /wp-includes/js/quicktags.min.js?ver=6.6.1 HTTP/1.1" 200 3875 "https://estilosilvia.es/wp-admin/" "Mozilla/5.0 (Windows NT 10.0; Win64; x64) AppleWebKit/537.36 (KHTML, like Gecko) Chrome/127.0.0.0 Safari/537.36"
201.219.111.151 - - [21/Aug/2024:13:47:11 +0000] "GET /wp-includes/js/jquery/ui/mouse.min.js?ver=1.13.3 HTTP/1.1" 200 1463 "https://estilosilvia.es/wp-admin/" "Mozilla/5.0 (Windows NT 10.0; Win64; x64) AppleWebKit/537.36 (KHTML, like Gecko) Chrome/127.0.0.0 Safari/537.36"
201.219.111.151 - - [21/Aug/2024:13:47:11 +0000] "GET /wp-admin/js/postbox.min.js?ver=6.6.1 HTTP/1.1" 200 2587 "https://estilosilvia.es/wp-admin/" "Mozilla/5.0 (Windows NT 10.0; Win64; x64) AppleWebKit/537.36 (KHTML, like Gecko) Chrome/127.0.0.0 Safari/537.36"
201.219.111.151 - - [21/Aug/2024:13:47:11 +0000] "GET /wp-includes/js/jquery/ui/sortable.min.js?ver=1.13.3 HTTP/1.1" 200 6952 "https://estilosilvia.es/wp-admin/" "Mozilla/5.0 (Windows NT 10.0; Win64; x64) AppleWebKit/537.36 (KHTML, like Gecko) Chrome/127.0.0.0 Safari/537.36"
201.219.111.151 - - [21/Aug/2024:13:47:11 +0000] "GET /wp-includes/js/dist/deprecated.min.js?ver=e1f84915c5e8ae38964c HTTP/1.1" 200 810 "https://estilosilvia.es/wp-admin/" "Mozilla/5.0 (Windows NT 10.0; Win64; x64) AppleWebKit/537.36 (KHTML, like Gecko) Chrome/127.0.0.0 Safari/537.36"
201.219.111.151 - - [21/Aug/2024:13:47:11 +0000] "GET /wp-includes/js/dist/vendor/moment.min.js?ver=2.29.4 HTTP/1.1" 200 19000 "https://estilosilvia.es/wp-admin/" "Mozilla/5.0 (Windows NT 10.0; Win64; x64) AppleWebKit/537.36 (KHTML, like Gecko) Chrome/127.0.0.0 Safari/537.36"
201.219.111.151 - - [21/Aug/2024:13:47:11 +0000] "GET /wp-includes/js/dist/date.min.js?ver=aaca6387d1cf924acc51 HTTP/1.1" 200 44095 "https://estilosilvia.es/wp-admin/" "Mozilla/5.0 (Windows NT 10.0; Win64; x64) AppleWebKit/537.36 (KHTML, like Gecko) Chrome/127.0.0.0 Safari/537.36"
201.219.111.151 - - [21/Aug/2024:13:47:11 +0000] "GET /wp-admin/js/dashboard.min.js?ver=6.6.1 HTTP/1.1" 200 3428 "https://estilosilvia.es/wp-admin/" "Mozilla/5.0 (Windows NT 10.0; Win64; x64) AppleWebKit/537.36 (KHTML, like Gecko) Chrome/127.0.0.0 Safari/537.36"
201.219.111.151 - - [21/Aug/2024:13:47:11 +0000] "GET /wp-includes/js/wp-sanitize.min.js?ver=6.6.1 HTTP/1.1" 200 648 "https://estilosilvia.es/wp-admin/" "Mozilla/5.0 (Windows NT 10.0; Win64; x64) AppleWebKit/537.36 (KHTML, like Gecko) Chrome/127.0.0.0 Safari/537.36"
201.219.111.151 - - [21/Aug/2024:13:47:11 +0000] "GET /wp-includes/js/thickbox/thickbox.js?ver=3.1-20121105 HTTP/1.1" 200 4398 "https://estilosilvia.es/wp-admin/" "Mozilla/5.0 (Windows NT 10.0; Win64; x64) AppleWebKit/537.36 (KHTML, like Gecko) Chrome/127.0.0.0 Safari/537.36"
201.219.111.151 - - [21/Aug/2024:13:47:11 +0000] "GET /wp-admin/js/plugin-install.min.js?ver=6.6.1 HTTP/1.1" 200 1386 "https://estilosilvia.es/wp-admin/" "Mozilla/5.0 (Windows NT 10.0; Win64; x64) AppleWebKit/537.36 (KHTML, like Gecko) Chrome/127.0.0.0 Safari/537.36"
201.219.111.151 - - [21/Aug/2024:13:47:11 +0000] "GET /wp-admin/js/updates.min.js?ver=6.6.1 HTTP/1.1" 200 10800 "https://estilosilvia.es/wp-admin/" "Mozilla/5.0 (Windows NT 10.0; Win64; x64) AppleWebKit/537.36 (KHTML, like Gecko) Chrome/127.0.0.0 Safari/537.36"
201.219.111.151 - - [21/Aug/2024:13:47:11 +0000] "GET /wp-includes/js/shortcode.min.js?ver=6.6.1 HTTP/1.1" 200 1510 "https://estilosilvia.es/wp-admin/" "Mozilla/5.0 (Windows NT 10.0; Win64; x64) AppleWebKit/537.36 (KHTML, like Gecko) Chrome/127.0.0.0 Safari/537.36"
205.169.39.172 - - [21/Aug/2024:13:47:11 +0000] "GET / HTTP/1.1" 200 17334 "-" "Mozilla/5.0 (Windows NT 6.1; Win64; x64) AppleWebKit/537.36 (KHTML, like Gecko) Chrome/83.0.4103.61 Safari/537.36"
201.219.111.151 - - [21/Aug/2024:13:47:12 +0000] "GET /wp-admin/js/media-upload.min.js?ver=6.6.1 HTTP/1.1" 200 977 "https://estilosilvia.es/wp-admin/" "Mozilla/5.0 (Windows NT 10.0; Win64; x64) AppleWebKit/537.36 (KHTML, like Gecko) Chrome/127.0.0.0 Safari/537.36"
201.219.111.151 - - [21/Aug/2024:13:47:12 +0000] "GET /wp-admin/js/svg-painter.js?ver=6.6.1 HTTP/1.1" 200 2491 "https://estilosilvia.es/wp-admin/" "Mozilla/5.0 (Windows NT 10.0; Win64; x64) AppleWebKit/537.36 (KHTML, like Gecko) Chrome/127.0.0.0 Safari/537.36"
201.219.111.151 - - [21/Aug/2024:13:47:12 +0000] "GET /wp-includes/js/heartbeat.min.js?ver=6.6.1 HTTP/1.1" 200 2422 "https://estilosilvia.es/wp-admin/" "Mozilla/5.0 (Windows NT 10.0; Win64; x64) AppleWebKit/537.36 (KHTML, like Gecko) Chrome/127.0.0.0 Safari/537.36"
201.219.111.151 - - [21/Aug/2024:13:47:12 +0000] "GET /wp-includes/js/wp-auth-check.min.js?ver=6.6.1 HTTP/1.1" 200 1137 "https://estilosilvia.es/wp-admin/" "Mozilla/5.0 (Windows NT 10.0; Win64; x64) AppleWebKit/537.36 (KHTML, like Gecko) Chrome/127.0.0.0 Safari/537.36"
201.219.111.151 - - [21/Aug/2024:13:47:12 +0000] "GET /wp-includes/js/jquery/ui/draggable.min.js?ver=1.13.3 HTTP/1.1" 200 5241 "https://estilosilvia.es/wp-admin/" "Mozilla/5.0 (Windows NT 10.0; Win64; x64) AppleWebKit/537.36 (KHTML, like Gecko) Chrome/127.0.0.0 Safari/537.36"
201.219.111.151 - - [21/Aug/2024:13:47:12 +0000] "GET /wp-includes/js/backbone.min.js?ver=1.5.0 HTTP/1.1" 200 8370 "https://estilosilvia.es/wp-admin/" "Mozilla/5.0 (Windows NT 10.0; Win64; x64) AppleWebKit/537.36 (KHTML, like Gecko) Chrome/127.0.0.0 Safari/537.36"
201.219.111.151 - - [21/Aug/2024:13:47:12 +0000] "GET /wp-content/plugins/elementor/assets/lib/backbone/backbone.marionette.min.js?ver=2.4.5.e1 HTTP/1.1" 200 11935 "https://estilosilvia.es/wp-admin/" "Mozilla/5.0 (Windows NT 10.0; Win64; x64) AppleWebKit/537.36 (KHTML, like Gecko) Chrome/127.0.0.0 Safari/537.36"
201.219.111.151 - - [21/Aug/2024:13:47:12 +0000] "GET /wp-content/plugins/elementor/assets/lib/backbone/backbone.radio.min.js?ver=1.0.4 HTTP/1.1" 200 1933 "https://estilosilvia.es/wp-admin/" "Mozilla/5.0 (Windows NT 10.0; Win64; x64) AppleWebKit/537.36 (KHTML, like Gecko) Chrome/127.0.0.0 Safari/537.36"
201.219.111.151 - - [21/Aug/2024:13:47:12 +0000] "GET /wp-content/plugins/elementor/assets/js/common-modules.min.js?ver=3.23.4 HTTP/1.1" 200 27556 "https://estilosilvia.es/wp-admin/" "Mozilla/5.0 (Windows NT 10.0; Win64; x64) AppleWebKit/537.36 (KHTML, like Gecko) Chrome/127.0.0.0 Safari/537.36"
201.219.111.151 - - [21/Aug/2024:13:47:12 +0000] "GET /wp-content/plugins/elementor/assets/js/web-cli.min.js?ver=3.23.4 HTTP/1.1" 200 41557 "https://estilosilvia.es/wp-admin/" "Mozilla/5.0 (Windows NT 10.0; Win64; x64) AppleWebKit/537.36 (KHTML, like Gecko) Chrome/127.0.0.0 Safari/537.36"
201.219.111.151 - - [21/Aug/2024:13:47:12 +0000] "GET /wp-content/plugins/elementor/assets/lib/dialog/dialog.min.js?ver=4.9.0 HTTP/1.1" 200 3854 "https://estilosilvia.es/wp-admin/" "Mozilla/5.0 (Windows NT 10.0; Win64; x64) AppleWebKit/537.36 (KHTML, like Gecko) Chrome/127.0.0.0 Safari/537.36"
201.219.111.151 - - [21/Aug/2024:13:47:12 +0000] "GET /wp-content/plugins/elementor/assets/js/dev-tools.min.js?ver=3.23.4 HTTP/1.1" 200 2886 "https://estilosilvia.es/wp-admin/" "Mozilla/5.0 (Windows NT 10.0; Win64; x64) AppleWebKit/537.36 (KHTML, like Gecko) Chrome/127.0.0.0 Safari/537.36"
201.219.111.151 - - [21/Aug/2024:13:47:12 +0000] "GET /wp-content/plugins/elementor/assets/js/admin-modules.min.js?ver=3.23.4 HTTP/1.1" 200 5761 "https://estilosilvia.es/wp-admin/" "Mozilla/5.0 (Windows NT 10.0; Win64; x64) AppleWebKit/537.36 (KHTML, like Gecko) Chrome/127.0.0.0 Safari/537.36"
201.219.111.151 - - [21/Aug/2024:13:47:12 +0000] "GET /wp-content/plugins/elementor/assets/js/common.min.js?ver=3.23.4 HTTP/1.1" 200 37835 "https://estilosilvia.es/wp-admin/" "Mozilla/5.0 (Windows NT 10.0; Win64; x64) AppleWebKit/537.36 (KHTML, like Gecko) Chrome/127.0.0.0 Safari/537.36"
201.219.111.151 - - [21/Aug/2024:13:47:12 +0000] "GET /wp-content/plugins/elementor/assets/js/admin.min.js?ver=3.23.4 HTTP/1.1" 200 14916 "https://estilosilvia.es/wp-admin/" "Mozilla/5.0 (Windows NT 10.0; Win64; x64) AppleWebKit/537.36 (KHTML, like Gecko) Chrome/127.0.0.0 Safari/537.36"
201.219.111.151 - - [21/Aug/2024:13:47:12 +0000] "GET /wp-content/plugins/elementor-pro/assets/js/admin.min.js?ver=3.12.2 HTTP/1.1" 200 8067 "https://estilosilvia.es/wp-admin/" "Mozilla/5.0 (Windows NT 10.0; Win64; x64) AppleWebKit/537.36 (KHTML, like Gecko) Chrome/127.0.0.0 Safari/537.36"
201.219.111.151 - - [21/Aug/2024:13:47:12 +0000] "GET /wp-includes/js/dist/vendor/react.min.js?ver=18.3.1 HTTP/1.1" 200 3021 "https://estilosilvia.es/wp-admin/" "Mozilla/5.0 (Windows NT 10.0; Win64; x64) AppleWebKit/537.36 (KHTML, like Gecko) Chrome/127.0.0.0 Safari/537.36"
205.169.39.172 - - [21/Aug/2024:13:47:12 +0000] "GET /wp-content/themes/hello-elementor/assets/js/hello-frontend.min.js?ver=3.1.1 HTTP/1.1" 200 1181 "https://estilosilvia.es/" "Mozilla/5.0 (Windows NT 6.1; Win64; x64) AppleWebKit/537.36 (KHTML, like Gecko) Chrome/83.0.4103.61 Safari/537.36"
201.219.111.151 - - [21/Aug/2024:13:47:12 +0000] "GET /wp-includes/js/dist/vendor/react-dom.min.js?ver=18.3.1 HTTP/1.1" 200 43449 "https://estilosilvia.es/wp-admin/" "Mozilla/5.0 (Windows NT 10.0; Win64; x64) AppleWebKit/537.36 (KHTML, like Gecko) Chrome/127.0.0.0 Safari/537.36"
201.219.111.151 - - [21/Aug/2024:13:47:12 +0000] "GET /wp-includes/js/dist/escape-html.min.js?ver=6561a406d2d232a6fbd2 HTTP/1.1" 200 896 "https://estilosilvia.es/wp-admin/" "Mozilla/5.0 (Windows NT 10.0; Win64; x64) AppleWebKit/537.36 (KHTML, like Gecko) Chrome/127.0.0.0 Safari/537.36"
201.219.111.151 - - [21/Aug/2024:13:47:12 +0000] "GET /wp-includes/js/dist/element.min.js?ver=cb762d190aebbec25b27 HTTP/1.1" 200 5325 "https://estilosilvia.es/wp-admin/" "Mozilla/5.0 (Windows NT 10.0; Win64; x64) AppleWebKit/537.36 (KHTML, like Gecko) Chrome/127.0.0.0 Safari/537.36"
205.169.39.172 - - [21/Aug/2024:13:47:12 +0000] "GET /wp-includes/js/jquery/jquery.min.js?ver=3.7.1 HTTP/1.1" 200 30846 "https://estilosilvia.es/" "Mozilla/5.0 (Windows NT 6.1; Win64; x64) AppleWebKit/537.36 (KHTML, like Gecko) Chrome/83.0.4103.61 Safari/537.36"
201.219.111.151 - - [21/Aug/2024:13:47:12 +0000] "GET /wp-includes/js/dist/vendor/lodash.min.js?ver=4.17.21 HTTP/1.1" 200 25380 "https://estilosilvia.es/wp-admin/" "Mozilla/5.0 (Windows NT 10.0; Win64; x64) AppleWebKit/537.36 (KHTML, like Gecko) Chrome/127.0.0.0 Safari/537.36"
201.219.111.151 - - [21/Aug/2024:13:47:12 +0000] "GET /wp-content/plugins/wordpress-seo/js/dist/externals/propTypes.js?ver=4c546a0c9e97b70d3fe0 HTTP/1.1" 200 939 "https://estilosilvia.es/wp-admin/" "Mozilla/5.0 (Windows NT 10.0; Win64; x64) AppleWebKit/537.36 (KHTML, like Gecko) Chrome/127.0.0.0 Safari/537.36"
201.219.111.151 - - [21/Aug/2024:13:47:12 +0000] "GET /wp-content/plugins/wordpress-seo/js/dist/externals/styledComponents.js?ver=f030a78c47ee9be46c07 HTTP/1.1" 200 14232 "https://estilosilvia.es/wp-admin/" "Mozilla/5.0 (Windows NT 10.0; Win64; x64) AppleWebKit/537.36 (KHTML, like Gecko) Chrome/127.0.0.0 Safari/537.36"
201.219.111.151 - - [21/Aug/2024:13:47:12 +0000] "GET /wp-content/plugins/wordpress-seo/js/dist/externals/helpers.js?ver=f38a5f8b9a9ba801e722 HTTP/1.1" 200 17780 "https://estilosilvia.es/wp-admin/" "Mozilla/5.0 (Windows NT 10.0; Win64; x64) AppleWebKit/537.36 (KHTML, like Gecko) Chrome/127.0.0.0 Safari/537.36"
201.219.111.151 - - [21/Aug/2024:13:47:12 +0000] "GET /wp-content/plugins/wordpress-seo/js/dist/react-select.js?ver=016b19f563b56deb8ad5 HTTP/1.1" 200 28112 "https://estilosilvia.es/wp-admin/" "Mozilla/5.0 (Windows NT 10.0; Win64; x64) AppleWebKit/537.36 (KHTML, like Gecko) Chrome/127.0.0.0 Safari/537.36"
201.219.111.151 - - [21/Aug/2024:13:47:12 +0000] "GET /wp-content/plugins/wordpress-seo/js/dist/externals/styleGuide.js?ver=a65ddb8de826da5fea4d HTTP/1.1" 200 2574 "https://estilosilvia.es/wp-admin/" "Mozilla/5.0 (Windows NT 10.0; Win64; x64) AppleWebKit/537.36 (KHTML, like Gecko) Chrome/127.0.0.0 Safari/537.36"
201.219.111.151 - - [21/Aug/2024:13:47:12 +0000] "GET /wp-content/plugins/wordpress-seo/js/dist/externals/analysisReport.js?ver=fccb1f1b610758028ff9 HTTP/1.1" 200 3682 "https://estilosilvia.es/wp-admin/" "Mozilla/5.0 (Windows NT 10.0; Win64; x64) AppleWebKit/537.36 (KHTML, like Gecko) Chrome/127.0.0.0 Safari/537.36"
201.219.111.151 - - [21/Aug/2024:13:47:12 +0000] "GET /wp-content/plugins/wordpress-seo/js/dist/externals/componentsNew.js?ver=898e7a63226507fb9afc HTTP/1.1" 200 46399 "https://estilosilvia.es/wp-admin/" "Mozilla/5.0 (Windows NT 10.0; Win64; x64) AppleWebKit/537.36 (KHTML, like Gecko) Chrome/127.0.0.0 Safari/537.36"
201.219.111.151 - - [21/Aug/2024:13:47:12 +0000] "GET /wp-includes/js/wp-api.min.js?ver=6.6.1 HTTP/1.1" 200 4502 "https://estilosilvia.es/wp-admin/" "Mozilla/5.0 (Windows NT 10.0; Win64; x64) AppleWebKit/537.36 (KHTML, like Gecko) Chrome/127.0.0.0 Safari/537.36"
201.219.111.151 - - [21/Aug/2024:13:47:13 +0000] "GET /wp-content/plugins/wordpress-seo/js/dist/api-client.js?ver=f56d7de163fa219c67e2 HTTP/1.1" 200 674 "https://estilosilvia.es/wp-admin/" "Mozilla/5.0 (Windows NT 10.0; Win64; x64) AppleWebKit/537.36 (KHTML, like Gecko) Chrome/127.0.0.0 Safari/537.36"
201.219.111.151 - - [21/Aug/2024:13:47:13 +0000] "GET /wp-content/plugins/wordpress-seo/js/dist/dashboard-widget.js?ver=ad6147e367cc50376cc5 HTTP/1.1" 200 1318 "https://estilosilvia.es/wp-admin/" "Mozilla/5.0 (Windows NT 10.0; Win64; x64) AppleWebKit/537.36 (KHTML, like Gecko) Chrome/127.0.0.0 Safari/537.36"
201.219.111.151 - - [21/Aug/2024:13:47:13 +0000] "GET /wp-includes/js/dist/api-fetch.min.js?ver=4c185334c5ec26e149cc HTTP/1.1" 200 2698 "https://estilosilvia.es/wp-admin/" "Mozilla/5.0 (Windows NT 10.0; Win64; x64) AppleWebKit/537.36 (KHTML, like Gecko) Chrome/127.0.0.0 Safari/537.36"
201.219.111.151 - - [21/Aug/2024:13:47:13 +0000] "GET /wp-content/plugins/wordpress-seo/js/dist/wincher-dashboard-widget.js?ver=3e855acf6ae73ab6d1ed HTTP/1.1" 200 9626 "https://estilosilvia.es/wp-admin/" "Mozilla/5.0 (Windows NT 10.0; Win64; x64) AppleWebKit/537.36 (KHTML, like Gecko) Chrome/127.0.0.0 Safari/537.36"
201.219.111.151 - - [21/Aug/2024:13:47:13 +0000] "GET /wp-content/plugins/elementor/assets/js/import-export-admin.min.js?ver=3.23.4 HTTP/1.1" 200 2517 "https://estilosilvia.es/wp-admin/" "Mozilla/5.0 (Windows NT 10.0; Win64; x64) AppleWebKit/537.36 (KHTML, like Gecko) Chrome/127.0.0.0 Safari/537.36"
201.219.111.151 - - [21/Aug/2024:13:47:13 +0000] "GET /wp-content/plugins/elementor/assets/js/app-loader.min.js?ver=3.23.4 HTTP/1.1" 200 25114 "https://estilosilvia.es/wp-admin/" "Mozilla/5.0 (Windows NT 10.0; Win64; x64) AppleWebKit/537.36 (KHTML, like Gecko) Chrome/127.0.0.0 Safari/537.36"
205.169.39.172 - - [21/Aug/2024:13:47:13 +0000] "GET /wp-includes/js/jquery/jquery-migrate.min.js?ver=3.4.1 HTTP/1.1" 200 5238 "https://estilosilvia.es/" "Mozilla/5.0 (Windows NT 6.1; Win64; x64) AppleWebKit/537.36 (KHTML, like Gecko) Chrome/83.0.4103.61 Safari/537.36"
201.219.111.151 - - [21/Aug/2024:13:47:13 +0000] "GET /wp-includes/js/wplink.min.js?ver=6.6.1 HTTP/1.1" 200 4273 "https://estilosilvia.es/wp-admin/" "Mozilla/5.0 (Windows NT 10.0; Win64; x64) AppleWebKit/537.36 (KHTML, like Gecko) Chrome/127.0.0.0 Safari/537.36"
201.219.111.151 - - [21/Aug/2024:13:47:13 +0000] "GET /wp-includes/js/jquery/ui/autocomplete.min.js?ver=1.13.3 HTTP/1.1" 200 3271 "https://estilosilvia.es/wp-admin/" "Mozilla/5.0 (Windows NT 10.0; Win64; x64) AppleWebKit/537.36 (KHTML, like Gecko) Chrome/127.0.0.0 Safari/537.36"
201.219.111.151 - - [21/Aug/2024:13:47:13 +0000] "GET /wp-includes/js/jquery/ui/menu.min.js?ver=1.13.3 HTTP/1.1" 200 3424 "https://estilosilvia.es/wp-admin/" "Mozilla/5.0 (Windows NT 10.0; Win64; x64) AppleWebKit/537.36 (KHTML, like Gecko) Chrome/127.0.0.0 Safari/537.36"
201.219.111.151 - - [21/Aug/2024:13:47:13 +0000] "GET /wp-content/plugins/wordpress-seo/packages/js/images/Yoast_SEO_Icon.svg HTTP/1.1" 200 1362 "https://estilosilvia.es/wp-content/plugins/wordpress-seo/css/dist/dashboard-2320.css" "Mozilla/5.0 (Windows NT 10.0; Win64; x64) AppleWebKit/537.36 (KHTML, like Gecko) Chrome/127.0.0.0 Safari/537.36"
205.169.39.172 - - [21/Aug/2024:13:47:13 +0000] "GET /wp-content/plugins/elementor-pro/assets/lib/smartmenus/jquery.smartmenus.min.js?ver=1.0.1 HTTP/1.1" 200 7523 "https://estilosilvia.es/" "Mozilla/5.0 (Windows NT 6.1; Win64; x64) AppleWebKit/537.36 (KHTML, like Gecko) Chrome/83.0.4103.61 Safari/537.36"
201.219.111.151 - - [21/Aug/2024:13:47:13 +0000] "GET /wp-json/wp/v2/ HTTP/1.1" 200 197622 "https://estilosilvia.es/wp-admin/" "Mozilla/5.0 (Windows NT 10.0; Win64; x64) AppleWebKit/537.36 (KHTML, like Gecko) Chrome/127.0.0.0 Safari/537.36"
201.219.111.151 - - [21/Aug/2024:13:47:13 +0000] "GET /wp-json/yoast/v1/statistics HTTP/1.1" 200 1069 "https://estilosilvia.es/wp-admin/" "Mozilla/5.0 (Windows NT 10.0; Win64; x64) AppleWebKit/537.36 (KHTML, like Gecko) Chrome/127.0.0.0 Safari/537.36"
201.219.111.151 - - [21/Aug/2024:13:47:13 +0000] "GET /wp-includes/js/wp-emoji-release.min.js?ver=6.6.1 HTTP/1.1" 200 5428 "https://estilosilvia.es/wp-admin/" "Mozilla/5.0 (Windows NT 10.0; Win64; x64) AppleWebKit/537.36 (KHTML, like Gecko) Chrome/127.0.0.0 Safari/537.36"
201.219.111.151 - - [21/Aug/2024:13:47:13 +0000] "GET /wp-includes/js/thickbox/loadingAnimation.gif HTTP/1.1" 200 15569 "https://estilosilvia.es/wp-admin/" "Mozilla/5.0 (Windows NT 10.0; Win64; x64) AppleWebKit/537.36 (KHTML, like Gecko) Chrome/127.0.0.0 Safari/537.36"
201.219.111.151 - - [21/Aug/2024:13:47:13 +0000] "POST /wp-admin/admin-ajax.php HTTP/1.1" 200 676 "https://estilosilvia.es/wp-admin/" "Mozilla/5.0 (Windows NT 10.0; Win64; x64) AppleWebKit/537.36 (KHTML, like Gecko) Chrome/127.0.0.0 Safari/537.36"
205.169.39.172 - - [21/Aug/2024:13:47:13 +0000] "GET /wp-content/plugins/elementor-pro/assets/js/webpack-pro.runtime.min.js?ver=3.12.2 HTTP/1.1" 200 2860 "https://estilosilvia.es/" "Mozilla/5.0 (Windows NT 6.1; Win64; x64) AppleWebKit/537.36 (KHTML, like Gecko) Chrome/83.0.4103.61 Safari/537.36"
201.219.111.151 - - [21/Aug/2024:13:47:13 +0000] "GET /wp-admin/admin-ajax.php?action=dashboard-widgets&widget=dashboard_primary&pagenow=dashboard HTTP/1.1" 200 1182 "https://estilosilvia.es/wp-admin/" "Mozilla/5.0 (Windows NT 10.0; Win64; x64) AppleWebKit/537.36 (KHTML, like Gecko) Chrome/127.0.0.0 Safari/537.36"
205.169.39.172 - - [21/Aug/2024:13:47:14 +0000] "GET /wp-content/plugins/elementor/assets/js/webpack.runtime.min.js?ver=3.23.4 HTTP/1.1" 200 2580 "https://estilosilvia.es/" "Mozilla/5.0 (Windows NT 6.1; Win64; x64) AppleWebKit/537.36 (KHTML, like Gecko) Chrome/83.0.4103.61 Safari/537.36"
205.169.39.172 - - [21/Aug/2024:13:47:15 +0000] "GET /wp-content/plugins/elementor/assets/js/frontend-modules.min.js?ver=3.23.4 HTTP/1.1" 200 20320 "https://estilosilvia.es/" "Mozilla/5.0 (Windows NT 6.1; Win64; x64) AppleWebKit/537.36 (KHTML, like Gecko) Chrome/83.0.4103.61 Safari/537.36"
205.169.39.172 - - [21/Aug/2024:13:47:15 +0000] "GET /wp-includes/js/dist/hooks.min.js?ver=2810c76e705dd1a53b18 HTTP/1.1" 200 1907 "https://estilosilvia.es/" "Mozilla/5.0 (Windows NT 6.1; Win64; x64) AppleWebKit/537.36 (KHTML, like Gecko) Chrome/83.0.4103.61 Safari/537.36"
205.169.39.172 - - [21/Aug/2024:13:47:15 +0000] "GET /wp-includes/js/dist/i18n.min.js?ver=5e580eb46a90c2b997e6 HTTP/1.1" 200 4033 "https://estilosilvia.es/" "Mozilla/5.0 (Windows NT 6.1; Win64; x64) AppleWebKit/537.36 (KHTML, like Gecko) Chrome/83.0.4103.61 Safari/537.36"
205.169.39.172 - - [21/Aug/2024:13:47:16 +0000] "GET /wp-content/plugins/elementor-pro/assets/js/frontend.min.js?ver=3.12.2 HTTP/1.1" 200 6918 "https://estilosilvia.es/" "Mozilla/5.0 (Windows NT 6.1; Win64; x64) AppleWebKit/537.36 (KHTML, like Gecko) Chrome/83.0.4103.61 Safari/537.36"
205.169.39.172 - - [21/Aug/2024:13:47:16 +0000] "GET /wp-content/plugins/elementor/assets/lib/waypoints/waypoints.min.js?ver=4.0.2 HTTP/1.1" 200 3359 "https://estilosilvia.es/" "Mozilla/5.0 (Windows NT 6.1; Win64; x64) AppleWebKit/537.36 (KHTML, like Gecko) Chrome/83.0.4103.61 Safari/537.36"
205.169.39.172 - - [21/Aug/2024:13:47:16 +0000] "GET /wp-includes/js/jquery/ui/core.min.js?ver=1.13.3 HTTP/1.1" 200 7472 "https://estilosilvia.es/" "Mozilla/5.0 (Windows NT 6.1; Win64; x64) AppleWebKit/537.36 (KHTML, like Gecko) Chrome/83.0.4103.61 Safari/537.36"
205.169.39.172 - - [21/Aug/2024:13:47:16 +0000] "GET /wp-content/plugins/elementor/assets/js/frontend.min.js?ver=3.23.4 HTTP/1.1" 200 12659 "https://estilosilvia.es/" "Mozilla/5.0 (Windows NT 6.1; Win64; x64) AppleWebKit/537.36 (KHTML, like Gecko) Chrome/83.0.4103.61 Safari/537.36"
205.169.39.172 - - [21/Aug/2024:13:47:16 +0000] "GET /wp-content/plugins/elementor-pro/assets/js/preloaded-elements-handlers.min.js?ver=3.12.2 HTTP/1.1" 200 39710 "https://estilosilvia.es/" "Mozilla/5.0 (Windows NT 6.1; Win64; x64) AppleWebKit/537.36 (KHTML, like Gecko) Chrome/83.0.4103.61 Safari/537.36"
205.169.39.172 - - [21/Aug/2024:13:47:20 +0000] "GET / HTTP/1.1" 301 574 "-" "Mozilla/5.0 (Windows NT 10.0; Win64; x64) AppleWebKit/537.36 (KHTML, like Gecko) Chrome/79.0.3945.79 Safari/537.36"
205.169.39.172 - - [21/Aug/2024:13:47:21 +0000] "GET / HTTP/1.1" 200 17273 "-" "Mozilla/5.0 (Windows NT 10.0; Win64; x64) AppleWebKit/537.36 (KHTML, like Gecko) Chrome/79.0.3945.79 Safari/537.36"
201.219.111.151 - - [21/Aug/2024:13:47:21 +0000] "GET / HTTP/1.1" 200 23050 "-" "Mozilla/5.0 (Windows NT 10.0; Win64; x64) AppleWebKit/537.36 (KHTML, like Gecko) Chrome/127.0.0.0 Safari/537.36"
205.169.39.172 - - [21/Aug/2024:13:47:21 +0000] "GET /wp-content/themes/hello-elementor/style.min.css?ver=3.1.1 HTTP/1.1" 200 2167 "https://estilosilvia.es/" "Mozilla/5.0 (Windows NT 10.0; Win64; x64) AppleWebKit/537.36 (KHTML, like Gecko) Chrome/79.0.3945.79 Safari/537.36"
205.169.39.172 - - [21/Aug/2024:13:47:22 +0000] "GET /wp-content/themes/hello-elementor/theme.min.css?ver=3.1.1 HTTP/1.1" 200 1979 "https://estilosilvia.es/" "Mozilla/5.0 (Windows NT 10.0; Win64; x64) AppleWebKit/537.36 (KHTML, like Gecko) Chrome/79.0.3945.79 Safari/537.36"
205.169.39.172 - - [21/Aug/2024:13:47:22 +0000] "GET /wp-content/themes/hello-elementor/header-footer.min.css?ver=3.1.1 HTTP/1.1" 200 2151 "https://estilosilvia.es/" "Mozilla/5.0 (Windows NT 10.0; Win64; x64) AppleWebKit/537.36 (KHTML, like Gecko) Chrome/79.0.3945.79 Safari/537.36"
205.169.39.172 - - [21/Aug/2024:13:47:22 +0000] "GET /wp-content/uploads/elementor/css/post-5.css?ver=1723842706 HTTP/1.1" 200 3396 "https://estilosilvia.es/" "Mozilla/5.0 (Windows NT 10.0; Win64; x64) AppleWebKit/537.36 (KHTML, like Gecko) Chrome/79.0.3945.79 Safari/537.36"
205.169.39.172 - - [21/Aug/2024:13:47:22 +0000] "GET /wp-content/plugins/elementor/assets/lib/eicons/css/elementor-icons.min.css?ver=5.30.0 HTTP/1.1" 200 6990 "https://estilosilvia.es/" "Mozilla/5.0 (Windows NT 10.0; Win64; x64) AppleWebKit/537.36 (KHTML, like Gecko) Chrome/79.0.3945.79 Safari/537.36"
205.169.39.172 - - [21/Aug/2024:13:47:22 +0000] "GET /wp-content/plugins/elementor/assets/css/frontend-lite.min.css?ver=3.23.4 HTTP/1.1" 200 26067 "https://estilosilvia.es/" "Mozilla/5.0 (Windows NT 10.0; Win64; x64) AppleWebKit/537.36 (KHTML, like Gecko) Chrome/79.0.3945.79 Safari/537.36"
201.219.111.151 - - [21/Aug/2024:13:47:22 +0000] "GET /wp-includes/css/admin-bar.min.css?ver=6.6.1 HTTP/1.1" 200 4171 "https://estilosilvia.es/" "Mozilla/5.0 (Windows NT 10.0; Win64; x64) AppleWebKit/537.36 (KHTML, like Gecko) Chrome/127.0.0.0 Safari/537.36"
