181.15.96.134 - - [12/Nov/2024:11:24:45 +0000] "GET /wp-content/plugins/elementor/assets/css/widget-divider.min.css?ver=3.25.4 HTTP/1.1" 200 1098 "http://caldas.devuocloud.com/" "Mozilla/5.0 (Windows NT 10.0; Win64; x64) AppleWebKit/537.36 (KHTML, like Gecko) Chrome/129.0.0.0 Safari/537.36"
181.15.96.134 - - [12/Nov/2024:11:24:45 +0000] "GET /wp-content/plugins/elementor/assets/css/widget-image.min.css?ver=3.25.4 HTTP/1.1" 200 498 "http://caldas.devuocloud.com/" "Mozilla/5.0 (Windows NT 10.0; Win64; x64) AppleWebKit/537.36 (KHTML, like Gecko) Chrome/129.0.0.0 Safari/537.36"
181.15.96.134 - - [12/Nov/2024:11:24:45 +0000] "GET /wp-content/uploads/elementor/css/post-124.css?ver=1731370550 HTTP/1.1" 200 2179 "http://caldas.devuocloud.com/" "Mozilla/5.0 (Windows NT 10.0; Win64; x64) AppleWebKit/537.36 (KHTML, like Gecko) Chrome/129.0.0.0 Safari/537.36"
181.15.96.134 - - [12/Nov/2024:11:24:45 +0000] "GET /wp-content/uploads/elementor/css/post-88.css?ver=1731357789 HTTP/1.1" 200 1228 "http://caldas.devuocloud.com/" "Mozilla/5.0 (Windows NT 10.0; Win64; x64) AppleWebKit/537.36 (KHTML, like Gecko) Chrome/129.0.0.0 Safari/537.36"
201.219.70.221 - - [12/Nov/2024:11:24:45 +0000] "GET /wp-includes/js/underscore.min.js?ver=1.13.4 HTTP/1.1" 200 7655 "http://caldas.devuocloud.com/" "Mozilla/5.0 (Windows NT 10.0; Win64; x64) AppleWebKit/537.36 (KHTML, like Gecko) Chrome/130.0.0.0 Safari/537.36"
181.15.96.134 - - [12/Nov/2024:11:24:45 +0000] "GET /wp-content/uploads/elementor/css/post-13.css?ver=1731367623 HTTP/1.1" 200 2097 "http://caldas.devuocloud.com/" "Mozilla/5.0 (Windows NT 10.0; Win64; x64) AppleWebKit/537.36 (KHTML, like Gecko) Chrome/129.0.0.0 Safari/537.36"
181.45.56.118 - - [12/Nov/2024:11:24:45 +0000] "GET /wp-content/uploads/2024/11/tree-548896_1920.jpg HTTP/1.1" 200 377394 "http://caldas.devuocloud.com/wp-content/uploads/elementor/css/post-43.css?ver=1731366954" "Mozilla/5.0 (Macintosh; Intel Mac OS X 10_15_7) AppleWebKit/537.36 (KHTML, like Gecko) Chrome/130.0.0.0 Safari/537.36"
181.15.96.134 - - [12/Nov/2024:11:24:46 +0000] "GET /wp-content/plugins/elementor/assets/lib/font-awesome/css/fontawesome.min.css?ver=5.15.3 HTTP/1.1" 200 12955 "http://caldas.devuocloud.com/" "Mozilla/5.0 (Windows NT 10.0; Win64; x64) AppleWebKit/537.36 (KHTML, like Gecko) Chrome/129.0.0.0 Safari/537.36"
181.15.96.134 - - [12/Nov/2024:11:24:46 +0000] "GET /wp-content/plugins/elementor/assets/lib/font-awesome/css/solid.min.css?ver=5.15.3 HTTP/1.1" 200 644 "http://caldas.devuocloud.com/" "Mozilla/5.0 (Windows NT 10.0; Win64; x64) AppleWebKit/537.36 (KHTML, like Gecko) Chrome/129.0.0.0 Safari/537.36"
201.219.70.221 - - [12/Nov/2024:11:24:46 +0000] "GET /wp-includes/js/backbone.min.js?ver=1.5.0 HTTP/1.1" 200 8304 "http://caldas.devuocloud.com/" "Mozilla/5.0 (Windows NT 10.0; Win64; x64) AppleWebKit/537.36 (KHTML, like Gecko) Chrome/130.0.0.0 Safari/537.36"
181.15.96.134 - - [12/Nov/2024:11:24:46 +0000] "GET /wp-content/plugins/elementor/assets/lib/font-awesome/css/brands.min.css?ver=5.15.3 HTTP/1.1" 200 643 "http://caldas.devuocloud.com/" "Mozilla/5.0 (Windows NT 10.0; Win64; x64) AppleWebKit/537.36 (KHTML, like Gecko) Chrome/129.0.0.0 Safari/537.36"
181.15.96.134 - - [12/Nov/2024:11:24:46 +0000] "GET /wp-content/uploads/2023/05/Logo.png HTTP/1.1" 200 7683 "http://caldas.devuocloud.com/" "Mozilla/5.0 (Windows NT 10.0; Win64; x64) AppleWebKit/537.36 (KHTML, like Gecko) Chrome/129.0.0.0 Safari/537.36"
181.15.96.134 - - [12/Nov/2024:11:24:46 +0000] "GET /wp-content/plugins/elementor/assets/css/widget-social-icons.min.css?ver=3.25.4 HTTP/1.1" 200 1486 "http://caldas.devuocloud.com/" "Mozilla/5.0 (Windows NT 10.0; Win64; x64) AppleWebKit/537.36 (KHTML, like Gecko) Chrome/129.0.0.0 Safari/537.36"
181.15.96.134 - - [12/Nov/2024:11:24:46 +0000] "GET /wp-content/plugins/elementor/assets/css/conditionals/apple-webkit.min.css?ver=3.25.4 HTTP/1.1" 200 923 "http://caldas.devuocloud.com/" "Mozilla/5.0 (Windows NT 10.0; Win64; x64) AppleWebKit/537.36 (KHTML, like Gecko) Chrome/129.0.0.0 Safari/537.36"
181.15.96.134 - - [12/Nov/2024:11:24:46 +0000] "GET /wp-content/themes/hello-elementor/assets/js/hello-frontend.min.js?ver=3.1.1 HTTP/1.1" 200 1159 "http://caldas.devuocloud.com/" "Mozilla/5.0 (Windows NT 10.0; Win64; x64) AppleWebKit/537.36 (KHTML, like Gecko) Chrome/129.0.0.0 Safari/537.36"
181.15.96.134 - - [12/Nov/2024:11:24:46 +0000] "GET /wp-includes/js/jquery/jquery.min.js?ver=3.7.1 HTTP/1.1" 200 30714 "http://caldas.devuocloud.com/" "Mozilla/5.0 (Windows NT 10.0; Win64; x64) AppleWebKit/537.36 (KHTML, like Gecko) Chrome/129.0.0.0 Safari/537.36"
201.219.70.221 - - [12/Nov/2024:11:24:46 +0000] "GET /wp-content/plugins/elementor/assets/lib/backbone/backbone.marionette.min.js?ver=2.4.5.e1 HTTP/1.1" 200 11847 "http://caldas.devuocloud.com/" "Mozilla/5.0 (Windows NT 10.0; Win64; x64) AppleWebKit/537.36 (KHTML, like Gecko) Chrome/130.0.0.0 Safari/537.36"
181.15.96.134 - - [12/Nov/2024:11:24:46 +0000] "GET /wp-includes/js/jquery/jquery-migrate.min.js?ver=3.4.1 HTTP/1.1" 200 5216 "http://caldas.devuocloud.com/" "Mozilla/5.0 (Windows NT 10.0; Win64; x64) AppleWebKit/537.36 (KHTML, like Gecko) Chrome/129.0.0.0 Safari/537.36"
181.15.96.134 - - [12/Nov/2024:11:24:46 +0000] "GET /wp-content/plugins/elementor-pro/assets/lib/smartmenus/jquery.smartmenus.min.js?ver=1.0.1 HTTP/1.1" 200 7501 "http://caldas.devuocloud.com/" "Mozilla/5.0 (Windows NT 10.0; Win64; x64) AppleWebKit/537.36 (KHTML, like Gecko) Chrome/129.0.0.0 Safari/537.36"
181.15.96.134 - - [12/Nov/2024:11:24:46 +0000] "GET /wp-content/plugins/elementor-pro/assets/js/webpack-pro.runtime.min.js?ver=3.12.2 HTTP/1.1" 200 2838 "http://caldas.devuocloud.com/" "Mozilla/5.0 (Windows NT 10.0; Win64; x64) AppleWebKit/537.36 (KHTML, like Gecko) Chrome/129.0.0.0 Safari/537.36"
181.15.96.134 - - [12/Nov/2024:11:24:46 +0000] "GET /wp-content/plugins/elementor/assets/js/frontend-modules.min.js?ver=3.25.4 HTTP/1.1" 200 16093 "http://caldas.devuocloud.com/" "Mozilla/5.0 (Windows NT 10.0; Win64; x64) AppleWebKit/537.36 (KHTML, like Gecko) Chrome/129.0.0.0 Safari/537.36"
181.15.96.134 - - [12/Nov/2024:11:24:46 +0000] "GET /wp-content/plugins/elementor/assets/js/webpack.runtime.min.js?ver=3.25.4 HTTP/1.1" 200 2684 "http://caldas.devuocloud.com/" "Mozilla/5.0 (Windows NT 10.0; Win64; x64) AppleWebKit/537.36 (KHTML, like Gecko) Chrome/129.0.0.0 Safari/537.36"
181.15.96.134 - - [12/Nov/2024:11:24:47 +0000] "GET /wp-includes/js/dist/hooks.min.js?ver=2810c76e705dd1a53b18 HTTP/1.1" 200 1885 "http://caldas.devuocloud.com/" "Mozilla/5.0 (Windows NT 10.0; Win64; x64) AppleWebKit/537.36 (KHTML, like Gecko) Chrome/129.0.0.0 Safari/537.36"
181.15.96.134 - - [12/Nov/2024:11:24:47 +0000] "GET /wp-includes/js/dist/i18n.min.js?ver=5e580eb46a90c2b997e6 HTTP/1.1" 200 4011 "http://caldas.devuocloud.com/" "Mozilla/5.0 (Windows NT 10.0; Win64; x64) AppleWebKit/537.36 (KHTML, like Gecko) Chrome/129.0.0.0 Safari/537.36"
181.15.96.134 - - [12/Nov/2024:11:24:47 +0000] "GET /wp-content/plugins/elementor-pro/assets/js/frontend.min.js?ver=3.12.2 HTTP/1.1" 200 6896 "http://caldas.devuocloud.com/" "Mozilla/5.0 (Windows NT 10.0; Win64; x64) AppleWebKit/537.36 (KHTML, like Gecko) Chrome/129.0.0.0 Safari/537.36"
181.15.96.134 - - [12/Nov/2024:11:24:47 +0000] "GET /wp-includes/js/jquery/ui/core.min.js?ver=1.13.3 HTTP/1.1" 200 7450 "http://caldas.devuocloud.com/" "Mozilla/5.0 (Windows NT 10.0; Win64; x64) AppleWebKit/537.36 (KHTML, like Gecko) Chrome/129.0.0.0 Safari/537.36"
181.15.96.134 - - [12/Nov/2024:11:24:47 +0000] "GET /wp-content/plugins/elementor/assets/js/frontend.min.js?ver=3.25.4 HTTP/1.1" 200 13630 "http://caldas.devuocloud.com/" "Mozilla/5.0 (Windows NT 10.0; Win64; x64) AppleWebKit/537.36 (KHTML, like Gecko) Chrome/129.0.0.0 Safari/537.36"
181.15.96.134 - - [12/Nov/2024:11:24:47 +0000] "GET /wp-content/plugins/elementor-pro/assets/js/preloaded-elements-handlers.min.js?ver=3.12.2 HTTP/1.1" 200 39556 "http://caldas.devuocloud.com/" "Mozilla/5.0 (Windows NT 10.0; Win64; x64) AppleWebKit/537.36 (KHTML, like Gecko) Chrome/129.0.0.0 Safari/537.36"
181.15.96.134 - - [12/Nov/2024:11:24:47 +0000] "GET /wp-content/uploads/2023/05/logo-blanco.png HTTP/1.1" 200 9341 "http://caldas.devuocloud.com/" "Mozilla/5.0 (Windows NT 10.0; Win64; x64) AppleWebKit/537.36 (KHTML, like Gecko) Chrome/129.0.0.0 Safari/537.36"
181.15.96.134 - - [12/Nov/2024:11:24:47 +0000] "GET /wp-content/uploads/2024/11/kit_digital-1024x61-1.png HTTP/1.1" 200 62991 "http://caldas.devuocloud.com/" "Mozilla/5.0 (Windows NT 10.0; Win64; x64) AppleWebKit/537.36 (KHTML, like Gecko) Chrome/129.0.0.0 Safari/537.36"
181.15.96.134 - - [12/Nov/2024:11:24:47 +0000] "GET /wp-content/uploads/2024/11/WhatsApp-Image-2024-11-03-at-18.03.11-1.jpeg HTTP/1.1" 200 127340 "http://caldas.devuocloud.com/" "Mozilla/5.0 (Windows NT 10.0; Win64; x64) AppleWebKit/537.36 (KHTML, like Gecko) Chrome/129.0.0.0 Safari/537.36"
181.15.96.134 - - [12/Nov/2024:11:24:48 +0000] "GET /wp-includes/js/wp-emoji-release.min.js?ver=6.6.2 HTTP/1.1" 200 5406 "http://caldas.devuocloud.com/" "Mozilla/5.0 (Windows NT 10.0; Win64; x64) AppleWebKit/537.36 (KHTML, like Gecko) Chrome/129.0.0.0 Safari/537.36"
181.15.96.134 - - [12/Nov/2024:11:24:48 +0000] "GET /wp-content/plugins/elementor/assets/lib/font-awesome/webfonts/fa-brands-400.woff2 HTTP/1.1" 200 81901 "http://caldas.devuocloud.com/wp-content/plugins/elementor/assets/lib/font-awesome/css/brands.min.css?ver=5.15.3" "Mozilla/5.0 (Windows NT 10.0; Win64; x64) AppleWebKit/537.36 (KHTML, like Gecko) Chrome/129.0.0.0 Safari/537.36"
201.219.70.221 - - [12/Nov/2024:11:24:48 +0000] "GET /wp-content/plugins/elementor/assets/lib/backbone/backbone.radio.min.js?ver=1.0.4 HTTP/1.1" 200 1911 "http://caldas.devuocloud.com/" "Mozilla/5.0 (Windows NT 10.0; Win64; x64) AppleWebKit/537.36 (KHTML, like Gecko) Chrome/130.0.0.0 Safari/537.36"
181.15.96.134 - - [12/Nov/2024:11:24:48 +0000] "GET /wp-content/uploads/2024/11/sea-591024_1920.jpg HTTP/1.1" 200 991217 "http://caldas.devuocloud.com/wp-content/uploads/elementor/css/post-124.css?ver=1731370550" "Mozilla/5.0 (Windows NT 10.0; Win64; x64) AppleWebKit/537.36 (KHTML, like Gecko) Chrome/129.0.0.0 Safari/537.36"
201.219.70.221 - - [12/Nov/2024:11:24:49 +0000] "GET /wp-content/plugins/elementor/assets/js/common-modules.min.js?ver=3.25.4 HTTP/1.1" 200 27434 "http://caldas.devuocloud.com/" "Mozilla/5.0 (Windows NT 10.0; Win64; x64) AppleWebKit/537.36 (KHTML, like Gecko) Chrome/130.0.0.0 Safari/537.36"
201.219.70.221 - - [12/Nov/2024:11:24:50 +0000] "GET /wp-content/plugins/elementor/assets/js/web-cli.min.js?ver=3.25.4 HTTP/1.1" 200 41380 "http://caldas.devuocloud.com/" "Mozilla/5.0 (Windows NT 10.0; Win64; x64) AppleWebKit/537.36 (KHTML, like Gecko) Chrome/130.0.0.0 Safari/537.36"
181.15.96.134 - - [12/Nov/2024:11:24:50 +0000] "GET /wp-content/plugins/elementor/assets/js/text-editor.2c35aafbe5bf0e127950.bundle.min.js HTTP/1.1" 200 1008 "http://caldas.devuocloud.com/" "Mozilla/5.0 (Windows NT 10.0; Win64; x64) AppleWebKit/537.36 (KHTML, like Gecko) Chrome/129.0.0.0 Safari/537.36"
181.15.96.134 - - [12/Nov/2024:11:24:50 +0000] "GET /wp-content/plugins/elementor/assets/lib/eicons/fonts/eicons.woff2?5.31.0 HTTP/1.1" 200 97473 "http://caldas.devuocloud.com/wp-content/plugins/elementor/assets/lib/eicons/css/elementor-icons.min.css?ver=5.31.0" "Mozilla/5.0 (Windows NT 10.0; Win64; x64) AppleWebKit/537.36 (KHTML, like Gecko) Chrome/129.0.0.0 Safari/537.36"
181.45.56.118 - - [12/Nov/2024:11:24:55 +0000] "GET /contacto HTTP/1.1" 301 294 "http://caldas.devuocloud.com/sobre-mi/" "Mozilla/5.0 (Macintosh; Intel Mac OS X 10_15_7) AppleWebKit/537.36 (KHTML, like Gecko) Chrome/130.0.0.0 Safari/537.36"
181.45.56.118 - - [12/Nov/2024:11:24:55 +0000] "GET /contacto/ HTTP/1.1" 200 11388 "http://caldas.devuocloud.com/sobre-mi/" "Mozilla/5.0 (Macintosh; Intel Mac OS X 10_15_7) AppleWebKit/537.36 (KHTML, like Gecko) Chrome/130.0.0.0 Safari/537.36"
181.45.56.118 - - [12/Nov/2024:11:24:56 +0000] "GET /wp-content/uploads/elementor/css/post-1527.css?ver=1731367592 HTTP/1.1" 200 1771 "http://caldas.devuocloud.com/contacto/" "Mozilla/5.0 (Macintosh; Intel Mac OS X 10_15_7) AppleWebKit/537.36 (KHTML, like Gecko) Chrome/130.0.0.0 Safari/537.36"
181.45.56.118 - - [12/Nov/2024:11:24:56 +0000] "GET /wp-content/uploads/2023/07/mail.webp HTTP/1.1" 200 1383 "http://caldas.devuocloud.com/contacto/" "Mozilla/5.0 (Macintosh; Intel Mac OS X 10_15_7) AppleWebKit/537.36 (KHTML, like Gecko) Chrome/130.0.0.0 Safari/537.36"
181.45.56.118 - - [12/Nov/2024:11:24:56 +0000] "GET /wp-content/uploads/2023/07/telef.webp HTTP/1.1" 200 2353 "http://caldas.devuocloud.com/contacto/" "Mozilla/5.0 (Macintosh; Intel Mac OS X 10_15_7) AppleWebKit/537.36 (KHTML, like Gecko) Chrome/130.0.0.0 Safari/537.36"
181.45.56.118 - - [12/Nov/2024:11:24:56 +0000] "GET /wp-content/uploads/2023/07/redes.webp HTTP/1.1" 200 2108 "http://caldas.devuocloud.com/contacto/" "Mozilla/5.0 (Macintosh; Intel Mac OS X 10_15_7) AppleWebKit/537.36 (KHTML, like Gecko) Chrome/130.0.0.0 Safari/537.36"
181.45.56.118 - - [12/Nov/2024:11:24:57 +0000] "GET /wp-content/uploads/2024/11/desk-3076954_1920.jpg HTTP/1.1" 200 213280 "http://caldas.devuocloud.com/contacto/" "Mozilla/5.0 (Macintosh; Intel Mac OS X 10_15_7) AppleWebKit/537.36 (KHTML, like Gecko) Chrome/130.0.0.0 Safari/537.36"
181.45.56.118 - - [12/Nov/2024:11:24:56 +0000] "GET /wp-content/uploads/2024/11/texture-319748_1920.jpg HTTP/1.1" 200 422457 "http://caldas.devuocloud.com/wp-content/uploads/elementor/css/post-1527.css?ver=1731367592" "Mozilla/5.0 (Macintosh; Intel Mac OS X 10_15_7) AppleWebKit/537.36 (KHTML, like Gecko) Chrome/130.0.0.0 Safari/537.36"
201.219.70.221 - - [12/Nov/2024:11:25:17 +0000] "GET /wp-content/plugins/elementor/assets/lib/dialog/dialog.min.js?ver=4.9.3 HTTP/1.1" 200 4028 "http://caldas.devuocloud.com/" "Mozilla/5.0 (Windows NT 10.0; Win64; x64) AppleWebKit/537.36 (KHTML, like Gecko) Chrome/130.0.0.0 Safari/537.36"
201.219.70.221 - - [12/Nov/2024:11:25:18 +0000] "GET /wp-content/plugins/elementor/assets/js/dev-tools.min.js?ver=3.25.4 HTTP/1.1" 200 2864 "http://caldas.devuocloud.com/" "Mozilla/5.0 (Windows NT 10.0; Win64; x64) AppleWebKit/537.36 (KHTML, like Gecko) Chrome/130.0.0.0 Safari/537.36"
201.219.70.221 - - [12/Nov/2024:11:25:19 +0000] "GET /wp-content/plugins/elementor/assets/js/common.min.js?ver=3.25.4 HTTP/1.1" 200 37681 "http://caldas.devuocloud.com/" "Mozilla/5.0 (Windows NT 10.0; Win64; x64) AppleWebKit/537.36 (KHTML, like Gecko) Chrome/130.0.0.0 Safari/537.36"
201.219.70.221 - - [12/Nov/2024:11:25:26 +0000] "GET /wp-content/plugins/elementor/assets/js/app-loader.min.js?ver=3.25.4 HTTP/1.1" 200 24983 "http://caldas.devuocloud.com/" "Mozilla/5.0 (Windows NT 10.0; Win64; x64) AppleWebKit/537.36 (KHTML, like Gecko) Chrome/130.0.0.0 Safari/537.36"
201.219.70.221 - - [12/Nov/2024:11:25:32 +0000] "GET /wp-includes/js/api-request.min.js?ver=6.6.2 HTTP/1.1" 200 933 "http://caldas.devuocloud.com/" "Mozilla/5.0 (Windows NT 10.0; Win64; x64) AppleWebKit/537.36 (KHTML, like Gecko) Chrome/130.0.0.0 Safari/537.36"
201.219.70.221 - - [12/Nov/2024:11:25:32 +0000] "GET /wp-content/plugins/elementor/assets/js/webpack.runtime.min.js?ver=3.25.4 HTTP/1.1" 200 2684 "http://caldas.devuocloud.com/" "Mozilla/5.0 (Windows NT 10.0; Win64; x64) AppleWebKit/537.36 (KHTML, like Gecko) Chrome/130.0.0.0 Safari/537.36"
158.172.3.81 - - [12/Nov/2024:11:25:36 +0000] "GET / HTTP/1.1" 200 12189 "-" "Mozilla/5.0 (Macintosh; Intel Mac OS X 10_15_7) AppleWebKit/537.36 (KHTML, like Gecko) Chrome/130.0.0.0 Safari/537.36"
158.172.3.81 - - [12/Nov/2024:11:25:36 +0000] "GET /wp-content/themes/hello-elementor/style.min.css?ver=3.1.1 HTTP/1.1" 200 2145 "http://caldas.devuocloud.com/" "Mozilla/5.0 (Macintosh; Intel Mac OS X 10_15_7) AppleWebKit/537.36 (KHTML, like Gecko) Chrome/130.0.0.0 Safari/537.36"
158.172.3.81 - - [12/Nov/2024:11:25:36 +0000] "GET /wp-content/themes/hello-elementor/theme.min.css?ver=3.1.1 HTTP/1.1" 200 1634 "http://caldas.devuocloud.com/" "Mozilla/5.0 (Macintosh; Intel Mac OS X 10_15_7) AppleWebKit/537.36 (KHTML, like Gecko) Chrome/130.0.0.0 Safari/537.36"
158.172.3.81 - - [12/Nov/2024:11:25:37 +0000] "GET /wp-content/themes/hello-elementor/header-footer.min.css?ver=3.1.1 HTTP/1.1" 200 1806 "http://caldas.devuocloud.com/" "Mozilla/5.0 (Macintosh; Intel Mac OS X 10_15_7) AppleWebKit/537.36 (KHTML, like Gecko) Chrome/130.0.0.0 Safari/537.36"
158.172.3.81 - - [12/Nov/2024:11:25:37 +0000] "GET /wp-content/plugins/elementor/assets/css/frontend.min.css?ver=3.25.4 HTTP/1.1" 200 7839 "http://caldas.devuocloud.com/" "Mozilla/5.0 (Macintosh; Intel Mac OS X 10_15_7) AppleWebKit/537.36 (KHTML, like Gecko) Chrome/130.0.0.0 Safari/537.36"
158.172.3.81 - - [12/Nov/2024:11:25:37 +0000] "GET /wp-content/uploads/elementor/css/post-5.css?ver=1731345324 HTTP/1.1" 200 859 "http://caldas.devuocloud.com/" "Mozilla/5.0 (Macintosh; Intel Mac OS X 10_15_7) AppleWebKit/537.36 (KHTML, like Gecko) Chrome/130.0.0.0 Safari/537.36"
158.172.3.81 - - [12/Nov/2024:11:25:37 +0000] "GET /wp-content/plugins/elementor/assets/lib/eicons/css/elementor-icons.min.css?ver=5.31.0 HTTP/1.1" 200 4423 "http://caldas.devuocloud.com/" "Mozilla/5.0 (Macintosh; Intel Mac OS X 10_15_7) AppleWebKit/537.36 (KHTML, like Gecko) Chrome/130.0.0.0 Safari/537.36"
158.172.3.81 - - [12/Nov/2024:11:25:37 +0000] "GET /wp-content/plugins/elementor/assets/lib/swiper/v8/css/swiper.min.css?ver=8.4.5 HTTP/1.1" 200 4920 "http://caldas.devuocloud.com/" "Mozilla/5.0 (Macintosh; Intel Mac OS X 10_15_7) AppleWebKit/537.36 (KHTML, like Gecko) Chrome/130.0.0.0 Safari/537.36"
158.172.3.81 - - [12/Nov/2024:11:25:37 +0000] "GET /wp-content/plugins/elementor/assets/css/conditionals/e-swiper.min.css?ver=3.25.4 HTTP/1.1" 200 1327 "http://caldas.devuocloud.com/" "Mozilla/5.0 (Macintosh; Intel Mac OS X 10_15_7) AppleWebKit/537.36 (KHTML, like Gecko) Chrome/130.0.0.0 Safari/537.36"
158.172.3.81 - - [12/Nov/2024:11:25:37 +0000] "GET /wp-content/plugins/elementor-pro/assets/css/frontend.min.css?ver=3.12.2 HTTP/1.1" 200 40469 "http://caldas.devuocloud.com/" "Mozilla/5.0 (Macintosh; Intel Mac OS X 10_15_7) AppleWebKit/537.36 (KHTML, like Gecko) Chrome/130.0.0.0 Safari/537.36"
158.172.3.81 - - [12/Nov/2024:11:25:37 +0000] "GET /wp-content/plugins/elementor/assets/lib/animations/styles/fadeIn.min.css?ver=3.25.4 HTTP/1.1" 200 412 "http://caldas.devuocloud.com/" "Mozilla/5.0 (Macintosh; Intel Mac OS X 10_15_7) AppleWebKit/537.36 (KHTML, like Gecko) Chrome/130.0.0.0 Safari/537.36"
158.172.3.81 - - [12/Nov/2024:11:25:37 +0000] "GET /wp-content/plugins/elementor/assets/css/widget-text-editor.min.css?ver=3.25.4 HTTP/1.1" 200 606 "http://caldas.devuocloud.com/" "Mozilla/5.0 (Macintosh; Intel Mac OS X 10_15_7) AppleWebKit/537.36 (KHTML, like Gecko) Chrome/130.0.0.0 Safari/537.36"
158.172.3.81 - - [12/Nov/2024:11:25:37 +0000] "GET /wp-content/plugins/elementor/assets/lib/animations/styles/fadeInUp.min.css?ver=3.25.4 HTTP/1.1" 200 451 "http://caldas.devuocloud.com/" "Mozilla/5.0 (Macintosh; Intel Mac OS X 10_15_7) AppleWebKit/537.36 (KHTML, like Gecko) Chrome/130.0.0.0 Safari/537.36"
158.172.3.81 - - [12/Nov/2024:11:25:37 +0000] "GET /wp-content/plugins/elementor/assets/css/widget-heading.min.css?ver=3.25.4 HTTP/1.1" 200 523 "http://caldas.devuocloud.com/" "Mozilla/5.0 (Macintosh; Intel Mac OS X 10_15_7) AppleWebKit/537.36 (KHTML, like Gecko) Chrome/130.0.0.0 Safari/537.36"
158.172.3.81 - - [12/Nov/2024:11:25:37 +0000] "GET /wp-content/plugins/elementor/assets/css/widget-divider.min.css?ver=3.25.4 HTTP/1.1" 200 1098 "http://caldas.devuocloud.com/" "Mozilla/5.0 (Macintosh; Intel Mac OS X 10_15_7) AppleWebKit/537.36 (KHTML, like Gecko) Chrome/130.0.0.0 Safari/537.36"
158.172.3.81 - - [12/Nov/2024:11:25:37 +0000] "GET /wp-content/plugins/elementor/assets/css/widget-image.min.css?ver=3.25.4 HTTP/1.1" 200 498 "http://caldas.devuocloud.com/" "Mozilla/5.0 (Macintosh; Intel Mac OS X 10_15_7) AppleWebKit/537.36 (KHTML, like Gecko) Chrome/130.0.0.0 Safari/537.36"
158.172.3.81 - - [12/Nov/2024:11:25:37 +0000] "GET /wp-content/uploads/elementor/css/post-124.css?ver=1731370550 HTTP/1.1" 200 2179 "http://caldas.devuocloud.com/" "Mozilla/5.0 (Macintosh; Intel Mac OS X 10_15_7) AppleWebKit/537.36 (KHTML, like Gecko) Chrome/130.0.0.0 Safari/537.36"
158.172.3.81 - - [12/Nov/2024:11:25:37 +0000] "GET /wp-content/uploads/elementor/css/post-88.css?ver=1731357789 HTTP/1.1" 200 1228 "http://caldas.devuocloud.com/" "Mozilla/5.0 (Macintosh; Intel Mac OS X 10_15_7) AppleWebKit/537.36 (KHTML, like Gecko) Chrome/130.0.0.0 Safari/537.36"
158.172.3.81 - - [12/Nov/2024:11:25:37 +0000] "GET /wp-content/uploads/elementor/css/post-13.css?ver=1731367623 HTTP/1.1" 200 2097 "http://caldas.devuocloud.com/" "Mozilla/5.0 (Macintosh; Intel Mac OS X 10_15_7) AppleWebKit/537.36 (KHTML, like Gecko) Chrome/130.0.0.0 Safari/537.36"
158.172.3.81 - - [12/Nov/2024:11:25:37 +0000] "GET /wp-content/plugins/elementor/assets/lib/font-awesome/css/fontawesome.min.css?ver=5.15.3 HTTP/1.1" 200 12955 "http://caldas.devuocloud.com/" "Mozilla/5.0 (Macintosh; Intel Mac OS X 10_15_7) AppleWebKit/537.36 (KHTML, like Gecko) Chrome/130.0.0.0 Safari/537.36"
158.172.3.81 - - [12/Nov/2024:11:25:37 +0000] "GET /wp-content/plugins/elementor/assets/lib/font-awesome/css/solid.min.css?ver=5.15.3 HTTP/1.1" 200 644 "http://caldas.devuocloud.com/" "Mozilla/5.0 (Macintosh; Intel Mac OS X 10_15_7) AppleWebKit/537.36 (KHTML, like Gecko) Chrome/130.0.0.0 Safari/537.36"
158.172.3.81 - - [12/Nov/2024:11:25:37 +0000] "GET /wp-content/plugins/elementor/assets/lib/font-awesome/css/brands.min.css?ver=5.15.3 HTTP/1.1" 200 643 "http://caldas.devuocloud.com/" "Mozilla/5.0 (Macintosh; Intel Mac OS X 10_15_7) AppleWebKit/537.36 (KHTML, like Gecko) Chrome/130.0.0.0 Safari/537.36"
158.172.3.81 - - [12/Nov/2024:11:25:37 +0000] "GET /wp-content/uploads/2023/05/Logo.png HTTP/1.1" 200 7683 "http://caldas.devuocloud.com/" "Mozilla/5.0 (Macintosh; Intel Mac OS X 10_15_7) AppleWebKit/537.36 (KHTML, like Gecko) Chrome/130.0.0.0 Safari/537.36"
158.172.3.81 - - [12/Nov/2024:11:25:37 +0000] "GET /wp-content/uploads/2024/11/WhatsApp-Image-2024-11-03-at-18.03.11-1.jpeg HTTP/1.1" 200 127340 "http://caldas.devuocloud.com/" "Mozilla/5.0 (Macintosh; Intel Mac OS X 10_15_7) AppleWebKit/537.36 (KHTML, like Gecko) Chrome/130.0.0.0 Safari/537.36"
158.172.3.81 - - [12/Nov/2024:11:25:37 +0000] "GET /wp-content/uploads/2023/05/logo-blanco.png HTTP/1.1" 200 9341 "http://caldas.devuocloud.com/" "Mozilla/5.0 (Macintosh; Intel Mac OS X 10_15_7) AppleWebKit/537.36 (KHTML, like Gecko) Chrome/130.0.0.0 Safari/537.36"
158.172.3.81 - - [12/Nov/2024:11:25:37 +0000] "GET /wp-content/uploads/2024/11/kit_digital-1024x61-1.png HTTP/1.1" 200 62991 "http://caldas.devuocloud.com/" "Mozilla/5.0 (Macintosh; Intel Mac OS X 10_15_7) AppleWebKit/537.36 (KHTML, like Gecko) Chrome/130.0.0.0 Safari/537.36"
158.172.3.81 - - [12/Nov/2024:11:25:37 +0000] "GET /wp-content/plugins/elementor/assets/css/widget-social-icons.min.css?ver=3.25.4 HTTP/1.1" 200 1486 "http://caldas.devuocloud.com/" "Mozilla/5.0 (Macintosh; Intel Mac OS X 10_15_7) AppleWebKit/537.36 (KHTML, like Gecko) Chrome/130.0.0.0 Safari/537.36"
158.172.3.81 - - [12/Nov/2024:11:25:37 +0000] "GET /wp-content/plugins/elementor/assets/css/conditionals/apple-webkit.min.css?ver=3.25.4 HTTP/1.1" 200 923 "http://caldas.devuocloud.com/" "Mozilla/5.0 (Macintosh; Intel Mac OS X 10_15_7) AppleWebKit/537.36 (KHTML, like Gecko) Chrome/130.0.0.0 Safari/537.36"
158.172.3.81 - - [12/Nov/2024:11:25:37 +0000] "GET /wp-content/themes/hello-elementor/assets/js/hello-frontend.min.js?ver=3.1.1 HTTP/1.1" 200 1159 "http://caldas.devuocloud.com/" "Mozilla/5.0 (Macintosh; Intel Mac OS X 10_15_7) AppleWebKit/537.36 (KHTML, like Gecko) Chrome/130.0.0.0 Safari/537.36"
158.172.3.81 - - [12/Nov/2024:11:25:37 +0000] "GET /wp-includes/js/jquery/jquery.min.js?ver=3.7.1 HTTP/1.1" 200 30714 "http://caldas.devuocloud.com/" "Mozilla/5.0 (Macintosh; Intel Mac OS X 10_15_7) AppleWebKit/537.36 (KHTML, like Gecko) Chrome/130.0.0.0 Safari/537.36"
158.172.3.81 - - [12/Nov/2024:11:25:38 +0000] "GET /wp-includes/js/jquery/jquery-migrate.min.js?ver=3.4.1 HTTP/1.1" 200 5216 "http://caldas.devuocloud.com/" "Mozilla/5.0 (Macintosh; Intel Mac OS X 10_15_7) AppleWebKit/537.36 (KHTML, like Gecko) Chrome/130.0.0.0 Safari/537.36"
158.172.3.81 - - [12/Nov/2024:11:25:38 +0000] "GET /wp-content/plugins/elementor/assets/lib/font-awesome/webfonts/fa-brands-400.woff2 HTTP/1.1" 200 81901 "http://caldas.devuocloud.com/wp-content/plugins/elementor/assets/lib/font-awesome/css/brands.min.css?ver=5.15.3" "Mozilla/5.0 (Macintosh; Intel Mac OS X 10_15_7) AppleWebKit/537.36 (KHTML, like Gecko) Chrome/130.0.0.0 Safari/537.36"
158.172.3.81 - - [12/Nov/2024:11:25:38 +0000] "GET /wp-content/plugins/elementor-pro/assets/lib/smartmenus/jquery.smartmenus.min.js?ver=1.0.1 HTTP/1.1" 200 7501 "http://caldas.devuocloud.com/" "Mozilla/5.0 (Macintosh; Intel Mac OS X 10_15_7) AppleWebKit/537.36 (KHTML, like Gecko) Chrome/130.0.0.0 Safari/537.36"
158.172.3.81 - - [12/Nov/2024:11:25:38 +0000] "GET /wp-content/plugins/elementor-pro/assets/js/webpack-pro.runtime.min.js?ver=3.12.2 HTTP/1.1" 200 2838 "http://caldas.devuocloud.com/" "Mozilla/5.0 (Macintosh; Intel Mac OS X 10_15_7) AppleWebKit/537.36 (KHTML, like Gecko) Chrome/130.0.0.0 Safari/537.36"
158.172.3.81 - - [12/Nov/2024:11:25:38 +0000] "GET /wp-content/plugins/elementor/assets/js/webpack.runtime.min.js?ver=3.25.4 HTTP/1.1" 200 2684 "http://caldas.devuocloud.com/" "Mozilla/5.0 (Macintosh; Intel Mac OS X 10_15_7) AppleWebKit/537.36 (KHTML, like Gecko) Chrome/130.0.0.0 Safari/537.36"
158.172.3.81 - - [12/Nov/2024:11:25:38 +0000] "GET /wp-includes/js/dist/hooks.min.js?ver=2810c76e705dd1a53b18 HTTP/1.1" 200 1885 "http://caldas.devuocloud.com/" "Mozilla/5.0 (Macintosh; Intel Mac OS X 10_15_7) AppleWebKit/537.36 (KHTML, like Gecko) Chrome/130.0.0.0 Safari/537.36"
158.172.3.81 - - [12/Nov/2024:11:25:38 +0000] "GET /wp-content/plugins/elementor/assets/js/frontend-modules.min.js?ver=3.25.4 HTTP/1.1" 200 16093 "http://caldas.devuocloud.com/" "Mozilla/5.0 (Macintosh; Intel Mac OS X 10_15_7) AppleWebKit/537.36 (KHTML, like Gecko) Chrome/130.0.0.0 Safari/537.36"
158.172.3.81 - - [12/Nov/2024:11:25:38 +0000] "GET /wp-includes/js/dist/i18n.min.js?ver=5e580eb46a90c2b997e6 HTTP/1.1" 200 4011 "http://caldas.devuocloud.com/" "Mozilla/5.0 (Macintosh; Intel Mac OS X 10_15_7) AppleWebKit/537.36 (KHTML, like Gecko) Chrome/130.0.0.0 Safari/537.36"
158.172.3.81 - - [12/Nov/2024:11:25:38 +0000] "GET /wp-content/plugins/elementor-pro/assets/js/frontend.min.js?ver=3.12.2 HTTP/1.1" 200 6896 "http://caldas.devuocloud.com/" "Mozilla/5.0 (Macintosh; Intel Mac OS X 10_15_7) AppleWebKit/537.36 (KHTML, like Gecko) Chrome/130.0.0.0 Safari/537.36"
158.172.3.81 - - [12/Nov/2024:11:25:38 +0000] "GET /wp-includes/js/jquery/ui/core.min.js?ver=1.13.3 HTTP/1.1" 200 7450 "http://caldas.devuocloud.com/" "Mozilla/5.0 (Macintosh; Intel Mac OS X 10_15_7) AppleWebKit/537.36 (KHTML, like Gecko) Chrome/130.0.0.0 Safari/537.36"
158.172.3.81 - - [12/Nov/2024:11:25:38 +0000] "GET /wp-content/plugins/elementor/assets/js/frontend.min.js?ver=3.25.4 HTTP/1.1" 200 13630 "http://caldas.devuocloud.com/" "Mozilla/5.0 (Macintosh; Intel Mac OS X 10_15_7) AppleWebKit/537.36 (KHTML, like Gecko) Chrome/130.0.0.0 Safari/537.36"
158.172.3.81 - - [12/Nov/2024:11:25:38 +0000] "GET /wp-content/plugins/elementor-pro/assets/js/preloaded-elements-handlers.min.js?ver=3.12.2 HTTP/1.1" 200 39556 "http://caldas.devuocloud.com/" "Mozilla/5.0 (Macintosh; Intel Mac OS X 10_15_7) AppleWebKit/537.36 (KHTML, like Gecko) Chrome/130.0.0.0 Safari/537.36"
158.172.3.81 - - [12/Nov/2024:11:25:38 +0000] "GET /wp-includes/js/wp-emoji-release.min.js?ver=6.6.2 HTTP/1.1" 200 5406 "http://caldas.devuocloud.com/" "Mozilla/5.0 (Macintosh; Intel Mac OS X 10_15_7) AppleWebKit/537.36 (KHTML, like Gecko) Chrome/130.0.0.0 Safari/537.36"
158.172.3.81 - - [12/Nov/2024:11:25:38 +0000] "GET /wp-content/plugins/elementor/assets/lib/eicons/fonts/eicons.woff2?5.31.0 HTTP/1.1" 200 97473 "http://caldas.devuocloud.com/wp-content/plugins/elementor/assets/lib/eicons/css/elementor-icons.min.css?ver=5.31.0" "Mozilla/5.0 (Macintosh; Intel Mac OS X 10_15_7) AppleWebKit/537.36 (KHTML, like Gecko) Chrome/130.0.0.0 Safari/537.36"
158.172.3.81 - - [12/Nov/2024:11:25:38 +0000] "GET /wp-content/plugins/elementor/assets/js/text-editor.2c35aafbe5bf0e127950.bundle.min.js HTTP/1.1" 200 1008 "http://caldas.devuocloud.com/" "Mozilla/5.0 (Macintosh; Intel Mac OS X 10_15_7) AppleWebKit/537.36 (KHTML, like Gecko) Chrome/130.0.0.0 Safari/537.36"
201.219.70.221 - - [12/Nov/2024:11:25:40 +0000] "GET /wp-content/plugins/elementor/assets/js/frontend-modules.min.js?ver=3.25.4 HTTP/1.1" 200 16094 "http://caldas.devuocloud.com/" "Mozilla/5.0 (Windows NT 10.0; Win64; x64) AppleWebKit/537.36 (KHTML, like Gecko) Chrome/130.0.0.0 Safari/537.36"
201.219.70.221 - - [12/Nov/2024:11:25:42 +0000] "GET /wp-includes/js/dist/hooks.min.js?ver=2810c76e705dd1a53b18 HTTP/1.1" 200 1885 "http://caldas.devuocloud.com/" "Mozilla/5.0 (Windows NT 10.0; Win64; x64) AppleWebKit/537.36 (KHTML, like Gecko) Chrome/130.0.0.0 Safari/537.36"
158.172.3.81 - - [12/Nov/2024:11:25:42 +0000] "GET /sobre-mi/ HTTP/1.1" 200 14248 "http://caldas.devuocloud.com/" "Mozilla/5.0 (Macintosh; Intel Mac OS X 10_15_7) AppleWebKit/537.36 (KHTML, like Gecko) Chrome/130.0.0.0 Safari/537.36"
158.172.3.81 - - [12/Nov/2024:11:25:43 +0000] "GET /wp-content/plugins/elementor/assets/css/widget-nested-accordion.min.css?ver=3.25.4 HTTP/1.1" 200 1141 "http://caldas.devuocloud.com/sobre-mi/" "Mozilla/5.0 (Macintosh; Intel Mac OS X 10_15_7) AppleWebKit/537.36 (KHTML, like Gecko) Chrome/130.0.0.0 Safari/537.36"
158.172.3.81 - - [12/Nov/2024:11:25:43 +0000] "GET /wp-content/uploads/elementor/css/post-43.css?ver=1731366954 HTTP/1.1" 200 2173 "http://caldas.devuocloud.com/sobre-mi/" "Mozilla/5.0 (Macintosh; Intel Mac OS X 10_15_7) AppleWebKit/537.36 (KHTML, like Gecko) Chrome/130.0.0.0 Safari/537.36"
158.172.3.81 - - [12/Nov/2024:11:25:43 +0000] "GET /wp-content/uploads/2024/11/back-quienes-somos.jpg HTTP/1.1" 200 94603 "http://caldas.devuocloud.com/sobre-mi/" "Mozilla/5.0 (Macintosh; Intel Mac OS X 10_15_7) AppleWebKit/537.36 (KHTML, like Gecko) Chrome/130.0.0.0 Safari/537.36"
158.172.3.81 - - [12/Nov/2024:11:25:43 +0000] "GET /wp-content/plugins/elementor/assets/lib/font-awesome/webfonts/fa-solid-900.woff2 HTTP/1.1" 200 78485 "http://caldas.devuocloud.com/wp-content/plugins/elementor/assets/lib/font-awesome/css/solid.min.css?ver=5.15.3" "Mozilla/5.0 (Macintosh; Intel Mac OS X 10_15_7) AppleWebKit/537.36 (KHTML, like Gecko) Chrome/130.0.0.0 Safari/537.36"
158.172.3.81 - - [12/Nov/2024:11:25:43 +0000] "GET /wp-content/uploads/2024/11/tree-548896_1920.jpg HTTP/1.1" 200 377394 "http://caldas.devuocloud.com/wp-content/uploads/elementor/css/post-43.css?ver=1731366954" "Mozilla/5.0 (Macintosh; Intel Mac OS X 10_15_7) AppleWebKit/537.36 (KHTML, like Gecko) Chrome/130.0.0.0 Safari/537.36"
158.172.3.81 - - [12/Nov/2024:11:25:43 +0000] "GET /wp-content/plugins/elementor/assets/js/nested-accordion.c3b109b714293a16bd95.bundle.min.js HTTP/1.1" 200 3269 "http://caldas.devuocloud.com/sobre-mi/" "Mozilla/5.0 (Macintosh; Intel Mac OS X 10_15_7) AppleWebKit/537.36 (KHTML, like Gecko) Chrome/130.0.0.0 Safari/537.36"
158.172.3.81 - - [12/Nov/2024:11:25:44 +0000] "GET /wp-content/uploads/2024/11/Favicon-150x150.jpg HTTP/1.1" 200 3759 "http://caldas.devuocloud.com/sobre-mi/" "Mozilla/5.0 (Macintosh; Intel Mac OS X 10_15_7) AppleWebKit/537.36 (KHTML, like Gecko) Chrome/130.0.0.0 Safari/537.36"
158.172.3.81 - - [12/Nov/2024:11:25:37 +0000] "GET /wp-content/uploads/2024/11/sea-591024_1920.jpg HTTP/1.1" 200 991217 "http://caldas.devuocloud.com/wp-content/uploads/elementor/css/post-124.css?ver=1731370550" "Mozilla/5.0 (Macintosh; Intel Mac OS X 10_15_7) AppleWebKit/537.36 (KHTML, like Gecko) Chrome/130.0.0.0 Safari/537.36"
201.219.70.221 - - [12/Nov/2024:11:25:47 +0000] "GET /wp-content/plugins/elementor/assets/lib/font-awesome/webfonts/fa-brands-400.woff HTTP/1.1" 200 98093 "http://caldas.devuocloud.com/wp-content/plugins/elementor/assets/lib/font-awesome/css/brands.min.css?ver=5.15.3" "Mozilla/5.0 (Windows NT 10.0; Win64; x64) AppleWebKit/537.36 (KHTML, like Gecko) Chrome/130.0.0.0 Safari/537.36"
201.219.70.221 - - [12/Nov/2024:11:25:48 +0000] "GET / HTTP/1.1" 200 20201 "-" "Mozilla/5.0 (Windows NT 10.0; Win64; x64) AppleWebKit/537.36 (KHTML, like Gecko) Chrome/130.0.0.0 Safari/537.36"
158.172.3.81 - - [12/Nov/2024:11:25:49 +0000] "GET /contacto/ HTTP/1.1" 200 11389 "http://caldas.devuocloud.com/sobre-mi/" "Mozilla/5.0 (Macintosh; Intel Mac OS X 10_15_7) AppleWebKit/537.36 (KHTML, like Gecko) Chrome/130.0.0.0 Safari/537.36"
158.172.3.81 - - [12/Nov/2024:11:25:50 +0000] "GET /wp-content/uploads/elementor/css/post-1527.css?ver=1731367592 HTTP/1.1" 200 1771 "http://caldas.devuocloud.com/contacto/" "Mozilla/5.0 (Macintosh; Intel Mac OS X 10_15_7) AppleWebKit/537.36 (KHTML, like Gecko) Chrome/130.0.0.0 Safari/537.36"
158.172.3.81 - - [12/Nov/2024:11:25:51 +0000] "GET /wp-content/uploads/2023/07/telef.webp HTTP/1.1" 200 2353 "http://caldas.devuocloud.com/contacto/" "Mozilla/5.0 (Macintosh; Intel Mac OS X 10_15_7) AppleWebKit/537.36 (KHTML, like Gecko) Chrome/130.0.0.0 Safari/537.36"
158.172.3.81 - - [12/Nov/2024:11:25:51 +0000] "GET /wp-content/uploads/2023/07/mail.webp HTTP/1.1" 200 1383 "http://caldas.devuocloud.com/contacto/" "Mozilla/5.0 (Macintosh; Intel Mac OS X 10_15_7) AppleWebKit/537.36 (KHTML, like Gecko) Chrome/130.0.0.0 Safari/537.36"
158.172.3.81 - - [12/Nov/2024:11:25:51 +0000] "GET /wp-content/uploads/2023/07/redes.webp HTTP/1.1" 200 2109 "http://caldas.devuocloud.com/contacto/" "Mozilla/5.0 (Macintosh; Intel Mac OS X 10_15_7) AppleWebKit/537.36 (KHTML, like Gecko) Chrome/130.0.0.0 Safari/537.36"
158.172.3.81 - - [12/Nov/2024:11:25:51 +0000] "GET /wp-content/uploads/2024/11/texture-319748_1920.jpg HTTP/1.1" 200 422457 "http://caldas.devuocloud.com/wp-content/uploads/elementor/css/post-1527.css?ver=1731367592" "Mozilla/5.0 (Macintosh; Intel Mac OS X 10_15_7) AppleWebKit/537.36 (KHTML, like Gecko) Chrome/130.0.0.0 Safari/537.36"
158.172.3.81 - - [12/Nov/2024:11:25:51 +0000] "GET /wp-content/uploads/2024/11/desk-3076954_1920.jpg HTTP/1.1" 200 213281 "http://caldas.devuocloud.com/contacto/" "Mozilla/5.0 (Macintosh; Intel Mac OS X 10_15_7) AppleWebKit/537.36 (KHTML, like Gecko) Chrome/130.0.0.0 Safari/537.36"
201.219.70.221 - - [12/Nov/2024:11:24:43 +0000] "GET /wp-content/uploads/2024/11/sea-591024_1920.jpg HTTP/1.1" 200 168432 "http://caldas.devuocloud.com/wp-content/uploads/elementor/css/post-124.css?ver=1731370550" "Mozilla/5.0 (Windows NT 10.0; Win64; x64) AppleWebKit/537.36 (KHTML, like Gecko) Chrome/130.0.0.0 Safari/537.36"
158.172.3.81 - - [12/Nov/2024:11:25:57 +0000] "GET / HTTP/1.1" 200 12189 "http://caldas.devuocloud.com/contacto/" "Mozilla/5.0 (Macintosh; Intel Mac OS X 10_15_7) AppleWebKit/537.36 (KHTML, like Gecko) Chrome/130.0.0.0 Safari/537.36"
201.219.70.221 - - [12/Nov/2024:11:25:58 +0000] "GET /wp-content/uploads/2024/11/sea-591024_1920.jpg HTTP/1.1" 206 341 "http://caldas.devuocloud.com/wp-content/uploads/elementor/css/post-124.css?ver=1731370550" "Mozilla/5.0 (Windows NT 10.0; Win64; x64) AppleWebKit/537.36 (KHTML, like Gecko) Chrome/130.0.0.0 Safari/537.36"
201.219.70.221 - - [12/Nov/2024:11:25:58 +0000] "GET /wp-content/plugins/elementor/assets/lib/font-awesome/webfonts/fa-brands-400.woff2 HTTP/1.1" 206 340 "http://caldas.devuocloud.com/wp-content/plugins/elementor/assets/lib/font-awesome/css/brands.min.css?ver=5.15.3" "Mozilla/5.0 (Windows NT 10.0; Win64; x64) AppleWebKit/537.36 (KHTML, like Gecko) Chrome/130.0.0.0 Safari/537.36"
201.219.70.221 - - [12/Nov/2024:11:25:58 +0000] "GET /wp-content/plugins/elementor/assets/js/web-cli.min.js?ver=3.25.4 HTTP/1.1" 200 41381 "http://caldas.devuocloud.com/" "Mozilla/5.0 (Windows NT 10.0; Win64; x64) AppleWebKit/537.36 (KHTML, like Gecko) Chrome/130.0.0.0 Safari/537.36"
201.219.70.221 - - [12/Nov/2024:11:25:58 +0000] "GET /wp-includes/js/dist/hooks.min.js?ver=2810c76e705dd1a53b18 HTTP/1.1" 200 1885 "http://caldas.devuocloud.com/" "Mozilla/5.0 (Windows NT 10.0; Win64; x64) AppleWebKit/537.36 (KHTML, like Gecko) Chrome/130.0.0.0 Safari/537.36"
201.219.70.221 - - [12/Nov/2024:11:25:58 +0000] "GET /wp-content/plugins/elementor/assets/lib/font-awesome/webfonts/fa-brands-400.woff2 HTTP/1.1" 206 25617 "http://caldas.devuocloud.com/wp-content/plugins/elementor/assets/lib/font-awesome/css/brands.min.css?ver=5.15.3" "Mozilla/5.0 (Windows NT 10.0; Win64; x64) AppleWebKit/537.36 (KHTML, like Gecko) Chrome/130.0.0.0 Safari/537.36"
201.219.70.221 - - [12/Nov/2024:11:25:58 +0000] "GET /wp-includes/js/dist/i18n.min.js?ver=5e580eb46a90c2b997e6 HTTP/1.1" 200 4011 "http://caldas.devuocloud.com/" "Mozilla/5.0 (Windows NT 10.0; Win64; x64) AppleWebKit/537.36 (KHTML, like Gecko) Chrome/130.0.0.0 Safari/537.36"
201.219.70.221 - - [12/Nov/2024:11:25:59 +0000] "GET /wp-content/plugins/elementor/assets/js/common.min.js?ver=3.25.4 HTTP/1.1" 200 37682 "http://caldas.devuocloud.com/" "Mozilla/5.0 (Windows NT 10.0; Win64; x64) AppleWebKit/537.36 (KHTML, like Gecko) Chrome/130.0.0.0 Safari/537.36"
201.219.70.221 - - [12/Nov/2024:11:26:00 +0000] "GET /wp-content/plugins/elementor-pro/assets/lib/smartmenus/jquery.smartmenus.min.js?ver=1.0.1 HTTP/1.1" 200 7502 "http://caldas.devuocloud.com/" "Mozilla/5.0 (Windows NT 10.0; Win64; x64) AppleWebKit/537.36 (KHTML, like Gecko) Chrome/130.0.0.0 Safari/537.36"
201.219.70.221 - - [12/Nov/2024:11:26:07 +0000] "GET /wp-content/plugins/elementor/assets/lib/eicons/fonts/eicons.woff2?5.31.0 HTTP/1.1" 200 97474 "http://caldas.devuocloud.com/wp-content/plugins/elementor/assets/lib/eicons/css/elementor-icons.min.css?ver=5.31.0" "Mozilla/5.0 (Windows NT 10.0; Win64; x64) AppleWebKit/537.36 (KHTML, like Gecko) Chrome/130.0.0.0 Safari/537.36"
158.172.3.81 - - [12/Nov/2024:11:26:07 +0000] "GET / HTTP/1.1" 200 12189 "http://caldas.devuocloud.com/contacto/" "Mozilla/5.0 (Macintosh; Intel Mac OS X 10_15_7) AppleWebKit/537.36 (KHTML, like Gecko) Chrome/130.0.0.0 Safari/537.36"
201.219.70.221 - - [12/Nov/2024:11:26:29 +0000] "GET /wp-content/plugins/elementor/assets/lib/font-awesome/webfonts/fa-brands-400.woff HTTP/1.1" 206 337 "http://caldas.devuocloud.com/wp-content/plugins/elementor/assets/lib/font-awesome/css/brands.min.css?ver=5.15.3" "Mozilla/5.0 (Windows NT 10.0; Win64; x64) AppleWebKit/537.36 (KHTML, like Gecko) Chrome/130.0.0.0 Safari/537.36"
201.219.70.221 - - [12/Nov/2024:11:26:29 +0000] "GET / HTTP/1.1" 200 20201 "-" "Mozilla/5.0 (Windows NT 10.0; Win64; x64) AppleWebKit/537.36 (KHTML, like Gecko) Chrome/130.0.0.0 Safari/537.36"
201.219.70.221 - - [12/Nov/2024:11:26:30 +0000] "GET /wp-content/plugins/elementor/assets/lib/font-awesome/webfonts/fa-brands-400.woff HTTP/1.1" 206 89721 "http://caldas.devuocloud.com/wp-content/plugins/elementor/assets/lib/font-awesome/css/brands.min.css?ver=5.15.3" "Mozilla/5.0 (Windows NT 10.0; Win64; x64) AppleWebKit/537.36 (KHTML, like Gecko) Chrome/130.0.0.0 Safari/537.36"
201.219.70.221 - - [12/Nov/2024:11:26:29 +0000] "GET /wp-content/plugins/elementor/assets/lib/eicons/fonts/eicons.woff?5.31.0 HTTP/1.1" 200 104544 "http://caldas.devuocloud.com/wp-content/plugins/elementor/assets/lib/eicons/css/elementor-icons.min.css?ver=5.31.0" "Mozilla/5.0 (Windows NT 10.0; Win64; x64) AppleWebKit/537.36 (KHTML, like Gecko) Chrome/130.0.0.0 Safari/537.36"
201.219.70.221 - - [12/Nov/2024:11:26:49 +0000] "GET /wp-content/uploads/2024/11/sea-591024_1920.jpg HTTP/1.1" 206 341 "http://caldas.devuocloud.com/wp-content/uploads/elementor/css/post-124.css?ver=1731370550" "Mozilla/5.0 (Windows NT 10.0; Win64; x64) AppleWebKit/537.36 (KHTML, like Gecko) Chrome/130.0.0.0 Safari/537.36"
201.219.70.221 - - [12/Nov/2024:11:26:49 +0000] "GET /wp-content/plugins/elementor/assets/lib/font-awesome/webfonts/fa-brands-400.woff2 HTTP/1.1" 206 340 "http://caldas.devuocloud.com/wp-content/plugins/elementor/assets/lib/font-awesome/css/brands.min.css?ver=5.15.3" "Mozilla/5.0 (Windows NT 10.0; Win64; x64) AppleWebKit/537.36 (KHTML, like Gecko) Chrome/130.0.0.0 Safari/537.36"
201.219.70.221 - - [12/Nov/2024:11:26:50 +0000] "GET /wp-includes/js/dist/i18n.min.js?ver=5e580eb46a90c2b997e6 HTTP/1.1" 200 4012 "http://caldas.devuocloud.com/" "Mozilla/5.0 (Windows NT 10.0; Win64; x64) AppleWebKit/537.36 (KHTML, like Gecko) Chrome/130.0.0.0 Safari/537.36"
201.219.70.221 - - [12/Nov/2024:11:26:51 +0000] "GET /wp-content/plugins/elementor/assets/js/common.min.js?ver=3.25.4 HTTP/1.1" 200 37682 "http://caldas.devuocloud.com/" "Mozilla/5.0 (Windows NT 10.0; Win64; x64) AppleWebKit/537.36 (KHTML, like Gecko) Chrome/130.0.0.0 Safari/537.36"
201.219.70.221 - - [12/Nov/2024:11:26:51 +0000] "GET /wp-content/plugins/elementor-pro/assets/lib/smartmenus/jquery.smartmenus.min.js?ver=1.0.1 HTTP/1.1" 200 7501 "http://caldas.devuocloud.com/" "Mozilla/5.0 (Windows NT 10.0; Win64; x64) AppleWebKit/537.36 (KHTML, like Gecko) Chrome/130.0.0.0 Safari/537.36"
201.219.70.221 - - [12/Nov/2024:11:26:52 +0000] "GET /wp-content/plugins/elementor/assets/lib/font-awesome/webfonts/fa-brands-400.woff2 HTTP/1.1" 206 1274 "http://caldas.devuocloud.com/wp-content/plugins/elementor/assets/lib/font-awesome/css/brands.min.css?ver=5.15.3" "Mozilla/5.0 (Windows NT 10.0; Win64; x64) AppleWebKit/537.36 (KHTML, like Gecko) Chrome/130.0.0.0 Safari/537.36"
201.219.70.221 - - [12/Nov/2024:11:26:53 +0000] "GET /wp-content/plugins/elementor-pro/assets/js/webpack-pro.runtime.min.js?ver=3.12.2 HTTP/1.1" 200 2838 "http://caldas.devuocloud.com/" "Mozilla/5.0 (Windows NT 10.0; Win64; x64) AppleWebKit/537.36 (KHTML, like Gecko) Chrome/130.0.0.0 Safari/537.36"
201.219.70.221 - - [12/Nov/2024:11:26:53 +0000] "GET /wp-content/plugins/elementor/assets/js/webpack.runtime.min.js?ver=3.25.4 HTTP/1.1" 200 2684 "http://caldas.devuocloud.com/" "Mozilla/5.0 (Windows NT 10.0; Win64; x64) AppleWebKit/537.36 (KHTML, like Gecko) Chrome/130.0.0.0 Safari/537.36"
201.219.70.221 - - [12/Nov/2024:11:26:54 +0000] "GET /wp-content/plugins/elementor/assets/js/frontend.min.js?ver=3.25.4 HTTP/1.1" 200 13630 "http://caldas.devuocloud.com/" "Mozilla/5.0 (Windows NT 10.0; Win64; x64) AppleWebKit/537.36 (KHTML, like Gecko) Chrome/130.0.0.0 Safari/537.36"
201.219.70.221 - - [12/Nov/2024:11:26:54 +0000] "GET /wp-content/plugins/elementor-pro/assets/js/preloaded-elements-handlers.min.js?ver=3.12.2 HTTP/1.1" 200 39556 "http://caldas.devuocloud.com/" "Mozilla/5.0 (Windows NT 10.0; Win64; x64) AppleWebKit/537.36 (KHTML, like Gecko) Chrome/130.0.0.0 Safari/537.36"
201.219.70.221 - - [12/Nov/2024:11:26:53 +0000] "GET /wp-content/plugins/elementor-pro/assets/js/frontend.min.js?ver=3.12.2 HTTP/1.1" 200 6897 "http://caldas.devuocloud.com/" "Mozilla/5.0 (Windows NT 10.0; Win64; x64) AppleWebKit/537.36 (KHTML, like Gecko) Chrome/130.0.0.0 Safari/537.36"
201.219.70.221 - - [12/Nov/2024:11:26:55 +0000] "GET /wp-content/plugins/elementor/assets/js/elementor-admin-bar.min.js?ver=3.25.4 HTTP/1.1" 200 2668 "http://caldas.devuocloud.com/" "Mozilla/5.0 (Windows NT 10.0; Win64; x64) AppleWebKit/537.36 (KHTML, like Gecko) Chrome/130.0.0.0 Safari/537.36"
201.219.70.221 - - [12/Nov/2024:11:26:56 +0000] "GET /wp-includes/js/hoverintent-js.min.js?ver=2.2.1 HTTP/1.1" 200 1060 "http://caldas.devuocloud.com/" "Mozilla/5.0 (Windows NT 10.0; Win64; x64) AppleWebKit/537.36 (KHTML, like Gecko) Chrome/130.0.0.0 Safari/537.36"
201.219.70.221 - - [12/Nov/2024:11:26:56 +0000] "GET /wp-includes/js/admin-bar.min.js?ver=6.6.2 HTTP/1.1" 200 1700 "http://caldas.devuocloud.com/" "Mozilla/5.0 (Windows NT 10.0; Win64; x64) AppleWebKit/537.36 (KHTML, like Gecko) Chrome/130.0.0.0 Safari/537.36"
201.219.70.221 - - [12/Nov/2024:11:26:51 +0000] "GET /wp-content/uploads/2024/11/sea-591024_1920.jpg HTTP/1.1" 206 98736 "http://caldas.devuocloud.com/wp-content/uploads/elementor/css/post-124.css?ver=1731370550" "Mozilla/5.0 (Windows NT 10.0; Win64; x64) AppleWebKit/537.36 (KHTML, like Gecko) Chrome/130.0.0.0 Safari/537.36"
201.219.70.221 - - [12/Nov/2024:11:28:19 +0000] "GET / HTTP/1.1" 200 12189 "-" "Mozilla/5.0 (Windows NT 10.0; Win64; x64) AppleWebKit/537.36 (KHTML, like Gecko) Chrome/130.0.0.0 Safari/537.36"
201.219.70.221 - - [12/Nov/2024:11:28:22 +0000] "GET /wp-content/themes/hello-elementor/style.min.css?ver=3.1.1 HTTP/1.1" 200 2146 "http://caldas.devuocloud.com/" "Mozilla/5.0 (Windows NT 10.0; Win64; x64) AppleWebKit/537.36 (KHTML, like Gecko) Chrome/130.0.0.0 Safari/537.36"
201.219.70.221 - - [12/Nov/2024:11:28:23 +0000] "GET /wp-content/themes/hello-elementor/header-footer.min.css?ver=3.1.1 HTTP/1.1" 200 1806 "http://caldas.devuocloud.com/" "Mozilla/5.0 (Windows NT 10.0; Win64; x64) AppleWebKit/537.36 (KHTML, like Gecko) Chrome/130.0.0.0 Safari/537.36"
201.219.70.221 - - [12/Nov/2024:11:28:23 +0000] "GET /wp-content/themes/hello-elementor/theme.min.css?ver=3.1.1 HTTP/1.1" 200 1633 "http://caldas.devuocloud.com/" "Mozilla/5.0 (Windows NT 10.0; Win64; x64) AppleWebKit/537.36 (KHTML, like Gecko) Chrome/130.0.0.0 Safari/537.36"
201.219.70.221 - - [12/Nov/2024:11:28:23 +0000] "GET /wp-content/plugins/elementor/assets/css/frontend.min.css?ver=3.25.4 HTTP/1.1" 200 7839 "http://caldas.devuocloud.com/" "Mozilla/5.0 (Windows NT 10.0; Win64; x64) AppleWebKit/537.36 (KHTML, like Gecko) Chrome/130.0.0.0 Safari/537.36"
201.219.70.221 - - [12/Nov/2024:11:28:25 +0000] "GET /wp-content/uploads/elementor/css/post-5.css?ver=1731345324 HTTP/1.1" 200 859 "http://caldas.devuocloud.com/" "Mozilla/5.0 (Windows NT 10.0; Win64; x64) AppleWebKit/537.36 (KHTML, like Gecko) Chrome/130.0.0.0 Safari/537.36"
201.219.70.221 - - [12/Nov/2024:11:28:25 +0000] "GET /wp-content/plugins/elementor/assets/lib/eicons/css/elementor-icons.min.css?ver=5.31.0 HTTP/1.1" 200 4423 "http://caldas.devuocloud.com/" "Mozilla/5.0 (Windows NT 10.0; Win64; x64) AppleWebKit/537.36 (KHTML, like Gecko) Chrome/130.0.0.0 Safari/537.36"
201.219.70.221 - - [12/Nov/2024:11:28:25 +0000] "GET /wp-content/plugins/elementor/assets/lib/swiper/v8/css/swiper.min.css?ver=8.4.5 HTTP/1.1" 200 4920 "http://caldas.devuocloud.com/" "Mozilla/5.0 (Windows NT 10.0; Win64; x64) AppleWebKit/537.36 (KHTML, like Gecko) Chrome/130.0.0.0 Safari/537.36"
201.219.70.221 - - [12/Nov/2024:11:28:27 +0000] "GET /wp-content/plugins/elementor/assets/css/conditionals/e-swiper.min.css?ver=3.25.4 HTTP/1.1" 200 1327 "http://caldas.devuocloud.com/" "Mozilla/5.0 (Windows NT 10.0; Win64; x64) AppleWebKit/537.36 (KHTML, like Gecko) Chrome/130.0.0.0 Safari/537.36"
201.219.70.221 - - [12/Nov/2024:11:28:27 +0000] "GET /wp-content/plugins/elementor-pro/assets/css/frontend.min.css?ver=3.12.2 HTTP/1.1" 200 40469 "http://caldas.devuocloud.com/" "Mozilla/5.0 (Windows NT 10.0; Win64; x64) AppleWebKit/537.36 (KHTML, like Gecko) Chrome/130.0.0.0 Safari/537.36"
201.219.70.221 - - [12/Nov/2024:11:28:28 +0000] "GET /wp-content/plugins/elementor/assets/lib/animations/styles/fadeIn.min.css?ver=3.25.4 HTTP/1.1" 200 412 "http://caldas.devuocloud.com/" "Mozilla/5.0 (Windows NT 10.0; Win64; x64) AppleWebKit/537.36 (KHTML, like Gecko) Chrome/130.0.0.0 Safari/537.36"
201.219.70.221 - - [12/Nov/2024:11:28:32 +0000] "GET /wp-content/plugins/elementor/assets/css/widget-text-editor.min.css?ver=3.25.4 HTTP/1.1" 200 606 "http://caldas.devuocloud.com/" "Mozilla/5.0 (Windows NT 10.0; Win64; x64) AppleWebKit/537.36 (KHTML, like Gecko) Chrome/130.0.0.0 Safari/537.36"
201.219.70.221 - - [12/Nov/2024:11:28:32 +0000] "GET /wp-content/plugins/elementor/assets/lib/animations/styles/fadeInUp.min.css?ver=3.25.4 HTTP/1.1" 200 452 "http://caldas.devuocloud.com/" "Mozilla/5.0 (Windows NT 10.0; Win64; x64) AppleWebKit/537.36 (KHTML, like Gecko) Chrome/130.0.0.0 Safari/537.36"
201.219.70.221 - - [12/Nov/2024:11:28:33 +0000] "GET /wp-content/plugins/elementor/assets/css/widget-heading.min.css?ver=3.25.4 HTTP/1.1" 200 523 "http://caldas.devuocloud.com/" "Mozilla/5.0 (Windows NT 10.0; Win64; x64) AppleWebKit/537.36 (KHTML, like Gecko) Chrome/130.0.0.0 Safari/537.36"
201.219.70.221 - - [12/Nov/2024:11:28:33 +0000] "GET /wp-content/plugins/elementor/assets/css/widget-divider.min.css?ver=3.25.4 HTTP/1.1" 200 1098 "http://caldas.devuocloud.com/" "Mozilla/5.0 (Windows NT 10.0; Win64; x64) AppleWebKit/537.36 (KHTML, like Gecko) Chrome/130.0.0.0 Safari/537.36"
201.219.70.221 - - [12/Nov/2024:11:28:33 +0000] "GET /wp-content/plugins/elementor/assets/css/widget-image.min.css?ver=3.25.4 HTTP/1.1" 200 498 "http://caldas.devuocloud.com/" "Mozilla/5.0 (Windows NT 10.0; Win64; x64) AppleWebKit/537.36 (KHTML, like Gecko) Chrome/130.0.0.0 Safari/537.36"
201.219.70.221 - - [12/Nov/2024:11:28:33 +0000] "GET /wp-content/uploads/elementor/css/post-124.css?ver=1731370550 HTTP/1.1" 200 2179 "http://caldas.devuocloud.com/" "Mozilla/5.0 (Windows NT 10.0; Win64; x64) AppleWebKit/537.36 (KHTML, like Gecko) Chrome/130.0.0.0 Safari/537.36"
201.219.70.221 - - [12/Nov/2024:11:28:34 +0000] "GET /wp-content/uploads/elementor/css/post-88.css?ver=1731357789 HTTP/1.1" 200 1228 "http://caldas.devuocloud.com/" "Mozilla/5.0 (Windows NT 10.0; Win64; x64) AppleWebKit/537.36 (KHTML, like Gecko) Chrome/130.0.0.0 Safari/537.36"
201.219.70.221 - - [12/Nov/2024:11:28:35 +0000] "GET /wp-content/uploads/elementor/css/post-13.css?ver=1731367623 HTTP/1.1" 200 2097 "http://caldas.devuocloud.com/" "Mozilla/5.0 (Windows NT 10.0; Win64; x64) AppleWebKit/537.36 (KHTML, like Gecko) Chrome/130.0.0.0 Safari/537.36"
201.219.70.221 - - [12/Nov/2024:11:28:35 +0000] "GET /wp-content/plugins/elementor/assets/lib/font-awesome/css/fontawesome.min.css?ver=5.15.3 HTTP/1.1" 200 12955 "http://caldas.devuocloud.com/" "Mozilla/5.0 (Windows NT 10.0; Win64; x64) AppleWebKit/537.36 (KHTML, like Gecko) Chrome/130.0.0.0 Safari/537.36"
