191.80.137.183 - - [11/Nov/2024:14:42:48 +0000] "GET /wp-content/uploads/2023/07/AfrontarSituacionesDificiles_BG-2-300x167.png HTTP/1.1" 200 67672 "http://caldas.devuocloud.com/wp-admin/upload.php" "Mozilla/5.0 (Windows NT 10.0; Win64; x64) AppleWebKit/537.36 (KHTML, like Gecko) Chrome/130.0.0.0 Safari/537.36"
191.80.137.183 - - [11/Nov/2024:14:42:48 +0000] "GET /wp-content/uploads/2023/07/Rectangulo-Verde-Vertical-2.png HTTP/1.1" 200 430 "http://caldas.devuocloud.com/wp-admin/upload.php" "Mozilla/5.0 (Windows NT 10.0; Win64; x64) AppleWebKit/537.36 (KHTML, like Gecko) Chrome/130.0.0.0 Safari/537.36"
191.80.137.183 - - [11/Nov/2024:14:42:48 +0000] "GET /wp-content/uploads/2023/07/shutterstock_1204439572-300x169.png HTTP/1.1" 200 82357 "http://caldas.devuocloud.com/wp-admin/upload.php" "Mozilla/5.0 (Windows NT 10.0; Win64; x64) AppleWebKit/537.36 (KHTML, like Gecko) Chrome/130.0.0.0 Safari/537.36"
191.80.137.183 - - [11/Nov/2024:14:42:48 +0000] "GET /wp-content/uploads/2023/07/EncontrarRespuestas_BG-1-300x167.png HTTP/1.1" 200 58656 "http://caldas.devuocloud.com/wp-admin/upload.php" "Mozilla/5.0 (Windows NT 10.0; Win64; x64) AppleWebKit/537.36 (KHTML, like Gecko) Chrome/130.0.0.0 Safari/537.36"
191.80.137.183 - - [11/Nov/2024:14:42:48 +0000] "GET /wp-content/uploads/2023/07/SerEscuchado_BG-300x167.jpg HTTP/1.1" 200 13055 "http://caldas.devuocloud.com/wp-admin/upload.php" "Mozilla/5.0 (Windows NT 10.0; Win64; x64) AppleWebKit/537.36 (KHTML, like Gecko) Chrome/130.0.0.0 Safari/537.36"
191.80.137.183 - - [11/Nov/2024:14:42:48 +0000] "GET /wp-content/uploads/2023/07/ubicacion.webp HTTP/1.1" 304 248 "http://caldas.devuocloud.com/wp-admin/upload.php" "Mozilla/5.0 (Windows NT 10.0; Win64; x64) AppleWebKit/537.36 (KHTML, like Gecko) Chrome/130.0.0.0 Safari/537.36"
191.80.137.183 - - [11/Nov/2024:14:42:48 +0000] "GET /wp-content/uploads/2023/07/Textura-Desktop-300x157.png HTTP/1.1" 200 3856 "http://caldas.devuocloud.com/wp-admin/upload.php" "Mozilla/5.0 (Windows NT 10.0; Win64; x64) AppleWebKit/537.36 (KHTML, like Gecko) Chrome/130.0.0.0 Safari/537.36"
191.80.137.183 - - [11/Nov/2024:14:42:48 +0000] "GET /wp-content/uploads/2023/07/SerEscuchada_BG-300x189.png HTTP/1.1" 200 76585 "http://caldas.devuocloud.com/wp-admin/upload.php" "Mozilla/5.0 (Windows NT 10.0; Win64; x64) AppleWebKit/537.36 (KHTML, like Gecko) Chrome/130.0.0.0 Safari/537.36"
191.80.137.183 - - [11/Nov/2024:14:42:48 +0000] "GET /wp-content/uploads/2023/07/Textura-Mobile-1-117x300.png HTTP/1.1" 200 2403 "http://caldas.devuocloud.com/wp-admin/upload.php" "Mozilla/5.0 (Windows NT 10.0; Win64; x64) AppleWebKit/537.36 (KHTML, like Gecko) Chrome/130.0.0.0 Safari/537.36"
191.80.137.183 - - [11/Nov/2024:14:42:48 +0000] "GET /wp-content/uploads/2023/07/AfrontarDituacionesDificiles_BG-300x116.png HTTP/1.1" 200 44755 "http://caldas.devuocloud.com/wp-admin/upload.php" "Mozilla/5.0 (Windows NT 10.0; Win64; x64) AppleWebKit/537.36 (KHTML, like Gecko) Chrome/130.0.0.0 Safari/537.36"
191.80.137.183 - - [11/Nov/2024:14:42:49 +0000] "GET /wp-content/uploads/2023/07/GestionarEmociones_BG-300x189.png HTTP/1.1" 200 82747 "http://caldas.devuocloud.com/wp-admin/upload.php" "Mozilla/5.0 (Windows NT 10.0; Win64; x64) AppleWebKit/537.36 (KHTML, like Gecko) Chrome/130.0.0.0 Safari/537.36"
191.80.137.183 - - [11/Nov/2024:14:42:49 +0000] "GET /wp-content/uploads/2023/07/SerEscuchado_BG-300x189.png HTTP/1.1" 200 45905 "http://caldas.devuocloud.com/wp-admin/upload.php" "Mozilla/5.0 (Windows NT 10.0; Win64; x64) AppleWebKit/537.36 (KHTML, like Gecko) Chrome/130.0.0.0 Safari/537.36"
191.80.137.183 - - [11/Nov/2024:14:42:49 +0000] "GET /wp-content/uploads/2023/07/Textura-Mobile-117x300.png HTTP/1.1" 200 2398 "http://caldas.devuocloud.com/wp-admin/upload.php" "Mozilla/5.0 (Windows NT 10.0; Win64; x64) AppleWebKit/537.36 (KHTML, like Gecko) Chrome/130.0.0.0 Safari/537.36"
191.80.137.183 - - [11/Nov/2024:14:42:49 +0000] "GET /wp-content/uploads/2023/07/Comprender-vivencias_BG-300x186.png HTTP/1.1" 200 74229 "http://caldas.devuocloud.com/wp-admin/upload.php" "Mozilla/5.0 (Windows NT 10.0; Win64; x64) AppleWebKit/537.36 (KHTML, like Gecko) Chrome/130.0.0.0 Safari/537.36"
191.80.137.183 - - [11/Nov/2024:14:42:49 +0000] "GET /wp-content/uploads/2023/07/EncontrarRespuestas_BG-300x189.png HTTP/1.1" 200 62375 "http://caldas.devuocloud.com/wp-admin/upload.php" "Mozilla/5.0 (Windows NT 10.0; Win64; x64) AppleWebKit/537.36 (KHTML, like Gecko) Chrome/130.0.0.0 Safari/537.36"
191.80.137.183 - - [11/Nov/2024:14:42:48 +0000] "POST /wp-admin/admin-ajax.php HTTP/1.1" 200 548 "http://caldas.devuocloud.com/wp-admin/upload.php" "Mozilla/5.0 (Windows NT 10.0; Win64; x64) AppleWebKit/537.36 (KHTML, like Gecko) Chrome/130.0.0.0 Safari/537.36"
191.80.137.183 - - [11/Nov/2024:14:42:49 +0000] "GET /wp-content/uploads/2023/07/Rectangulo-chico-Desktop-1.png HTTP/1.1" 200 428 "http://caldas.devuocloud.com/wp-admin/upload.php" "Mozilla/5.0 (Windows NT 10.0; Win64; x64) AppleWebKit/537.36 (KHTML, like Gecko) Chrome/130.0.0.0 Safari/537.36"
191.80.137.183 - - [11/Nov/2024:14:42:49 +0000] "GET /wp-content/uploads/2023/07/Rectangulo-chico-Desktop.png HTTP/1.1" 200 428 "http://caldas.devuocloud.com/wp-admin/upload.php" "Mozilla/5.0 (Windows NT 10.0; Win64; x64) AppleWebKit/537.36 (KHTML, like Gecko) Chrome/130.0.0.0 Safari/537.36"
191.80.137.183 - - [11/Nov/2024:14:42:49 +0000] "GET /wp-content/uploads/2023/07/BG-en-busca-del-bienestar-1-300x221.png HTTP/1.1" 200 2563 "http://caldas.devuocloud.com/wp-admin/upload.php" "Mozilla/5.0 (Windows NT 10.0; Win64; x64) AppleWebKit/537.36 (KHTML, like Gecko) Chrome/130.0.0.0 Safari/537.36"
191.80.137.183 - - [11/Nov/2024:14:42:49 +0000] "GET /wp-content/uploads/2023/07/Sesiones_Fondo1-Mobile-300x280.png HTTP/1.1" 200 40786 "http://caldas.devuocloud.com/wp-admin/upload.php" "Mozilla/5.0 (Windows NT 10.0; Win64; x64) AppleWebKit/537.36 (KHTML, like Gecko) Chrome/130.0.0.0 Safari/537.36"
191.80.137.183 - - [11/Nov/2024:14:42:49 +0000] "GET /wp-content/uploads/2023/07/Sesiones_Fondo1-Tablet-300x141.png HTTP/1.1" 200 19367 "http://caldas.devuocloud.com/wp-admin/upload.php" "Mozilla/5.0 (Windows NT 10.0; Win64; x64) AppleWebKit/537.36 (KHTML, like Gecko) Chrome/130.0.0.0 Safari/537.36"
191.80.137.183 - - [11/Nov/2024:14:42:49 +0000] "GET /wp-content/uploads/2023/07/Mujer-Desktop-300x287.png HTTP/1.1" 200 83420 "http://caldas.devuocloud.com/wp-admin/upload.php" "Mozilla/5.0 (Windows NT 10.0; Win64; x64) AppleWebKit/537.36 (KHTML, like Gecko) Chrome/130.0.0.0 Safari/537.36"
191.80.137.183 - - [11/Nov/2024:14:42:49 +0000] "GET /wp-content/uploads/2023/07/Mujer-Tablet-300x288.png HTTP/1.1" 200 85365 "http://caldas.devuocloud.com/wp-admin/upload.php" "Mozilla/5.0 (Windows NT 10.0; Win64; x64) AppleWebKit/537.36 (KHTML, like Gecko) Chrome/130.0.0.0 Safari/537.36"
191.80.137.183 - - [11/Nov/2024:14:42:49 +0000] "GET /wp-content/uploads/2023/07/Group-3794-300x141.png HTTP/1.1" 200 30262 "http://caldas.devuocloud.com/wp-admin/upload.php" "Mozilla/5.0 (Windows NT 10.0; Win64; x64) AppleWebKit/537.36 (KHTML, like Gecko) Chrome/130.0.0.0 Safari/537.36"
191.80.137.183 - - [11/Nov/2024:14:42:49 +0000] "GET /wp-content/uploads/2023/07/Group-3793-300x280.png HTTP/1.1" 200 51213 "http://caldas.devuocloud.com/wp-admin/upload.php" "Mozilla/5.0 (Windows NT 10.0; Win64; x64) AppleWebKit/537.36 (KHTML, like Gecko) Chrome/130.0.0.0 Safari/537.36"
191.80.137.183 - - [11/Nov/2024:14:42:49 +0000] "GET /wp-content/uploads/2023/07/BG-en-busca-del-bienestar-300x157.png HTTP/1.1" 200 3856 "http://caldas.devuocloud.com/wp-admin/upload.php" "Mozilla/5.0 (Windows NT 10.0; Win64; x64) AppleWebKit/537.36 (KHTML, like Gecko) Chrome/130.0.0.0 Safari/537.36"
191.80.137.183 - - [11/Nov/2024:14:42:49 +0000] "GET /wp-content/uploads/2023/07/AmbienteIntimo.png HTTP/1.1" 200 2019 "http://caldas.devuocloud.com/wp-admin/upload.php" "Mozilla/5.0 (Windows NT 10.0; Win64; x64) AppleWebKit/537.36 (KHTML, like Gecko) Chrome/130.0.0.0 Safari/537.36"
191.80.137.183 - - [11/Nov/2024:14:42:49 +0000] "GET /wp-content/uploads/2023/07/AudioVideo.png HTTP/1.1" 200 1709 "http://caldas.devuocloud.com/wp-admin/upload.php" "Mozilla/5.0 (Windows NT 10.0; Win64; x64) AppleWebKit/537.36 (KHTML, like Gecko) Chrome/130.0.0.0 Safari/537.36"
191.80.137.183 - - [11/Nov/2024:14:42:49 +0000] "GET /wp-content/uploads/2023/07/ConexionInternet.png HTTP/1.1" 200 2188 "http://caldas.devuocloud.com/wp-admin/upload.php" "Mozilla/5.0 (Windows NT 10.0; Win64; x64) AppleWebKit/537.36 (KHTML, like Gecko) Chrome/130.0.0.0 Safari/537.36"
191.80.137.183 - - [11/Nov/2024:14:42:49 +0000] "GET /wp-content/uploads/2023/07/terapia-online-300x157.webp HTTP/1.1" 200 7095 "http://caldas.devuocloud.com/wp-admin/upload.php" "Mozilla/5.0 (Windows NT 10.0; Win64; x64) AppleWebKit/537.36 (KHTML, like Gecko) Chrome/130.0.0.0 Safari/537.36"
191.80.137.183 - - [11/Nov/2024:14:42:49 +0000] "GET /wp-content/uploads/2023/07/terapia-presencial-300x157.webp HTTP/1.1" 200 5573 "http://caldas.devuocloud.com/wp-admin/upload.php" "Mozilla/5.0 (Windows NT 10.0; Win64; x64) AppleWebKit/537.36 (KHTML, like Gecko) Chrome/130.0.0.0 Safari/537.36"
191.80.137.183 - - [11/Nov/2024:14:42:49 +0000] "GET /wp-content/uploads/2023/07/gestion-emocional-150x150.png HTTP/1.1" 200 9000 "http://caldas.devuocloud.com/wp-admin/upload.php" "Mozilla/5.0 (Windows NT 10.0; Win64; x64) AppleWebKit/537.36 (KHTML, like Gecko) Chrome/130.0.0.0 Safari/537.36"
191.80.137.183 - - [11/Nov/2024:14:42:49 +0000] "GET /wp-content/uploads/2023/07/ReproduccionAsistida-150x150.png HTTP/1.1" 200 9534 "http://caldas.devuocloud.com/wp-admin/upload.php" "Mozilla/5.0 (Windows NT 10.0; Win64; x64) AppleWebKit/537.36 (KHTML, like Gecko) Chrome/130.0.0.0 Safari/537.36"
191.80.137.183 - - [11/Nov/2024:14:42:50 +0000] "GET /wp-content/uploads/2023/07/Perdidas-150x150.png HTTP/1.1" 200 9515 "http://caldas.devuocloud.com/wp-admin/upload.php" "Mozilla/5.0 (Windows NT 10.0; Win64; x64) AppleWebKit/537.36 (KHTML, like Gecko) Chrome/130.0.0.0 Safari/537.36"
191.80.137.183 - - [11/Nov/2024:14:42:50 +0000] "GET /wp-content/uploads/2023/07/Infertilidad-150x150.png HTTP/1.1" 200 7337 "http://caldas.devuocloud.com/wp-admin/upload.php" "Mozilla/5.0 (Windows NT 10.0; Win64; x64) AppleWebKit/537.36 (KHTML, like Gecko) Chrome/130.0.0.0 Safari/537.36"
191.80.137.183 - - [11/Nov/2024:14:42:50 +0000] "GET /wp-content/uploads/2023/07/Group-3670@3x-300x76.png HTTP/1.1" 200 19530 "http://caldas.devuocloud.com/wp-admin/upload.php" "Mozilla/5.0 (Windows NT 10.0; Win64; x64) AppleWebKit/537.36 (KHTML, like Gecko) Chrome/130.0.0.0 Safari/537.36"
191.80.137.183 - - [11/Nov/2024:14:42:50 +0000] "GET /wp-content/uploads/2023/07/Rectangle-206.png HTTP/1.1" 200 427 "http://caldas.devuocloud.com/wp-admin/upload.php" "Mozilla/5.0 (Windows NT 10.0; Win64; x64) AppleWebKit/537.36 (KHTML, like Gecko) Chrome/130.0.0.0 Safari/537.36"
191.80.137.183 - - [11/Nov/2024:14:42:50 +0000] "GET /wp-content/uploads/2023/07/Depresion-150x150.png HTTP/1.1" 200 9740 "http://caldas.devuocloud.com/wp-admin/upload.php" "Mozilla/5.0 (Windows NT 10.0; Win64; x64) AppleWebKit/537.36 (KHTML, like Gecko) Chrome/130.0.0.0 Safari/537.36"
191.80.137.183 - - [11/Nov/2024:14:42:50 +0000] "GET /wp-content/uploads/2023/07/Group-3717-300x287.png HTTP/1.1" 200 83420 "http://caldas.devuocloud.com/wp-admin/upload.php" "Mozilla/5.0 (Windows NT 10.0; Win64; x64) AppleWebKit/537.36 (KHTML, like Gecko) Chrome/130.0.0.0 Safari/537.36"
191.80.137.183 - - [11/Nov/2024:14:42:50 +0000] "GET /wp-content/uploads/2023/07/Group-3670-1-300x76.png HTTP/1.1" 200 17919 "http://caldas.devuocloud.com/wp-admin/upload.php" "Mozilla/5.0 (Windows NT 10.0; Win64; x64) AppleWebKit/537.36 (KHTML, like Gecko) Chrome/130.0.0.0 Safari/537.36"
191.80.137.183 - - [11/Nov/2024:14:42:50 +0000] "GET /wp-content/uploads/2023/07/Group-3670-300x87.png HTTP/1.1" 200 20195 "http://caldas.devuocloud.com/wp-admin/upload.php" "Mozilla/5.0 (Windows NT 10.0; Win64; x64) AppleWebKit/537.36 (KHTML, like Gecko) Chrome/130.0.0.0 Safari/537.36"
191.80.137.183 - - [11/Nov/2024:14:42:50 +0000] "GET /wp-content/uploads/2023/07/Sesiones_Fondo1-300x76.png HTTP/1.1" 200 14942 "http://caldas.devuocloud.com/wp-admin/upload.php" "Mozilla/5.0 (Windows NT 10.0; Win64; x64) AppleWebKit/537.36 (KHTML, like Gecko) Chrome/130.0.0.0 Safari/537.36"
191.80.137.183 - - [11/Nov/2024:14:42:53 +0000] "POST /wp-admin/admin-ajax.php HTTP/1.1" 200 15976 "http://caldas.devuocloud.com/wp-admin/upload.php" "Mozilla/5.0 (Windows NT 10.0; Win64; x64) AppleWebKit/537.36 (KHTML, like Gecko) Chrome/130.0.0.0 Safari/537.36"
191.80.137.183 - - [11/Nov/2024:14:42:54 +0000] "GET /wp-content/uploads/2023/05/logo-300x152.webp HTTP/1.1" 200 8961 "http://caldas.devuocloud.com/wp-admin/upload.php" "Mozilla/5.0 (Windows NT 10.0; Win64; x64) AppleWebKit/537.36 (KHTML, like Gecko) Chrome/130.0.0.0 Safari/537.36"
191.80.137.183 - - [11/Nov/2024:14:42:54 +0000] "GET /wp-content/uploads/2023/07/logo-footer-300x63.webp HTTP/1.1" 200 6123 "http://caldas.devuocloud.com/wp-admin/upload.php" "Mozilla/5.0 (Windows NT 10.0; Win64; x64) AppleWebKit/537.36 (KHTML, like Gecko) Chrome/130.0.0.0 Safari/537.36"
191.80.137.183 - - [11/Nov/2024:14:42:54 +0000] "GET /wp-content/uploads/2023/07/1Logo-Fresnedillas-1-150x135.png HTTP/1.1" 200 12680 "http://caldas.devuocloud.com/wp-admin/upload.php" "Mozilla/5.0 (Windows NT 10.0; Win64; x64) AppleWebKit/537.36 (KHTML, like Gecko) Chrome/130.0.0.0 Safari/537.36"
191.80.137.183 - - [11/Nov/2024:14:42:54 +0000] "GET /wp-content/uploads/2023/07/logo-cole-1-150x147.png HTTP/1.1" 200 20018 "http://caldas.devuocloud.com/wp-admin/upload.php" "Mozilla/5.0 (Windows NT 10.0; Win64; x64) AppleWebKit/537.36 (KHTML, like Gecko) Chrome/130.0.0.0 Safari/537.36"
191.80.137.183 - - [11/Nov/2024:14:42:54 +0000] "GET /wp-content/uploads/2023/07/redes-150x71.png HTTP/1.1" 200 3898 "http://caldas.devuocloud.com/wp-admin/upload.php" "Mozilla/5.0 (Windows NT 10.0; Win64; x64) AppleWebKit/537.36 (KHTML, like Gecko) Chrome/130.0.0.0 Safari/537.36"
191.80.137.183 - - [11/Nov/2024:14:42:54 +0000] "GET /wp-content/uploads/2023/07/LOGO-FELIPEII-1.png HTTP/1.1" 200 36899 "http://caldas.devuocloud.com/wp-admin/upload.php" "Mozilla/5.0 (Windows NT 10.0; Win64; x64) AppleWebKit/537.36 (KHTML, like Gecko) Chrome/130.0.0.0 Safari/537.36"
191.80.137.183 - - [11/Nov/2024:14:42:54 +0000] "GET /wp-content/uploads/2023/07/union-europea-300x73.png HTTP/1.1" 200 15480 "http://caldas.devuocloud.com/wp-admin/upload.php" "Mozilla/5.0 (Windows NT 10.0; Win64; x64) AppleWebKit/537.36 (KHTML, like Gecko) Chrome/130.0.0.0 Safari/537.36"
191.80.137.183 - - [11/Nov/2024:14:42:54 +0000] "GET /wp-content/uploads/2023/07/gobierno-espana-300x52.png HTTP/1.1" 200 13518 "http://caldas.devuocloud.com/wp-admin/upload.php" "Mozilla/5.0 (Windows NT 10.0; Win64; x64) AppleWebKit/537.36 (KHTML, like Gecko) Chrome/130.0.0.0 Safari/537.36"
191.80.137.183 - - [11/Nov/2024:14:42:54 +0000] "GET /wp-content/uploads/2023/07/kit-digital-300x83.png HTTP/1.1" 200 11220 "http://caldas.devuocloud.com/wp-admin/upload.php" "Mozilla/5.0 (Windows NT 10.0; Win64; x64) AppleWebKit/537.36 (KHTML, like Gecko) Chrome/130.0.0.0 Safari/537.36"
191.80.137.183 - - [11/Nov/2024:14:42:54 +0000] "GET /wp-content/uploads/2023/07/R.png HTTP/1.1" 304 248 "http://caldas.devuocloud.com/wp-admin/upload.php" "Mozilla/5.0 (Windows NT 10.0; Win64; x64) AppleWebKit/537.36 (KHTML, like Gecko) Chrome/130.0.0.0 Safari/537.36"
191.80.137.183 - - [11/Nov/2024:14:42:54 +0000] "GET /wp-content/uploads/2023/07/placeholder-300x200.png HTTP/1.1" 200 2293 "http://caldas.devuocloud.com/wp-admin/upload.php" "Mozilla/5.0 (Windows NT 10.0; Win64; x64) AppleWebKit/537.36 (KHTML, like Gecko) Chrome/130.0.0.0 Safari/537.36"
191.80.137.183 - - [11/Nov/2024:14:43:45 +0000] "GET /wp-admin/images/spinner.gif HTTP/1.1" 304 249 "http://caldas.devuocloud.com/wp-admin/load-styles.php?c=0&dir=ltr&load%5Bchunk_0%5D=dashicons,admin-bar,buttons,media-views,common,forms,admin-menu,dashboard,list-tables,edit,revisions,media,themes,about,nav-menu&load%5Bchunk_1%5D=s,wp-pointer,widgets,site-icon,l10n,wp-auth-check,wp-jquery-ui-dialog&ver=6.6.2" "Mozilla/5.0 (Windows NT 10.0; Win64; x64) AppleWebKit/537.36 (KHTML, like Gecko) Chrome/130.0.0.0 Safari/537.36"
191.80.137.183 - - [11/Nov/2024:14:43:45 +0000] "GET /wp-content/uploads/2023/05/logo.webp HTTP/1.1" 304 250 "http://caldas.devuocloud.com/wp-admin/upload.php?item=90" "Mozilla/5.0 (Windows NT 10.0; Win64; x64) AppleWebKit/537.36 (KHTML, like Gecko) Chrome/130.0.0.0 Safari/537.36"
191.80.137.183 - - [11/Nov/2024:14:43:46 +0000] "POST /wp-admin/admin-ajax.php HTTP/1.1" 200 603 "http://caldas.devuocloud.com/wp-admin/upload.php?item=90" "Mozilla/5.0 (Windows NT 10.0; Win64; x64) AppleWebKit/537.36 (KHTML, like Gecko) Chrome/130.0.0.0 Safari/537.36"
191.80.137.183 - - [11/Nov/2024:14:43:51 +0000] "GET /wp-content/uploads/2023/05/logo.webp HTTP/1.1" 200 10532 "http://caldas.devuocloud.com/wp-admin/upload.php?item=90" "Mozilla/5.0 (Windows NT 10.0; Win64; x64) AppleWebKit/537.36 (KHTML, like Gecko) Chrome/130.0.0.0 Safari/537.36"
201.219.70.221 - - [11/Nov/2024:14:44:21 +0000] "POST /wp-admin/admin-ajax.php HTTP/1.1" 200 604 "http://caldas.devuocloud.com/wp-admin/" "Mozilla/5.0 (Windows NT 10.0; Win64; x64) AppleWebKit/537.36 (KHTML, like Gecko) Chrome/130.0.0.0 Safari/537.36"
191.80.137.183 - - [11/Nov/2024:14:44:46 +0000] "POST /wp-admin/admin-ajax.php HTTP/1.1" 200 604 "http://caldas.devuocloud.com/wp-admin/upload.php" "Mozilla/5.0 (Windows NT 10.0; Win64; x64) AppleWebKit/537.36 (KHTML, like Gecko) Chrome/130.0.0.0 Safari/537.36"
201.219.70.221 - - [11/Nov/2024:14:46:22 +0000] "POST /wp-admin/admin-ajax.php HTTP/1.1" 200 604 "http://caldas.devuocloud.com/wp-admin/" "Mozilla/5.0 (Windows NT 10.0; Win64; x64) AppleWebKit/537.36 (KHTML, like Gecko) Chrome/130.0.0.0 Safari/537.36"
191.80.137.183 - - [11/Nov/2024:14:46:26 +0000] "POST /wp-admin/admin-ajax.php HTTP/1.1" 200 604 "http://caldas.devuocloud.com/wp-admin/upload.php" "Mozilla/5.0 (Windows NT 10.0; Win64; x64) AppleWebKit/537.36 (KHTML, like Gecko) Chrome/130.0.0.0 Safari/537.36"
191.80.137.183 - - [11/Nov/2024:14:46:43 +0000] "POST /wp-admin/async-upload.php HTTP/1.1" 200 1098 "http://caldas.devuocloud.com/wp-admin/upload.php" "Mozilla/5.0 (Windows NT 10.0; Win64; x64) AppleWebKit/537.36 (KHTML, like Gecko) Chrome/130.0.0.0 Safari/537.36"
191.80.137.183 - - [11/Nov/2024:14:46:45 +0000] "GET /wp-content/uploads/2024/11/kit_digital-1024x61-1-300x18.png HTTP/1.1" 200 7894 "http://caldas.devuocloud.com/wp-admin/upload.php" "Mozilla/5.0 (Windows NT 10.0; Win64; x64) AppleWebKit/537.36 (KHTML, like Gecko) Chrome/130.0.0.0 Safari/537.36"
191.80.137.183 - - [11/Nov/2024:14:47:26 +0000] "POST /wp-admin/admin-ajax.php HTTP/1.1" 200 604 "http://caldas.devuocloud.com/wp-admin/upload.php" "Mozilla/5.0 (Windows NT 10.0; Win64; x64) AppleWebKit/537.36 (KHTML, like Gecko) Chrome/130.0.0.0 Safari/537.36"
201.219.70.221 - - [11/Nov/2024:14:48:23 +0000] "POST /wp-admin/admin-ajax.php HTTP/1.1" 200 604 "http://caldas.devuocloud.com/wp-admin/" "Mozilla/5.0 (Windows NT 10.0; Win64; x64) AppleWebKit/537.36 (KHTML, like Gecko) Chrome/130.0.0.0 Safari/537.36"
191.80.137.183 - - [11/Nov/2024:14:49:27 +0000] "POST /wp-admin/admin-ajax.php HTTP/1.1" 200 604 "http://caldas.devuocloud.com/wp-admin/upload.php" "Mozilla/5.0 (Windows NT 10.0; Win64; x64) AppleWebKit/537.36 (KHTML, like Gecko) Chrome/130.0.0.0 Safari/537.36"
201.219.70.221 - - [11/Nov/2024:14:50:24 +0000] "POST /wp-admin/admin-ajax.php HTTP/1.1" 200 604 "http://caldas.devuocloud.com/wp-admin/" "Mozilla/5.0 (Windows NT 10.0; Win64; x64) AppleWebKit/537.36 (KHTML, like Gecko) Chrome/130.0.0.0 Safari/537.36"
191.80.137.183 - - [11/Nov/2024:14:51:28 +0000] "POST /wp-admin/admin-ajax.php HTTP/1.1" 200 604 "http://caldas.devuocloud.com/wp-admin/upload.php" "Mozilla/5.0 (Windows NT 10.0; Win64; x64) AppleWebKit/537.36 (KHTML, like Gecko) Chrome/130.0.0.0 Safari/537.36"
201.219.70.221 - - [11/Nov/2024:14:52:25 +0000] "POST /wp-admin/admin-ajax.php HTTP/1.1" 200 604 "http://caldas.devuocloud.com/wp-admin/" "Mozilla/5.0 (Windows NT 10.0; Win64; x64) AppleWebKit/537.36 (KHTML, like Gecko) Chrome/130.0.0.0 Safari/537.36"
191.80.137.183 - - [11/Nov/2024:14:53:29 +0000] "POST /wp-admin/admin-ajax.php HTTP/1.1" 200 604 "http://caldas.devuocloud.com/wp-admin/upload.php" "Mozilla/5.0 (Windows NT 10.0; Win64; x64) AppleWebKit/537.36 (KHTML, like Gecko) Chrome/130.0.0.0 Safari/537.36"
201.219.70.221 - - [11/Nov/2024:14:54:26 +0000] "POST /wp-admin/admin-ajax.php HTTP/1.1" 200 604 "http://caldas.devuocloud.com/wp-admin/" "Mozilla/5.0 (Windows NT 10.0; Win64; x64) AppleWebKit/537.36 (KHTML, like Gecko) Chrome/130.0.0.0 Safari/537.36"
191.80.137.183 - - [11/Nov/2024:14:55:30 +0000] "POST /wp-admin/admin-ajax.php HTTP/1.1" 200 604 "http://caldas.devuocloud.com/wp-admin/upload.php" "Mozilla/5.0 (Windows NT 10.0; Win64; x64) AppleWebKit/537.36 (KHTML, like Gecko) Chrome/130.0.0.0 Safari/537.36"
201.219.70.221 - - [11/Nov/2024:14:56:27 +0000] "POST /wp-admin/admin-ajax.php HTTP/1.1" 200 604 "http://caldas.devuocloud.com/wp-admin/" "Mozilla/5.0 (Windows NT 10.0; Win64; x64) AppleWebKit/537.36 (KHTML, like Gecko) Chrome/130.0.0.0 Safari/537.36"
201.219.70.221 - - [11/Nov/2024:14:58:28 +0000] "POST /wp-admin/admin-ajax.php HTTP/1.1" 200 604 "http://caldas.devuocloud.com/wp-admin/" "Mozilla/5.0 (Windows NT 10.0; Win64; x64) AppleWebKit/537.36 (KHTML, like Gecko) Chrome/130.0.0.0 Safari/537.36"
201.219.70.221 - - [11/Nov/2024:15:00:29 +0000] "POST /wp-admin/admin-ajax.php HTTP/1.1" 200 604 "http://caldas.devuocloud.com/wp-admin/" "Mozilla/5.0 (Windows NT 10.0; Win64; x64) AppleWebKit/537.36 (KHTML, like Gecko) Chrome/130.0.0.0 Safari/537.36"
201.219.70.221 - - [11/Nov/2024:15:02:30 +0000] "POST /wp-admin/admin-ajax.php HTTP/1.1" 200 604 "http://caldas.devuocloud.com/wp-admin/" "Mozilla/5.0 (Windows NT 10.0; Win64; x64) AppleWebKit/537.36 (KHTML, like Gecko) Chrome/130.0.0.0 Safari/537.36"
201.219.70.221 - - [11/Nov/2024:15:04:31 +0000] "POST /wp-admin/admin-ajax.php HTTP/1.1" 200 604 "http://caldas.devuocloud.com/wp-admin/" "Mozilla/5.0 (Windows NT 10.0; Win64; x64) AppleWebKit/537.36 (KHTML, like Gecko) Chrome/130.0.0.0 Safari/537.36"
201.219.70.221 - - [11/Nov/2024:15:06:32 +0000] "POST /wp-admin/admin-ajax.php HTTP/1.1" 200 604 "http://caldas.devuocloud.com/wp-admin/" "Mozilla/5.0 (Windows NT 10.0; Win64; x64) AppleWebKit/537.36 (KHTML, like Gecko) Chrome/130.0.0.0 Safari/537.36"
201.219.70.221 - - [11/Nov/2024:15:08:33 +0000] "POST /wp-admin/admin-ajax.php HTTP/1.1" 200 604 "http://caldas.devuocloud.com/wp-admin/" "Mozilla/5.0 (Windows NT 10.0; Win64; x64) AppleWebKit/537.36 (KHTML, like Gecko) Chrome/130.0.0.0 Safari/537.36"
201.219.70.221 - - [11/Nov/2024:15:10:34 +0000] "POST /wp-admin/admin-ajax.php HTTP/1.1" 200 604 "http://caldas.devuocloud.com/wp-admin/" "Mozilla/5.0 (Windows NT 10.0; Win64; x64) AppleWebKit/537.36 (KHTML, like Gecko) Chrome/130.0.0.0 Safari/537.36"
201.219.70.221 - - [11/Nov/2024:15:12:35 +0000] "POST /wp-admin/admin-ajax.php HTTP/1.1" 200 604 "http://caldas.devuocloud.com/wp-admin/" "Mozilla/5.0 (Windows NT 10.0; Win64; x64) AppleWebKit/537.36 (KHTML, like Gecko) Chrome/130.0.0.0 Safari/537.36"
201.219.70.221 - - [11/Nov/2024:15:14:36 +0000] "POST /wp-admin/admin-ajax.php HTTP/1.1" 200 604 "http://caldas.devuocloud.com/wp-admin/" "Mozilla/5.0 (Windows NT 10.0; Win64; x64) AppleWebKit/537.36 (KHTML, like Gecko) Chrome/130.0.0.0 Safari/537.36"
146.190.157.162 - - [11/Nov/2024:15:16:37 +0000] "POST /wp-cron.php?doing_wp_cron=1731338197.7567629814147949218750 HTTP/1.1" 200 259 "-" "WordPress/6.6.2; http://caldas.devuocloud.com"
201.219.70.221 - - [11/Nov/2024:15:16:37 +0000] "POST /wp-admin/admin-ajax.php HTTP/1.1" 200 604 "http://caldas.devuocloud.com/wp-admin/" "Mozilla/5.0 (Windows NT 10.0; Win64; x64) AppleWebKit/537.36 (KHTML, like Gecko) Chrome/130.0.0.0 Safari/537.36"
146.190.157.162 - - [11/Nov/2024:15:18:38 +0000] "POST /wp-cron.php?doing_wp_cron=1731338318.8429749011993408203125 HTTP/1.1" 200 259 "-" "WordPress/6.6.2; http://caldas.devuocloud.com"
201.219.70.221 - - [11/Nov/2024:15:18:38 +0000] "POST /wp-admin/admin-ajax.php HTTP/1.1" 200 604 "http://caldas.devuocloud.com/wp-admin/" "Mozilla/5.0 (Windows NT 10.0; Win64; x64) AppleWebKit/537.36 (KHTML, like Gecko) Chrome/130.0.0.0 Safari/537.36"
201.219.70.221 - - [11/Nov/2024:15:20:39 +0000] "POST /wp-admin/admin-ajax.php HTTP/1.1" 200 604 "http://caldas.devuocloud.com/wp-admin/" "Mozilla/5.0 (Windows NT 10.0; Win64; x64) AppleWebKit/537.36 (KHTML, like Gecko) Chrome/130.0.0.0 Safari/537.36"
201.219.70.221 - - [11/Nov/2024:15:22:40 +0000] "POST /wp-admin/admin-ajax.php HTTP/1.1" 200 604 "http://caldas.devuocloud.com/wp-admin/" "Mozilla/5.0 (Windows NT 10.0; Win64; x64) AppleWebKit/537.36 (KHTML, like Gecko) Chrome/130.0.0.0 Safari/537.36"
201.219.70.221 - - [11/Nov/2024:15:24:41 +0000] "POST /wp-admin/admin-ajax.php HTTP/1.1" 200 604 "http://caldas.devuocloud.com/wp-admin/" "Mozilla/5.0 (Windows NT 10.0; Win64; x64) AppleWebKit/537.36 (KHTML, like Gecko) Chrome/130.0.0.0 Safari/537.36"
201.219.70.221 - - [11/Nov/2024:15:26:42 +0000] "POST /wp-admin/admin-ajax.php HTTP/1.1" 200 604 "http://caldas.devuocloud.com/wp-admin/" "Mozilla/5.0 (Windows NT 10.0; Win64; x64) AppleWebKit/537.36 (KHTML, like Gecko) Chrome/130.0.0.0 Safari/537.36"
191.80.137.183 - - [11/Nov/2024:15:26:49 +0000] "POST /wp-admin/admin-ajax.php HTTP/1.1" 200 604 "http://caldas.devuocloud.com/wp-admin/upload.php" "Mozilla/5.0 (Windows NT 10.0; Win64; x64) AppleWebKit/537.36 (KHTML, like Gecko) Chrome/130.0.0.0 Safari/537.36"
146.190.157.162 - - [11/Nov/2024:15:28:43 +0000] "POST /wp-cron.php?doing_wp_cron=1731338923.7725329399108886718750 HTTP/1.1" 200 259 "-" "WordPress/6.6.2; http://caldas.devuocloud.com"
201.219.70.221 - - [11/Nov/2024:15:28:43 +0000] "POST /wp-admin/admin-ajax.php HTTP/1.1" 200 604 "http://caldas.devuocloud.com/wp-admin/" "Mozilla/5.0 (Windows NT 10.0; Win64; x64) AppleWebKit/537.36 (KHTML, like Gecko) Chrome/130.0.0.0 Safari/537.36"
191.80.137.183 - - [11/Nov/2024:15:28:49 +0000] "POST /wp-admin/admin-ajax.php HTTP/1.1" 200 604 "http://caldas.devuocloud.com/wp-admin/upload.php" "Mozilla/5.0 (Windows NT 10.0; Win64; x64) AppleWebKit/537.36 (KHTML, like Gecko) Chrome/130.0.0.0 Safari/537.36"
201.219.70.221 - - [11/Nov/2024:15:30:44 +0000] "POST /wp-admin/admin-ajax.php HTTP/1.1" 200 604 "http://caldas.devuocloud.com/wp-admin/" "Mozilla/5.0 (Windows NT 10.0; Win64; x64) AppleWebKit/537.36 (KHTML, like Gecko) Chrome/130.0.0.0 Safari/537.36"
191.80.137.183 - - [11/Nov/2024:15:30:50 +0000] "POST /wp-admin/admin-ajax.php HTTP/1.1" 200 604 "http://caldas.devuocloud.com/wp-admin/upload.php" "Mozilla/5.0 (Windows NT 10.0; Win64; x64) AppleWebKit/537.36 (KHTML, like Gecko) Chrome/130.0.0.0 Safari/537.36"
201.219.70.221 - - [11/Nov/2024:15:32:45 +0000] "POST /wp-admin/admin-ajax.php HTTP/1.1" 200 604 "http://caldas.devuocloud.com/wp-admin/" "Mozilla/5.0 (Windows NT 10.0; Win64; x64) AppleWebKit/537.36 (KHTML, like Gecko) Chrome/130.0.0.0 Safari/537.36"
191.80.137.183 - - [11/Nov/2024:15:32:51 +0000] "POST /wp-admin/admin-ajax.php HTTP/1.1" 200 604 "http://caldas.devuocloud.com/wp-admin/upload.php" "Mozilla/5.0 (Windows NT 10.0; Win64; x64) AppleWebKit/537.36 (KHTML, like Gecko) Chrome/130.0.0.0 Safari/537.36"
201.219.70.221 - - [11/Nov/2024:15:34:46 +0000] "POST /wp-admin/admin-ajax.php HTTP/1.1" 200 604 "http://caldas.devuocloud.com/wp-admin/" "Mozilla/5.0 (Windows NT 10.0; Win64; x64) AppleWebKit/537.36 (KHTML, like Gecko) Chrome/130.0.0.0 Safari/537.36"
191.80.137.183 - - [11/Nov/2024:15:34:52 +0000] "POST /wp-admin/admin-ajax.php HTTP/1.1" 200 604 "http://caldas.devuocloud.com/wp-admin/upload.php" "Mozilla/5.0 (Windows NT 10.0; Win64; x64) AppleWebKit/537.36 (KHTML, like Gecko) Chrome/130.0.0.0 Safari/537.36"
201.219.70.221 - - [11/Nov/2024:15:36:47 +0000] "POST /wp-admin/admin-ajax.php HTTP/1.1" 200 604 "http://caldas.devuocloud.com/wp-admin/" "Mozilla/5.0 (Windows NT 10.0; Win64; x64) AppleWebKit/537.36 (KHTML, like Gecko) Chrome/130.0.0.0 Safari/537.36"
191.80.137.183 - - [11/Nov/2024:15:36:53 +0000] "POST /wp-admin/admin-ajax.php HTTP/1.1" 200 604 "http://caldas.devuocloud.com/wp-admin/upload.php" "Mozilla/5.0 (Windows NT 10.0; Win64; x64) AppleWebKit/537.36 (KHTML, like Gecko) Chrome/130.0.0.0 Safari/537.36"
201.219.70.221 - - [11/Nov/2024:15:38:48 +0000] "POST /wp-admin/admin-ajax.php HTTP/1.1" 200 604 "http://caldas.devuocloud.com/wp-admin/" "Mozilla/5.0 (Windows NT 10.0; Win64; x64) AppleWebKit/537.36 (KHTML, like Gecko) Chrome/130.0.0.0 Safari/537.36"
201.219.70.221 - - [11/Nov/2024:15:40:49 +0000] "POST /wp-admin/admin-ajax.php HTTP/1.1" 200 604 "http://caldas.devuocloud.com/wp-admin/" "Mozilla/5.0 (Windows NT 10.0; Win64; x64) AppleWebKit/537.36 (KHTML, like Gecko) Chrome/130.0.0.0 Safari/537.36"
201.219.70.221 - - [11/Nov/2024:15:42:50 +0000] "POST /wp-admin/admin-ajax.php HTTP/1.1" 200 604 "http://caldas.devuocloud.com/wp-admin/" "Mozilla/5.0 (Windows NT 10.0; Win64; x64) AppleWebKit/537.36 (KHTML, like Gecko) Chrome/130.0.0.0 Safari/537.36"
201.219.70.221 - - [11/Nov/2024:15:44:51 +0000] "POST /wp-admin/admin-ajax.php HTTP/1.1" 200 604 "http://caldas.devuocloud.com/wp-admin/" "Mozilla/5.0 (Windows NT 10.0; Win64; x64) AppleWebKit/537.36 (KHTML, like Gecko) Chrome/130.0.0.0 Safari/537.36"
191.80.137.183 - - [11/Nov/2024:15:46:19 +0000] "POST /wp-admin/admin-ajax.php HTTP/1.1" 200 604 "http://caldas.devuocloud.com/wp-admin/upload.php" "Mozilla/5.0 (Windows NT 10.0; Win64; x64) AppleWebKit/537.36 (KHTML, like Gecko) Chrome/130.0.0.0 Safari/537.36"
201.219.70.221 - - [11/Nov/2024:15:46:52 +0000] "POST /wp-admin/admin-ajax.php HTTP/1.1" 200 604 "http://caldas.devuocloud.com/wp-admin/" "Mozilla/5.0 (Windows NT 10.0; Win64; x64) AppleWebKit/537.36 (KHTML, like Gecko) Chrome/130.0.0.0 Safari/537.36"
191.80.137.183 - - [11/Nov/2024:15:48:19 +0000] "POST /wp-admin/admin-ajax.php HTTP/1.1" 200 604 "http://caldas.devuocloud.com/wp-admin/upload.php" "Mozilla/5.0 (Windows NT 10.0; Win64; x64) AppleWebKit/537.36 (KHTML, like Gecko) Chrome/130.0.0.0 Safari/537.36"
201.219.70.221 - - [11/Nov/2024:15:48:53 +0000] "POST /wp-admin/admin-ajax.php HTTP/1.1" 200 604 "http://caldas.devuocloud.com/wp-admin/" "Mozilla/5.0 (Windows NT 10.0; Win64; x64) AppleWebKit/537.36 (KHTML, like Gecko) Chrome/130.0.0.0 Safari/537.36"
191.80.137.183 - - [11/Nov/2024:15:50:20 +0000] "POST /wp-admin/admin-ajax.php HTTP/1.1" 200 604 "http://caldas.devuocloud.com/wp-admin/upload.php" "Mozilla/5.0 (Windows NT 10.0; Win64; x64) AppleWebKit/537.36 (KHTML, like Gecko) Chrome/130.0.0.0 Safari/537.36"
201.219.70.221 - - [11/Nov/2024:15:50:54 +0000] "POST /wp-admin/admin-ajax.php HTTP/1.1" 200 604 "http://caldas.devuocloud.com/wp-admin/" "Mozilla/5.0 (Windows NT 10.0; Win64; x64) AppleWebKit/537.36 (KHTML, like Gecko) Chrome/130.0.0.0 Safari/537.36"
191.80.137.183 - - [11/Nov/2024:15:52:21 +0000] "POST /wp-admin/admin-ajax.php HTTP/1.1" 200 604 "http://caldas.devuocloud.com/wp-admin/upload.php" "Mozilla/5.0 (Windows NT 10.0; Win64; x64) AppleWebKit/537.36 (KHTML, like Gecko) Chrome/130.0.0.0 Safari/537.36"
201.219.70.221 - - [11/Nov/2024:15:52:55 +0000] "POST /wp-admin/admin-ajax.php HTTP/1.1" 200 604 "http://caldas.devuocloud.com/wp-admin/" "Mozilla/5.0 (Windows NT 10.0; Win64; x64) AppleWebKit/537.36 (KHTML, like Gecko) Chrome/130.0.0.0 Safari/537.36"
191.80.137.183 - - [11/Nov/2024:15:54:22 +0000] "POST /wp-admin/admin-ajax.php HTTP/1.1" 200 604 "http://caldas.devuocloud.com/wp-admin/upload.php" "Mozilla/5.0 (Windows NT 10.0; Win64; x64) AppleWebKit/537.36 (KHTML, like Gecko) Chrome/130.0.0.0 Safari/537.36"
201.219.70.221 - - [11/Nov/2024:15:54:56 +0000] "POST /wp-admin/admin-ajax.php HTTP/1.1" 200 604 "http://caldas.devuocloud.com/wp-admin/" "Mozilla/5.0 (Windows NT 10.0; Win64; x64) AppleWebKit/537.36 (KHTML, like Gecko) Chrome/130.0.0.0 Safari/537.36"
191.80.137.183 - - [11/Nov/2024:15:56:23 +0000] "POST /wp-admin/admin-ajax.php HTTP/1.1" 200 604 "http://caldas.devuocloud.com/wp-admin/upload.php" "Mozilla/5.0 (Windows NT 10.0; Win64; x64) AppleWebKit/537.36 (KHTML, like Gecko) Chrome/130.0.0.0 Safari/537.36"
201.219.70.221 - - [11/Nov/2024:15:56:57 +0000] "POST /wp-admin/admin-ajax.php HTTP/1.1" 200 604 "http://caldas.devuocloud.com/wp-admin/" "Mozilla/5.0 (Windows NT 10.0; Win64; x64) AppleWebKit/537.36 (KHTML, like Gecko) Chrome/130.0.0.0 Safari/537.36"
191.80.137.183 - - [11/Nov/2024:15:57:24 +0000] "POST /wp-admin/admin-ajax.php HTTP/1.1" 200 604 "http://caldas.devuocloud.com/wp-admin/upload.php" "Mozilla/5.0 (Windows NT 10.0; Win64; x64) AppleWebKit/537.36 (KHTML, like Gecko) Chrome/130.0.0.0 Safari/537.36"
201.219.70.221 - - [11/Nov/2024:15:58:58 +0000] "POST /wp-admin/admin-ajax.php HTTP/1.1" 200 604 "http://caldas.devuocloud.com/wp-admin/" "Mozilla/5.0 (Windows NT 10.0; Win64; x64) AppleWebKit/537.36 (KHTML, like Gecko) Chrome/130.0.0.0 Safari/537.36"
191.80.137.183 - - [11/Nov/2024:15:59:25 +0000] "POST /wp-admin/admin-ajax.php HTTP/1.1" 200 604 "http://caldas.devuocloud.com/wp-admin/upload.php" "Mozilla/5.0 (Windows NT 10.0; Win64; x64) AppleWebKit/537.36 (KHTML, like Gecko) Chrome/130.0.0.0 Safari/537.36"
201.219.70.221 - - [11/Nov/2024:16:00:59 +0000] "POST /wp-admin/admin-ajax.php HTTP/1.1" 200 604 "http://caldas.devuocloud.com/wp-admin/" "Mozilla/5.0 (Windows NT 10.0; Win64; x64) AppleWebKit/537.36 (KHTML, like Gecko) Chrome/130.0.0.0 Safari/537.36"
191.80.137.183 - - [11/Nov/2024:16:01:26 +0000] "POST /wp-admin/admin-ajax.php HTTP/1.1" 200 604 "http://caldas.devuocloud.com/wp-admin/upload.php" "Mozilla/5.0 (Windows NT 10.0; Win64; x64) AppleWebKit/537.36 (KHTML, like Gecko) Chrome/130.0.0.0 Safari/537.36"
191.80.137.183 - - [11/Nov/2024:16:02:27 +0000] "POST /wp-admin/admin-ajax.php HTTP/1.1" 200 604 "http://caldas.devuocloud.com/wp-admin/upload.php" "Mozilla/5.0 (Windows NT 10.0; Win64; x64) AppleWebKit/537.36 (KHTML, like Gecko) Chrome/130.0.0.0 Safari/537.36"
201.219.70.221 - - [11/Nov/2024:16:03:00 +0000] "POST /wp-admin/admin-ajax.php HTTP/1.1" 200 604 "http://caldas.devuocloud.com/wp-admin/" "Mozilla/5.0 (Windows NT 10.0; Win64; x64) AppleWebKit/537.36 (KHTML, like Gecko) Chrome/130.0.0.0 Safari/537.36"
191.80.137.183 - - [11/Nov/2024:16:04:28 +0000] "POST /wp-admin/admin-ajax.php HTTP/1.1" 200 604 "http://caldas.devuocloud.com/wp-admin/upload.php" "Mozilla/5.0 (Windows NT 10.0; Win64; x64) AppleWebKit/537.36 (KHTML, like Gecko) Chrome/130.0.0.0 Safari/537.36"
191.80.137.183 - - [11/Nov/2024:16:04:41 +0000] "POST /wp-admin/async-upload.php HTTP/1.1" 200 1165 "http://caldas.devuocloud.com/wp-admin/upload.php" "Mozilla/5.0 (Windows NT 10.0; Win64; x64) AppleWebKit/537.36 (KHTML, like Gecko) Chrome/130.0.0.0 Safari/537.36"
191.80.137.183 - - [11/Nov/2024:16:04:42 +0000] "GET /wp-content/uploads/2024/11/WhatsApp-Image-2024-11-03-at-18.03.11-226x300.jpeg HTTP/1.1" 200 14225 "http://caldas.devuocloud.com/wp-admin/upload.php" "Mozilla/5.0 (Windows NT 10.0; Win64; x64) AppleWebKit/537.36 (KHTML, like Gecko) Chrome/130.0.0.0 Safari/537.36"
201.219.70.221 - - [11/Nov/2024:16:05:01 +0000] "POST /wp-admin/admin-ajax.php HTTP/1.1" 200 604 "http://caldas.devuocloud.com/wp-admin/" "Mozilla/5.0 (Windows NT 10.0; Win64; x64) AppleWebKit/537.36 (KHTML, like Gecko) Chrome/130.0.0.0 Safari/537.36"
191.80.137.183 - - [11/Nov/2024:16:05:28 +0000] "POST /wp-admin/admin-ajax.php HTTP/1.1" 200 604 "http://caldas.devuocloud.com/wp-admin/upload.php" "Mozilla/5.0 (Windows NT 10.0; Win64; x64) AppleWebKit/537.36 (KHTML, like Gecko) Chrome/130.0.0.0 Safari/537.36"
191.80.137.183 - - [11/Nov/2024:16:06:41 +0000] "POST /wp-admin/admin-ajax.php HTTP/1.1" 200 604 "http://caldas.devuocloud.com/wp-admin/upload.php" "Mozilla/5.0 (Windows NT 10.0; Win64; x64) AppleWebKit/537.36 (KHTML, like Gecko) Chrome/130.0.0.0 Safari/537.36"
201.219.70.221 - - [11/Nov/2024:16:07:02 +0000] "POST /wp-admin/admin-ajax.php HTTP/1.1" 200 604 "http://caldas.devuocloud.com/wp-admin/" "Mozilla/5.0 (Windows NT 10.0; Win64; x64) AppleWebKit/537.36 (KHTML, like Gecko) Chrome/130.0.0.0 Safari/537.36"
191.80.137.183 - - [11/Nov/2024:16:07:41 +0000] "POST /wp-admin/admin-ajax.php HTTP/1.1" 200 604 "http://caldas.devuocloud.com/wp-admin/upload.php" "Mozilla/5.0 (Windows NT 10.0; Win64; x64) AppleWebKit/537.36 (KHTML, like Gecko) Chrome/130.0.0.0 Safari/537.36"
191.80.137.183 - - [11/Nov/2024:16:08:42 +0000] "POST /wp-admin/admin-ajax.php HTTP/1.1" 200 604 "http://caldas.devuocloud.com/wp-admin/upload.php" "Mozilla/5.0 (Windows NT 10.0; Win64; x64) AppleWebKit/537.36 (KHTML, like Gecko) Chrome/130.0.0.0 Safari/537.36"
201.219.70.221 - - [11/Nov/2024:16:09:03 +0000] "POST /wp-admin/admin-ajax.php HTTP/1.1" 200 604 "http://caldas.devuocloud.com/wp-admin/" "Mozilla/5.0 (Windows NT 10.0; Win64; x64) AppleWebKit/537.36 (KHTML, like Gecko) Chrome/130.0.0.0 Safari/537.36"
191.80.137.183 - - [11/Nov/2024:16:10:43 +0000] "POST /wp-admin/admin-ajax.php HTTP/1.1" 200 604 "http://caldas.devuocloud.com/wp-admin/upload.php" "Mozilla/5.0 (Windows NT 10.0; Win64; x64) AppleWebKit/537.36 (KHTML, like Gecko) Chrome/130.0.0.0 Safari/537.36"
201.219.70.221 - - [11/Nov/2024:16:11:04 +0000] "POST /wp-admin/admin-ajax.php HTTP/1.1" 200 604 "http://caldas.devuocloud.com/wp-admin/" "Mozilla/5.0 (Windows NT 10.0; Win64; x64) AppleWebKit/537.36 (KHTML, like Gecko) Chrome/130.0.0.0 Safari/537.36"
191.80.137.183 - - [11/Nov/2024:16:11:44 +0000] "POST /wp-admin/admin-ajax.php HTTP/1.1" 200 604 "http://caldas.devuocloud.com/wp-admin/upload.php" "Mozilla/5.0 (Windows NT 10.0; Win64; x64) AppleWebKit/537.36 (KHTML, like Gecko) Chrome/130.0.0.0 Safari/537.36"
201.219.70.221 - - [11/Nov/2024:16:13:05 +0000] "POST /wp-admin/admin-ajax.php HTTP/1.1" 200 604 "http://caldas.devuocloud.com/wp-admin/" "Mozilla/5.0 (Windows NT 10.0; Win64; x64) AppleWebKit/537.36 (KHTML, like Gecko) Chrome/130.0.0.0 Safari/537.36"
191.80.137.183 - - [11/Nov/2024:16:13:45 +0000] "POST /wp-admin/admin-ajax.php HTTP/1.1" 200 604 "http://caldas.devuocloud.com/wp-admin/upload.php" "Mozilla/5.0 (Windows NT 10.0; Win64; x64) AppleWebKit/537.36 (KHTML, like Gecko) Chrome/130.0.0.0 Safari/537.36"
201.219.70.221 - - [11/Nov/2024:16:15:06 +0000] "POST /wp-admin/admin-ajax.php HTTP/1.1" 200 604 "http://caldas.devuocloud.com/wp-admin/" "Mozilla/5.0 (Windows NT 10.0; Win64; x64) AppleWebKit/537.36 (KHTML, like Gecko) Chrome/130.0.0.0 Safari/537.36"
191.80.137.183 - - [11/Nov/2024:16:15:46 +0000] "POST /wp-admin/admin-ajax.php HTTP/1.1" 200 604 "http://caldas.devuocloud.com/wp-admin/upload.php" "Mozilla/5.0 (Windows NT 10.0; Win64; x64) AppleWebKit/537.36 (KHTML, like Gecko) Chrome/130.0.0.0 Safari/537.36"
201.219.70.221 - - [11/Nov/2024:16:17:07 +0000] "POST /wp-admin/admin-ajax.php HTTP/1.1" 200 604 "http://caldas.devuocloud.com/wp-admin/" "Mozilla/5.0 (Windows NT 10.0; Win64; x64) AppleWebKit/537.36 (KHTML, like Gecko) Chrome/130.0.0.0 Safari/537.36"
191.80.137.183 - - [11/Nov/2024:16:17:47 +0000] "POST /wp-admin/admin-ajax.php HTTP/1.1" 200 604 "http://caldas.devuocloud.com/wp-admin/upload.php" "Mozilla/5.0 (Windows NT 10.0; Win64; x64) AppleWebKit/537.36 (KHTML, like Gecko) Chrome/130.0.0.0 Safari/537.36"
201.219.70.221 - - [11/Nov/2024:16:19:08 +0000] "POST /wp-admin/admin-ajax.php HTTP/1.1" 200 604 "http://caldas.devuocloud.com/wp-admin/" "Mozilla/5.0 (Windows NT 10.0; Win64; x64) AppleWebKit/537.36 (KHTML, like Gecko) Chrome/130.0.0.0 Safari/537.36"
191.80.137.183 - - [11/Nov/2024:16:19:48 +0000] "POST /wp-admin/admin-ajax.php HTTP/1.1" 200 604 "http://caldas.devuocloud.com/wp-admin/upload.php" "Mozilla/5.0 (Windows NT 10.0; Win64; x64) AppleWebKit/537.36 (KHTML, like Gecko) Chrome/130.0.0.0 Safari/537.36"
201.219.70.221 - - [11/Nov/2024:16:21:09 +0000] "POST /wp-admin/admin-ajax.php HTTP/1.1" 200 604 "http://caldas.devuocloud.com/wp-admin/" "Mozilla/5.0 (Windows NT 10.0; Win64; x64) AppleWebKit/537.36 (KHTML, like Gecko) Chrome/130.0.0.0 Safari/537.36"
191.80.137.183 - - [11/Nov/2024:16:21:49 +0000] "POST /wp-admin/admin-ajax.php HTTP/1.1" 200 604 "http://caldas.devuocloud.com/wp-admin/upload.php" "Mozilla/5.0 (Windows NT 10.0; Win64; x64) AppleWebKit/537.36 (KHTML, like Gecko) Chrome/130.0.0.0 Safari/537.36"
191.80.137.183 - - [11/Nov/2024:16:22:50 +0000] "POST /wp-admin/admin-ajax.php HTTP/1.1" 200 604 "http://caldas.devuocloud.com/wp-admin/upload.php" "Mozilla/5.0 (Windows NT 10.0; Win64; x64) AppleWebKit/537.36 (KHTML, like Gecko) Chrome/130.0.0.0 Safari/537.36"
201.219.70.221 - - [11/Nov/2024:16:23:10 +0000] "POST /wp-admin/admin-ajax.php HTTP/1.1" 200 604 "http://caldas.devuocloud.com/wp-admin/" "Mozilla/5.0 (Windows NT 10.0; Win64; x64) AppleWebKit/537.36 (KHTML, like Gecko) Chrome/130.0.0.0 Safari/537.36"
191.80.137.183 - - [11/Nov/2024:16:24:11 +0000] "POST /wp-admin/admin-ajax.php HTTP/1.1" 200 604 "http://caldas.devuocloud.com/wp-admin/upload.php" "Mozilla/5.0 (Windows NT 10.0; Win64; x64) AppleWebKit/537.36 (KHTML, like Gecko) Chrome/130.0.0.0 Safari/537.36"
201.219.70.221 - - [11/Nov/2024:16:25:11 +0000] "POST /wp-admin/admin-ajax.php HTTP/1.1" 200 604 "http://caldas.devuocloud.com/wp-admin/" "Mozilla/5.0 (Windows NT 10.0; Win64; x64) AppleWebKit/537.36 (KHTML, like Gecko) Chrome/130.0.0.0 Safari/537.36"
191.80.137.183 - - [11/Nov/2024:16:25:11 +0000] "POST /wp-admin/admin-ajax.php HTTP/1.1" 200 604 "http://caldas.devuocloud.com/wp-admin/upload.php" "Mozilla/5.0 (Windows NT 10.0; Win64; x64) AppleWebKit/537.36 (KHTML, like Gecko) Chrome/130.0.0.0 Safari/537.36"
201.219.70.221 - - [11/Nov/2024:16:27:12 +0000] "POST /wp-admin/admin-ajax.php HTTP/1.1" 200 604 "http://caldas.devuocloud.com/wp-admin/" "Mozilla/5.0 (Windows NT 10.0; Win64; x64) AppleWebKit/537.36 (KHTML, like Gecko) Chrome/130.0.0.0 Safari/537.36"
191.80.137.183 - - [11/Nov/2024:16:27:12 +0000] "POST /wp-admin/admin-ajax.php HTTP/1.1" 200 604 "http://caldas.devuocloud.com/wp-admin/upload.php" "Mozilla/5.0 (Windows NT 10.0; Win64; x64) AppleWebKit/537.36 (KHTML, like Gecko) Chrome/130.0.0.0 Safari/537.36"
191.80.137.183 - - [11/Nov/2024:16:29:13 +0000] "POST /wp-admin/admin-ajax.php HTTP/1.1" 200 604 "http://caldas.devuocloud.com/wp-admin/upload.php" "Mozilla/5.0 (Windows NT 10.0; Win64; x64) AppleWebKit/537.36 (KHTML, like Gecko) Chrome/130.0.0.0 Safari/537.36"
146.190.157.162 - - [11/Nov/2024:16:29:14 +0000] "POST /wp-cron.php?doing_wp_cron=1731342554.1201388835906982421875 HTTP/1.1" 200 259 "-" "WordPress/6.6.2; http://caldas.devuocloud.com"
201.219.70.221 - - [11/Nov/2024:16:29:13 +0000] "POST /wp-admin/admin-ajax.php HTTP/1.1" 200 604 "http://caldas.devuocloud.com/wp-admin/" "Mozilla/5.0 (Windows NT 10.0; Win64; x64) AppleWebKit/537.36 (KHTML, like Gecko) Chrome/130.0.0.0 Safari/537.36"
201.219.70.221 - - [11/Nov/2024:16:31:14 +0000] "POST /wp-admin/admin-ajax.php HTTP/1.1" 200 604 "http://caldas.devuocloud.com/wp-admin/" "Mozilla/5.0 (Windows NT 10.0; Win64; x64) AppleWebKit/537.36 (KHTML, like Gecko) Chrome/130.0.0.0 Safari/537.36"
191.80.137.183 - - [11/Nov/2024:16:31:14 +0000] "POST /wp-admin/admin-ajax.php HTTP/1.1" 200 604 "http://caldas.devuocloud.com/wp-admin/upload.php" "Mozilla/5.0 (Windows NT 10.0; Win64; x64) AppleWebKit/537.36 (KHTML, like Gecko) Chrome/130.0.0.0 Safari/537.36"
191.80.137.183 - - [11/Nov/2024:16:32:15 +0000] "POST /wp-admin/admin-ajax.php HTTP/1.1" 200 604 "http://caldas.devuocloud.com/wp-admin/upload.php" "Mozilla/5.0 (Windows NT 10.0; Win64; x64) AppleWebKit/537.36 (KHTML, like Gecko) Chrome/130.0.0.0 Safari/537.36"
201.219.70.221 - - [11/Nov/2024:16:33:15 +0000] "POST /wp-admin/admin-ajax.php HTTP/1.1" 200 604 "http://caldas.devuocloud.com/wp-admin/" "Mozilla/5.0 (Windows NT 10.0; Win64; x64) AppleWebKit/537.36 (KHTML, like Gecko) Chrome/130.0.0.0 Safari/537.36"
191.80.137.183 - - [11/Nov/2024:16:33:27 +0000] "POST /wp-admin/admin-ajax.php HTTP/1.1" 200 604 "http://caldas.devuocloud.com/wp-admin/upload.php" "Mozilla/5.0 (Windows NT 10.0; Win64; x64) AppleWebKit/537.36 (KHTML, like Gecko) Chrome/130.0.0.0 Safari/537.36"
201.219.70.221 - - [11/Nov/2024:16:35:16 +0000] "POST /wp-admin/admin-ajax.php HTTP/1.1" 200 604 "http://caldas.devuocloud.com/wp-admin/" "Mozilla/5.0 (Windows NT 10.0; Win64; x64) AppleWebKit/537.36 (KHTML, like Gecko) Chrome/130.0.0.0 Safari/537.36"
191.80.137.183 - - [11/Nov/2024:16:35:24 +0000] "POST /wp-admin/admin-ajax.php HTTP/1.1" 200 604 "http://caldas.devuocloud.com/wp-admin/upload.php" "Mozilla/5.0 (Windows NT 10.0; Win64; x64) AppleWebKit/537.36 (KHTML, like Gecko) Chrome/130.0.0.0 Safari/537.36"
191.80.137.183 - - [11/Nov/2024:16:36:24 +0000] "POST /wp-admin/admin-ajax.php HTTP/1.1" 200 604 "http://caldas.devuocloud.com/wp-admin/upload.php" "Mozilla/5.0 (Windows NT 10.0; Win64; x64) AppleWebKit/537.36 (KHTML, like Gecko) Chrome/130.0.0.0 Safari/537.36"
201.219.70.221 - - [11/Nov/2024:16:37:17 +0000] "POST /wp-admin/admin-ajax.php HTTP/1.1" 200 604 "http://caldas.devuocloud.com/wp-admin/" "Mozilla/5.0 (Windows NT 10.0; Win64; x64) AppleWebKit/537.36 (KHTML, like Gecko) Chrome/130.0.0.0 Safari/537.36"
191.80.137.183 - - [11/Nov/2024:16:38:25 +0000] "POST /wp-admin/admin-ajax.php HTTP/1.1" 200 604 "http://caldas.devuocloud.com/wp-admin/upload.php" "Mozilla/5.0 (Windows NT 10.0; Win64; x64) AppleWebKit/537.36 (KHTML, like Gecko) Chrome/130.0.0.0 Safari/537.36"
201.219.70.221 - - [11/Nov/2024:16:39:18 +0000] "POST /wp-admin/admin-ajax.php HTTP/1.1" 200 604 "http://caldas.devuocloud.com/wp-admin/" "Mozilla/5.0 (Windows NT 10.0; Win64; x64) AppleWebKit/537.36 (KHTML, like Gecko) Chrome/130.0.0.0 Safari/537.36"
191.80.137.183 - - [11/Nov/2024:16:40:26 +0000] "POST /wp-admin/admin-ajax.php HTTP/1.1" 200 604 "http://caldas.devuocloud.com/wp-admin/upload.php" "Mozilla/5.0 (Windows NT 10.0; Win64; x64) AppleWebKit/537.36 (KHTML, like Gecko) Chrome/130.0.0.0 Safari/537.36"
201.219.70.221 - - [11/Nov/2024:16:41:19 +0000] "POST /wp-admin/admin-ajax.php HTTP/1.1" 200 604 "http://caldas.devuocloud.com/wp-admin/" "Mozilla/5.0 (Windows NT 10.0; Win64; x64) AppleWebKit/537.36 (KHTML, like Gecko) Chrome/130.0.0.0 Safari/537.36"
191.80.137.183 - - [11/Nov/2024:16:42:27 +0000] "POST /wp-admin/admin-ajax.php HTTP/1.1" 200 604 "http://caldas.devuocloud.com/wp-admin/upload.php" "Mozilla/5.0 (Windows NT 10.0; Win64; x64) AppleWebKit/537.36 (KHTML, like Gecko) Chrome/130.0.0.0 Safari/537.36"
201.219.70.221 - - [11/Nov/2024:16:43:20 +0000] "POST /wp-admin/admin-ajax.php HTTP/1.1" 200 604 "http://caldas.devuocloud.com/wp-admin/" "Mozilla/5.0 (Windows NT 10.0; Win64; x64) AppleWebKit/537.36 (KHTML, like Gecko) Chrome/130.0.0.0 Safari/537.36"
191.80.137.183 - - [11/Nov/2024:16:44:28 +0000] "POST /wp-admin/admin-ajax.php HTTP/1.1" 200 604 "http://caldas.devuocloud.com/wp-admin/upload.php" "Mozilla/5.0 (Windows NT 10.0; Win64; x64) AppleWebKit/537.36 (KHTML, like Gecko) Chrome/130.0.0.0 Safari/537.36"
201.219.70.221 - - [11/Nov/2024:16:45:21 +0000] "POST /wp-admin/admin-ajax.php HTTP/1.1" 200 604 "http://caldas.devuocloud.com/wp-admin/" "Mozilla/5.0 (Windows NT 10.0; Win64; x64) AppleWebKit/537.36 (KHTML, like Gecko) Chrome/130.0.0.0 Safari/537.36"
201.219.70.221 - - [11/Nov/2024:16:47:22 +0000] "POST /wp-admin/admin-ajax.php HTTP/1.1" 200 604 "http://caldas.devuocloud.com/wp-admin/" "Mozilla/5.0 (Windows NT 10.0; Win64; x64) AppleWebKit/537.36 (KHTML, like Gecko) Chrome/130.0.0.0 Safari/537.36"
201.219.70.221 - - [11/Nov/2024:16:49:23 +0000] "POST /wp-admin/admin-ajax.php HTTP/1.1" 200 604 "http://caldas.devuocloud.com/wp-admin/" "Mozilla/5.0 (Windows NT 10.0; Win64; x64) AppleWebKit/537.36 (KHTML, like Gecko) Chrome/130.0.0.0 Safari/537.36"
201.219.70.221 - - [11/Nov/2024:16:51:24 +0000] "POST /wp-admin/admin-ajax.php HTTP/1.1" 200 604 "http://caldas.devuocloud.com/wp-admin/" "Mozilla/5.0 (Windows NT 10.0; Win64; x64) AppleWebKit/537.36 (KHTML, like Gecko) Chrome/130.0.0.0 Safari/537.36"
201.219.70.221 - - [11/Nov/2024:16:53:25 +0000] "POST /wp-admin/admin-ajax.php HTTP/1.1" 200 604 "http://caldas.devuocloud.com/wp-admin/" "Mozilla/5.0 (Windows NT 10.0; Win64; x64) AppleWebKit/537.36 (KHTML, like Gecko) Chrome/130.0.0.0 Safari/537.36"
191.80.137.183 - - [11/Nov/2024:16:53:50 +0000] "POST /wp-admin/admin-ajax.php HTTP/1.1" 200 604 "http://caldas.devuocloud.com/wp-admin/upload.php" "Mozilla/5.0 (Windows NT 10.0; Win64; x64) AppleWebKit/537.36 (KHTML, like Gecko) Chrome/130.0.0.0 Safari/537.36"
201.219.70.221 - - [11/Nov/2024:16:55:26 +0000] "POST /wp-admin/admin-ajax.php HTTP/1.1" 200 604 "http://caldas.devuocloud.com/wp-admin/" "Mozilla/5.0 (Windows NT 10.0; Win64; x64) AppleWebKit/537.36 (KHTML, like Gecko) Chrome/130.0.0.0 Safari/537.36"
191.80.137.183 - - [11/Nov/2024:16:55:51 +0000] "POST /wp-admin/admin-ajax.php HTTP/1.1" 200 604 "http://caldas.devuocloud.com/wp-admin/upload.php" "Mozilla/5.0 (Windows NT 10.0; Win64; x64) AppleWebKit/537.36 (KHTML, like Gecko) Chrome/130.0.0.0 Safari/537.36"
201.219.70.221 - - [11/Nov/2024:16:57:27 +0000] "POST /wp-admin/admin-ajax.php HTTP/1.1" 200 604 "http://caldas.devuocloud.com/wp-admin/" "Mozilla/5.0 (Windows NT 10.0; Win64; x64) AppleWebKit/537.36 (KHTML, like Gecko) Chrome/130.0.0.0 Safari/537.36"
191.80.137.183 - - [11/Nov/2024:16:57:29 +0000] "POST /wp-admin/admin-ajax.php HTTP/1.1" 200 604 "http://caldas.devuocloud.com/wp-admin/upload.php" "Mozilla/5.0 (Windows NT 10.0; Win64; x64) AppleWebKit/537.36 (KHTML, like Gecko) Chrome/130.0.0.0 Safari/537.36"
191.80.137.183 - - [11/Nov/2024:16:57:46 +0000] "POST /wp-admin/async-upload.php HTTP/1.1" 200 1068 "http://caldas.devuocloud.com/wp-admin/upload.php" "Mozilla/5.0 (Windows NT 10.0; Win64; x64) AppleWebKit/537.36 (KHTML, like Gecko) Chrome/130.0.0.0 Safari/537.36"
