191.80.137.183 - - [11/Nov/2024:17:25:04 +0000] "GET /wp-content/uploads/2023/07/terapia-presencial.webp HTTP/1.1" 304 250 "http://caldas.devuocloud.com/?elementor-preview=124&ver=1731345351" "Mozilla/5.0 (Windows NT 10.0; Win64; x64) AppleWebKit/537.36 (KHTML, like Gecko) Chrome/130.0.0.0 Safari/537.36"
191.80.137.183 - - [11/Nov/2024:17:25:04 +0000] "GET /wp-content/uploads/2023/07/ana-heredia-psicologa-perinatal-1024x770.webp HTTP/1.1" 200 72320 "http://caldas.devuocloud.com/?elementor-preview=124&ver=1731345351" "Mozilla/5.0 (Windows NT 10.0; Win64; x64) AppleWebKit/537.36 (KHTML, like Gecko) Chrome/130.0.0.0 Safari/537.36"
191.80.137.183 - - [11/Nov/2024:17:25:04 +0000] "GET /wp-content/uploads/2023/07/ana-heredia-quien-soy-1024x923.webp HTTP/1.1" 200 98392 "http://caldas.devuocloud.com/?elementor-preview=124&ver=1731345351" "Mozilla/5.0 (Windows NT 10.0; Win64; x64) AppleWebKit/537.36 (KHTML, like Gecko) Chrome/130.0.0.0 Safari/537.36"
191.80.137.183 - - [11/Nov/2024:17:25:04 +0000] "GET /wp-content/uploads/2023/07/terapia-online.webp HTTP/1.1" 304 250 "http://caldas.devuocloud.com/?elementor-preview=124&ver=1731345351" "Mozilla/5.0 (Windows NT 10.0; Win64; x64) AppleWebKit/537.36 (KHTML, like Gecko) Chrome/130.0.0.0 Safari/537.36"
191.80.137.183 - - [11/Nov/2024:17:25:05 +0000] "GET /wp-content/uploads/2023/07/ana-heredia-psicologa-perinatal.webp HTTP/1.1" 304 250 "http://caldas.devuocloud.com/?elementor-preview=124&ver=1731345351" "Mozilla/5.0 (Windows NT 10.0; Win64; x64) AppleWebKit/537.36 (KHTML, like Gecko) Chrome/130.0.0.0 Safari/537.36"
191.80.137.183 - - [11/Nov/2024:17:25:05 +0000] "GET /wp-content/uploads/2023/07/ana-heredia-quien-soy.webp HTTP/1.1" 304 250 "http://caldas.devuocloud.com/?elementor-preview=124&ver=1731345351" "Mozilla/5.0 (Windows NT 10.0; Win64; x64) AppleWebKit/537.36 (KHTML, like Gecko) Chrome/130.0.0.0 Safari/537.36"
191.80.137.183 - - [11/Nov/2024:17:25:10 +0000] "POST /wp-admin/admin-ajax.php HTTP/1.1" 200 634 "http://caldas.devuocloud.com/wp-admin/post.php?post=124&action=elementor&active-document=13" "Mozilla/5.0 (Windows NT 10.0; Win64; x64) AppleWebKit/537.36 (KHTML, like Gecko) Chrome/130.0.0.0 Safari/537.36"
191.80.137.183 - - [11/Nov/2024:17:25:25 +0000] "POST /wp-admin/admin-ajax.php HTTP/1.1" 200 634 "http://caldas.devuocloud.com/wp-admin/post.php?post=124&action=elementor&active-document=13" "Mozilla/5.0 (Windows NT 10.0; Win64; x64) AppleWebKit/537.36 (KHTML, like Gecko) Chrome/130.0.0.0 Safari/537.36"
191.80.137.183 - - [11/Nov/2024:17:25:40 +0000] "POST /wp-admin/admin-ajax.php HTTP/1.1" 200 634 "http://caldas.devuocloud.com/wp-admin/post.php?post=124&action=elementor&active-document=13" "Mozilla/5.0 (Windows NT 10.0; Win64; x64) AppleWebKit/537.36 (KHTML, like Gecko) Chrome/130.0.0.0 Safari/537.36"
201.219.70.221 - - [11/Nov/2024:17:25:41 +0000] "POST /wp-admin/admin-ajax.php HTTP/1.1" 200 604 "http://caldas.devuocloud.com/wp-admin/" "Mozilla/5.0 (Windows NT 10.0; Win64; x64) AppleWebKit/537.36 (KHTML, like Gecko) Chrome/130.0.0.0 Safari/537.36"
191.80.137.183 - - [11/Nov/2024:17:25:46 +0000] "POST /wp-admin/admin-ajax.php HTTP/1.1" 200 1238 "http://caldas.devuocloud.com/wp-admin/post.php?post=124&action=elementor&active-document=13" "Mozilla/5.0 (Windows NT 10.0; Win64; x64) AppleWebKit/537.36 (KHTML, like Gecko) Chrome/130.0.0.0 Safari/537.36"
191.80.137.183 - - [11/Nov/2024:17:25:48 +0000] "POST /wp-admin/admin-ajax.php HTTP/1.1" 200 733 "http://caldas.devuocloud.com/wp-admin/post.php?post=124&action=elementor&active-document=13" "Mozilla/5.0 (Windows NT 10.0; Win64; x64) AppleWebKit/537.36 (KHTML, like Gecko) Chrome/130.0.0.0 Safari/537.36"
191.80.137.183 - - [11/Nov/2024:17:25:51 +0000] "POST /wp-admin/admin-ajax.php HTTP/1.1" 200 956 "http://caldas.devuocloud.com/wp-admin/post.php?post=124&action=elementor&active-document=13" "Mozilla/5.0 (Windows NT 10.0; Win64; x64) AppleWebKit/537.36 (KHTML, like Gecko) Chrome/130.0.0.0 Safari/537.36"
191.80.137.183 - - [11/Nov/2024:17:25:55 +0000] "POST /wp-admin/admin-ajax.php HTTP/1.1" 200 633 "http://caldas.devuocloud.com/wp-admin/post.php?post=124&action=elementor&active-document=13" "Mozilla/5.0 (Windows NT 10.0; Win64; x64) AppleWebKit/537.36 (KHTML, like Gecko) Chrome/130.0.0.0 Safari/537.36"
191.80.137.183 - - [11/Nov/2024:17:26:10 +0000] "POST /wp-admin/admin-ajax.php HTTP/1.1" 200 634 "http://caldas.devuocloud.com/wp-admin/post.php?post=124&action=elementor&active-document=13" "Mozilla/5.0 (Windows NT 10.0; Win64; x64) AppleWebKit/537.36 (KHTML, like Gecko) Chrome/130.0.0.0 Safari/537.36"
191.80.137.183 - - [11/Nov/2024:17:26:25 +0000] "POST /wp-admin/admin-ajax.php HTTP/1.1" 200 634 "http://caldas.devuocloud.com/wp-admin/post.php?post=124&action=elementor&active-document=13" "Mozilla/5.0 (Windows NT 10.0; Win64; x64) AppleWebKit/537.36 (KHTML, like Gecko) Chrome/130.0.0.0 Safari/537.36"
191.80.137.183 - - [11/Nov/2024:17:26:40 +0000] "POST /wp-admin/admin-ajax.php HTTP/1.1" 200 634 "http://caldas.devuocloud.com/wp-admin/post.php?post=124&action=elementor&active-document=13" "Mozilla/5.0 (Windows NT 10.0; Win64; x64) AppleWebKit/537.36 (KHTML, like Gecko) Chrome/130.0.0.0 Safari/537.36"
191.80.137.183 - - [11/Nov/2024:17:26:43 +0000] "POST /wp-admin/admin-ajax.php HTTP/1.1" 200 603 "http://caldas.devuocloud.com/wp-admin/edit.php?post_type=page" "Mozilla/5.0 (Windows NT 10.0; Win64; x64) AppleWebKit/537.36 (KHTML, like Gecko) Chrome/130.0.0.0 Safari/537.36"
191.80.137.183 - - [11/Nov/2024:17:26:55 +0000] "POST /wp-admin/admin-ajax.php HTTP/1.1" 200 634 "http://caldas.devuocloud.com/wp-admin/post.php?post=124&action=elementor&active-document=13" "Mozilla/5.0 (Windows NT 10.0; Win64; x64) AppleWebKit/537.36 (KHTML, like Gecko) Chrome/130.0.0.0 Safari/537.36"
191.80.137.183 - - [11/Nov/2024:17:27:10 +0000] "POST /wp-admin/admin-ajax.php HTTP/1.1" 200 634 "http://caldas.devuocloud.com/wp-admin/post.php?post=124&action=elementor&active-document=13" "Mozilla/5.0 (Windows NT 10.0; Win64; x64) AppleWebKit/537.36 (KHTML, like Gecko) Chrome/130.0.0.0 Safari/537.36"
191.80.137.183 - - [11/Nov/2024:17:27:25 +0000] "POST /wp-admin/admin-ajax.php HTTP/1.1" 200 634 "http://caldas.devuocloud.com/wp-admin/post.php?post=124&action=elementor&active-document=13" "Mozilla/5.0 (Windows NT 10.0; Win64; x64) AppleWebKit/537.36 (KHTML, like Gecko) Chrome/130.0.0.0 Safari/537.36"
191.80.137.183 - - [11/Nov/2024:17:27:25 +0000] "POST /wp-admin/admin-ajax.php HTTP/1.1" 200 1238 "http://caldas.devuocloud.com/wp-admin/post.php?post=124&action=elementor&active-document=13" "Mozilla/5.0 (Windows NT 10.0; Win64; x64) AppleWebKit/537.36 (KHTML, like Gecko) Chrome/130.0.0.0 Safari/537.36"
191.80.137.183 - - [11/Nov/2024:17:27:27 +0000] "POST /wp-admin/admin-ajax.php HTTP/1.1" 200 733 "http://caldas.devuocloud.com/wp-admin/post.php?post=124&action=elementor&active-document=13" "Mozilla/5.0 (Windows NT 10.0; Win64; x64) AppleWebKit/537.36 (KHTML, like Gecko) Chrome/130.0.0.0 Safari/537.36"
191.80.137.183 - - [11/Nov/2024:17:27:34 +0000] "GET /politica-de-cookies HTTP/1.1" 404 86825 "-" "Mozilla/5.0 (Windows NT 10.0; Win64; x64) AppleWebKit/537.36 (KHTML, like Gecko) Chrome/130.0.0.0 Safari/537.36"
191.80.137.183 - - [11/Nov/2024:17:27:40 +0000] "POST /wp-admin/admin-ajax.php HTTP/1.1" 200 634 "http://caldas.devuocloud.com/wp-admin/post.php?post=124&action=elementor&active-document=13" "Mozilla/5.0 (Windows NT 10.0; Win64; x64) AppleWebKit/537.36 (KHTML, like Gecko) Chrome/130.0.0.0 Safari/537.36"
201.219.70.221 - - [11/Nov/2024:17:27:42 +0000] "POST /wp-admin/admin-ajax.php HTTP/1.1" 200 604 "http://caldas.devuocloud.com/wp-admin/" "Mozilla/5.0 (Windows NT 10.0; Win64; x64) AppleWebKit/537.36 (KHTML, like Gecko) Chrome/130.0.0.0 Safari/537.36"
191.80.137.183 - - [11/Nov/2024:17:27:43 +0000] "GET /wp-content/plugins/elementor/assets/images/logo-panel.svg HTTP/1.1" 304 249 "http://caldas.devuocloud.com/wp-admin/post.php?post=124&action=elementor&active-document=13" "Mozilla/5.0 (Windows NT 10.0; Win64; x64) AppleWebKit/537.36 (KHTML, like Gecko) Chrome/130.0.0.0 Safari/537.36"
191.80.137.183 - - [11/Nov/2024:17:27:42 +0000] "POST /wp-admin/admin-ajax.php HTTP/1.1" 200 882 "http://caldas.devuocloud.com/wp-admin/post.php?post=124&action=elementor&active-document=13" "Mozilla/5.0 (Windows NT 10.0; Win64; x64) AppleWebKit/537.36 (KHTML, like Gecko) Chrome/130.0.0.0 Safari/537.36"
191.80.137.183 - - [11/Nov/2024:17:27:53 +0000] "POST /wp-admin/admin-ajax.php HTTP/1.1" 200 634 "http://caldas.devuocloud.com/wp-admin/post.php?post=124&action=elementor" "Mozilla/5.0 (Windows NT 10.0; Win64; x64) AppleWebKit/537.36 (KHTML, like Gecko) Chrome/130.0.0.0 Safari/537.36"
191.80.137.183 - - [11/Nov/2024:17:27:58 +0000] "GET /wp-content/uploads/2023/07/depresion.webp HTTP/1.1" 304 249 "http://caldas.devuocloud.com/?elementor-preview=124&ver=1731345351" "Mozilla/5.0 (Windows NT 10.0; Win64; x64) AppleWebKit/537.36 (KHTML, like Gecko) Chrome/130.0.0.0 Safari/537.36"
191.80.137.183 - - [11/Nov/2024:17:27:58 +0000] "GET /wp-content/uploads/2023/07/perdidas-y-duelo.webp HTTP/1.1" 304 249 "http://caldas.devuocloud.com/?elementor-preview=124&ver=1731345351" "Mozilla/5.0 (Windows NT 10.0; Win64; x64) AppleWebKit/537.36 (KHTML, like Gecko) Chrome/130.0.0.0 Safari/537.36"
191.80.137.183 - - [11/Nov/2024:17:27:59 +0000] "GET /wp-content/uploads/2023/07/infertilidad-y-rep-asistida.webp HTTP/1.1" 304 250 "http://caldas.devuocloud.com/?elementor-preview=124&ver=1731345351" "Mozilla/5.0 (Windows NT 10.0; Win64; x64) AppleWebKit/537.36 (KHTML, like Gecko) Chrome/130.0.0.0 Safari/537.36"
191.80.137.183 - - [11/Nov/2024:17:27:59 +0000] "GET /wp-content/uploads/2023/07/gestion-emocional.webp HTTP/1.1" 304 250 "http://caldas.devuocloud.com/?elementor-preview=124&ver=1731345351" "Mozilla/5.0 (Windows NT 10.0; Win64; x64) AppleWebKit/537.36 (KHTML, like Gecko) Chrome/130.0.0.0 Safari/537.36"
191.80.137.183 - - [11/Nov/2024:17:27:59 +0000] "GET /wp-content/uploads/2023/07/ubicacion.webp HTTP/1.1" 304 248 "http://caldas.devuocloud.com/?elementor-preview=124&ver=1731345351" "Mozilla/5.0 (Windows NT 10.0; Win64; x64) AppleWebKit/537.36 (KHTML, like Gecko) Chrome/130.0.0.0 Safari/537.36"
191.80.137.183 - - [11/Nov/2024:17:27:59 +0000] "GET /wp-content/uploads/2023/07/mail.webp HTTP/1.1" 304 248 "http://caldas.devuocloud.com/?elementor-preview=124&ver=1731345351" "Mozilla/5.0 (Windows NT 10.0; Win64; x64) AppleWebKit/537.36 (KHTML, like Gecko) Chrome/130.0.0.0 Safari/537.36"
191.80.137.183 - - [11/Nov/2024:17:27:59 +0000] "GET /wp-content/uploads/2023/07/redes.webp HTTP/1.1" 304 248 "http://caldas.devuocloud.com/?elementor-preview=124&ver=1731345351" "Mozilla/5.0 (Windows NT 10.0; Win64; x64) AppleWebKit/537.36 (KHTML, like Gecko) Chrome/130.0.0.0 Safari/537.36"
191.80.137.183 - - [11/Nov/2024:17:28:09 +0000] "POST /wp-admin/admin-ajax.php HTTP/1.1" 200 634 "http://caldas.devuocloud.com/wp-admin/post.php?post=124&action=elementor" "Mozilla/5.0 (Windows NT 10.0; Win64; x64) AppleWebKit/537.36 (KHTML, like Gecko) Chrome/130.0.0.0 Safari/537.36"
191.80.137.183 - - [11/Nov/2024:17:28:10 +0000] "POST /wp-admin/admin-ajax.php HTTP/1.1" 200 2567 "http://caldas.devuocloud.com/wp-admin/post.php?post=124&action=elementor" "Mozilla/5.0 (Windows NT 10.0; Win64; x64) AppleWebKit/537.36 (KHTML, like Gecko) Chrome/130.0.0.0 Safari/537.36"
191.80.137.183 - - [11/Nov/2024:17:28:10 +0000] "POST /wp-admin/admin-ajax.php HTTP/1.1" 200 2388 "http://caldas.devuocloud.com/wp-admin/post.php?post=124&action=elementor" "Mozilla/5.0 (Windows NT 10.0; Win64; x64) AppleWebKit/537.36 (KHTML, like Gecko) Chrome/130.0.0.0 Safari/537.36"
191.80.137.183 - - [11/Nov/2024:17:28:11 +0000] "POST /wp-admin/admin-ajax.php HTTP/1.1" 200 132977 "http://caldas.devuocloud.com/wp-admin/post.php?post=124&action=elementor" "Mozilla/5.0 (Windows NT 10.0; Win64; x64) AppleWebKit/537.36 (KHTML, like Gecko) Chrome/130.0.0.0 Safari/537.36"
191.80.137.183 - - [11/Nov/2024:17:28:11 +0000] "POST /wp-admin/admin-ajax.php HTTP/1.1" 200 132863 "http://caldas.devuocloud.com/wp-admin/post.php?post=124&action=elementor" "Mozilla/5.0 (Windows NT 10.0; Win64; x64) AppleWebKit/537.36 (KHTML, like Gecko) Chrome/130.0.0.0 Safari/537.36"
191.80.137.183 - - [11/Nov/2024:17:28:16 +0000] "POST /wp-admin/admin-ajax.php HTTP/1.1" 200 2387 "http://caldas.devuocloud.com/wp-admin/post.php?post=124&action=elementor" "Mozilla/5.0 (Windows NT 10.0; Win64; x64) AppleWebKit/537.36 (KHTML, like Gecko) Chrome/130.0.0.0 Safari/537.36"
191.80.137.183 - - [11/Nov/2024:17:28:16 +0000] "POST /wp-admin/admin-ajax.php HTTP/1.1" 200 2259 "http://caldas.devuocloud.com/wp-admin/post.php?post=124&action=elementor" "Mozilla/5.0 (Windows NT 10.0; Win64; x64) AppleWebKit/537.36 (KHTML, like Gecko) Chrome/130.0.0.0 Safari/537.36"
191.80.137.183 - - [11/Nov/2024:17:28:16 +0000] "POST /wp-admin/admin-ajax.php HTTP/1.1" 200 2388 "http://caldas.devuocloud.com/wp-admin/post.php?post=124&action=elementor" "Mozilla/5.0 (Windows NT 10.0; Win64; x64) AppleWebKit/537.36 (KHTML, like Gecko) Chrome/130.0.0.0 Safari/537.36"
191.80.137.183 - - [11/Nov/2024:17:28:16 +0000] "GET /wp-content/uploads/2024/11/texture-319748_1920.jpg HTTP/1.1" 200 422458 "http://caldas.devuocloud.com/wp-admin/post.php?post=124&action=elementor" "Mozilla/5.0 (Windows NT 10.0; Win64; x64) AppleWebKit/537.36 (KHTML, like Gecko) Chrome/130.0.0.0 Safari/537.36"
191.80.137.183 - - [11/Nov/2024:17:28:20 +0000] "POST /wp-admin/admin-ajax.php HTTP/1.1" 200 1424 "http://caldas.devuocloud.com/wp-admin/post.php?post=124&action=elementor" "Mozilla/5.0 (Windows NT 10.0; Win64; x64) AppleWebKit/537.36 (KHTML, like Gecko) Chrome/130.0.0.0 Safari/537.36"
191.80.137.183 - - [11/Nov/2024:17:28:24 +0000] "POST /wp-admin/admin-ajax.php HTTP/1.1" 200 633 "http://caldas.devuocloud.com/wp-admin/post.php?post=124&action=elementor" "Mozilla/5.0 (Windows NT 10.0; Win64; x64) AppleWebKit/537.36 (KHTML, like Gecko) Chrome/130.0.0.0 Safari/537.36"
191.80.137.183 - - [11/Nov/2024:17:28:32 +0000] "POST /wp-admin/admin-ajax.php HTTP/1.1" 200 2539 "http://caldas.devuocloud.com/wp-admin/post.php?post=124&action=elementor" "Mozilla/5.0 (Windows NT 10.0; Win64; x64) AppleWebKit/537.36 (KHTML, like Gecko) Chrome/130.0.0.0 Safari/537.36"
146.190.157.162 - - [11/Nov/2024:17:28:40 +0000] "POST /wp-cron.php?doing_wp_cron=1731346120.3954179286956787109375 HTTP/1.1" 200 259 "-" "WordPress/6.6.2; http://caldas.devuocloud.com"
191.80.137.183 - - [11/Nov/2024:17:28:40 +0000] "POST /wp-admin/admin-ajax.php HTTP/1.1" 200 634 "http://caldas.devuocloud.com/wp-admin/post.php?post=124&action=elementor" "Mozilla/5.0 (Windows NT 10.0; Win64; x64) AppleWebKit/537.36 (KHTML, like Gecko) Chrome/130.0.0.0 Safari/537.36"
191.80.137.183 - - [11/Nov/2024:17:28:44 +0000] "POST /wp-admin/admin-ajax.php HTTP/1.1" 200 603 "http://caldas.devuocloud.com/wp-admin/edit.php?post_type=page" "Mozilla/5.0 (Windows NT 10.0; Win64; x64) AppleWebKit/537.36 (KHTML, like Gecko) Chrome/130.0.0.0 Safari/537.36"
191.80.137.183 - - [11/Nov/2024:17:28:55 +0000] "POST /wp-admin/admin-ajax.php HTTP/1.1" 200 634 "http://caldas.devuocloud.com/wp-admin/post.php?post=124&action=elementor" "Mozilla/5.0 (Windows NT 10.0; Win64; x64) AppleWebKit/537.36 (KHTML, like Gecko) Chrome/130.0.0.0 Safari/537.36"
191.80.137.183 - - [11/Nov/2024:17:28:55 +0000] "POST /wp-admin/admin-ajax.php HTTP/1.1" 200 1242 "http://caldas.devuocloud.com/wp-admin/post.php?post=124&action=elementor" "Mozilla/5.0 (Windows NT 10.0; Win64; x64) AppleWebKit/537.36 (KHTML, like Gecko) Chrome/130.0.0.0 Safari/537.36"
191.80.137.183 - - [11/Nov/2024:17:28:58 +0000] "POST /wp-admin/admin-ajax.php HTTP/1.1" 200 595 "http://caldas.devuocloud.com/wp-admin/post.php?post=124&action=elementor" "Mozilla/5.0 (Windows NT 10.0; Win64; x64) AppleWebKit/537.36 (KHTML, like Gecko) Chrome/130.0.0.0 Safari/537.36"
191.80.137.183 - - [11/Nov/2024:17:28:58 +0000] "POST /wp-admin/admin-ajax.php HTTP/1.1" 200 1558 "http://caldas.devuocloud.com/wp-admin/post.php?post=124&action=elementor" "Mozilla/5.0 (Windows NT 10.0; Win64; x64) AppleWebKit/537.36 (KHTML, like Gecko) Chrome/130.0.0.0 Safari/537.36"
191.80.137.183 - - [11/Nov/2024:17:29:11 +0000] "POST /wp-admin/admin-ajax.php HTTP/1.1" 200 634 "http://caldas.devuocloud.com/wp-admin/post.php?post=124&action=elementor" "Mozilla/5.0 (Windows NT 10.0; Win64; x64) AppleWebKit/537.36 (KHTML, like Gecko) Chrome/130.0.0.0 Safari/537.36"
201.219.70.221 - - [11/Nov/2024:17:29:43 +0000] "POST /wp-admin/admin-ajax.php HTTP/1.1" 200 604 "http://caldas.devuocloud.com/wp-admin/" "Mozilla/5.0 (Windows NT 10.0; Win64; x64) AppleWebKit/537.36 (KHTML, like Gecko) Chrome/130.0.0.0 Safari/537.36"
191.80.137.183 - - [11/Nov/2024:17:29:45 +0000] "POST /wp-admin/admin-ajax.php HTTP/1.1" 200 634 "http://caldas.devuocloud.com/wp-admin/post.php?post=124&action=elementor" "Mozilla/5.0 (Windows NT 10.0; Win64; x64) AppleWebKit/537.36 (KHTML, like Gecko) Chrome/130.0.0.0 Safari/537.36"
191.80.137.183 - - [11/Nov/2024:17:30:00 +0000] "POST /wp-admin/admin-ajax.php HTTP/1.1" 200 634 "http://caldas.devuocloud.com/wp-admin/post.php?post=124&action=elementor" "Mozilla/5.0 (Windows NT 10.0; Win64; x64) AppleWebKit/537.36 (KHTML, like Gecko) Chrome/130.0.0.0 Safari/537.36"
191.80.137.183 - - [11/Nov/2024:17:30:11 +0000] "POST /wp-admin/admin-ajax.php HTTP/1.1" 200 800 "http://caldas.devuocloud.com/wp-admin/post.php?post=124&action=elementor" "Mozilla/5.0 (Windows NT 10.0; Win64; x64) AppleWebKit/537.36 (KHTML, like Gecko) Chrome/130.0.0.0 Safari/537.36"
191.80.137.183 - - [11/Nov/2024:17:30:15 +0000] "POST /wp-admin/admin-ajax.php HTTP/1.1" 200 633 "http://caldas.devuocloud.com/wp-admin/post.php?post=124&action=elementor" "Mozilla/5.0 (Windows NT 10.0; Win64; x64) AppleWebKit/537.36 (KHTML, like Gecko) Chrome/130.0.0.0 Safari/537.36"
191.80.137.183 - - [11/Nov/2024:17:30:21 +0000] "POST /wp-admin/admin-ajax.php HTTP/1.1" 200 811 "http://caldas.devuocloud.com/wp-admin/post.php?post=124&action=elementor" "Mozilla/5.0 (Windows NT 10.0; Win64; x64) AppleWebKit/537.36 (KHTML, like Gecko) Chrome/130.0.0.0 Safari/537.36"
191.80.137.183 - - [11/Nov/2024:17:30:24 +0000] "POST /wp-admin/admin-ajax.php HTTP/1.1" 200 554 "http://caldas.devuocloud.com/wp-admin/post.php?post=124&action=elementor" "Mozilla/5.0 (Windows NT 10.0; Win64; x64) AppleWebKit/537.36 (KHTML, like Gecko) Chrome/130.0.0.0 Safari/537.36"
191.80.137.183 - - [11/Nov/2024:17:30:30 +0000] "POST /wp-admin/admin-ajax.php HTTP/1.1" 200 634 "http://caldas.devuocloud.com/wp-admin/post.php?post=124&action=elementor" "Mozilla/5.0 (Windows NT 10.0; Win64; x64) AppleWebKit/537.36 (KHTML, like Gecko) Chrome/130.0.0.0 Safari/537.36"
191.80.137.183 - - [11/Nov/2024:17:30:34 +0000] "POST /wp-admin/admin-ajax.php HTTP/1.1" 200 806 "http://caldas.devuocloud.com/wp-admin/post.php?post=124&action=elementor" "Mozilla/5.0 (Windows NT 10.0; Win64; x64) AppleWebKit/537.36 (KHTML, like Gecko) Chrome/130.0.0.0 Safari/537.36"
191.80.137.183 - - [11/Nov/2024:17:30:45 +0000] "POST /wp-admin/admin-ajax.php HTTP/1.1" 200 604 "http://caldas.devuocloud.com/wp-admin/edit.php?post_type=page" "Mozilla/5.0 (Windows NT 10.0; Win64; x64) AppleWebKit/537.36 (KHTML, like Gecko) Chrome/130.0.0.0 Safari/537.36"
191.80.137.183 - - [11/Nov/2024:17:30:45 +0000] "POST /wp-admin/admin-ajax.php HTTP/1.1" 200 634 "http://caldas.devuocloud.com/wp-admin/post.php?post=124&action=elementor" "Mozilla/5.0 (Windows NT 10.0; Win64; x64) AppleWebKit/537.36 (KHTML, like Gecko) Chrome/130.0.0.0 Safari/537.36"
191.80.137.183 - - [11/Nov/2024:17:31:00 +0000] "POST /wp-admin/admin-ajax.php HTTP/1.1" 200 634 "http://caldas.devuocloud.com/wp-admin/post.php?post=124&action=elementor" "Mozilla/5.0 (Windows NT 10.0; Win64; x64) AppleWebKit/537.36 (KHTML, like Gecko) Chrome/130.0.0.0 Safari/537.36"
191.80.137.183 - - [11/Nov/2024:17:31:15 +0000] "POST /wp-admin/admin-ajax.php HTTP/1.1" 200 634 "http://caldas.devuocloud.com/wp-admin/post.php?post=124&action=elementor" "Mozilla/5.0 (Windows NT 10.0; Win64; x64) AppleWebKit/537.36 (KHTML, like Gecko) Chrome/130.0.0.0 Safari/537.36"
191.80.137.183 - - [11/Nov/2024:17:31:31 +0000] "POST /wp-admin/admin-ajax.php HTTP/1.1" 200 634 "http://caldas.devuocloud.com/wp-admin/post.php?post=124&action=elementor" "Mozilla/5.0 (Windows NT 10.0; Win64; x64) AppleWebKit/537.36 (KHTML, like Gecko) Chrome/130.0.0.0 Safari/537.36"
191.80.137.183 - - [11/Nov/2024:17:31:39 +0000] "POST /wp-admin/admin-ajax.php HTTP/1.1" 200 1267 "http://caldas.devuocloud.com/wp-admin/post.php?post=124&action=elementor" "Mozilla/5.0 (Windows NT 10.0; Win64; x64) AppleWebKit/537.36 (KHTML, like Gecko) Chrome/130.0.0.0 Safari/537.36"
201.219.70.221 - - [11/Nov/2024:17:31:44 +0000] "POST /wp-admin/admin-ajax.php HTTP/1.1" 200 604 "http://caldas.devuocloud.com/wp-admin/" "Mozilla/5.0 (Windows NT 10.0; Win64; x64) AppleWebKit/537.36 (KHTML, like Gecko) Chrome/130.0.0.0 Safari/537.36"
191.80.137.183 - - [11/Nov/2024:17:31:45 +0000] "POST /wp-admin/admin-ajax.php HTTP/1.1" 200 603 "http://caldas.devuocloud.com/wp-admin/edit.php?post_type=page" "Mozilla/5.0 (Windows NT 10.0; Win64; x64) AppleWebKit/537.36 (KHTML, like Gecko) Chrome/130.0.0.0 Safari/537.36"
191.80.137.183 - - [11/Nov/2024:17:31:46 +0000] "POST /wp-admin/admin-ajax.php HTTP/1.1" 200 633 "http://caldas.devuocloud.com/wp-admin/post.php?post=124&action=elementor" "Mozilla/5.0 (Windows NT 10.0; Win64; x64) AppleWebKit/537.36 (KHTML, like Gecko) Chrome/130.0.0.0 Safari/537.36"
191.80.137.183 - - [11/Nov/2024:17:32:01 +0000] "POST /wp-admin/admin-ajax.php HTTP/1.1" 200 604 "http://caldas.devuocloud.com/wp-admin/edit.php?post_type=page" "Mozilla/5.0 (Windows NT 10.0; Win64; x64) AppleWebKit/537.36 (KHTML, like Gecko) Chrome/130.0.0.0 Safari/537.36"
191.80.137.183 - - [11/Nov/2024:17:32:02 +0000] "POST /wp-admin/admin-ajax.php HTTP/1.1" 200 634 "http://caldas.devuocloud.com/wp-admin/post.php?post=124&action=elementor" "Mozilla/5.0 (Windows NT 10.0; Win64; x64) AppleWebKit/537.36 (KHTML, like Gecko) Chrome/130.0.0.0 Safari/537.36"
191.80.137.183 - - [11/Nov/2024:17:32:17 +0000] "POST /wp-admin/admin-ajax.php HTTP/1.1" 200 634 "http://caldas.devuocloud.com/wp-admin/post.php?post=124&action=elementor" "Mozilla/5.0 (Windows NT 10.0; Win64; x64) AppleWebKit/537.36 (KHTML, like Gecko) Chrome/130.0.0.0 Safari/537.36"
191.80.137.183 - - [11/Nov/2024:17:32:32 +0000] "POST /wp-admin/admin-ajax.php HTTP/1.1" 200 634 "http://caldas.devuocloud.com/wp-admin/post.php?post=124&action=elementor" "Mozilla/5.0 (Windows NT 10.0; Win64; x64) AppleWebKit/537.36 (KHTML, like Gecko) Chrome/130.0.0.0 Safari/537.36"
191.80.137.183 - - [11/Nov/2024:17:33:27 +0000] "POST /wp-admin/admin-ajax.php HTTP/1.1" 200 634 "http://caldas.devuocloud.com/wp-admin/post.php?post=124&action=elementor" "Mozilla/5.0 (Windows NT 10.0; Win64; x64) AppleWebKit/537.36 (KHTML, like Gecko) Chrome/130.0.0.0 Safari/537.36"
191.80.137.183 - - [11/Nov/2024:17:33:40 +0000] "POST /wp-admin/admin-ajax.php HTTP/1.1" 200 604 "http://caldas.devuocloud.com/wp-admin/edit.php?post_type=page" "Mozilla/5.0 (Windows NT 10.0; Win64; x64) AppleWebKit/537.36 (KHTML, like Gecko) Chrome/130.0.0.0 Safari/537.36"
191.80.137.183 - - [11/Nov/2024:17:33:42 +0000] "POST /wp-admin/admin-ajax.php HTTP/1.1" 200 633 "http://caldas.devuocloud.com/wp-admin/post.php?post=124&action=elementor" "Mozilla/5.0 (Windows NT 10.0; Win64; x64) AppleWebKit/537.36 (KHTML, like Gecko) Chrome/130.0.0.0 Safari/537.36"
191.80.137.183 - - [11/Nov/2024:17:33:43 +0000] "POST /wp-admin/admin-ajax.php HTTP/1.1" 200 2260 "http://caldas.devuocloud.com/wp-admin/post.php?post=124&action=elementor" "Mozilla/5.0 (Windows NT 10.0; Win64; x64) AppleWebKit/537.36 (KHTML, like Gecko) Chrome/130.0.0.0 Safari/537.36"
191.80.137.183 - - [11/Nov/2024:17:33:43 +0000] "POST /wp-admin/admin-ajax.php HTTP/1.1" 200 2388 "http://caldas.devuocloud.com/wp-admin/post.php?post=124&action=elementor" "Mozilla/5.0 (Windows NT 10.0; Win64; x64) AppleWebKit/537.36 (KHTML, like Gecko) Chrome/130.0.0.0 Safari/537.36"
191.80.137.183 - - [11/Nov/2024:17:33:43 +0000] "POST /wp-admin/admin-ajax.php HTTP/1.1" 200 817 "http://caldas.devuocloud.com/wp-admin/post.php?post=124&action=elementor" "Mozilla/5.0 (Windows NT 10.0; Win64; x64) AppleWebKit/537.36 (KHTML, like Gecko) Chrome/130.0.0.0 Safari/537.36"
191.80.137.183 - - [11/Nov/2024:17:33:44 +0000] "POST /wp-admin/admin-ajax.php HTTP/1.1" 200 132863 "http://caldas.devuocloud.com/wp-admin/post.php?post=124&action=elementor" "Mozilla/5.0 (Windows NT 10.0; Win64; x64) AppleWebKit/537.36 (KHTML, like Gecko) Chrome/130.0.0.0 Safari/537.36"
191.80.137.183 - - [11/Nov/2024:17:33:44 +0000] "POST /wp-admin/admin-ajax.php HTTP/1.1" 200 132977 "http://caldas.devuocloud.com/wp-admin/post.php?post=124&action=elementor" "Mozilla/5.0 (Windows NT 10.0; Win64; x64) AppleWebKit/537.36 (KHTML, like Gecko) Chrome/130.0.0.0 Safari/537.36"
201.219.70.221 - - [11/Nov/2024:17:33:45 +0000] "POST /wp-admin/admin-ajax.php HTTP/1.1" 200 604 "http://caldas.devuocloud.com/wp-admin/" "Mozilla/5.0 (Windows NT 10.0; Win64; x64) AppleWebKit/537.36 (KHTML, like Gecko) Chrome/130.0.0.0 Safari/537.36"
191.80.137.183 - - [11/Nov/2024:17:33:49 +0000] "POST /wp-admin/admin-ajax.php HTTP/1.1" 200 2387 "http://caldas.devuocloud.com/wp-admin/post.php?post=124&action=elementor" "Mozilla/5.0 (Windows NT 10.0; Win64; x64) AppleWebKit/537.36 (KHTML, like Gecko) Chrome/130.0.0.0 Safari/537.36"
191.80.137.183 - - [11/Nov/2024:17:33:49 +0000] "POST /wp-admin/admin-ajax.php HTTP/1.1" 200 2387 "http://caldas.devuocloud.com/wp-admin/post.php?post=124&action=elementor" "Mozilla/5.0 (Windows NT 10.0; Win64; x64) AppleWebKit/537.36 (KHTML, like Gecko) Chrome/130.0.0.0 Safari/537.36"
191.80.137.183 - - [11/Nov/2024:17:33:49 +0000] "POST /wp-admin/admin-ajax.php HTTP/1.1" 200 2223 "http://caldas.devuocloud.com/wp-admin/post.php?post=124&action=elementor" "Mozilla/5.0 (Windows NT 10.0; Win64; x64) AppleWebKit/537.36 (KHTML, like Gecko) Chrome/130.0.0.0 Safari/537.36"
191.80.137.183 - - [11/Nov/2024:17:33:49 +0000] "GET /wp-content/uploads/2024/11/sea-591024_1920.jpg HTTP/1.1" 200 991218 "http://caldas.devuocloud.com/wp-admin/post.php?post=124&action=elementor" "Mozilla/5.0 (Windows NT 10.0; Win64; x64) AppleWebKit/537.36 (KHTML, like Gecko) Chrome/130.0.0.0 Safari/537.36"
191.80.137.183 - - [11/Nov/2024:17:33:52 +0000] "POST /wp-admin/admin-ajax.php HTTP/1.1" 200 1392 "http://caldas.devuocloud.com/wp-admin/post.php?post=124&action=elementor" "Mozilla/5.0 (Windows NT 10.0; Win64; x64) AppleWebKit/537.36 (KHTML, like Gecko) Chrome/130.0.0.0 Safari/537.36"
191.80.137.183 - - [11/Nov/2024:17:33:56 +0000] "GET /contacto HTTP/1.1" 301 405 "-" "Mozilla/5.0 (Windows NT 10.0; Win64; x64) AppleWebKit/537.36 (KHTML, like Gecko) Chrome/130.0.0.0 Safari/537.36"
191.80.137.183 - - [11/Nov/2024:17:33:57 +0000] "POST /wp-admin/admin-ajax.php HTTP/1.1" 200 633 "http://caldas.devuocloud.com/wp-admin/post.php?post=124&action=elementor" "Mozilla/5.0 (Windows NT 10.0; Win64; x64) AppleWebKit/537.36 (KHTML, like Gecko) Chrome/130.0.0.0 Safari/537.36"
191.80.137.183 - - [11/Nov/2024:17:34:12 +0000] "POST /wp-admin/admin-ajax.php HTTP/1.1" 200 634 "http://caldas.devuocloud.com/wp-admin/post.php?post=124&action=elementor" "Mozilla/5.0 (Windows NT 10.0; Win64; x64) AppleWebKit/537.36 (KHTML, like Gecko) Chrome/130.0.0.0 Safari/537.36"
191.80.137.183 - - [11/Nov/2024:17:34:17 +0000] "POST /wp-admin/admin-ajax.php HTTP/1.1" 200 1241 "http://caldas.devuocloud.com/wp-admin/post.php?post=124&action=elementor" "Mozilla/5.0 (Windows NT 10.0; Win64; x64) AppleWebKit/537.36 (KHTML, like Gecko) Chrome/130.0.0.0 Safari/537.36"
191.80.137.183 - - [11/Nov/2024:17:34:19 +0000] "POST /wp-admin/admin-ajax.php HTTP/1.1" 200 595 "http://caldas.devuocloud.com/wp-admin/post.php?post=124&action=elementor" "Mozilla/5.0 (Windows NT 10.0; Win64; x64) AppleWebKit/537.36 (KHTML, like Gecko) Chrome/130.0.0.0 Safari/537.36"
191.80.137.183 - - [11/Nov/2024:17:34:27 +0000] "POST /wp-admin/admin-ajax.php HTTP/1.1" 200 634 "http://caldas.devuocloud.com/wp-admin/post.php?post=124&action=elementor" "Mozilla/5.0 (Windows NT 10.0; Win64; x64) AppleWebKit/537.36 (KHTML, like Gecko) Chrome/130.0.0.0 Safari/537.36"
191.80.137.183 - - [11/Nov/2024:17:34:57 +0000] "POST /wp-admin/admin-ajax.php HTTP/1.1" 200 604 "http://caldas.devuocloud.com/wp-admin/edit.php?post_type=page" "Mozilla/5.0 (Windows NT 10.0; Win64; x64) AppleWebKit/537.36 (KHTML, like Gecko) Chrome/130.0.0.0 Safari/537.36"
191.80.137.183 - - [11/Nov/2024:17:35:00 +0000] "POST /wp-admin/admin-ajax.php HTTP/1.1" 200 633 "http://caldas.devuocloud.com/wp-admin/post.php?post=124&action=elementor" "Mozilla/5.0 (Windows NT 10.0; Win64; x64) AppleWebKit/537.36 (KHTML, like Gecko) Chrome/130.0.0.0 Safari/537.36"
191.80.137.183 - - [11/Nov/2024:17:35:12 +0000] "POST /wp-admin/admin-ajax.php HTTP/1.1" 200 604 "http://caldas.devuocloud.com/wp-admin/edit.php?post_type=page" "Mozilla/5.0 (Windows NT 10.0; Win64; x64) AppleWebKit/537.36 (KHTML, like Gecko) Chrome/130.0.0.0 Safari/537.36"
191.80.137.183 - - [11/Nov/2024:17:35:15 +0000] "POST /wp-admin/admin-ajax.php HTTP/1.1" 200 633 "http://caldas.devuocloud.com/wp-admin/post.php?post=124&action=elementor" "Mozilla/5.0 (Windows NT 10.0; Win64; x64) AppleWebKit/537.36 (KHTML, like Gecko) Chrome/130.0.0.0 Safari/537.36"
191.80.137.183 - - [11/Nov/2024:17:35:33 +0000] "POST /wp-admin/admin-ajax.php HTTP/1.1" 200 634 "http://caldas.devuocloud.com/wp-admin/post.php?post=124&action=elementor" "Mozilla/5.0 (Windows NT 10.0; Win64; x64) AppleWebKit/537.36 (KHTML, like Gecko) Chrome/130.0.0.0 Safari/537.36"
201.219.70.221 - - [11/Nov/2024:17:35:46 +0000] "POST /wp-admin/admin-ajax.php HTTP/1.1" 200 604 "http://caldas.devuocloud.com/wp-admin/" "Mozilla/5.0 (Windows NT 10.0; Win64; x64) AppleWebKit/537.36 (KHTML, like Gecko) Chrome/130.0.0.0 Safari/537.36"
191.80.137.183 - - [11/Nov/2024:17:35:48 +0000] "POST /wp-admin/admin-ajax.php HTTP/1.1" 200 634 "http://caldas.devuocloud.com/wp-admin/post.php?post=124&action=elementor" "Mozilla/5.0 (Windows NT 10.0; Win64; x64) AppleWebKit/537.36 (KHTML, like Gecko) Chrome/130.0.0.0 Safari/537.36"
191.80.137.183 - - [11/Nov/2024:17:35:59 +0000] "POST /wp-admin/admin-ajax.php HTTP/1.1" 200 860 "http://caldas.devuocloud.com/wp-admin/post.php?post=124&action=elementor" "Mozilla/5.0 (Windows NT 10.0; Win64; x64) AppleWebKit/537.36 (KHTML, like Gecko) Chrome/130.0.0.0 Safari/537.36"
191.80.137.183 - - [11/Nov/2024:17:36:03 +0000] "POST /wp-admin/admin-ajax.php HTTP/1.1" 200 633 "http://caldas.devuocloud.com/wp-admin/post.php?post=124&action=elementor" "Mozilla/5.0 (Windows NT 10.0; Win64; x64) AppleWebKit/537.36 (KHTML, like Gecko) Chrome/130.0.0.0 Safari/537.36"
191.80.137.183 - - [11/Nov/2024:17:36:08 +0000] "POST /wp-admin/admin-ajax.php HTTP/1.1" 200 832 "http://caldas.devuocloud.com/wp-admin/post.php?post=124&action=elementor" "Mozilla/5.0 (Windows NT 10.0; Win64; x64) AppleWebKit/537.36 (KHTML, like Gecko) Chrome/130.0.0.0 Safari/537.36"
191.80.137.183 - - [11/Nov/2024:17:36:16 +0000] "POST /wp-admin/admin-ajax.php HTTP/1.1" 200 844 "http://caldas.devuocloud.com/wp-admin/post.php?post=124&action=elementor" "Mozilla/5.0 (Windows NT 10.0; Win64; x64) AppleWebKit/537.36 (KHTML, like Gecko) Chrome/130.0.0.0 Safari/537.36"
191.80.137.183 - - [11/Nov/2024:17:36:18 +0000] "POST /wp-admin/admin-ajax.php HTTP/1.1" 200 633 "http://caldas.devuocloud.com/wp-admin/post.php?post=124&action=elementor" "Mozilla/5.0 (Windows NT 10.0; Win64; x64) AppleWebKit/537.36 (KHTML, like Gecko) Chrome/130.0.0.0 Safari/537.36"
191.80.137.183 - - [11/Nov/2024:17:36:34 +0000] "POST /wp-admin/admin-ajax.php HTTP/1.1" 200 634 "http://caldas.devuocloud.com/wp-admin/post.php?post=124&action=elementor" "Mozilla/5.0 (Windows NT 10.0; Win64; x64) AppleWebKit/537.36 (KHTML, like Gecko) Chrome/130.0.0.0 Safari/537.36"
191.80.137.183 - - [11/Nov/2024:17:37:13 +0000] "POST /wp-admin/admin-ajax.php HTTP/1.1" 200 604 "http://caldas.devuocloud.com/wp-admin/edit.php?post_type=page" "Mozilla/5.0 (Windows NT 10.0; Win64; x64) AppleWebKit/537.36 (KHTML, like Gecko) Chrome/130.0.0.0 Safari/537.36"
191.80.137.183 - - [11/Nov/2024:17:37:26 +0000] "POST /wp-admin/admin-ajax.php HTTP/1.1" 200 1265 "http://caldas.devuocloud.com/wp-admin/post.php?post=124&action=elementor" "Mozilla/5.0 (Windows NT 10.0; Win64; x64) AppleWebKit/537.36 (KHTML, like Gecko) Chrome/130.0.0.0 Safari/537.36"
201.219.70.221 - - [11/Nov/2024:17:37:47 +0000] "POST /wp-admin/admin-ajax.php HTTP/1.1" 200 604 "http://caldas.devuocloud.com/wp-admin/" "Mozilla/5.0 (Windows NT 10.0; Win64; x64) AppleWebKit/537.36 (KHTML, like Gecko) Chrome/130.0.0.0 Safari/537.36"
191.80.137.183 - - [11/Nov/2024:17:38:35 +0000] "POST /wp-admin/admin-ajax.php HTTP/1.1" 200 634 "http://caldas.devuocloud.com/wp-admin/post.php?post=124&action=elementor" "Mozilla/5.0 (Windows NT 10.0; Win64; x64) AppleWebKit/537.36 (KHTML, like Gecko) Chrome/130.0.0.0 Safari/537.36"
191.80.137.183 - - [11/Nov/2024:17:38:45 +0000] "POST /wp-admin/admin-ajax.php HTTP/1.1" 200 604 "http://caldas.devuocloud.com/wp-admin/edit.php?post_type=page" "Mozilla/5.0 (Windows NT 10.0; Win64; x64) AppleWebKit/537.36 (KHTML, like Gecko) Chrome/130.0.0.0 Safari/537.36"
191.80.137.183 - - [11/Nov/2024:17:39:00 +0000] "POST /wp-admin/admin-ajax.php HTTP/1.1" 200 604 "http://caldas.devuocloud.com/wp-admin/edit.php?post_type=page" "Mozilla/5.0 (Windows NT 10.0; Win64; x64) AppleWebKit/537.36 (KHTML, like Gecko) Chrome/130.0.0.0 Safari/537.36"
191.80.137.183 - - [11/Nov/2024:17:39:15 +0000] "POST /wp-admin/admin-ajax.php HTTP/1.1" 200 604 "http://caldas.devuocloud.com/wp-admin/edit.php?post_type=page" "Mozilla/5.0 (Windows NT 10.0; Win64; x64) AppleWebKit/537.36 (KHTML, like Gecko) Chrome/130.0.0.0 Safari/537.36"
201.219.70.221 - - [11/Nov/2024:17:39:48 +0000] "POST /wp-admin/admin-ajax.php HTTP/1.1" 200 604 "http://caldas.devuocloud.com/wp-admin/" "Mozilla/5.0 (Windows NT 10.0; Win64; x64) AppleWebKit/537.36 (KHTML, like Gecko) Chrome/130.0.0.0 Safari/537.36"
191.80.137.183 - - [11/Nov/2024:17:39:56 +0000] "POST /wp-admin/admin-ajax.php HTTP/1.1" 200 604 "http://caldas.devuocloud.com/wp-admin/edit.php?post_type=page" "Mozilla/5.0 (Windows NT 10.0; Win64; x64) AppleWebKit/537.36 (KHTML, like Gecko) Chrome/130.0.0.0 Safari/537.36"
191.80.137.183 - - [11/Nov/2024:17:39:58 +0000] "POST /wp-admin/admin-ajax.php HTTP/1.1" 200 633 "http://caldas.devuocloud.com/wp-admin/post.php?post=124&action=elementor" "Mozilla/5.0 (Windows NT 10.0; Win64; x64) AppleWebKit/537.36 (KHTML, like Gecko) Chrome/130.0.0.0 Safari/537.36"
191.80.137.183 - - [11/Nov/2024:17:40:11 +0000] "POST /wp-admin/admin-ajax.php HTTP/1.1" 200 604 "http://caldas.devuocloud.com/wp-admin/edit.php?post_type=page" "Mozilla/5.0 (Windows NT 10.0; Win64; x64) AppleWebKit/537.36 (KHTML, like Gecko) Chrome/130.0.0.0 Safari/537.36"
191.80.137.183 - - [11/Nov/2024:17:40:13 +0000] "POST /wp-admin/admin-ajax.php HTTP/1.1" 200 633 "http://caldas.devuocloud.com/wp-admin/post.php?post=124&action=elementor" "Mozilla/5.0 (Windows NT 10.0; Win64; x64) AppleWebKit/537.36 (KHTML, like Gecko) Chrome/130.0.0.0 Safari/537.36"
191.80.137.183 - - [11/Nov/2024:17:40:28 +0000] "POST /wp-admin/admin-ajax.php HTTP/1.1" 200 634 "http://caldas.devuocloud.com/wp-admin/post.php?post=124&action=elementor" "Mozilla/5.0 (Windows NT 10.0; Win64; x64) AppleWebKit/537.36 (KHTML, like Gecko) Chrome/130.0.0.0 Safari/537.36"
191.80.137.183 - - [11/Nov/2024:17:40:43 +0000] "POST /wp-admin/admin-ajax.php HTTP/1.1" 200 634 "http://caldas.devuocloud.com/wp-admin/post.php?post=124&action=elementor" "Mozilla/5.0 (Windows NT 10.0; Win64; x64) AppleWebKit/537.36 (KHTML, like Gecko) Chrome/130.0.0.0 Safari/537.36"
191.80.137.183 - - [11/Nov/2024:17:40:45 +0000] "POST /wp-admin/admin-ajax.php HTTP/1.1" 200 2223 "http://caldas.devuocloud.com/wp-admin/post.php?post=124&action=elementor" "Mozilla/5.0 (Windows NT 10.0; Win64; x64) AppleWebKit/537.36 (KHTML, like Gecko) Chrome/130.0.0.0 Safari/537.36"
191.80.137.183 - - [11/Nov/2024:17:40:45 +0000] "POST /wp-admin/admin-ajax.php HTTP/1.1" 200 2388 "http://caldas.devuocloud.com/wp-admin/post.php?post=124&action=elementor" "Mozilla/5.0 (Windows NT 10.0; Win64; x64) AppleWebKit/537.36 (KHTML, like Gecko) Chrome/130.0.0.0 Safari/537.36"
191.80.137.183 - - [11/Nov/2024:17:40:58 +0000] "POST /wp-admin/admin-ajax.php HTTP/1.1" 200 634 "http://caldas.devuocloud.com/wp-admin/post.php?post=124&action=elementor" "Mozilla/5.0 (Windows NT 10.0; Win64; x64) AppleWebKit/537.36 (KHTML, like Gecko) Chrome/130.0.0.0 Safari/537.36"
191.80.137.183 - - [11/Nov/2024:17:41:15 +0000] "POST /wp-admin/admin-ajax.php HTTP/1.1" 200 634 "http://caldas.devuocloud.com/wp-admin/post.php?post=124&action=elementor" "Mozilla/5.0 (Windows NT 10.0; Win64; x64) AppleWebKit/537.36 (KHTML, like Gecko) Chrome/130.0.0.0 Safari/537.36"
191.80.137.183 - - [11/Nov/2024:17:41:28 +0000] "POST /wp-admin/admin-ajax.php HTTP/1.1" 200 634 "http://caldas.devuocloud.com/wp-admin/post.php?post=124&action=elementor" "Mozilla/5.0 (Windows NT 10.0; Win64; x64) AppleWebKit/537.36 (KHTML, like Gecko) Chrome/130.0.0.0 Safari/537.36"
191.80.137.183 - - [11/Nov/2024:17:41:28 +0000] "GET /wp-content/plugins/wordpress-seo/css/dist/inside-editor-2380.css?wp-mce-49110-20201110 HTTP/1.1" 200 423 "http://caldas.devuocloud.com/wp-admin/post.php?post=124&action=elementor" "Mozilla/5.0 (Windows NT 10.0; Win64; x64) AppleWebKit/537.36 (KHTML, like Gecko) Chrome/130.0.0.0 Safari/537.36"
191.80.137.183 - - [11/Nov/2024:17:41:28 +0000] "GET /wp-content/themes/hello-elementor/classic-editor.css?wp-mce-49110-20201110 HTTP/1.1" 200 712 "http://caldas.devuocloud.com/wp-admin/post.php?post=124&action=elementor" "Mozilla/5.0 (Windows NT 10.0; Win64; x64) AppleWebKit/537.36 (KHTML, like Gecko) Chrome/130.0.0.0 Safari/537.36"
191.80.137.183 - - [11/Nov/2024:17:41:43 +0000] "POST /wp-admin/admin-ajax.php HTTP/1.1" 200 634 "http://caldas.devuocloud.com/wp-admin/post.php?post=124&action=elementor" "Mozilla/5.0 (Windows NT 10.0; Win64; x64) AppleWebKit/537.36 (KHTML, like Gecko) Chrome/130.0.0.0 Safari/537.36"
201.219.70.221 - - [11/Nov/2024:17:41:49 +0000] "POST /wp-admin/admin-ajax.php HTTP/1.1" 200 604 "http://caldas.devuocloud.com/wp-admin/" "Mozilla/5.0 (Windows NT 10.0; Win64; x64) AppleWebKit/537.36 (KHTML, like Gecko) Chrome/130.0.0.0 Safari/537.36"
191.80.137.183 - - [11/Nov/2024:17:41:58 +0000] "POST /wp-admin/admin-ajax.php HTTP/1.1" 200 634 "http://caldas.devuocloud.com/wp-admin/post.php?post=124&action=elementor" "Mozilla/5.0 (Windows NT 10.0; Win64; x64) AppleWebKit/537.36 (KHTML, like Gecko) Chrome/130.0.0.0 Safari/537.36"
191.80.137.183 - - [11/Nov/2024:17:42:13 +0000] "POST /wp-admin/admin-ajax.php HTTP/1.1" 200 604 "http://caldas.devuocloud.com/wp-admin/edit.php?post_type=page" "Mozilla/5.0 (Windows NT 10.0; Win64; x64) AppleWebKit/537.36 (KHTML, like Gecko) Chrome/130.0.0.0 Safari/537.36"
191.80.137.183 - - [11/Nov/2024:17:42:13 +0000] "POST /wp-admin/admin-ajax.php HTTP/1.1" 200 633 "http://caldas.devuocloud.com/wp-admin/post.php?post=124&action=elementor" "Mozilla/5.0 (Windows NT 10.0; Win64; x64) AppleWebKit/537.36 (KHTML, like Gecko) Chrome/130.0.0.0 Safari/537.36"
191.80.137.183 - - [11/Nov/2024:17:42:28 +0000] "POST /wp-admin/admin-ajax.php HTTP/1.1" 200 634 "http://caldas.devuocloud.com/wp-admin/post.php?post=124&action=elementor" "Mozilla/5.0 (Windows NT 10.0; Win64; x64) AppleWebKit/537.36 (KHTML, like Gecko) Chrome/130.0.0.0 Safari/537.36"
191.80.137.183 - - [11/Nov/2024:17:42:43 +0000] "POST /wp-admin/admin-ajax.php HTTP/1.1" 200 634 "http://caldas.devuocloud.com/wp-admin/post.php?post=124&action=elementor" "Mozilla/5.0 (Windows NT 10.0; Win64; x64) AppleWebKit/537.36 (KHTML, like Gecko) Chrome/130.0.0.0 Safari/537.36"
191.80.137.183 - - [11/Nov/2024:17:43:34 +0000] "POST /wp-admin/admin-ajax.php HTTP/1.1" 200 1267 "http://caldas.devuocloud.com/wp-admin/post.php?post=124&action=elementor" "Mozilla/5.0 (Windows NT 10.0; Win64; x64) AppleWebKit/537.36 (KHTML, like Gecko) Chrome/130.0.0.0 Safari/537.36"
201.219.70.221 - - [11/Nov/2024:17:55:56 +0000] "POST /wp-admin/admin-ajax.php HTTP/1.1" 200 604 "http://caldas.devuocloud.com/wp-admin/" "Mozilla/5.0 (Windows NT 10.0; Win64; x64) AppleWebKit/537.36 (KHTML, like Gecko) Chrome/130.0.0.0 Safari/537.36"
191.80.137.183 - - [11/Nov/2024:17:55:55 +0000] "POST /wp-admin/admin-ajax.php HTTP/1.1" 200 634 "http://caldas.devuocloud.com/wp-admin/post.php?post=124&action=elementor" "Mozilla/5.0 (Windows NT 10.0; Win64; x64) AppleWebKit/537.36 (KHTML, like Gecko) Chrome/130.0.0.0 Safari/537.36"
191.80.137.183 - - [11/Nov/2024:17:57:41 +0000] "POST /wp-admin/admin-ajax.php HTTP/1.1" 200 634 "http://caldas.devuocloud.com/wp-admin/post.php?post=124&action=elementor" "Mozilla/5.0 (Windows NT 10.0; Win64; x64) AppleWebKit/537.36 (KHTML, like Gecko) Chrome/130.0.0.0 Safari/537.36"
191.80.137.183 - - [11/Nov/2024:17:57:56 +0000] "POST /wp-admin/admin-ajax.php HTTP/1.1" 200 634 "http://caldas.devuocloud.com/wp-admin/post.php?post=124&action=elementor" "Mozilla/5.0 (Windows NT 10.0; Win64; x64) AppleWebKit/537.36 (KHTML, like Gecko) Chrome/130.0.0.0 Safari/537.36"
201.219.70.221 - - [11/Nov/2024:17:57:57 +0000] "POST /wp-admin/admin-ajax.php HTTP/1.1" 200 604 "http://caldas.devuocloud.com/wp-admin/" "Mozilla/5.0 (Windows NT 10.0; Win64; x64) AppleWebKit/537.36 (KHTML, like Gecko) Chrome/130.0.0.0 Safari/537.36"
191.80.137.183 - - [11/Nov/2024:17:58:11 +0000] "POST /wp-admin/admin-ajax.php HTTP/1.1" 200 634 "http://caldas.devuocloud.com/wp-admin/post.php?post=124&action=elementor" "Mozilla/5.0 (Windows NT 10.0; Win64; x64) AppleWebKit/537.36 (KHTML, like Gecko) Chrome/130.0.0.0 Safari/537.36"
191.80.137.183 - - [11/Nov/2024:17:58:26 +0000] "POST /wp-admin/admin-ajax.php HTTP/1.1" 200 634 "http://caldas.devuocloud.com/wp-admin/post.php?post=124&action=elementor" "Mozilla/5.0 (Windows NT 10.0; Win64; x64) AppleWebKit/537.36 (KHTML, like Gecko) Chrome/130.0.0.0 Safari/537.36"
191.80.137.183 - - [11/Nov/2024:17:58:41 +0000] "POST /wp-admin/admin-ajax.php HTTP/1.1" 200 634 "http://caldas.devuocloud.com/wp-admin/post.php?post=124&action=elementor" "Mozilla/5.0 (Windows NT 10.0; Win64; x64) AppleWebKit/537.36 (KHTML, like Gecko) Chrome/130.0.0.0 Safari/537.36"
191.80.137.183 - - [11/Nov/2024:17:58:56 +0000] "POST /wp-admin/admin-ajax.php HTTP/1.1" 200 634 "http://caldas.devuocloud.com/wp-admin/post.php?post=124&action=elementor" "Mozilla/5.0 (Windows NT 10.0; Win64; x64) AppleWebKit/537.36 (KHTML, like Gecko) Chrome/130.0.0.0 Safari/537.36"
191.80.137.183 - - [11/Nov/2024:17:59:11 +0000] "POST /wp-admin/admin-ajax.php HTTP/1.1" 200 634 "http://caldas.devuocloud.com/wp-admin/post.php?post=124&action=elementor" "Mozilla/5.0 (Windows NT 10.0; Win64; x64) AppleWebKit/537.36 (KHTML, like Gecko) Chrome/130.0.0.0 Safari/537.36"
191.80.137.183 - - [11/Nov/2024:17:59:26 +0000] "POST /wp-admin/admin-ajax.php HTTP/1.1" 200 634 "http://caldas.devuocloud.com/wp-admin/post.php?post=124&action=elementor" "Mozilla/5.0 (Windows NT 10.0; Win64; x64) AppleWebKit/537.36 (KHTML, like Gecko) Chrome/130.0.0.0 Safari/537.36"
191.80.137.183 - - [11/Nov/2024:17:59:41 +0000] "POST /wp-admin/admin-ajax.php HTTP/1.1" 200 634 "http://caldas.devuocloud.com/wp-admin/post.php?post=124&action=elementor" "Mozilla/5.0 (Windows NT 10.0; Win64; x64) AppleWebKit/537.36 (KHTML, like Gecko) Chrome/130.0.0.0 Safari/537.36"
191.80.137.183 - - [11/Nov/2024:17:59:56 +0000] "POST /wp-admin/admin-ajax.php HTTP/1.1" 200 634 "http://caldas.devuocloud.com/wp-admin/post.php?post=124&action=elementor" "Mozilla/5.0 (Windows NT 10.0; Win64; x64) AppleWebKit/537.36 (KHTML, like Gecko) Chrome/130.0.0.0 Safari/537.36"
201.219.70.221 - - [11/Nov/2024:17:59:58 +0000] "POST /wp-admin/admin-ajax.php HTTP/1.1" 200 604 "http://caldas.devuocloud.com/wp-admin/" "Mozilla/5.0 (Windows NT 10.0; Win64; x64) AppleWebKit/537.36 (KHTML, like Gecko) Chrome/130.0.0.0 Safari/537.36"
191.80.137.183 - - [11/Nov/2024:18:00:11 +0000] "POST /wp-admin/admin-ajax.php HTTP/1.1" 200 634 "http://caldas.devuocloud.com/wp-admin/post.php?post=124&action=elementor" "Mozilla/5.0 (Windows NT 10.0; Win64; x64) AppleWebKit/537.36 (KHTML, like Gecko) Chrome/130.0.0.0 Safari/537.36"
191.80.137.183 - - [11/Nov/2024:18:00:26 +0000] "POST /wp-admin/admin-ajax.php HTTP/1.1" 200 634 "http://caldas.devuocloud.com/wp-admin/post.php?post=124&action=elementor" "Mozilla/5.0 (Windows NT 10.0; Win64; x64) AppleWebKit/537.36 (KHTML, like Gecko) Chrome/130.0.0.0 Safari/537.36"
191.80.137.183 - - [11/Nov/2024:18:00:41 +0000] "POST /wp-admin/admin-ajax.php HTTP/1.1" 200 634 "http://caldas.devuocloud.com/wp-admin/post.php?post=124&action=elementor" "Mozilla/5.0 (Windows NT 10.0; Win64; x64) AppleWebKit/537.36 (KHTML, like Gecko) Chrome/130.0.0.0 Safari/537.36"
191.80.137.183 - - [11/Nov/2024:18:00:56 +0000] "POST /wp-admin/admin-ajax.php HTTP/1.1" 200 634 "http://caldas.devuocloud.com/wp-admin/post.php?post=124&action=elementor" "Mozilla/5.0 (Windows NT 10.0; Win64; x64) AppleWebKit/537.36 (KHTML, like Gecko) Chrome/130.0.0.0 Safari/537.36"
191.80.137.183 - - [11/Nov/2024:18:01:11 +0000] "POST /wp-admin/admin-ajax.php HTTP/1.1" 200 634 "http://caldas.devuocloud.com/wp-admin/post.php?post=124&action=elementor" "Mozilla/5.0 (Windows NT 10.0; Win64; x64) AppleWebKit/537.36 (KHTML, like Gecko) Chrome/130.0.0.0 Safari/537.36"
191.80.137.183 - - [11/Nov/2024:18:01:26 +0000] "POST /wp-admin/admin-ajax.php HTTP/1.1" 200 634 "http://caldas.devuocloud.com/wp-admin/post.php?post=124&action=elementor" "Mozilla/5.0 (Windows NT 10.0; Win64; x64) AppleWebKit/537.36 (KHTML, like Gecko) Chrome/130.0.0.0 Safari/537.36"
191.80.137.183 - - [11/Nov/2024:18:01:41 +0000] "POST /wp-admin/admin-ajax.php HTTP/1.1" 200 634 "http://caldas.devuocloud.com/wp-admin/post.php?post=124&action=elementor" "Mozilla/5.0 (Windows NT 10.0; Win64; x64) AppleWebKit/537.36 (KHTML, like Gecko) Chrome/130.0.0.0 Safari/537.36"
191.80.137.183 - - [11/Nov/2024:18:01:56 +0000] "POST /wp-admin/admin-ajax.php HTTP/1.1" 200 634 "http://caldas.devuocloud.com/wp-admin/post.php?post=124&action=elementor" "Mozilla/5.0 (Windows NT 10.0; Win64; x64) AppleWebKit/537.36 (KHTML, like Gecko) Chrome/130.0.0.0 Safari/537.36"
201.219.70.221 - - [11/Nov/2024:18:01:59 +0000] "POST /wp-admin/admin-ajax.php HTTP/1.1" 200 604 "http://caldas.devuocloud.com/wp-admin/" "Mozilla/5.0 (Windows NT 10.0; Win64; x64) AppleWebKit/537.36 (KHTML, like Gecko) Chrome/130.0.0.0 Safari/537.36"
191.80.137.183 - - [11/Nov/2024:18:02:11 +0000] "POST /wp-admin/admin-ajax.php HTTP/1.1" 200 634 "http://caldas.devuocloud.com/wp-admin/post.php?post=124&action=elementor" "Mozilla/5.0 (Windows NT 10.0; Win64; x64) AppleWebKit/537.36 (KHTML, like Gecko) Chrome/130.0.0.0 Safari/537.36"
191.80.137.183 - - [11/Nov/2024:18:02:26 +0000] "POST /wp-admin/admin-ajax.php HTTP/1.1" 200 634 "http://caldas.devuocloud.com/wp-admin/post.php?post=124&action=elementor" "Mozilla/5.0 (Windows NT 10.0; Win64; x64) AppleWebKit/537.36 (KHTML, like Gecko) Chrome/130.0.0.0 Safari/537.36"
191.80.137.183 - - [11/Nov/2024:18:02:41 +0000] "POST /wp-admin/admin-ajax.php HTTP/1.1" 200 634 "http://caldas.devuocloud.com/wp-admin/post.php?post=124&action=elementor" "Mozilla/5.0 (Windows NT 10.0; Win64; x64) AppleWebKit/537.36 (KHTML, like Gecko) Chrome/130.0.0.0 Safari/537.36"
191.80.137.183 - - [11/Nov/2024:18:02:56 +0000] "POST /wp-admin/admin-ajax.php HTTP/1.1" 200 634 "http://caldas.devuocloud.com/wp-admin/post.php?post=124&action=elementor" "Mozilla/5.0 (Windows NT 10.0; Win64; x64) AppleWebKit/537.36 (KHTML, like Gecko) Chrome/130.0.0.0 Safari/537.36"
191.80.137.183 - - [11/Nov/2024:18:03:11 +0000] "POST /wp-admin/admin-ajax.php HTTP/1.1" 200 634 "http://caldas.devuocloud.com/wp-admin/post.php?post=124&action=elementor" "Mozilla/5.0 (Windows NT 10.0; Win64; x64) AppleWebKit/537.36 (KHTML, like Gecko) Chrome/130.0.0.0 Safari/537.36"
191.80.137.183 - - [11/Nov/2024:18:03:26 +0000] "POST /wp-admin/admin-ajax.php HTTP/1.1" 200 634 "http://caldas.devuocloud.com/wp-admin/post.php?post=124&action=elementor" "Mozilla/5.0 (Windows NT 10.0; Win64; x64) AppleWebKit/537.36 (KHTML, like Gecko) Chrome/130.0.0.0 Safari/537.36"
191.80.137.183 - - [11/Nov/2024:18:03:41 +0000] "POST /wp-admin/admin-ajax.php HTTP/1.1" 200 634 "http://caldas.devuocloud.com/wp-admin/post.php?post=124&action=elementor" "Mozilla/5.0 (Windows NT 10.0; Win64; x64) AppleWebKit/537.36 (KHTML, like Gecko) Chrome/130.0.0.0 Safari/537.36"
191.80.137.183 - - [11/Nov/2024:18:03:56 +0000] "POST /wp-admin/admin-ajax.php HTTP/1.1" 200 634 "http://caldas.devuocloud.com/wp-admin/post.php?post=124&action=elementor" "Mozilla/5.0 (Windows NT 10.0; Win64; x64) AppleWebKit/537.36 (KHTML, like Gecko) Chrome/130.0.0.0 Safari/537.36"
201.219.70.221 - - [11/Nov/2024:18:04:00 +0000] "POST /wp-admin/admin-ajax.php HTTP/1.1" 200 604 "http://caldas.devuocloud.com/wp-admin/" "Mozilla/5.0 (Windows NT 10.0; Win64; x64) AppleWebKit/537.36 (KHTML, like Gecko) Chrome/130.0.0.0 Safari/537.36"
191.80.137.183 - - [11/Nov/2024:18:04:14 +0000] "POST /wp-admin/admin-ajax.php HTTP/1.1" 200 634 "http://caldas.devuocloud.com/wp-admin/post.php?post=124&action=elementor" "Mozilla/5.0 (Windows NT 10.0; Win64; x64) AppleWebKit/537.36 (KHTML, like Gecko) Chrome/130.0.0.0 Safari/537.36"
191.80.137.183 - - [11/Nov/2024:18:04:26 +0000] "POST /wp-admin/admin-ajax.php HTTP/1.1" 200 634 "http://caldas.devuocloud.com/wp-admin/post.php?post=124&action=elementor" "Mozilla/5.0 (Windows NT 10.0; Win64; x64) AppleWebKit/537.36 (KHTML, like Gecko) Chrome/130.0.0.0 Safari/537.36"
191.80.137.183 - - [11/Nov/2024:18:04:41 +0000] "POST /wp-admin/admin-ajax.php HTTP/1.1" 200 634 "http://caldas.devuocloud.com/wp-admin/post.php?post=124&action=elementor" "Mozilla/5.0 (Windows NT 10.0; Win64; x64) AppleWebKit/537.36 (KHTML, like Gecko) Chrome/130.0.0.0 Safari/537.36"
