201.219.111.6 - - [13/Dec/2024:19:32:16 +0000] "GET /wp-content/plugins/wp-file-manager/lib/js/commands/copy.js?ver=8.0 HTTP/1.1" 200 870 "https://placidoarandaarquitectotecnico.es/wp-admin/admin.php?page=wp_file_manager" "Mozilla/5.0 (Windows NT 10.0; Win64; x64) AppleWebKit/537.36 (KHTML, like Gecko) Chrome/131.0.0.0 Safari/537.36"
201.219.111.6 - - [13/Dec/2024:19:32:16 +0000] "GET /wp-content/plugins/wp-file-manager/lib/js/commands/cut.js?ver=8.0 HTTP/1.1" 200 918 "https://placidoarandaarquitectotecnico.es/wp-admin/admin.php?page=wp_file_manager" "Mozilla/5.0 (Windows NT 10.0; Win64; x64) AppleWebKit/537.36 (KHTML, like Gecko) Chrome/131.0.0.0 Safari/537.36"
201.219.111.6 - - [13/Dec/2024:19:32:16 +0000] "GET /wp-content/plugins/wp-file-manager/lib/js/commands/download.js?ver=8.0 HTTP/1.1" 200 5045 "https://placidoarandaarquitectotecnico.es/wp-admin/admin.php?page=wp_file_manager" "Mozilla/5.0 (Windows NT 10.0; Win64; x64) AppleWebKit/537.36 (KHTML, like Gecko) Chrome/131.0.0.0 Safari/537.36"
201.219.111.6 - - [13/Dec/2024:19:32:16 +0000] "GET /wp-content/plugins/wp-file-manager/lib/js/commands/duplicate.js?ver=8.0 HTTP/1.1" 200 1031 "https://placidoarandaarquitectotecnico.es/wp-admin/admin.php?page=wp_file_manager" "Mozilla/5.0 (Windows NT 10.0; Win64; x64) AppleWebKit/537.36 (KHTML, like Gecko) Chrome/131.0.0.0 Safari/537.36"
201.219.111.6 - - [13/Dec/2024:19:32:17 +0000] "GET /wp-content/plugins/wp-file-manager/lib/js/commands/edit.js?ver=8.0 HTTP/1.1" 200 9853 "https://placidoarandaarquitectotecnico.es/wp-admin/admin.php?page=wp_file_manager" "Mozilla/5.0 (Windows NT 10.0; Win64; x64) AppleWebKit/537.36 (KHTML, like Gecko) Chrome/131.0.0.0 Safari/537.36"
201.219.111.6 - - [13/Dec/2024:19:32:17 +0000] "GET /wp-content/plugins/wp-file-manager/lib/js/commands/empty.js?ver=8.0 HTTP/1.1" 200 1718 "https://placidoarandaarquitectotecnico.es/wp-admin/admin.php?page=wp_file_manager" "Mozilla/5.0 (Windows NT 10.0; Win64; x64) AppleWebKit/537.36 (KHTML, like Gecko) Chrome/131.0.0.0 Safari/537.36"
201.219.111.6 - - [13/Dec/2024:19:32:17 +0000] "GET /wp-content/plugins/wp-file-manager/lib/js/commands/extract.js?ver=8.0 HTTP/1.1" 200 2050 "https://placidoarandaarquitectotecnico.es/wp-admin/admin.php?page=wp_file_manager" "Mozilla/5.0 (Windows NT 10.0; Win64; x64) AppleWebKit/537.36 (KHTML, like Gecko) Chrome/131.0.0.0 Safari/537.36"
201.219.111.6 - - [13/Dec/2024:19:32:17 +0000] "GET /wp-content/plugins/wp-file-manager/lib/js/commands/forward.js?ver=8.0 HTTP/1.1" 200 677 "https://placidoarandaarquitectotecnico.es/wp-admin/admin.php?page=wp_file_manager" "Mozilla/5.0 (Windows NT 10.0; Win64; x64) AppleWebKit/537.36 (KHTML, like Gecko) Chrome/131.0.0.0 Safari/537.36"
201.219.111.6 - - [13/Dec/2024:19:32:17 +0000] "GET /wp-content/plugins/wp-file-manager/lib/js/commands/fullscreen.js?ver=8.0 HTTP/1.1" 200 880 "https://placidoarandaarquitectotecnico.es/wp-admin/admin.php?page=wp_file_manager" "Mozilla/5.0 (Windows NT 10.0; Win64; x64) AppleWebKit/537.36 (KHTML, like Gecko) Chrome/131.0.0.0 Safari/537.36"
201.219.111.6 - - [13/Dec/2024:19:32:17 +0000] "GET /wp-content/plugins/wp-file-manager/lib/js/commands/getfile.js?ver=8.0 HTTP/1.1" 200 1863 "https://placidoarandaarquitectotecnico.es/wp-admin/admin.php?page=wp_file_manager" "Mozilla/5.0 (Windows NT 10.0; Win64; x64) AppleWebKit/537.36 (KHTML, like Gecko) Chrome/131.0.0.0 Safari/537.36"
201.219.111.6 - - [13/Dec/2024:19:32:17 +0000] "GET /wp-content/plugins/wp-file-manager/lib/js/commands/help.js?ver=8.0 HTTP/1.1" 200 4677 "https://placidoarandaarquitectotecnico.es/wp-admin/admin.php?page=wp_file_manager" "Mozilla/5.0 (Windows NT 10.0; Win64; x64) AppleWebKit/537.36 (KHTML, like Gecko) Chrome/131.0.0.0 Safari/537.36"
201.219.111.6 - - [13/Dec/2024:19:32:17 +0000] "GET /wp-content/plugins/wp-file-manager/lib/js/commands/hidden.js?ver=8.0 HTTP/1.1" 200 558 "https://placidoarandaarquitectotecnico.es/wp-admin/admin.php?page=wp_file_manager" "Mozilla/5.0 (Windows NT 10.0; Win64; x64) AppleWebKit/537.36 (KHTML, like Gecko) Chrome/131.0.0.0 Safari/537.36"
201.219.111.6 - - [13/Dec/2024:19:32:17 +0000] "GET /wp-content/plugins/wp-file-manager/lib/js/commands/hide.js?ver=8.0 HTTP/1.1" 200 1816 "https://placidoarandaarquitectotecnico.es/wp-admin/admin.php?page=wp_file_manager" "Mozilla/5.0 (Windows NT 10.0; Win64; x64) AppleWebKit/537.36 (KHTML, like Gecko) Chrome/131.0.0.0 Safari/537.36"
201.219.111.6 - - [13/Dec/2024:19:32:17 +0000] "GET /wp-content/plugins/wp-file-manager/lib/js/commands/home.js?ver=8.0 HTTP/1.1" 200 687 "https://placidoarandaarquitectotecnico.es/wp-admin/admin.php?page=wp_file_manager" "Mozilla/5.0 (Windows NT 10.0; Win64; x64) AppleWebKit/537.36 (KHTML, like Gecko) Chrome/131.0.0.0 Safari/537.36"
201.219.111.6 - - [13/Dec/2024:19:32:17 +0000] "GET /wp-content/plugins/wp-file-manager/lib/js/commands/info.js?ver=8.0 HTTP/1.1" 200 4562 "https://placidoarandaarquitectotecnico.es/wp-admin/admin.php?page=wp_file_manager" "Mozilla/5.0 (Windows NT 10.0; Win64; x64) AppleWebKit/537.36 (KHTML, like Gecko) Chrome/131.0.0.0 Safari/537.36"
201.219.111.6 - - [13/Dec/2024:19:32:17 +0000] "GET /wp-content/plugins/wp-file-manager/lib/js/commands/mkdir.js?ver=8.0 HTTP/1.1" 200 1410 "https://placidoarandaarquitectotecnico.es/wp-admin/admin.php?page=wp_file_manager" "Mozilla/5.0 (Windows NT 10.0; Win64; x64) AppleWebKit/537.36 (KHTML, like Gecko) Chrome/131.0.0.0 Safari/537.36"
201.219.111.6 - - [13/Dec/2024:19:32:17 +0000] "GET /wp-content/plugins/wp-file-manager/lib/js/commands/mkfile.js?ver=8.0 HTTP/1.1" 200 1106 "https://placidoarandaarquitectotecnico.es/wp-admin/admin.php?page=wp_file_manager" "Mozilla/5.0 (Windows NT 10.0; Win64; x64) AppleWebKit/537.36 (KHTML, like Gecko) Chrome/131.0.0.0 Safari/537.36"
201.219.111.6 - - [13/Dec/2024:19:32:17 +0000] "GET /wp-content/plugins/wp-file-manager/lib/js/commands/netmount.js?ver=8.0 HTTP/1.1" 200 3516 "https://placidoarandaarquitectotecnico.es/wp-admin/admin.php?page=wp_file_manager" "Mozilla/5.0 (Windows NT 10.0; Win64; x64) AppleWebKit/537.36 (KHTML, like Gecko) Chrome/131.0.0.0 Safari/537.36"
201.219.111.6 - - [13/Dec/2024:19:32:17 +0000] "GET /wp-content/plugins/wp-file-manager/lib/js/commands/opendir.js?ver=8.0 HTTP/1.1" 200 870 "https://placidoarandaarquitectotecnico.es/wp-admin/admin.php?page=wp_file_manager" "Mozilla/5.0 (Windows NT 10.0; Win64; x64) AppleWebKit/537.36 (KHTML, like Gecko) Chrome/131.0.0.0 Safari/537.36"
201.219.111.6 - - [13/Dec/2024:19:32:17 +0000] "GET /wp-content/plugins/wp-file-manager/lib/js/commands/open.js?ver=8.0 HTTP/1.1" 200 3018 "https://placidoarandaarquitectotecnico.es/wp-admin/admin.php?page=wp_file_manager" "Mozilla/5.0 (Windows NT 10.0; Win64; x64) AppleWebKit/537.36 (KHTML, like Gecko) Chrome/131.0.0.0 Safari/537.36"
201.219.111.6 - - [13/Dec/2024:19:32:17 +0000] "GET /wp-content/plugins/wp-file-manager/lib/js/commands/opennew.js?ver=8.0 HTTP/1.1" 200 996 "https://placidoarandaarquitectotecnico.es/wp-admin/admin.php?page=wp_file_manager" "Mozilla/5.0 (Windows NT 10.0; Win64; x64) AppleWebKit/537.36 (KHTML, like Gecko) Chrome/131.0.0.0 Safari/537.36"
201.219.111.6 - - [13/Dec/2024:19:32:17 +0000] "GET /wp-content/plugins/wp-file-manager/lib/js/commands/paste.js?ver=8.0 HTTP/1.1" 200 3450 "https://placidoarandaarquitectotecnico.es/wp-admin/admin.php?page=wp_file_manager" "Mozilla/5.0 (Windows NT 10.0; Win64; x64) AppleWebKit/537.36 (KHTML, like Gecko) Chrome/131.0.0.0 Safari/537.36"
201.219.111.6 - - [13/Dec/2024:19:32:17 +0000] "GET /wp-content/plugins/wp-file-manager/lib/js/commands/places.js?ver=8.0 HTTP/1.1" 200 775 "https://placidoarandaarquitectotecnico.es/wp-admin/admin.php?page=wp_file_manager" "Mozilla/5.0 (Windows NT 10.0; Win64; x64) AppleWebKit/537.36 (KHTML, like Gecko) Chrome/131.0.0.0 Safari/537.36"
201.219.111.6 - - [13/Dec/2024:19:32:17 +0000] "GET /wp-content/plugins/wp-file-manager/lib/js/commands/quicklook.js?ver=8.0 HTTP/1.1" 200 7426 "https://placidoarandaarquitectotecnico.es/wp-admin/admin.php?page=wp_file_manager" "Mozilla/5.0 (Windows NT 10.0; Win64; x64) AppleWebKit/537.36 (KHTML, like Gecko) Chrome/131.0.0.0 Safari/537.36"
201.219.111.6 - - [13/Dec/2024:19:32:17 +0000] "GET /wp-content/plugins/wp-file-manager/lib/js/commands/quicklook.plugins.js?ver=8.0 HTTP/1.1" 200 12118 "https://placidoarandaarquitectotecnico.es/wp-admin/admin.php?page=wp_file_manager" "Mozilla/5.0 (Windows NT 10.0; Win64; x64) AppleWebKit/537.36 (KHTML, like Gecko) Chrome/131.0.0.0 Safari/537.36"
201.219.111.6 - - [13/Dec/2024:19:32:17 +0000] "GET /wp-content/plugins/wp-file-manager/lib/js/commands/reload.js?ver=8.0 HTTP/1.1" 200 1249 "https://placidoarandaarquitectotecnico.es/wp-admin/admin.php?page=wp_file_manager" "Mozilla/5.0 (Windows NT 10.0; Win64; x64) AppleWebKit/537.36 (KHTML, like Gecko) Chrome/131.0.0.0 Safari/537.36"
201.219.111.6 - - [13/Dec/2024:19:32:17 +0000] "GET /wp-content/plugins/wp-file-manager/lib/js/commands/rename.js?ver=8.0 HTTP/1.1" 200 5274 "https://placidoarandaarquitectotecnico.es/wp-admin/admin.php?page=wp_file_manager" "Mozilla/5.0 (Windows NT 10.0; Win64; x64) AppleWebKit/537.36 (KHTML, like Gecko) Chrome/131.0.0.0 Safari/537.36"
201.219.111.6 - - [13/Dec/2024:19:32:17 +0000] "GET /wp-content/plugins/wp-file-manager/lib/js/commands/resize.js?ver=8.0 HTTP/1.1" 200 13926 "https://placidoarandaarquitectotecnico.es/wp-admin/admin.php?page=wp_file_manager" "Mozilla/5.0 (Windows NT 10.0; Win64; x64) AppleWebKit/537.36 (KHTML, like Gecko) Chrome/131.0.0.0 Safari/537.36"
201.219.111.6 - - [13/Dec/2024:19:32:17 +0000] "GET /wp-content/plugins/wp-file-manager/lib/js/commands/restore.js?ver=8.0 HTTP/1.1" 200 2719 "https://placidoarandaarquitectotecnico.es/wp-admin/admin.php?page=wp_file_manager" "Mozilla/5.0 (Windows NT 10.0; Win64; x64) AppleWebKit/537.36 (KHTML, like Gecko) Chrome/131.0.0.0 Safari/537.36"
201.219.111.6 - - [13/Dec/2024:19:32:17 +0000] "GET /wp-content/plugins/wp-file-manager/lib/js/commands/rm.js?ver=8.0 HTTP/1.1" 200 4889 "https://placidoarandaarquitectotecnico.es/wp-admin/admin.php?page=wp_file_manager" "Mozilla/5.0 (Windows NT 10.0; Win64; x64) AppleWebKit/537.36 (KHTML, like Gecko) Chrome/131.0.0.0 Safari/537.36"
201.219.111.6 - - [13/Dec/2024:19:32:17 +0000] "GET /wp-content/plugins/wp-file-manager/lib/js/commands/selectall.js?ver=8.0 HTTP/1.1" 200 722 "https://placidoarandaarquitectotecnico.es/wp-admin/admin.php?page=wp_file_manager" "Mozilla/5.0 (Windows NT 10.0; Win64; x64) AppleWebKit/537.36 (KHTML, like Gecko) Chrome/131.0.0.0 Safari/537.36"
201.219.111.6 - - [13/Dec/2024:19:32:17 +0000] "GET /wp-content/plugins/wp-file-manager/lib/js/commands/search.js?ver=8.0 HTTP/1.1" 200 1845 "https://placidoarandaarquitectotecnico.es/wp-admin/admin.php?page=wp_file_manager" "Mozilla/5.0 (Windows NT 10.0; Win64; x64) AppleWebKit/537.36 (KHTML, like Gecko) Chrome/131.0.0.0 Safari/537.36"
201.219.111.6 - - [13/Dec/2024:19:32:17 +0000] "GET /wp-content/plugins/wp-file-manager/lib/js/commands/selectinvert.js?ver=8.0 HTTP/1.1" 200 663 "https://placidoarandaarquitectotecnico.es/wp-admin/admin.php?page=wp_file_manager" "Mozilla/5.0 (Windows NT 10.0; Win64; x64) AppleWebKit/537.36 (KHTML, like Gecko) Chrome/131.0.0.0 Safari/537.36"
201.219.111.6 - - [13/Dec/2024:19:32:17 +0000] "GET /wp-content/plugins/wp-file-manager/lib/js/commands/selectnone.js?ver=8.0 HTTP/1.1" 200 687 "https://placidoarandaarquitectotecnico.es/wp-admin/admin.php?page=wp_file_manager" "Mozilla/5.0 (Windows NT 10.0; Win64; x64) AppleWebKit/537.36 (KHTML, like Gecko) Chrome/131.0.0.0 Safari/537.36"
201.219.111.6 - - [13/Dec/2024:19:32:17 +0000] "GET /wp-content/plugins/wp-file-manager/lib/js/commands/sort.js?ver=8.0 HTTP/1.1" 200 1893 "https://placidoarandaarquitectotecnico.es/wp-admin/admin.php?page=wp_file_manager" "Mozilla/5.0 (Windows NT 10.0; Win64; x64) AppleWebKit/537.36 (KHTML, like Gecko) Chrome/131.0.0.0 Safari/537.36"
201.219.111.6 - - [13/Dec/2024:19:32:17 +0000] "GET /wp-content/plugins/wp-file-manager/lib/js/commands/undo.js?ver=8.0 HTTP/1.1" 200 1388 "https://placidoarandaarquitectotecnico.es/wp-admin/admin.php?page=wp_file_manager" "Mozilla/5.0 (Windows NT 10.0; Win64; x64) AppleWebKit/537.36 (KHTML, like Gecko) Chrome/131.0.0.0 Safari/537.36"
201.219.111.6 - - [13/Dec/2024:19:32:17 +0000] "GET /wp-content/plugins/wp-file-manager/lib/js/commands/up.js?ver=8.0 HTTP/1.1" 200 768 "https://placidoarandaarquitectotecnico.es/wp-admin/admin.php?page=wp_file_manager" "Mozilla/5.0 (Windows NT 10.0; Win64; x64) AppleWebKit/537.36 (KHTML, like Gecko) Chrome/131.0.0.0 Safari/537.36"
201.219.111.6 - - [13/Dec/2024:19:32:17 +0000] "GET /wp-content/plugins/wp-file-manager/lib/js/commands/upload.js?ver=8.0 HTTP/1.1" 200 4298 "https://placidoarandaarquitectotecnico.es/wp-admin/admin.php?page=wp_file_manager" "Mozilla/5.0 (Windows NT 10.0; Win64; x64) AppleWebKit/537.36 (KHTML, like Gecko) Chrome/131.0.0.0 Safari/537.36"
201.219.111.6 - - [13/Dec/2024:19:32:17 +0000] "GET /wp-content/plugins/wp-file-manager/lib/js/commands/view.js?ver=8.0 HTTP/1.1" 200 1470 "https://placidoarandaarquitectotecnico.es/wp-admin/admin.php?page=wp_file_manager" "Mozilla/5.0 (Windows NT 10.0; Win64; x64) AppleWebKit/537.36 (KHTML, like Gecko) Chrome/131.0.0.0 Safari/537.36"
201.219.111.6 - - [13/Dec/2024:19:32:18 +0000] "GET /wp-content/plugins/wp-file-manager/lib/js/extras/quicklook.googledocs.js?ver=8.0 HTTP/1.1" 200 1262 "https://placidoarandaarquitectotecnico.es/wp-admin/admin.php?page=wp_file_manager" "Mozilla/5.0 (Windows NT 10.0; Win64; x64) AppleWebKit/537.36 (KHTML, like Gecko) Chrome/131.0.0.0 Safari/537.36"
201.219.111.6 - - [13/Dec/2024:19:32:18 +0000] "GET /wp-content/plugins/wp-file-manager/lib/codemirror/lib/codemirror.js?ver=8.0 HTTP/1.1" 200 97049 "https://placidoarandaarquitectotecnico.es/wp-admin/admin.php?page=wp_file_manager" "Mozilla/5.0 (Windows NT 10.0; Win64; x64) AppleWebKit/537.36 (KHTML, like Gecko) Chrome/131.0.0.0 Safari/537.36"
201.219.111.6 - - [13/Dec/2024:19:32:18 +0000] "GET /wp-content/plugins/wp-file-manager/js/file_manager_free_shortcode_admin.js?ver=7130 HTTP/1.1" 200 1633 "https://placidoarandaarquitectotecnico.es/wp-admin/admin.php?page=wp_file_manager" "Mozilla/5.0 (Windows NT 10.0; Win64; x64) AppleWebKit/537.36 (KHTML, like Gecko) Chrome/131.0.0.0 Safari/537.36"
201.219.111.6 - - [13/Dec/2024:19:32:18 +0000] "GET /wp-content/plugins/wp-file-manager/images/loading.gif HTTP/1.1" 200 93138 "https://placidoarandaarquitectotecnico.es/wp-admin/admin.php?page=wp_file_manager" "Mozilla/5.0 (Windows NT 10.0; Win64; x64) AppleWebKit/537.36 (KHTML, like Gecko) Chrome/131.0.0.0 Safari/537.36"
201.219.111.6 - - [13/Dec/2024:19:32:18 +0000] "GET /wp-content/plugins/wp-file-manager/css/fm_script.css?ver=8.0 HTTP/1.1" 200 2705 "https://placidoarandaarquitectotecnico.es/wp-admin/admin.php?page=wp_file_manager" "Mozilla/5.0 (Windows NT 10.0; Win64; x64) AppleWebKit/537.36 (KHTML, like Gecko) Chrome/131.0.0.0 Safari/537.36"
201.219.111.6 - - [13/Dec/2024:19:32:18 +0000] "GET /wp-content/plugins/wp-file-manager/js/fm_script.js?ver=8.0 HTTP/1.1" 200 1249 "https://placidoarandaarquitectotecnico.es/wp-admin/admin.php?page=wp_file_manager" "Mozilla/5.0 (Windows NT 10.0; Win64; x64) AppleWebKit/537.36 (KHTML, like Gecko) Chrome/131.0.0.0 Safari/537.36"
201.219.111.6 - - [13/Dec/2024:19:32:18 +0000] "GET /wp-content/plugins/wp-file-manager/lib/img/toolbar.png HTTP/1.1" 200 7814 "https://placidoarandaarquitectotecnico.es/wp-content/plugins/wp-file-manager/lib/css/toolbar.css?ver=8.0" "Mozilla/5.0 (Windows NT 10.0; Win64; x64) AppleWebKit/537.36 (KHTML, like Gecko) Chrome/131.0.0.0 Safari/537.36"
201.219.111.6 - - [13/Dec/2024:19:32:18 +0000] "GET /wp-content/plugins/wp-file-manager/lib/img/black-search.png HTTP/1.1" 200 1386 "https://placidoarandaarquitectotecnico.es/wp-content/plugins/wp-file-manager/lib/css/toolbar.css?ver=8.0" "Mozilla/5.0 (Windows NT 10.0; Win64; x64) AppleWebKit/537.36 (KHTML, like Gecko) Chrome/131.0.0.0 Safari/537.36"
201.219.111.6 - - [13/Dec/2024:19:32:18 +0000] "GET /wp-content/plugins/wp-file-manager/lib/img/black-close.png HTTP/1.1" 200 1389 "https://placidoarandaarquitectotecnico.es/wp-content/plugins/wp-file-manager/lib/css/toolbar.css?ver=8.0" "Mozilla/5.0 (Windows NT 10.0; Win64; x64) AppleWebKit/537.36 (KHTML, like Gecko) Chrome/131.0.0.0 Safari/537.36"
201.219.111.6 - - [13/Dec/2024:19:32:18 +0000] "GET /wp-content/plugins/wp-file-manager/lib/img/resize.png HTTP/1.1" 200 387 "https://placidoarandaarquitectotecnico.es/wp-content/plugins/wp-file-manager/lib/css/navbar.css?ver=8.0" "Mozilla/5.0 (Windows NT 10.0; Win64; x64) AppleWebKit/537.36 (KHTML, like Gecko) Chrome/131.0.0.0 Safari/537.36"
201.219.111.6 - - [13/Dec/2024:19:32:18 +0000] "GET /wp-content/plugins/wp-file-manager/css/images/ui-icons_444444_256x240.png HTTP/1.1" 200 7398 "https://placidoarandaarquitectotecnico.es/wp-content/plugins/wp-file-manager/css/jquery-ui.css?ver=8.0" "Mozilla/5.0 (Windows NT 10.0; Win64; x64) AppleWebKit/537.36 (KHTML, like Gecko) Chrome/131.0.0.0 Safari/537.36"
201.219.111.6 - - [13/Dec/2024:19:32:18 +0000] "GET /wp-admin/admin-ajax.php?action=mk_file_folder_manager&_wpnonce=b663eb8c66&networkhref=&cmd=open&target=&init=1&tree=1&_=1734118335280 HTTP/1.1" 200 8581 "https://placidoarandaarquitectotecnico.es/wp-admin/admin.php?page=wp_file_manager" "Mozilla/5.0 (Windows NT 10.0; Win64; x64) AppleWebKit/537.36 (KHTML, like Gecko) Chrome/131.0.0.0 Safari/537.36"
201.219.111.6 - - [13/Dec/2024:19:32:19 +0000] "GET /wp-content/plugins/wp-file-manager/lib/img/logo.png HTTP/1.1" 200 5201 "https://placidoarandaarquitectotecnico.es/wp-content/plugins/wp-file-manager/lib/css/commands.css?ver=8.0" "Mozilla/5.0 (Windows NT 10.0; Win64; x64) AppleWebKit/537.36 (KHTML, like Gecko) Chrome/131.0.0.0 Safari/537.36"
201.219.111.6 - - [13/Dec/2024:19:32:19 +0000] "GET /wp-content/plugins/wp-file-manager/lib/img/icons-small.png HTTP/1.1" 200 3981 "https://placidoarandaarquitectotecnico.es/wp-content/plugins/wp-file-manager/lib/css/cwd.css?ver=8.0" "Mozilla/5.0 (Windows NT 10.0; Win64; x64) AppleWebKit/537.36 (KHTML, like Gecko) Chrome/131.0.0.0 Safari/537.36"
201.219.111.6 - - [13/Dec/2024:19:32:19 +0000] "GET /wp-content/plugins/wp-file-manager/css/images/ui-icons_ffffff_256x240.png HTTP/1.1" 200 6795 "https://placidoarandaarquitectotecnico.es/wp-content/plugins/wp-file-manager/css/jquery-ui.css?ver=8.0" "Mozilla/5.0 (Windows NT 10.0; Win64; x64) AppleWebKit/537.36 (KHTML, like Gecko) Chrome/131.0.0.0 Safari/537.36"
201.219.111.6 - - [13/Dec/2024:19:32:19 +0000] "GET /wp-content/plugins/wp-file-manager/lib/img/arrows-active.png HTTP/1.1" 200 457 "https://placidoarandaarquitectotecnico.es/wp-content/plugins/wp-file-manager/lib/css/navbar.css?ver=8.0" "Mozilla/5.0 (Windows NT 10.0; Win64; x64) AppleWebKit/537.36 (KHTML, like Gecko) Chrome/131.0.0.0 Safari/537.36"
201.219.111.6 - - [13/Dec/2024:19:32:19 +0000] "GET /wp-content/plugins/wp-file-manager/lib/img/volume_icon_local.svg HTTP/1.1" 200 16565 "https://placidoarandaarquitectotecnico.es/wp-content/plugins/wp-file-manager/lib/css/navbar.css?ver=8.0" "Mozilla/5.0 (Windows NT 10.0; Win64; x64) AppleWebKit/537.36 (KHTML, like Gecko) Chrome/131.0.0.0 Safari/537.36"
201.219.111.6 - - [13/Dec/2024:19:32:19 +0000] "GET /wp-content/plugins/wp-file-manager/lib/img/arrows-normal.png HTTP/1.1" 200 474 "https://placidoarandaarquitectotecnico.es/wp-content/plugins/wp-file-manager/lib/css/navbar.css?ver=8.0" "Mozilla/5.0 (Windows NT 10.0; Win64; x64) AppleWebKit/537.36 (KHTML, like Gecko) Chrome/131.0.0.0 Safari/537.36"
201.219.111.6 - - [13/Dec/2024:19:32:40 +0000] "GET /wp-content/plugins/wp-file-manager/lib/img/dialogs.png HTTP/1.1" 200 6450 "https://placidoarandaarquitectotecnico.es/wp-content/plugins/wp-file-manager/lib/css/dialog.css?ver=8.0" "Mozilla/5.0 (Windows NT 10.0; Win64; x64) AppleWebKit/537.36 (KHTML, like Gecko) Chrome/131.0.0.0 Safari/537.36"
201.219.111.6 - - [13/Dec/2024:19:32:40 +0000] "GET /wp-content/plugins/wp-file-manager/lib/img/progress.gif HTTP/1.1" 200 1297 "https://placidoarandaarquitectotecnico.es/wp-content/plugins/wp-file-manager/lib/css/dialog.css?ver=8.0" "Mozilla/5.0 (Windows NT 10.0; Win64; x64) AppleWebKit/537.36 (KHTML, like Gecko) Chrome/131.0.0.0 Safari/537.36"
201.219.111.6 - - [13/Dec/2024:19:32:40 +0000] "GET /wp-admin/admin-ajax.php?action=mk_file_folder_manager&_wpnonce=b663eb8c66&networkhref=&cmd=ls&target=l1_Lw&intersect%5B%5D=google1ab227df842a21c9.html&reqid=193c1824151213&pll_ajax_backend=1 HTTP/1.1" 200 888 "https://placidoarandaarquitectotecnico.es/wp-admin/admin.php?page=wp_file_manager" "Mozilla/5.0 (Windows NT 10.0; Win64; x64) AppleWebKit/537.36 (KHTML, like Gecko) Chrome/131.0.0.0 Safari/537.36"
201.219.111.6 - - [13/Dec/2024:19:32:41 +0000] "GET /wp-content/plugins/wp-file-manager/lib/img/ui-icons_ffffff_256x240.png HTTP/1.1" 200 4066 "https://placidoarandaarquitectotecnico.es/wp-content/plugins/wp-file-manager/lib/css/theme.css?ver=8.0" "Mozilla/5.0 (Windows NT 10.0; Win64; x64) AppleWebKit/537.36 (KHTML, like Gecko) Chrome/131.0.0.0 Safari/537.36"
201.219.111.6 - - [13/Dec/2024:19:32:41 +0000] "POST /wp-admin/admin-ajax.php HTTP/1.1" 200 2270 "https://placidoarandaarquitectotecnico.es/wp-admin/admin.php?page=wp_file_manager" "Mozilla/5.0 (Windows NT 10.0; Win64; x64) AppleWebKit/537.36 (KHTML, like Gecko) Chrome/131.0.0.0 Safari/537.36"
74.125.210.108 - - [13/Dec/2024:19:32:49 +0000] "GET /google1ab227df842a21c9.html HTTP/1.1" 200 3021 "-" "Mozilla/5.0 (compatible; Google-Site-Verification/1.0)"
74.125.210.107 - - [13/Dec/2024:19:32:50 +0000] "GET /google15ee017603630231.html HTTP/1.1" 404 36929 "-" "Mozilla/5.0 (compatible; Google-Site-Verification/1.0)"
146.190.157.162 - - [13/Dec/2024:19:33:01 +0000] "POST /wp-cron.php?doing_wp_cron=1734118381.3576369285583496093750 HTTP/1.1" 200 2976 "-" "WordPress/6.7.1; https://placidoarandaarquitectotecnico.es"
66.249.70.107 - - [13/Dec/2024:19:33:00 +0000] "GET /robots.txt HTTP/1.1" 200 3198 "-" "Mozilla/5.0 (compatible; Googlebot/2.1; +http://www.google.com/bot.html)"
66.249.70.108 - - [13/Dec/2024:19:33:02 +0000] "GET / HTTP/1.1" 200 17013 "-" "Mozilla/5.0 (Linux; Android 6.0.1; Nexus 5X Build/MMB29P) AppleWebKit/537.36 (KHTML, like Gecko) Chrome/131.0.6778.108 Mobile Safari/537.36 (compatible; Googlebot/2.1; +http://www.google.com/bot.html)"
66.249.70.108 - - [13/Dec/2024:19:33:07 +0000] "GET /wp-includes/js/jquery/jquery.min.js?ver=3.7.1 HTTP/1.1" 200 30846 "https://placidoarandaarquitectotecnico.es/" "Mozilla/5.0 (Linux; Android 6.0.1; Nexus 5X Build/MMB29P) AppleWebKit/537.36 (KHTML, like Gecko) Chrome/131.0.6778.108 Mobile Safari/537.36 (compatible; Googlebot/2.1; +http://www.google.com/bot.html)"
66.249.70.108 - - [13/Dec/2024:19:33:08 +0000] "GET /wp-includes/css/dist/block-library/style.min.css?ver=6.7.1 HTTP/1.1" 200 15604 "https://placidoarandaarquitectotecnico.es/" "Mozilla/5.0 (Linux; Android 6.0.1; Nexus 5X Build/MMB29P) AppleWebKit/537.36 (KHTML, like Gecko) Chrome/131.0.6778.108 Mobile Safari/537.36 (compatible; Googlebot/2.1; +http://www.google.com/bot.html)"
66.249.70.107 - - [13/Dec/2024:19:33:09 +0000] "GET /wp-includes/js/jquery/jquery-migrate.min.js?ver=3.4.1 HTTP/1.1" 200 7903 "https://placidoarandaarquitectotecnico.es/" "Mozilla/5.0 (Linux; Android 6.0.1; Nexus 5X Build/MMB29P) AppleWebKit/537.36 (KHTML, like Gecko) Chrome/131.0.6778.108 Mobile Safari/537.36 (compatible; Googlebot/2.1; +http://www.google.com/bot.html)"
66.249.70.107 - - [13/Dec/2024:19:33:09 +0000] "GET /wp-content/themes/Divi/style.css?ver=4.9.1 HTTP/1.1" 200 83545 "https://placidoarandaarquitectotecnico.es/" "Mozilla/5.0 (Linux; Android 6.0.1; Nexus 5X Build/MMB29P) AppleWebKit/537.36 (KHTML, like Gecko) Chrome/131.0.6778.108 Mobile Safari/537.36 (compatible; Googlebot/2.1; +http://www.google.com/bot.html)"
66.249.70.108 - - [13/Dec/2024:19:33:10 +0000] "GET /wp-includes/css/dashicons.min.css?ver=6.7.1 HTTP/1.1" 200 36222 "https://placidoarandaarquitectotecnico.es/" "Mozilla/5.0 (Linux; Android 6.0.1; Nexus 5X Build/MMB29P) AppleWebKit/537.36 (KHTML, like Gecko) Chrome/131.0.6778.108 Mobile Safari/537.36 (compatible; Googlebot/2.1; +http://www.google.com/bot.html)"
66.249.70.107 - - [13/Dec/2024:19:33:11 +0000] "GET /wp-includes/js/dist/hooks.min.js?ver=4d63a3d491d11ffd8ac6 HTTP/1.1" 200 2014 "https://placidoarandaarquitectotecnico.es/" "Mozilla/5.0 (Linux; Android 6.0.1; Nexus 5X Build/MMB29P) AppleWebKit/537.36 (KHTML, like Gecko) Chrome/131.0.6778.108 Mobile Safari/537.36 (compatible; Googlebot/2.1; +http://www.google.com/bot.html)"
66.249.70.107 - - [13/Dec/2024:19:33:13 +0000] "GET /wp-includes/js/dist/i18n.min.js?ver=5e580eb46a90c2b997e6 HTTP/1.1" 200 4033 "https://placidoarandaarquitectotecnico.es/" "Mozilla/5.0 (Linux; Android 6.0.1; Nexus 5X Build/MMB29P) AppleWebKit/537.36 (KHTML, like Gecko) Chrome/131.0.6778.108 Mobile Safari/537.36 (compatible; Googlebot/2.1; +http://www.google.com/bot.html)"
66.249.70.107 - - [13/Dec/2024:19:33:14 +0000] "GET /wp-content/plugins/contact-form-7/includes/css/styles.css?ver=6.0.1 HTTP/1.1" 200 1373 "https://placidoarandaarquitectotecnico.es/" "Mozilla/5.0 (Linux; Android 6.0.1; Nexus 5X Build/MMB29P) AppleWebKit/537.36 (KHTML, like Gecko) Chrome/131.0.6778.108 Mobile Safari/537.36 (compatible; Googlebot/2.1; +http://www.google.com/bot.html)"
66.249.70.107 - - [13/Dec/2024:19:33:15 +0000] "GET /wp-content/plugins/contact-form-7/includes/swv/js/index.js?ver=6.0.1 HTTP/1.1" 200 3868 "https://placidoarandaarquitectotecnico.es/" "Mozilla/5.0 (Linux; Android 6.0.1; Nexus 5X Build/MMB29P) AppleWebKit/537.36 (KHTML, like Gecko) Chrome/131.0.6778.108 Mobile Safari/537.36 (compatible; Googlebot/2.1; +http://www.google.com/bot.html)"
66.249.70.107 - - [13/Dec/2024:19:33:16 +0000] "GET /wp-content/plugins/contact-form-7/includes/js/index.js?ver=6.0.1 HTTP/1.1" 200 4631 "https://placidoarandaarquitectotecnico.es/" "Mozilla/5.0 (Linux; Android 6.0.1; Nexus 5X Build/MMB29P) AppleWebKit/537.36 (KHTML, like Gecko) Chrome/131.0.6778.108 Mobile Safari/537.36 (compatible; Googlebot/2.1; +http://www.google.com/bot.html)"
66.249.70.107 - - [13/Dec/2024:19:33:17 +0000] "GET /wp-content/themes/Divi/js/custom.unified.js?ver=4.9.1 HTTP/1.1" 200 139339 "https://placidoarandaarquitectotecnico.es/" "Mozilla/5.0 (Linux; Android 6.0.1; Nexus 5X Build/MMB29P) AppleWebKit/537.36 (KHTML, like Gecko) Chrome/131.0.6778.108 Mobile Safari/537.36 (compatible; Googlebot/2.1; +http://www.google.com/bot.html)"
66.249.70.107 - - [13/Dec/2024:19:33:18 +0000] "GET /wp-content/themes/Divi/core/admin/js/common.js?ver=4.9.1 HTTP/1.1" 200 930 "https://placidoarandaarquitectotecnico.es/" "Mozilla/5.0 (Linux; Android 6.0.1; Nexus 5X Build/MMB29P) AppleWebKit/537.36 (KHTML, like Gecko) Chrome/131.0.6778.108 Mobile Safari/537.36 (compatible; Googlebot/2.1; +http://www.google.com/bot.html)"
201.219.111.6 - - [13/Dec/2024:19:33:19 +0000] "POST /wp-admin/admin-ajax.php HTTP/1.1" 200 962 "https://placidoarandaarquitectotecnico.es/wp-admin/admin.php?page=wp_file_manager" "Mozilla/5.0 (Windows NT 10.0; Win64; x64) AppleWebKit/537.36 (KHTML, like Gecko) Chrome/131.0.0.0 Safari/537.36"
66.249.70.107 - - [13/Dec/2024:19:33:21 +0000] "GET /wp-content/uploads/2024/12/kit_digital-1024x61-1.png HTTP/1.1" 200 63167 "-" "Googlebot-Image/1.0"
66.249.70.107 - - [13/Dec/2024:19:33:21 +0000] "GET /wp-content/uploads/2024/12/Logo-vertical.png HTTP/1.1" 200 6226 "-" "Googlebot-Image/1.0"
66.249.70.107 - - [13/Dec/2024:19:33:22 +0000] "GET /favicon.ico HTTP/1.1" 302 439 "-" "Googlebot-Image/1.0"
66.249.70.107 - - [13/Dec/2024:19:33:23 +0000] "GET /wp-content/uploads/2024/12/favicon-150x150.jpg HTTP/1.1" 200 4124 "-" "Googlebot-Image/1.0"
66.249.70.107 - - [13/Dec/2024:19:33:24 +0000] "GET /wp-content/uploads/2024/12/favicon-150x150.jpg HTTP/1.1" 200 4124 "-" "Googlebot-Image/1.0"
66.249.70.107 - - [13/Dec/2024:19:33:25 +0000] "GET /wp-content/uploads/2024/12/planning-3536753_1920.jpg HTTP/1.1" 200 426109 "-" "Googlebot-Image/1.0"
66.249.70.107 - - [13/Dec/2024:19:33:26 +0000] "GET /wp-content/uploads/2024/12/home-vertical_02.jpg HTTP/1.1" 200 747210 "-" "Googlebot-Image/1.0"
66.249.70.107 - - [13/Dec/2024:19:33:27 +0000] "GET /wp-content/uploads/2024/12/Logo-blanco.png HTTP/1.1" 200 7647 "-" "Googlebot-Image/1.0"
146.190.157.162 - - [13/Dec/2024:19:35:21 +0000] "POST /wp-cron.php?doing_wp_cron=1734118521.3508028984069824218750 HTTP/1.1" 200 2976 "-" "WordPress/6.7.1; https://placidoarandaarquitectotecnico.es"
201.219.111.6 - - [13/Dec/2024:19:35:20 +0000] "POST /wp-admin/admin-ajax.php HTTP/1.1" 200 962 "https://placidoarandaarquitectotecnico.es/wp-admin/admin.php?page=wp_file_manager" "Mozilla/5.0 (Windows NT 10.0; Win64; x64) AppleWebKit/537.36 (KHTML, like Gecko) Chrome/131.0.0.0 Safari/537.36"
146.190.157.162 - - [13/Dec/2024:19:37:22 +0000] "POST /wp-cron.php?doing_wp_cron=1734118642.2259750366210937500000 HTTP/1.1" 200 2976 "-" "WordPress/6.7.1; https://placidoarandaarquitectotecnico.es"
201.219.111.6 - - [13/Dec/2024:19:37:21 +0000] "POST /wp-admin/admin-ajax.php HTTP/1.1" 200 962 "https://placidoarandaarquitectotecnico.es/wp-admin/admin.php?page=wp_file_manager" "Mozilla/5.0 (Windows NT 10.0; Win64; x64) AppleWebKit/537.36 (KHTML, like Gecko) Chrome/131.0.0.0 Safari/537.36"
66.249.70.107 - - [13/Dec/2024:19:39:18 +0000] "GET /wp-content/themes/Divi/style.css?ver=4.9.1 HTTP/1.1" 200 86209 "https://placidoarandaarquitectotecnico.es/" "Mozilla/5.0 (Linux; Android 6.0.1; Nexus 5X Build/MMB29P) AppleWebKit/537.36 (KHTML, like Gecko) Chrome/131.0.6778.108 Mobile Safari/537.36 (compatible; Googlebot/2.1; +http://www.google.com/bot.html)"
66.249.70.107 - - [13/Dec/2024:19:39:19 +0000] "GET /wp-content/plugins/contact-form-7/includes/css/styles.css?ver=6.0.1 HTTP/1.1" 200 1373 "https://placidoarandaarquitectotecnico.es/" "Mozilla/5.0 (Linux; Android 6.0.1; Nexus 5X Build/MMB29P) AppleWebKit/537.36 (KHTML, like Gecko) Chrome/131.0.6778.108 Mobile Safari/537.36 (compatible; Googlebot/2.1; +http://www.google.com/bot.html)"
66.249.70.107 - - [13/Dec/2024:19:39:20 +0000] "GET /wp-includes/css/dashicons.min.css?ver=6.7.1 HTTP/1.1" 200 36222 "https://placidoarandaarquitectotecnico.es/" "Mozilla/5.0 (Linux; Android 6.0.1; Nexus 5X Build/MMB29P) AppleWebKit/537.36 (KHTML, like Gecko) Chrome/131.0.6778.108 Mobile Safari/537.36 (compatible; Googlebot/2.1; +http://www.google.com/bot.html)"
66.249.70.107 - - [13/Dec/2024:19:39:20 +0000] "GET /wp-includes/css/dist/block-library/style.min.css?ver=6.7.1 HTTP/1.1" 200 15604 "https://placidoarandaarquitectotecnico.es/" "Mozilla/5.0 (Linux; Android 6.0.1; Nexus 5X Build/MMB29P) AppleWebKit/537.36 (KHTML, like Gecko) Chrome/131.0.6778.108 Mobile Safari/537.36 (compatible; Googlebot/2.1; +http://www.google.com/bot.html)"
66.249.70.107 - - [13/Dec/2024:19:39:21 +0000] "GET /wp-includes/js/jquery/jquery.min.js?ver=3.7.1 HTTP/1.1" 200 30846 "https://placidoarandaarquitectotecnico.es/" "Mozilla/5.0 (Linux; Android 6.0.1; Nexus 5X Build/MMB29P) AppleWebKit/537.36 (KHTML, like Gecko) Chrome/131.0.6778.108 Mobile Safari/537.36 (compatible; Googlebot/2.1; +http://www.google.com/bot.html)"
66.249.70.107 - - [13/Dec/2024:19:39:21 +0000] "GET /wp-includes/js/dist/i18n.min.js?ver=5e580eb46a90c2b997e6 HTTP/1.1" 200 4033 "https://placidoarandaarquitectotecnico.es/" "Mozilla/5.0 (Linux; Android 6.0.1; Nexus 5X Build/MMB29P) AppleWebKit/537.36 (KHTML, like Gecko) Chrome/131.0.6778.108 Mobile Safari/537.36 (compatible; Googlebot/2.1; +http://www.google.com/bot.html)"
66.249.70.107 - - [13/Dec/2024:19:39:22 +0000] "GET /wp-includes/js/dist/hooks.min.js?ver=4d63a3d491d11ffd8ac6 HTTP/1.1" 200 2014 "https://placidoarandaarquitectotecnico.es/" "Mozilla/5.0 (Linux; Android 6.0.1; Nexus 5X Build/MMB29P) AppleWebKit/537.36 (KHTML, like Gecko) Chrome/131.0.6778.108 Mobile Safari/537.36 (compatible; Googlebot/2.1; +http://www.google.com/bot.html)"
66.249.70.107 - - [13/Dec/2024:19:39:22 +0000] "GET /wp-includes/js/jquery/jquery-migrate.min.js?ver=3.4.1 HTTP/1.1" 200 5238 "https://placidoarandaarquitectotecnico.es/" "Mozilla/5.0 (Linux; Android 6.0.1; Nexus 5X Build/MMB29P) AppleWebKit/537.36 (KHTML, like Gecko) Chrome/131.0.6778.108 Mobile Safari/537.36 (compatible; Googlebot/2.1; +http://www.google.com/bot.html)"
66.249.70.107 - - [13/Dec/2024:19:39:23 +0000] "GET /wp-content/plugins/contact-form-7/includes/swv/js/index.js?ver=6.0.1 HTTP/1.1" 200 3868 "https://placidoarandaarquitectotecnico.es/" "Mozilla/5.0 (Linux; Android 6.0.1; Nexus 5X Build/MMB29P) AppleWebKit/537.36 (KHTML, like Gecko) Chrome/131.0.6778.108 Mobile Safari/537.36 (compatible; Googlebot/2.1; +http://www.google.com/bot.html)"
66.249.70.107 - - [13/Dec/2024:19:39:23 +0000] "GET /wp-content/plugins/contact-form-7/includes/js/index.js?ver=6.0.1 HTTP/1.1" 200 4631 "https://placidoarandaarquitectotecnico.es/" "Mozilla/5.0 (Linux; Android 6.0.1; Nexus 5X Build/MMB29P) AppleWebKit/537.36 (KHTML, like Gecko) Chrome/131.0.6778.108 Mobile Safari/537.36 (compatible; Googlebot/2.1; +http://www.google.com/bot.html)"
66.249.70.107 - - [13/Dec/2024:19:39:24 +0000] "GET /wp-content/themes/Divi/js/custom.unified.js?ver=4.9.1 HTTP/1.1" 200 139339 "https://placidoarandaarquitectotecnico.es/" "Mozilla/5.0 (Linux; Android 6.0.1; Nexus 5X Build/MMB29P) AppleWebKit/537.36 (KHTML, like Gecko) Chrome/131.0.6778.108 Mobile Safari/537.36 (compatible; Googlebot/2.1; +http://www.google.com/bot.html)"
66.249.70.107 - - [13/Dec/2024:19:39:24 +0000] "GET /wp-content/themes/Divi/core/admin/js/common.js?ver=4.9.1 HTTP/1.1" 200 930 "https://placidoarandaarquitectotecnico.es/" "Mozilla/5.0 (Linux; Android 6.0.1; Nexus 5X Build/MMB29P) AppleWebKit/537.36 (KHTML, like Gecko) Chrome/131.0.6778.108 Mobile Safari/537.36 (compatible; Googlebot/2.1; +http://www.google.com/bot.html)"
146.190.157.162 - - [13/Dec/2024:20:04:46 +0000] "POST /wp-cron.php?doing_wp_cron=1734120286.6329839229583740234375 HTTP/1.1" 200 2976 "-" "WordPress/6.7.1; https://placidoarandaarquitectotecnico.es"
154.28.229.83 - - [13/Dec/2024:20:04:46 +0000] "GET / HTTP/1.1" 200 17043 "-" "Mozilla/5.0 (Windows NT 10.0; Win64; x64) AppleWebKit/537.36 (KHTML, like Gecko) Chrome/116.0.0.0 Safari/537.36"
34.41.103.13 - - [13/Dec/2024:20:04:46 +0000] "GET / HTTP/1.1" 200 17043 "-" "Mozilla/5.0 (X11; Linux x86_64) AppleWebKit/537.36 (KHTML, like Gecko) Chrome/59.0.3071.104 Safari/537.36"
154.28.229.203 - - [13/Dec/2024:20:04:46 +0000] "GET / HTTP/1.1" 200 17043 "-" "Mozilla/5.0 (Windows NT 10.0; Win64; x64) AppleWebKit/537.36 (KHTML, like Gecko) Chrome/116.0.0.0 Safari/537.36"
146.190.157.162 - - [13/Dec/2024:20:05:00 +0000] "POST /wp-cron.php?doing_wp_cron=1734120300.4114060401916503906250 HTTP/1.1" 200 2976 "-" "WordPress/6.7.1; https://placidoarandaarquitectotecnico.es"
154.28.229.8 - - [13/Dec/2024:20:04:59 +0000] "GET / HTTP/1.1" 200 17044 "-" "Mozilla/5.0 (Macintosh; Intel Mac OS X 10_15_7) AppleWebKit/537.36 (KHTML, like Gecko) Chrome/117.0.0.0 Safari/537.36"
34.41.103.13 - - [13/Dec/2024:20:05:53 +0000] "GET / HTTP/1.1" 301 628 "-" "Mozilla/5.0 (X11; Linux x86_64) AppleWebKit/537.36 (KHTML, like Gecko) Chrome/59.0.3071.104 Safari/537.36"
146.190.157.162 - - [13/Dec/2024:20:05:54 +0000] "POST /wp-cron.php?doing_wp_cron=1734120354.6359670162200927734375 HTTP/1.1" 200 2977 "-" "WordPress/6.7.1; https://placidoarandaarquitectotecnico.es"
34.41.103.13 - - [13/Dec/2024:20:05:54 +0000] "GET / HTTP/1.1" 200 17044 "-" "Mozilla/5.0 (X11; Linux x86_64) AppleWebKit/537.36 (KHTML, like Gecko) Chrome/59.0.3071.104 Safari/537.36"
34.41.103.13 - - [13/Dec/2024:20:06:08 +0000] "GET / HTTP/1.1" 301 628 "-" "Mozilla/5.0 (X11; U; Linux i686; en-US; rv:1.9.1.2) Gecko/20090803 Ubuntu/9.04 (jaunty) Shiretoko/3.5.2"
34.41.103.13 - - [13/Dec/2024:20:06:12 +0000] "GET / HTTP/1.1" 200 17027 "-" "Mozilla/5.0 (X11; U; Linux i686; en-US; rv:1.9.1.2) Gecko/20090803 Ubuntu/9.04 (jaunty) Shiretoko/3.5.2"
34.41.103.13 - - [13/Dec/2024:20:06:13 +0000] "GET /wp-includes/css/dist/block-library/style.min.css?ver=6.7.1 HTTP/1.1" 200 15604 "https://placidoarandaarquitectotecnico.es/" "Mozilla/5.0 (X11; U; Linux i686; en-US; rv:1.9.1.2) Gecko/20090803 Ubuntu/9.04 (jaunty) Shiretoko/3.5.2"
34.41.103.13 - - [13/Dec/2024:20:06:13 +0000] "GET /wp-content/plugins/contact-form-7/includes/css/styles.css?ver=6.0.1 HTTP/1.1" 200 1373 "https://placidoarandaarquitectotecnico.es/" "Mozilla/5.0 (X11; U; Linux i686; en-US; rv:1.9.1.2) Gecko/20090803 Ubuntu/9.04 (jaunty) Shiretoko/3.5.2"
34.41.103.13 - - [13/Dec/2024:20:06:14 +0000] "GET /wp-includes/css/dashicons.min.css?ver=6.7.1 HTTP/1.1" 200 36546 "https://placidoarandaarquitectotecnico.es/" "Mozilla/5.0 (X11; U; Linux i686; en-US; rv:1.9.1.2) Gecko/20090803 Ubuntu/9.04 (jaunty) Shiretoko/3.5.2"
34.41.103.13 - - [13/Dec/2024:20:06:14 +0000] "GET /wp-includes/js/jquery/jquery-migrate.min.js?ver=3.4.1 HTTP/1.1" 200 7919 "https://placidoarandaarquitectotecnico.es/" "Mozilla/5.0 (X11; U; Linux i686; en-US; rv:1.9.1.2) Gecko/20090803 Ubuntu/9.04 (jaunty) Shiretoko/3.5.2"
34.41.103.13 - - [13/Dec/2024:20:06:14 +0000] "GET /wp-content/themes/Divi/core/admin/fonts/modules.ttf HTTP/1.1" 200 92951 "https://placidoarandaarquitectotecnico.es/" "Mozilla/5.0 (X11; U; Linux i686; en-US; rv:1.9.1.2) Gecko/20090803 Ubuntu/9.04 (jaunty) Shiretoko/3.5.2"
34.41.103.13 - - [13/Dec/2024:20:06:14 +0000] "GET /wp-includes/js/jquery/jquery.min.js?ver=3.7.1 HTTP/1.1" 200 33525 "https://placidoarandaarquitectotecnico.es/" "Mozilla/5.0 (X11; U; Linux i686; en-US; rv:1.9.1.2) Gecko/20090803 Ubuntu/9.04 (jaunty) Shiretoko/3.5.2"
34.41.103.13 - - [13/Dec/2024:20:06:14 +0000] "GET /wp-content/themes/Divi/style.css?ver=4.9.1 HTTP/1.1" 200 83869 "https://placidoarandaarquitectotecnico.es/" "Mozilla/5.0 (X11; U; Linux i686; en-US; rv:1.9.1.2) Gecko/20090803 Ubuntu/9.04 (jaunty) Shiretoko/3.5.2"
34.41.103.13 - - [13/Dec/2024:20:06:15 +0000] "GET /wp-content/uploads/2024/12/Logo-blanco.png HTTP/1.1" 200 10327 "https://placidoarandaarquitectotecnico.es/" "Mozilla/5.0 (X11; U; Linux i686; en-US; rv:1.9.1.2) Gecko/20090803 Ubuntu/9.04 (jaunty) Shiretoko/3.5.2"
34.41.103.13 - - [13/Dec/2024:20:06:15 +0000] "GET /wp-content/uploads/2024/12/home-vertical_02.jpg HTTP/1.1" 200 747210 "https://placidoarandaarquitectotecnico.es/" "Mozilla/5.0 (X11; U; Linux i686; en-US; rv:1.9.1.2) Gecko/20090803 Ubuntu/9.04 (jaunty) Shiretoko/3.5.2"
34.41.103.13 - - [13/Dec/2024:20:06:16 +0000] "GET /wp-content/uploads/2024/12/Logo-vertical.png HTTP/1.1" 200 6226 "https://placidoarandaarquitectotecnico.es/" "Mozilla/5.0 (X11; U; Linux i686; en-US; rv:1.9.1.2) Gecko/20090803 Ubuntu/9.04 (jaunty) Shiretoko/3.5.2"
34.41.103.13 - - [13/Dec/2024:20:06:16 +0000] "GET /wp-content/uploads/2024/12/kit_digital-1024x61-1.png HTTP/1.1" 200 63167 "https://placidoarandaarquitectotecnico.es/" "Mozilla/5.0 (X11; U; Linux i686; en-US; rv:1.9.1.2) Gecko/20090803 Ubuntu/9.04 (jaunty) Shiretoko/3.5.2"
34.41.103.13 - - [13/Dec/2024:20:06:16 +0000] "GET /wp-includes/js/dist/hooks.min.js?ver=4d63a3d491d11ffd8ac6 HTTP/1.1" 200 2014 "https://placidoarandaarquitectotecnico.es/" "Mozilla/5.0 (X11; U; Linux i686; en-US; rv:1.9.1.2) Gecko/20090803 Ubuntu/9.04 (jaunty) Shiretoko/3.5.2"
34.41.103.13 - - [13/Dec/2024:20:06:16 +0000] "GET /wp-content/plugins/contact-form-7/includes/js/index.js?ver=6.0.1 HTTP/1.1" 200 4631 "https://placidoarandaarquitectotecnico.es/" "Mozilla/5.0 (X11; U; Linux i686; en-US; rv:1.9.1.2) Gecko/20090803 Ubuntu/9.04 (jaunty) Shiretoko/3.5.2"
34.41.103.13 - - [13/Dec/2024:20:06:16 +0000] "GET /wp-content/plugins/contact-form-7/includes/swv/js/index.js?ver=6.0.1 HTTP/1.1" 200 3868 "https://placidoarandaarquitectotecnico.es/" "Mozilla/5.0 (X11; U; Linux i686; en-US; rv:1.9.1.2) Gecko/20090803 Ubuntu/9.04 (jaunty) Shiretoko/3.5.2"
34.41.103.13 - - [13/Dec/2024:20:06:16 +0000] "GET /wp-content/themes/Divi/core/admin/js/common.js?ver=4.9.1 HTTP/1.1" 200 930 "https://placidoarandaarquitectotecnico.es/" "Mozilla/5.0 (X11; U; Linux i686; en-US; rv:1.9.1.2) Gecko/20090803 Ubuntu/9.04 (jaunty) Shiretoko/3.5.2"
34.41.103.13 - - [13/Dec/2024:20:06:16 +0000] "GET /wp-includes/js/dist/i18n.min.js?ver=5e580eb46a90c2b997e6 HTTP/1.1" 200 4033 "https://placidoarandaarquitectotecnico.es/" "Mozilla/5.0 (X11; U; Linux i686; en-US; rv:1.9.1.2) Gecko/20090803 Ubuntu/9.04 (jaunty) Shiretoko/3.5.2"
34.41.103.13 - - [13/Dec/2024:20:06:16 +0000] "GET /wp-content/themes/Divi/js/custom.unified.js?ver=4.9.1 HTTP/1.1" 200 139339 "https://placidoarandaarquitectotecnico.es/" "Mozilla/5.0 (X11; U; Linux i686; en-US; rv:1.9.1.2) Gecko/20090803 Ubuntu/9.04 (jaunty) Shiretoko/3.5.2"
34.41.103.13 - - [13/Dec/2024:20:06:16 +0000] "GET /wp-content/uploads/2024/12/hero-home.jpg HTTP/1.1" 200 175209 "https://placidoarandaarquitectotecnico.es/" "Mozilla/5.0 (X11; U; Linux i686; en-US; rv:1.9.1.2) Gecko/20090803 Ubuntu/9.04 (jaunty) Shiretoko/3.5.2"
34.41.103.13 - - [13/Dec/2024:20:06:20 +0000] "GET /wp-includes/js/wp-emoji-release.min.js?ver=6.7.1 HTTP/1.1" 200 5428 "https://placidoarandaarquitectotecnico.es/" "Mozilla/5.0 (X11; U; Linux i686; en-US; rv:1.9.1.2) Gecko/20090803 Ubuntu/9.04 (jaunty) Shiretoko/3.5.2"
34.41.103.13 - - [13/Dec/2024:20:06:20 +0000] "GET /wp-content/uploads/2024/12/home-back.jpg HTTP/1.1" 200 133768 "https://placidoarandaarquitectotecnico.es/" "Mozilla/5.0 (X11; U; Linux i686; en-US; rv:1.9.1.2) Gecko/20090803 Ubuntu/9.04 (jaunty) Shiretoko/3.5.2"
34.41.103.13 - - [13/Dec/2024:20:06:20 +0000] "GET /wp-content/uploads/2024/12/cedula.jpg HTTP/1.1" 200 61863 "https://placidoarandaarquitectotecnico.es/" "Mozilla/5.0 (X11; U; Linux i686; en-US; rv:1.9.1.2) Gecko/20090803 Ubuntu/9.04 (jaunty) Shiretoko/3.5.2"
34.41.103.13 - - [13/Dec/2024:20:06:20 +0000] "GET /wp-content/uploads/2024/12/plan.jpg HTTP/1.1" 200 46947 "https://placidoarandaarquitectotecnico.es/" "Mozilla/5.0 (X11; U; Linux i686; en-US; rv:1.9.1.2) Gecko/20090803 Ubuntu/9.04 (jaunty) Shiretoko/3.5.2"
34.41.103.13 - - [13/Dec/2024:20:06:20 +0000] "GET /wp-content/uploads/2024/12/certificado_energetico.png HTTP/1.1" 200 310606 "https://placidoarandaarquitectotecnico.es/" "Mozilla/5.0 (X11; U; Linux i686; en-US; rv:1.9.1.2) Gecko/20090803 Ubuntu/9.04 (jaunty) Shiretoko/3.5.2"
34.41.103.13 - - [13/Dec/2024:20:07:40 +0000] "GET / HTTP/1.1" 301 628 "-" "python-requests/2.32.3"
146.190.157.162 - - [13/Dec/2024:20:07:41 +0000] "POST /wp-cron.php?doing_wp_cron=1734120461.3648550510406494140625 HTTP/1.1" 200 2975 "-" "WordPress/6.7.1; https://placidoarandaarquitectotecnico.es"
34.41.103.13 - - [13/Dec/2024:20:07:40 +0000] "GET / HTTP/1.1" 200 17040 "-" "python-requests/2.32.3"
66.249.70.107 - - [13/Dec/2024:20:11:51 +0000] "GET /wp-includes/js/jquery/jquery-migrate.min.js?ver=3.4.1 HTTP/1.1" 200 7902 "https://placidoarandaarquitectotecnico.es/" "Mozilla/5.0 (Linux; Android 6.0.1; Nexus 5X Build/MMB29P) AppleWebKit/537.36 (KHTML, like Gecko) Chrome/131.0.6778.108 Mobile Safari/537.36 (compatible; Googlebot/2.1; +http://www.google.com/bot.html)"
66.249.70.107 - - [13/Dec/2024:20:11:52 +0000] "GET /wp-includes/css/dist/block-library/style.min.css?ver=6.7.1 HTTP/1.1" 200 15604 "https://placidoarandaarquitectotecnico.es/" "Mozilla/5.0 (Linux; Android 6.0.1; Nexus 5X Build/MMB29P) AppleWebKit/537.36 (KHTML, like Gecko) Chrome/131.0.6778.108 Mobile Safari/537.36 (compatible; Googlebot/2.1; +http://www.google.com/bot.html)"
66.249.70.107 - - [13/Dec/2024:20:11:52 +0000] "GET /wp-includes/css/dashicons.min.css?ver=6.7.1 HTTP/1.1" 200 36222 "https://placidoarandaarquitectotecnico.es/" "Mozilla/5.0 (Linux; Android 6.0.1; Nexus 5X Build/MMB29P) AppleWebKit/537.36 (KHTML, like Gecko) Chrome/131.0.6778.108 Mobile Safari/537.36 (compatible; Googlebot/2.1; +http://www.google.com/bot.html)"
66.249.70.107 - - [13/Dec/2024:20:11:52 +0000] "GET /wp-content/plugins/contact-form-7/includes/css/styles.css?ver=6.0.1 HTTP/1.1" 200 1373 "https://placidoarandaarquitectotecnico.es/" "Mozilla/5.0 (Linux; Android 6.0.1; Nexus 5X Build/MMB29P) AppleWebKit/537.36 (KHTML, like Gecko) Chrome/131.0.6778.108 Mobile Safari/537.36 (compatible; Googlebot/2.1; +http://www.google.com/bot.html)"
66.249.70.107 - - [13/Dec/2024:20:11:53 +0000] "GET /wp-content/themes/Divi/style.css?ver=4.9.1 HTTP/1.1" 200 83545 "https://placidoarandaarquitectotecnico.es/" "Mozilla/5.0 (Linux; Android 6.0.1; Nexus 5X Build/MMB29P) AppleWebKit/537.36 (KHTML, like Gecko) Chrome/131.0.6778.108 Mobile Safari/537.36 (compatible; Googlebot/2.1; +http://www.google.com/bot.html)"
66.249.70.107 - - [13/Dec/2024:20:11:53 +0000] "GET /wp-includes/js/jquery/jquery.min.js?ver=3.7.1 HTTP/1.1" 200 30846 "https://placidoarandaarquitectotecnico.es/" "Mozilla/5.0 (Linux; Android 6.0.1; Nexus 5X Build/MMB29P) AppleWebKit/537.36 (KHTML, like Gecko) Chrome/131.0.6778.108 Mobile Safari/537.36 (compatible; Googlebot/2.1; +http://www.google.com/bot.html)"
66.249.70.107 - - [13/Dec/2024:20:11:54 +0000] "GET /wp-includes/js/dist/hooks.min.js?ver=4d63a3d491d11ffd8ac6 HTTP/1.1" 200 2014 "https://placidoarandaarquitectotecnico.es/" "Mozilla/5.0 (Linux; Android 6.0.1; Nexus 5X Build/MMB29P) AppleWebKit/537.36 (KHTML, like Gecko) Chrome/131.0.6778.108 Mobile Safari/537.36 (compatible; Googlebot/2.1; +http://www.google.com/bot.html)"
66.249.70.107 - - [13/Dec/2024:20:11:54 +0000] "GET /wp-includes/js/dist/i18n.min.js?ver=5e580eb46a90c2b997e6 HTTP/1.1" 200 4033 "https://placidoarandaarquitectotecnico.es/" "Mozilla/5.0 (Linux; Android 6.0.1; Nexus 5X Build/MMB29P) AppleWebKit/537.36 (KHTML, like Gecko) Chrome/131.0.6778.108 Mobile Safari/537.36 (compatible; Googlebot/2.1; +http://www.google.com/bot.html)"
66.249.70.107 - - [13/Dec/2024:20:11:55 +0000] "GET /wp-content/plugins/contact-form-7/includes/swv/js/index.js?ver=6.0.1 HTTP/1.1" 200 3868 "https://placidoarandaarquitectotecnico.es/" "Mozilla/5.0 (Linux; Android 6.0.1; Nexus 5X Build/MMB29P) AppleWebKit/537.36 (KHTML, like Gecko) Chrome/131.0.6778.108 Mobile Safari/537.36 (compatible; Googlebot/2.1; +http://www.google.com/bot.html)"
66.249.70.107 - - [13/Dec/2024:20:11:55 +0000] "GET /wp-content/plugins/contact-form-7/includes/js/index.js?ver=6.0.1 HTTP/1.1" 200 4631 "https://placidoarandaarquitectotecnico.es/" "Mozilla/5.0 (Linux; Android 6.0.1; Nexus 5X Build/MMB29P) AppleWebKit/537.36 (KHTML, like Gecko) Chrome/131.0.6778.108 Mobile Safari/537.36 (compatible; Googlebot/2.1; +http://www.google.com/bot.html)"
66.249.70.107 - - [13/Dec/2024:20:11:56 +0000] "GET /wp-content/themes/Divi/js/custom.unified.js?ver=4.9.1 HTTP/1.1" 200 139339 "https://placidoarandaarquitectotecnico.es/" "Mozilla/5.0 (Linux; Android 6.0.1; Nexus 5X Build/MMB29P) AppleWebKit/537.36 (KHTML, like Gecko) Chrome/131.0.6778.108 Mobile Safari/537.36 (compatible; Googlebot/2.1; +http://www.google.com/bot.html)"
66.249.70.107 - - [13/Dec/2024:20:11:56 +0000] "GET /wp-content/themes/Divi/core/admin/js/common.js?ver=4.9.1 HTTP/1.1" 200 930 "https://placidoarandaarquitectotecnico.es/" "Mozilla/5.0 (Linux; Android 6.0.1; Nexus 5X Build/MMB29P) AppleWebKit/537.36 (KHTML, like Gecko) Chrome/131.0.6778.108 Mobile Safari/537.36 (compatible; Googlebot/2.1; +http://www.google.com/bot.html)"
52.42.154.255 - - [13/Dec/2024:20:12:00 +0000] "GET / HTTP/1.1" 301 591 "-" "Mozilla/5.0 (Linux; Android 8.0.0; SM-G965U Build/R16NW) AppleWebKit/537.36 (KHTML, like Gecko) Chrome/63.0.3239.111 Mobile Safari/537.36"
52.42.154.255 - - [13/Dec/2024:20:12:00 +0000] "GET / HTTP/1.1" 301 591 "-" "Mozilla/5.0 (Macintosh; Intel Mac OS X 10_15_7) AppleWebKit/537.36 (KHTML, like Gecko) Chrome/113.0.0.0 Safari/537.36"
18.237.225.240 - - [13/Dec/2024:20:12:00 +0000] "GET / HTTP/1.1" 301 603 "-" "Mozilla/5.0 (Macintosh; Intel Mac OS X 10_15_7) AppleWebKit/537.36 (KHTML, like Gecko) Chrome/113.0.0.0 Safari/537.36"
18.237.225.240 - - [13/Dec/2024:20:12:00 +0000] "GET / HTTP/1.1" 301 2947 "http://www.placidoarandaarquitectotecnico.es" "Mozilla/5.0 (Macintosh; Intel Mac OS X 10_15_7) AppleWebKit/537.36 (KHTML, like Gecko) Chrome/113.0.0.0 Safari/537.36"
52.42.154.255 - - [13/Dec/2024:20:12:00 +0000] "GET / HTTP/1.1" 200 16976 "http://placidoarandaarquitectotecnico.es" "Mozilla/5.0 (Linux; Android 8.0.0; SM-G965U Build/R16NW) AppleWebKit/537.36 (KHTML, like Gecko) Chrome/63.0.3239.111 Mobile Safari/537.36"
146.190.157.162 - - [13/Dec/2024:20:12:01 +0000] "POST /wp-cron.php?doing_wp_cron=1734120721.0116720199584960937500 HTTP/1.1" 200 2976 "-" "WordPress/6.7.1; https://placidoarandaarquitectotecnico.es"
52.42.154.255 - - [13/Dec/2024:20:12:00 +0000] "GET / HTTP/1.1" 200 16974 "http://placidoarandaarquitectotecnico.es" "Mozilla/5.0 (Macintosh; Intel Mac OS X 10_15_7) AppleWebKit/537.36 (KHTML, like Gecko) Chrome/113.0.0.0 Safari/537.36"
18.237.225.240 - - [13/Dec/2024:20:12:01 +0000] "GET / HTTP/1.1" 200 16975 "https://www.placidoarandaarquitectotecnico.es/" "Mozilla/5.0 (Macintosh; Intel Mac OS X 10_15_7) AppleWebKit/537.36 (KHTML, like Gecko) Chrome/113.0.0.0 Safari/537.36"
66.249.70.108 - - [13/Dec/2024:20:12:47 +0000] "GET / HTTP/1.1" 200 17010 "-" "Mozilla/5.0 (compatible; Googlebot/2.1; +http://www.google.com/bot.html)"
66.249.70.109 - - [13/Dec/2024:20:12:48 +0000] "GET / HTTP/1.1" 200 17013 "-" "Mozilla/5.0 (Linux; Android 6.0.1; Nexus 5X Build/MMB29P) AppleWebKit/537.36 (KHTML, like Gecko) Chrome/99.0.4844.84 Mobile Safari/537.36 (compatible; Googlebot/2.1; +http://www.google.com/bot.html)"
66.249.70.107 - - [13/Dec/2024:20:12:52 +0000] "GET /favicon.ico HTTP/1.1" 302 3103 "-" "Googlebot-Image/1.0"
66.249.70.108 - - [13/Dec/2024:20:12:53 +0000] "GET /wp-content/uploads/2024/12/favicon-150x150.jpg HTTP/1.1" 200 6788 "-" "Googlebot-Image/1.0"
66.249.70.107 - - [13/Dec/2024:20:12:53 +0000] "GET /wp-content/uploads/2024/12/favicon-300x300.jpg HTTP/1.1" 200 8047 "-" "Googlebot-Image/1.0"
66.249.70.107 - - [13/Dec/2024:20:12:53 +0000] "GET /wp-content/uploads/2024/12/favicon-150x150.jpg HTTP/1.1" 200 4124 "-" "Googlebot-Image/1.0"
