51.158.37.195 - - [14/Dec/2024:21:43:50 +0000] "GET /ads.txt HTTP/1.1" 301 654 "-" "Mozilla/5.0 (Windows NT 10.0; Win64; x64) AppleWebKit/537.36 (KHTML, like Gecko) Chrome/124.0.0.0 Safari/537.3"
51.158.37.195 - - [14/Dec/2024:21:43:51 +0000] "GET /ads.txt HTTP/1.1" 301 3115 "-" "Mozilla/5.0 (Windows NT 10.0; Win64; x64) AppleWebKit/537.36 (KHTML, like Gecko) Chrome/124.0.0.0 Safari/537.3"
51.158.37.195 - - [14/Dec/2024:21:43:52 +0000] "GET /ads.txt HTTP/1.1" 404 36970 "-" "Mozilla/5.0 (Windows NT 10.0; Win64; x64) AppleWebKit/537.36 (KHTML, like Gecko) Chrome/124.0.0.0 Safari/537.3"
51.158.37.195 - - [14/Dec/2024:21:43:54 +0000] "GET /app-ads.txt HTTP/1.1" 301 662 "-" "Mozilla/5.0 (Windows NT 10.0; Win64; x64) AppleWebKit/537.36 (KHTML, like Gecko) Chrome/124.0.0.0 Safari/537.3"
146.190.157.162 - - [14/Dec/2024:21:43:55 +0000] "POST /wp-cron.php?doing_wp_cron=1734212635.1114110946655273437500 HTTP/1.1" 200 2977 "-" "WordPress/6.7.1; https://placidoarandaarquitectotecnico.es"
51.158.37.195 - - [14/Dec/2024:21:43:54 +0000] "GET /app-ads.txt HTTP/1.1" 301 3118 "-" "Mozilla/5.0 (Windows NT 10.0; Win64; x64) AppleWebKit/537.36 (KHTML, like Gecko) Chrome/124.0.0.0 Safari/537.3"
51.158.37.195 - - [14/Dec/2024:21:43:56 +0000] "GET /app-ads.txt HTTP/1.1" 404 36968 "-" "Mozilla/5.0 (Windows NT 10.0; Win64; x64) AppleWebKit/537.36 (KHTML, like Gecko) Chrome/124.0.0.0 Safari/537.3"
51.158.37.195 - - [14/Dec/2024:21:43:57 +0000] "GET /sellers.json HTTP/1.1" 301 664 "-" "Mozilla/5.0 (Windows NT 10.0; Win64; x64) AppleWebKit/537.36 (KHTML, like Gecko) Chrome/124.0.0.0 Safari/537.3"
51.158.37.195 - - [14/Dec/2024:21:43:58 +0000] "GET /sellers.json HTTP/1.1" 301 3120 "-" "Mozilla/5.0 (Windows NT 10.0; Win64; x64) AppleWebKit/537.36 (KHTML, like Gecko) Chrome/124.0.0.0 Safari/537.3"
51.158.37.195 - - [14/Dec/2024:21:43:59 +0000] "GET /sellers.json HTTP/1.1" 404 36969 "-" "Mozilla/5.0 (Windows NT 10.0; Win64; x64) AppleWebKit/537.36 (KHTML, like Gecko) Chrome/124.0.0.0 Safari/537.3"
51.158.37.195 - - [14/Dec/2024:21:44:02 +0000] "GET /wp-includes/js/jquery/jquery.min.js?ver=3.7.1 HTTP/1.1" 200 33541 "-" "Mozilla/5.0 (Windows NT 10.0; Win64; x64) AppleWebKit/537.36 (KHTML, like Gecko) Chrome/124.0.0.0 Safari/537.3"
51.158.37.195 - - [14/Dec/2024:21:44:03 +0000] "GET /wp-includes/js/jquery/jquery-migrate.min.js?ver=3.4.1 HTTP/1.1" 200 7933 "-" "Mozilla/5.0 (Windows NT 10.0; Win64; x64) AppleWebKit/537.36 (KHTML, like Gecko) Chrome/124.0.0.0 Safari/537.3"
51.158.37.195 - - [14/Dec/2024:21:44:03 +0000] "GET /wp-includes/js/dist/hooks.min.js?ver=4d63a3d491d11ffd8ac6 HTTP/1.1" 200 4709 "-" "Mozilla/5.0 (Windows NT 10.0; Win64; x64) AppleWebKit/537.36 (KHTML, like Gecko) Chrome/124.0.0.0 Safari/537.3"
51.158.37.195 - - [14/Dec/2024:21:44:04 +0000] "GET /wp-includes/js/dist/i18n.min.js?ver=5e580eb46a90c2b997e6 HTTP/1.1" 200 6728 "-" "Mozilla/5.0 (Windows NT 10.0; Win64; x64) AppleWebKit/537.36 (KHTML, like Gecko) Chrome/124.0.0.0 Safari/537.3"
51.158.37.195 - - [14/Dec/2024:21:44:04 +0000] "GET /wp-content/plugins/contact-form-7/includes/swv/js/index.js?ver=6.0.1 HTTP/1.1" 200 6565 "-" "Mozilla/5.0 (Windows NT 10.0; Win64; x64) AppleWebKit/537.36 (KHTML, like Gecko) Chrome/124.0.0.0 Safari/537.3"
51.158.37.195 - - [14/Dec/2024:21:44:05 +0000] "GET /wp-content/plugins/contact-form-7/includes/js/index.js?ver=6.0.1 HTTP/1.1" 200 7327 "-" "Mozilla/5.0 (Windows NT 10.0; Win64; x64) AppleWebKit/537.36 (KHTML, like Gecko) Chrome/124.0.0.0 Safari/537.3"
51.158.37.195 - - [14/Dec/2024:21:44:05 +0000] "GET /wp-content/themes/Divi/js/custom.unified.js?ver=4.9.1 HTTP/1.1" 200 142035 "-" "Mozilla/5.0 (Windows NT 10.0; Win64; x64) AppleWebKit/537.36 (KHTML, like Gecko) Chrome/124.0.0.0 Safari/537.3"
51.158.37.195 - - [14/Dec/2024:21:44:06 +0000] "GET /wp-content/themes/Divi/core/admin/js/common.js?ver=4.9.1 HTTP/1.1" 200 3627 "-" "Mozilla/5.0 (Windows NT 10.0; Win64; x64) AppleWebKit/537.36 (KHTML, like Gecko) Chrome/124.0.0.0 Safari/537.3"
199.45.154.117 - - [14/Dec/2024:22:13:03 +0000] "GET / HTTP/1.1" 301 572 "-" "Mozilla/5.0 (compatible; CensysInspect/1.1; +https://about.censys.io/)"
146.190.157.162 - - [14/Dec/2024:22:13:12 +0000] "POST /wp-cron.php?doing_wp_cron=1734214392.4318649768829345703125 HTTP/1.1" 200 2975 "-" "WordPress/6.7.1; https://placidoarandaarquitectotecnico.es"
199.45.154.117 - - [14/Dec/2024:22:13:11 +0000] "GET / HTTP/1.1" 200 16952 "-" "Mozilla/5.0 (compatible; CensysInspect/1.1; +https://about.censys.io/)"
199.45.154.117 - - [14/Dec/2024:22:13:18 +0000] "GET /wp-content/uploads/2024/12/favicon-150x150.jpg HTTP/1.1" 200 6751 "-" "Mozilla/5.0 (compatible; CensysInspect/1.1; +https://about.censys.io/)"
199.45.154.117 - - [14/Dec/2024:22:13:22 +0000] "GET /wp-content/uploads/2024/12/favicon-300x300.jpg HTTP/1.1" 200 10674 "-" "Mozilla/5.0 (compatible; CensysInspect/1.1; +https://about.censys.io/)"
199.45.154.117 - - [14/Dec/2024:22:13:24 +0000] "GET /favicon.ico HTTP/1.1" 302 3066 "-" "Mozilla/5.0 (compatible; CensysInspect/1.1; +https://about.censys.io/)"
199.45.154.117 - - [14/Dec/2024:22:13:28 +0000] "GET /wp-content/uploads/2024/12/favicon-150x150.jpg HTTP/1.1" 200 6751 "https://placidoarandaarquitectotecnico.es/favicon.ico" "Mozilla/5.0 (compatible; CensysInspect/1.1; +https://about.censys.io/)"
146.190.157.162 - - [14/Dec/2024:22:41:28 +0000] "POST /wp-cron.php?doing_wp_cron=1734216088.3829429149627685546875 HTTP/1.1" 200 2977 "-" "WordPress/6.7.1; https://placidoarandaarquitectotecnico.es"
104.166.80.111 - - [14/Dec/2024:22:41:27 +0000] "GET / HTTP/1.1" 200 17045 "-" "Mozilla/5.0 (X11; Linux i686; rv:109.0) Gecko/20100101 Firefox/120.0"
146.190.157.162 - - [15/Dec/2024:02:02:20 +0000] "POST /wp-cron.php?doing_wp_cron=1734228140.2091999053955078125000 HTTP/1.1" 200 2976 "-" "WordPress/6.7.1; https://placidoarandaarquitectotecnico.es"
15.204.182.106 - - [15/Dec/2024:02:02:19 +0000] "GET / HTTP/1.1" 200 16791 "-" "Mozilla/5.0 (Windows NT 10.0; Win64; x64) AppleWebKit/537.36 (KHTML, like Gecko) Chrome/122.0.0.0 Safari/537.36"
184.174.10.92 - - [15/Dec/2024:02:30:14 +0000] "GET / HTTP/1.1" 301 628 "-" "Mozilla/5.0 (Macintosh; Intel Mac OS X 10_14_6) AppleWebKit/605.1.15 (KHTML, like Gecko) Version/14.0 Safari/605.1.15"
146.190.157.162 - - [15/Dec/2024:02:47:37 +0000] "POST /wp-cron.php?doing_wp_cron=1734230857.7842459678649902343750 HTTP/1.1" 200 2977 "-" "WordPress/6.7.1; https://placidoarandaarquitectotecnico.es"
15.204.182.106 - - [15/Dec/2024:02:47:36 +0000] "GET / HTTP/1.1" 301 2742 "-" "Mozilla/5.0 (Windows NT 10.0; Win64; x64) AppleWebKit/537.36 (KHTML, like Gecko) Chrome/122.0.0.0 Safari/537.36"
15.204.182.106 - - [15/Dec/2024:02:47:39 +0000] "GET / HTTP/1.1" 200 16791 "https://www.placidoarandaarquitectotecnico.es/" "Mozilla/5.0 (Windows NT 10.0; Win64; x64) AppleWebKit/537.36 (KHTML, like Gecko) Chrome/122.0.0.0 Safari/537.36"
185.247.137.74 - - [15/Dec/2024:02:52:40 +0000] "GET / HTTP/1.1" 301 591 "-" "Mozilla/5.0 (compatible; InternetMeasurement/1.0; +https://internet-measurement.com/)"
146.190.157.162 - - [15/Dec/2024:02:52:41 +0000] "POST /wp-cron.php?doing_wp_cron=1734231161.3871860504150390625000 HTTP/1.1" 200 2975 "-" "WordPress/6.7.1; https://placidoarandaarquitectotecnico.es"
185.247.137.74 - - [15/Dec/2024:02:52:40 +0000] "GET / HTTP/1.1" 200 16971 "http://placidoarandaarquitectotecnico.es" "Mozilla/5.0 (compatible; InternetMeasurement/1.0; +https://internet-measurement.com/)"
87.236.176.163 - - [15/Dec/2024:02:52:43 +0000] "GET /wp-content/uploads/2024/12/favicon-150x150.jpg HTTP/1.1" 200 6768 "-" "Mozilla/5.0 (compatible; InternetMeasurement/1.0; +https://internet-measurement.com/)"
185.247.137.105 - - [15/Dec/2024:02:52:43 +0000] "GET /wp-content/uploads/2024/12/favicon-300x300.jpg HTTP/1.1" 200 10691 "-" "Mozilla/5.0 (compatible; InternetMeasurement/1.0; +https://internet-measurement.com/)"
185.247.137.25 - - [15/Dec/2024:02:52:43 +0000] "GET /favicon.ico HTTP/1.1" 302 3082 "-" "Mozilla/5.0 (compatible; InternetMeasurement/1.0; +https://internet-measurement.com/)"
185.247.137.25 - - [15/Dec/2024:02:52:45 +0000] "GET /wp-content/uploads/2024/12/favicon-150x150.jpg HTTP/1.1" 200 6748 "https://placidoarandaarquitectotecnico.es/favicon.ico" "Mozilla/5.0 (compatible; InternetMeasurement/1.0; +https://internet-measurement.com/)"
8.41.221.55 - - [15/Dec/2024:03:14:49 +0000] "GET / HTTP/1.1" 301 628 "-" "Mozilla/5.0 Firefox/33.0"
146.190.157.162 - - [15/Dec/2024:03:14:50 +0000] "POST /wp-cron.php?doing_wp_cron=1734232490.7795319557189941406250 HTTP/1.1" 200 2976 "-" "WordPress/6.7.1; https://placidoarandaarquitectotecnico.es"
8.41.221.55 - - [15/Dec/2024:03:14:50 +0000] "GET / HTTP/1.1" 200 17038 "-" "Mozilla/5.0 Firefox/33.0"
8.41.221.55 - - [15/Dec/2024:03:14:52 +0000] "GET /robots.txt HTTP/1.1" 301 648 "-" "python-requests/2.31.0"
8.41.221.55 - - [15/Dec/2024:03:14:53 +0000] "GET /robots.txt HTTP/1.1" 200 3230 "-" "python-requests/2.31.0"
8.41.221.55 - - [15/Dec/2024:03:14:54 +0000] "GET / HTTP/1.1" 301 591 "-" "Mozilla/5.0 Firefox/33.0"
146.190.157.162 - - [15/Dec/2024:03:14:56 +0000] "POST /wp-cron.php?doing_wp_cron=1734232496.7219910621643066406250 HTTP/1.1" 200 2975 "-" "WordPress/6.7.1; https://placidoarandaarquitectotecnico.es"
8.41.221.55 - - [15/Dec/2024:03:14:56 +0000] "GET / HTTP/1.1" 200 70314 "-" "Mozilla/5.0 Firefox/33.0"
66.249.70.107 - - [15/Dec/2024:03:55:06 +0000] "GET /wp-content/uploads/2024/12/home-vertical_02.jpg HTTP/1.1" 200 749874 "-" "Googlebot-Image/1.0"
207.241.225.134 - - [15/Dec/2024:06:16:15 +0000] "GET / HTTP/1.1" 301 603 "-" "Mozilla/5.0 (compatible; archive.org_bot +http://archive.org/details/archive.org_bot) Zeno/7597a01 warc/v0.8.54"
146.190.157.162 - - [15/Dec/2024:06:16:16 +0000] "POST /wp-cron.php?doing_wp_cron=1734243376.7728850841522216796875 HTTP/1.1" 200 2976 "-" "WordPress/6.7.1; https://placidoarandaarquitectotecnico.es"
207.241.225.134 - - [15/Dec/2024:06:16:15 +0000] "GET / HTTP/1.1" 301 2963 "http://www.placidoarandaarquitectotecnico.es" "Mozilla/5.0 (compatible; archive.org_bot +http://archive.org/details/archive.org_bot) Zeno/7597a01 warc/v0.8.54"
207.241.225.134 - - [15/Dec/2024:06:16:22 +0000] "GET / HTTP/1.1" 200 16985 "https://www.placidoarandaarquitectotecnico.es/" "Mozilla/5.0 (compatible; archive.org_bot +http://archive.org/details/archive.org_bot) Zeno/7597a01 warc/v0.8.54"
34.29.178.232 - - [15/Dec/2024:07:10:41 +0000] "GET / HTTP/1.1" 301 628 "-" "Mozilla/5.0 (Macintosh; Intel Mac OS X 10_15_7) AppleWebKit/537.36 (KHTML, like Gecko) Chrome/127.0.0.0 Safari/537.36"
34.29.178.232 - - [15/Dec/2024:07:10:41 +0000] "GET / HTTP/1.1" 200 17043 "http://placidoarandaarquitectotecnico.es/" "Mozilla/5.0 (Macintosh; Intel Mac OS X 10_15_7) AppleWebKit/537.36 (KHTML, like Gecko) Chrome/127.0.0.0 Safari/537.36"
34.29.178.232 - - [15/Dec/2024:07:10:44 +0000] "GET /app/ HTTP/1.1" 404 34269 "-" "Mozilla/5.0 (Macintosh; Intel Mac OS X 10_15_7) AppleWebKit/537.36 (KHTML, like Gecko) Chrome/127.0.0.0 Safari/537.36"
146.190.157.162 - - [15/Dec/2024:07:10:42 +0000] "POST /wp-cron.php?doing_wp_cron=1734246642.3961920738220214843750 HTTP/1.1" 200 2975 "-" "WordPress/6.7.1; https://placidoarandaarquitectotecnico.es"
34.29.178.232 - - [15/Dec/2024:07:10:45 +0000] "GET /login/ HTTP/1.1" 302 3195 "-" "Mozilla/5.0 (Macintosh; Intel Mac OS X 10_15_7) AppleWebKit/537.36 (KHTML, like Gecko) Chrome/127.0.0.0 Safari/537.36"
34.29.178.232 - - [15/Dec/2024:07:10:47 +0000] "GET /wp-login.php HTTP/1.1" 200 3651 "https://placidoarandaarquitectotecnico.es/login/" "Mozilla/5.0 (Macintosh; Intel Mac OS X 10_15_7) AppleWebKit/537.36 (KHTML, like Gecko) Chrome/127.0.0.0 Safari/537.36"
34.29.178.232 - - [15/Dec/2024:07:10:48 +0000] "GET /includes//js//index.js HTTP/1.1" 301 432 "-" "Mozilla/5.0 (Macintosh; Intel Mac OS X 10_15_7) AppleWebKit/537.36 (KHTML, like Gecko) Chrome/127.0.0.0 Safari/537.36"
34.29.178.232 - - [15/Dec/2024:07:10:49 +0000] "GET /includes/js/index.js HTTP/1.1" 404 34269 "https://placidoarandaarquitectotecnico.es/includes//js//index.js" "Mozilla/5.0 (Macintosh; Intel Mac OS X 10_15_7) AppleWebKit/537.36 (KHTML, like Gecko) Chrome/127.0.0.0 Safari/537.36"
34.29.178.232 - - [15/Dec/2024:07:10:55 +0000] "GET / HTTP/1.1" 301 640 "-" "Mozilla/5.0 (Macintosh; Intel Mac OS X 10_15_7) AppleWebKit/537.36 (KHTML, like Gecko) Chrome/127.0.0.0 Safari/537.36"
146.190.157.162 - - [15/Dec/2024:07:10:56 +0000] "POST /wp-cron.php?doing_wp_cron=1734246656.6191840171813964843750 HTTP/1.1" 200 2977 "-" "WordPress/6.7.1; https://placidoarandaarquitectotecnico.es"
34.29.178.232 - - [15/Dec/2024:07:10:56 +0000] "GET / HTTP/1.1" 301 3015 "http://www.placidoarandaarquitectotecnico.es/" "Mozilla/5.0 (Macintosh; Intel Mac OS X 10_15_7) AppleWebKit/537.36 (KHTML, like Gecko) Chrome/127.0.0.0 Safari/537.36"
34.29.178.232 - - [15/Dec/2024:07:10:57 +0000] "GET / HTTP/1.1" 200 17042 "https://www.placidoarandaarquitectotecnico.es/" "Mozilla/5.0 (Macintosh; Intel Mac OS X 10_15_7) AppleWebKit/537.36 (KHTML, like Gecko) Chrome/127.0.0.0 Safari/537.36"
34.29.178.232 - - [15/Dec/2024:07:10:58 +0000] "GET /app/ HTTP/1.1" 404 34269 "-" "Mozilla/5.0 (Macintosh; Intel Mac OS X 10_15_7) AppleWebKit/537.36 (KHTML, like Gecko) Chrome/127.0.0.0 Safari/537.36"
34.29.178.232 - - [15/Dec/2024:07:10:59 +0000] "GET /login/ HTTP/1.1" 302 3193 "-" "Mozilla/5.0 (Macintosh; Intel Mac OS X 10_15_7) AppleWebKit/537.36 (KHTML, like Gecko) Chrome/127.0.0.0 Safari/537.36"
34.29.178.232 - - [15/Dec/2024:07:11:01 +0000] "GET /wp-login.php HTTP/1.1" 200 3651 "https://placidoarandaarquitectotecnico.es/login/" "Mozilla/5.0 (Macintosh; Intel Mac OS X 10_15_7) AppleWebKit/537.36 (KHTML, like Gecko) Chrome/127.0.0.0 Safari/537.36"
146.190.157.162 - - [15/Dec/2024:07:26:53 +0000] "POST /wp-cron.php?doing_wp_cron=1734247613.0786969661712646484375 HTTP/1.1" 200 2975 "-" "WordPress/6.7.1; https://placidoarandaarquitectotecnico.es"
66.81.174.27 - - [15/Dec/2024:07:26:52 +0000] "GET /wp-admin/ HTTP/1.1" 302 3175 "-" "Mozilla/5.0 (Macintosh; Intel Mac OS X 10_15_7) AppleWebKit/537.36 (KHTML, like Gecko) Chrome/131.0.0.0 Safari/537.36"
146.190.157.162 - - [15/Dec/2024:07:26:54 +0000] "POST /wp-cron.php?doing_wp_cron=1734247614.6896100044250488281250 HTTP/1.1" 200 2975 "-" "WordPress/6.7.1; https://placidoarandaarquitectotecnico.es"
66.81.174.27 - - [15/Dec/2024:07:26:54 +0000] "GET /wp-login.php?redirect_to=https%3A%2F%2Fplacidoarandaarquitectotecnico.es%2Fwp-admin%2F&reauth=1 HTTP/1.1" 200 5715 "-" "Mozilla/5.0 (Macintosh; Intel Mac OS X 10_15_7) AppleWebKit/537.36 (KHTML, like Gecko) Chrome/131.0.0.0 Safari/537.36"
66.81.174.27 - - [15/Dec/2024:07:26:55 +0000] "GET /wp-includes/css/buttons.min.css?ver=6.7.1 HTTP/1.1" 200 4508 "https://placidoarandaarquitectotecnico.es/wp-login.php?redirect_to=https%3A%2F%2Fplacidoarandaarquitectotecnico.es%2Fwp-admin%2F&reauth=1" "Mozilla/5.0 (Macintosh; Intel Mac OS X 10_15_7) AppleWebKit/537.36 (KHTML, like Gecko) Chrome/131.0.0.0 Safari/537.36"
66.81.174.27 - - [15/Dec/2024:07:26:55 +0000] "GET /wp-includes/css/dashicons.min.css?ver=6.7.1 HTTP/1.1" 200 36222 "https://placidoarandaarquitectotecnico.es/wp-login.php?redirect_to=https%3A%2F%2Fplacidoarandaarquitectotecnico.es%2Fwp-admin%2F&reauth=1" "Mozilla/5.0 (Macintosh; Intel Mac OS X 10_15_7) AppleWebKit/537.36 (KHTML, like Gecko) Chrome/131.0.0.0 Safari/537.36"
66.81.174.27 - - [15/Dec/2024:07:26:55 +0000] "GET /wp-admin/css/forms.min.css?ver=6.7.1 HTTP/1.1" 200 7053 "https://placidoarandaarquitectotecnico.es/wp-login.php?redirect_to=https%3A%2F%2Fplacidoarandaarquitectotecnico.es%2Fwp-admin%2F&reauth=1" "Mozilla/5.0 (Macintosh; Intel Mac OS X 10_15_7) AppleWebKit/537.36 (KHTML, like Gecko) Chrome/131.0.0.0 Safari/537.36"
66.81.174.27 - - [15/Dec/2024:07:26:55 +0000] "GET /wp-admin/css/l10n.min.css?ver=6.7.1 HTTP/1.1" 200 1124 "https://placidoarandaarquitectotecnico.es/wp-login.php?redirect_to=https%3A%2F%2Fplacidoarandaarquitectotecnico.es%2Fwp-admin%2F&reauth=1" "Mozilla/5.0 (Macintosh; Intel Mac OS X 10_15_7) AppleWebKit/537.36 (KHTML, like Gecko) Chrome/131.0.0.0 Safari/537.36"
66.81.174.27 - - [15/Dec/2024:07:26:55 +0000] "GET /wp-admin/css/login.min.css?ver=6.7.1 HTTP/1.1" 200 2872 "https://placidoarandaarquitectotecnico.es/wp-login.php?redirect_to=https%3A%2F%2Fplacidoarandaarquitectotecnico.es%2Fwp-admin%2F&reauth=1" "Mozilla/5.0 (Macintosh; Intel Mac OS X 10_15_7) AppleWebKit/537.36 (KHTML, like Gecko) Chrome/131.0.0.0 Safari/537.36"
66.81.174.27 - - [15/Dec/2024:07:26:55 +0000] "GET /wp-includes/js/zxcvbn-async.min.js?ver=1.0 HTTP/1.1" 200 620 "https://placidoarandaarquitectotecnico.es/wp-login.php?redirect_to=https%3A%2F%2Fplacidoarandaarquitectotecnico.es%2Fwp-admin%2F&reauth=1" "Mozilla/5.0 (Macintosh; Intel Mac OS X 10_15_7) AppleWebKit/537.36 (KHTML, like Gecko) Chrome/131.0.0.0 Safari/537.36"
66.81.174.27 - - [15/Dec/2024:07:26:55 +0000] "GET /wp-includes/js/jquery/jquery-migrate.min.js?ver=3.4.1 HTTP/1.1" 200 7917 "https://placidoarandaarquitectotecnico.es/wp-login.php?redirect_to=https%3A%2F%2Fplacidoarandaarquitectotecnico.es%2Fwp-admin%2F&reauth=1" "Mozilla/5.0 (Macintosh; Intel Mac OS X 10_15_7) AppleWebKit/537.36 (KHTML, like Gecko) Chrome/131.0.0.0 Safari/537.36"
66.81.174.27 - - [15/Dec/2024:07:26:55 +0000] "GET /wp-includes/js/jquery/jquery.min.js?ver=3.7.1 HTTP/1.1" 200 31170 "https://placidoarandaarquitectotecnico.es/wp-login.php?redirect_to=https%3A%2F%2Fplacidoarandaarquitectotecnico.es%2Fwp-admin%2F&reauth=1" "Mozilla/5.0 (Macintosh; Intel Mac OS X 10_15_7) AppleWebKit/537.36 (KHTML, like Gecko) Chrome/131.0.0.0 Safari/537.36"
66.81.174.27 - - [15/Dec/2024:07:26:55 +0000] "GET /wp-includes/js/clipboard.min.js?ver=2.0.11 HTTP/1.1" 200 6195 "https://placidoarandaarquitectotecnico.es/wp-login.php?redirect_to=https%3A%2F%2Fplacidoarandaarquitectotecnico.es%2Fwp-admin%2F&reauth=1" "Mozilla/5.0 (Macintosh; Intel Mac OS X 10_15_7) AppleWebKit/537.36 (KHTML, like Gecko) Chrome/131.0.0.0 Safari/537.36"
66.81.174.27 - - [15/Dec/2024:07:26:56 +0000] "GET /wp-includes/js/dist/hooks.min.js?ver=4d63a3d491d11ffd8ac6 HTTP/1.1" 200 2014 "https://placidoarandaarquitectotecnico.es/wp-login.php?redirect_to=https%3A%2F%2Fplacidoarandaarquitectotecnico.es%2Fwp-admin%2F&reauth=1" "Mozilla/5.0 (Macintosh; Intel Mac OS X 10_15_7) AppleWebKit/537.36 (KHTML, like Gecko) Chrome/131.0.0.0 Safari/537.36"
66.81.174.27 - - [15/Dec/2024:07:26:56 +0000] "GET /wp-includes/js/dist/i18n.min.js?ver=5e580eb46a90c2b997e6 HTTP/1.1" 200 4033 "https://placidoarandaarquitectotecnico.es/wp-login.php?redirect_to=https%3A%2F%2Fplacidoarandaarquitectotecnico.es%2Fwp-admin%2F&reauth=1" "Mozilla/5.0 (Macintosh; Intel Mac OS X 10_15_7) AppleWebKit/537.36 (KHTML, like Gecko) Chrome/131.0.0.0 Safari/537.36"
66.81.174.27 - - [15/Dec/2024:07:26:56 +0000] "GET /wp-admin/js/password-strength-meter.min.js?ver=6.7.1 HTTP/1.1" 200 985 "https://placidoarandaarquitectotecnico.es/wp-login.php?redirect_to=https%3A%2F%2Fplacidoarandaarquitectotecnico.es%2Fwp-admin%2F&reauth=1" "Mozilla/5.0 (Macintosh; Intel Mac OS X 10_15_7) AppleWebKit/537.36 (KHTML, like Gecko) Chrome/131.0.0.0 Safari/537.36"
66.81.174.27 - - [15/Dec/2024:07:26:56 +0000] "GET /wp-includes/js/wp-util.min.js?ver=6.7.1 HTTP/1.1" 200 1120 "https://placidoarandaarquitectotecnico.es/wp-login.php?redirect_to=https%3A%2F%2Fplacidoarandaarquitectotecnico.es%2Fwp-admin%2F&reauth=1" "Mozilla/5.0 (Macintosh; Intel Mac OS X 10_15_7) AppleWebKit/537.36 (KHTML, like Gecko) Chrome/131.0.0.0 Safari/537.36"
66.81.174.27 - - [15/Dec/2024:07:26:56 +0000] "GET /wp-includes/js/underscore.min.js?ver=1.13.7 HTTP/1.1" 200 7702 "https://placidoarandaarquitectotecnico.es/wp-login.php?redirect_to=https%3A%2F%2Fplacidoarandaarquitectotecnico.es%2Fwp-admin%2F&reauth=1" "Mozilla/5.0 (Macintosh; Intel Mac OS X 10_15_7) AppleWebKit/537.36 (KHTML, like Gecko) Chrome/131.0.0.0 Safari/537.36"
66.81.174.27 - - [15/Dec/2024:07:26:56 +0000] "GET /wp-includes/js/dist/dom-ready.min.js?ver=f77871ff7694fffea381 HTTP/1.1" 200 684 "https://placidoarandaarquitectotecnico.es/wp-login.php?redirect_to=https%3A%2F%2Fplacidoarandaarquitectotecnico.es%2Fwp-admin%2F&reauth=1" "Mozilla/5.0 (Macintosh; Intel Mac OS X 10_15_7) AppleWebKit/537.36 (KHTML, like Gecko) Chrome/131.0.0.0 Safari/537.36"
66.81.174.27 - - [15/Dec/2024:07:26:56 +0000] "GET /wp-includes/js/dist/a11y.min.js?ver=3156534cc54473497e14 HTTP/1.1" 200 1320 "https://placidoarandaarquitectotecnico.es/wp-login.php?redirect_to=https%3A%2F%2Fplacidoarandaarquitectotecnico.es%2Fwp-admin%2F&reauth=1" "Mozilla/5.0 (Macintosh; Intel Mac OS X 10_15_7) AppleWebKit/537.36 (KHTML, like Gecko) Chrome/131.0.0.0 Safari/537.36"
66.81.174.27 - - [15/Dec/2024:07:26:56 +0000] "GET /wp-admin/js/user-profile.min.js?ver=6.7.1 HTTP/1.1" 200 2976 "https://placidoarandaarquitectotecnico.es/wp-login.php?redirect_to=https%3A%2F%2Fplacidoarandaarquitectotecnico.es%2Fwp-admin%2F&reauth=1" "Mozilla/5.0 (Macintosh; Intel Mac OS X 10_15_7) AppleWebKit/537.36 (KHTML, like Gecko) Chrome/131.0.0.0 Safari/537.36"
66.81.174.27 - - [15/Dec/2024:07:26:56 +0000] "GET /wp-admin/images/wordpress-logo.svg?ver=20131107 HTTP/1.1" 304 270 "https://placidoarandaarquitectotecnico.es/wp-admin/css/login.min.css?ver=6.7.1" "Mozilla/5.0 (Macintosh; Intel Mac OS X 10_15_7) AppleWebKit/537.36 (KHTML, like Gecko) Chrome/131.0.0.0 Safari/537.36"
66.81.174.27 - - [15/Dec/2024:07:26:56 +0000] "GET /wp-includes/js/zxcvbn.min.js HTTP/1.1" 200 402087 "https://placidoarandaarquitectotecnico.es/wp-login.php?redirect_to=https%3A%2F%2Fplacidoarandaarquitectotecnico.es%2Fwp-admin%2F&reauth=1" "Mozilla/5.0 (Macintosh; Intel Mac OS X 10_15_7) AppleWebKit/537.36 (KHTML, like Gecko) Chrome/131.0.0.0 Safari/537.36"
66.81.174.27 - - [15/Dec/2024:07:27:01 +0000] "GET / HTTP/1.1" 200 14346 "-" "Mozilla/5.0 (Macintosh; Intel Mac OS X 10_15_7) AppleWebKit/537.36 (KHTML, like Gecko) Chrome/131.0.0.0 Safari/537.36"
66.81.174.27 - - [15/Dec/2024:07:27:02 +0000] "GET /wp-includes/css/dist/block-library/style.min.css?ver=6.7.1 HTTP/1.1" 200 15604 "https://placidoarandaarquitectotecnico.es/" "Mozilla/5.0 (Macintosh; Intel Mac OS X 10_15_7) AppleWebKit/537.36 (KHTML, like Gecko) Chrome/131.0.0.0 Safari/537.36"
66.81.174.27 - - [15/Dec/2024:07:27:02 +0000] "GET /wp-content/plugins/contact-form-7/includes/css/styles.css?ver=6.0.1 HTTP/1.1" 200 1373 "https://placidoarandaarquitectotecnico.es/" "Mozilla/5.0 (Macintosh; Intel Mac OS X 10_15_7) AppleWebKit/537.36 (KHTML, like Gecko) Chrome/131.0.0.0 Safari/537.36"
66.81.174.27 - - [15/Dec/2024:07:27:02 +0000] "GET /wp-content/themes/Divi/core/admin/fonts/modules.ttf HTTP/1.1" 304 2952 "https://placidoarandaarquitectotecnico.es/" "Mozilla/5.0 (Macintosh; Intel Mac OS X 10_15_7) AppleWebKit/537.36 (KHTML, like Gecko) Chrome/131.0.0.0 Safari/537.36"
66.81.174.27 - - [15/Dec/2024:07:27:02 +0000] "GET /wp-content/uploads/2024/12/Logo-blanco.png HTTP/1.1" 304 2951 "https://placidoarandaarquitectotecnico.es/" "Mozilla/5.0 (Macintosh; Intel Mac OS X 10_15_7) AppleWebKit/537.36 (KHTML, like Gecko) Chrome/131.0.0.0 Safari/537.36"
66.81.174.27 - - [15/Dec/2024:07:27:02 +0000] "GET /wp-content/themes/Divi/style.css?ver=4.9.1 HTTP/1.1" 200 83869 "https://placidoarandaarquitectotecnico.es/" "Mozilla/5.0 (Macintosh; Intel Mac OS X 10_15_7) AppleWebKit/537.36 (KHTML, like Gecko) Chrome/131.0.0.0 Safari/537.36"
66.81.174.27 - - [15/Dec/2024:07:27:02 +0000] "GET /wp-content/uploads/2024/12/Logo-vertical.png HTTP/1.1" 304 271 "https://placidoarandaarquitectotecnico.es/" "Mozilla/5.0 (Macintosh; Intel Mac OS X 10_15_7) AppleWebKit/537.36 (KHTML, like Gecko) Chrome/131.0.0.0 Safari/537.36"
66.81.174.27 - - [15/Dec/2024:07:27:02 +0000] "GET /wp-content/uploads/2024/12/kit_digital-1024x61-1.png HTTP/1.1" 304 271 "https://placidoarandaarquitectotecnico.es/" "Mozilla/5.0 (Macintosh; Intel Mac OS X 10_15_7) AppleWebKit/537.36 (KHTML, like Gecko) Chrome/131.0.0.0 Safari/537.36"
66.81.174.27 - - [15/Dec/2024:07:27:03 +0000] "GET /wp-content/plugins/contact-form-7/includes/swv/js/index.js?ver=6.0.1 HTTP/1.1" 200 3868 "https://placidoarandaarquitectotecnico.es/" "Mozilla/5.0 (Macintosh; Intel Mac OS X 10_15_7) AppleWebKit/537.36 (KHTML, like Gecko) Chrome/131.0.0.0 Safari/537.36"
66.81.174.27 - - [15/Dec/2024:07:27:03 +0000] "GET /wp-content/themes/Divi/core/admin/js/common.js?ver=4.9.1 HTTP/1.1" 200 930 "https://placidoarandaarquitectotecnico.es/" "Mozilla/5.0 (Macintosh; Intel Mac OS X 10_15_7) AppleWebKit/537.36 (KHTML, like Gecko) Chrome/131.0.0.0 Safari/537.36"
66.81.174.27 - - [15/Dec/2024:07:27:03 +0000] "GET /wp-content/plugins/contact-form-7/includes/js/index.js?ver=6.0.1 HTTP/1.1" 200 4631 "https://placidoarandaarquitectotecnico.es/" "Mozilla/5.0 (Macintosh; Intel Mac OS X 10_15_7) AppleWebKit/537.36 (KHTML, like Gecko) Chrome/131.0.0.0 Safari/537.36"
66.81.174.27 - - [15/Dec/2024:07:27:03 +0000] "GET /wp-content/uploads/2024/12/hero-home.jpg HTTP/1.1" 304 2952 "https://placidoarandaarquitectotecnico.es/" "Mozilla/5.0 (Macintosh; Intel Mac OS X 10_15_7) AppleWebKit/537.36 (KHTML, like Gecko) Chrome/131.0.0.0 Safari/537.36"
66.81.174.27 - - [15/Dec/2024:07:27:03 +0000] "GET /wp-content/themes/Divi/js/custom.unified.js?ver=4.9.1 HTTP/1.1" 200 139339 "https://placidoarandaarquitectotecnico.es/" "Mozilla/5.0 (Macintosh; Intel Mac OS X 10_15_7) AppleWebKit/537.36 (KHTML, like Gecko) Chrome/131.0.0.0 Safari/537.36"
66.81.174.27 - - [15/Dec/2024:07:27:02 +0000] "GET /wp-content/uploads/2024/12/home-vertical_02.jpg HTTP/1.1" 200 747534 "https://placidoarandaarquitectotecnico.es/" "Mozilla/5.0 (Macintosh; Intel Mac OS X 10_15_7) AppleWebKit/537.36 (KHTML, like Gecko) Chrome/131.0.0.0 Safari/537.36"
66.81.174.27 - - [15/Dec/2024:07:27:04 +0000] "GET /wp-content/uploads/2024/12/home-back.jpg HTTP/1.1" 304 272 "https://placidoarandaarquitectotecnico.es/" "Mozilla/5.0 (Macintosh; Intel Mac OS X 10_15_7) AppleWebKit/537.36 (KHTML, like Gecko) Chrome/131.0.0.0 Safari/537.36"
66.81.174.27 - - [15/Dec/2024:07:27:04 +0000] "GET /wp-content/uploads/2024/12/certificado_energetico.png HTTP/1.1" 304 272 "https://placidoarandaarquitectotecnico.es/" "Mozilla/5.0 (Macintosh; Intel Mac OS X 10_15_7) AppleWebKit/537.36 (KHTML, like Gecko) Chrome/131.0.0.0 Safari/537.36"
66.81.174.27 - - [15/Dec/2024:07:27:04 +0000] "GET /wp-content/uploads/2024/12/plan.jpg HTTP/1.1" 304 271 "https://placidoarandaarquitectotecnico.es/" "Mozilla/5.0 (Macintosh; Intel Mac OS X 10_15_7) AppleWebKit/537.36 (KHTML, like Gecko) Chrome/131.0.0.0 Safari/537.36"
66.81.174.27 - - [15/Dec/2024:07:27:04 +0000] "GET /wp-content/uploads/2024/12/cedula.jpg HTTP/1.1" 304 271 "https://placidoarandaarquitectotecnico.es/" "Mozilla/5.0 (Macintosh; Intel Mac OS X 10_15_7) AppleWebKit/537.36 (KHTML, like Gecko) Chrome/131.0.0.0 Safari/537.36"
66.81.174.27 - - [15/Dec/2024:07:27:04 +0000] "GET /wp-includes/js/wp-emoji-release.min.js?ver=6.7.1 HTTP/1.1" 200 5428 "https://placidoarandaarquitectotecnico.es/" "Mozilla/5.0 (Macintosh; Intel Mac OS X 10_15_7) AppleWebKit/537.36 (KHTML, like Gecko) Chrome/131.0.0.0 Safari/537.36"
66.81.174.27 - - [15/Dec/2024:07:27:18 +0000] "GET /accesibilidad HTTP/1.1" 301 657 "https://placidoarandaarquitectotecnico.es/" "Mozilla/5.0 (Macintosh; Intel Mac OS X 10_15_7) AppleWebKit/537.36 (KHTML, like Gecko) Chrome/131.0.0.0 Safari/537.36"
66.81.174.27 - - [15/Dec/2024:07:27:19 +0000] "GET /accesibilidad/ HTTP/1.1" 200 13515 "https://placidoarandaarquitectotecnico.es/" "Mozilla/5.0 (Macintosh; Intel Mac OS X 10_15_7) AppleWebKit/537.36 (KHTML, like Gecko) Chrome/131.0.0.0 Safari/537.36"
146.190.157.162 - - [15/Dec/2024:07:33:28 +0000] "POST /wp-cron.php?doing_wp_cron=1734248008.3256618976593017578125 HTTP/1.1" 200 2976 "-" "WordPress/6.7.1; https://placidoarandaarquitectotecnico.es"
66.81.174.27 - - [15/Dec/2024:07:33:28 +0000] "GET /servicios/ HTTP/1.1" 200 17959 "https://placidoarandaarquitectotecnico.es/accesibilidad/" "Mozilla/5.0 (Macintosh; Intel Mac OS X 10_15_7) AppleWebKit/537.36 (KHTML, like Gecko) Chrome/131.0.0.0 Safari/537.36"
66.81.174.27 - - [15/Dec/2024:07:33:29 +0000] "GET /wp-content/uploads/2024/12/3d.jpg HTTP/1.1" 304 271 "https://placidoarandaarquitectotecnico.es/servicios/" "Mozilla/5.0 (Macintosh; Intel Mac OS X 10_15_7) AppleWebKit/537.36 (KHTML, like Gecko) Chrome/131.0.0.0 Safari/537.36"
66.81.174.27 - - [15/Dec/2024:07:33:29 +0000] "GET /wp-content/uploads/2024/12/ite.jpg HTTP/1.1" 304 595 "https://placidoarandaarquitectotecnico.es/servicios/" "Mozilla/5.0 (Macintosh; Intel Mac OS X 10_15_7) AppleWebKit/537.36 (KHTML, like Gecko) Chrome/131.0.0.0 Safari/537.36"
66.81.174.27 - - [15/Dec/2024:07:33:27 +0000] "GET /servicios/ HTTP/1.1" 200 17959 "https://placidoarandaarquitectotecnico.es/accesibilidad/" "Mozilla/5.0 (Macintosh; Intel Mac OS X 10_15_7) AppleWebKit/537.36 (KHTML, like Gecko) Chrome/131.0.0.0 Safari/537.36"
66.81.174.27 - - [15/Dec/2024:07:33:29 +0000] "GET /wp-content/uploads/2024/12/servicios-tasa.jpg HTTP/1.1" 304 271 "https://placidoarandaarquitectotecnico.es/servicios/" "Mozilla/5.0 (Macintosh; Intel Mac OS X 10_15_7) AppleWebKit/537.36 (KHTML, like Gecko) Chrome/131.0.0.0 Safari/537.36"
66.81.174.27 - - [15/Dec/2024:07:33:29 +0000] "GET /wp-content/uploads/2024/12/hero-servicios.jpg HTTP/1.1" 200 183615 "https://placidoarandaarquitectotecnico.es/servicios/" "Mozilla/5.0 (Macintosh; Intel Mac OS X 10_15_7) AppleWebKit/537.36 (KHTML, like Gecko) Chrome/131.0.0.0 Safari/537.36"
66.81.174.27 - - [15/Dec/2024:07:33:30 +0000] "GET /wp-content/uploads/2024/12/table-3311791_1920.jpg HTTP/1.1" 200 460325 "https://placidoarandaarquitectotecnico.es/servicios/" "Mozilla/5.0 (Macintosh; Intel Mac OS X 10_15_7) AppleWebKit/537.36 (KHTML, like Gecko) Chrome/131.0.0.0 Safari/537.36"
66.81.174.27 - - [15/Dec/2024:07:33:35 +0000] "GET /contacto/ HTTP/1.1" 200 13974 "https://placidoarandaarquitectotecnico.es/servicios/" "Mozilla/5.0 (Macintosh; Intel Mac OS X 10_15_7) AppleWebKit/537.36 (KHTML, like Gecko) Chrome/131.0.0.0 Safari/537.36"
66.81.174.27 - - [15/Dec/2024:07:33:36 +0000] "GET /wp-content/uploads/2024/12/hero-contacto.jpg HTTP/1.1" 200 188262 "https://placidoarandaarquitectotecnico.es/contacto/" "Mozilla/5.0 (Macintosh; Intel Mac OS X 10_15_7) AppleWebKit/537.36 (KHTML, like Gecko) Chrome/131.0.0.0 Safari/537.36"
66.81.174.27 - - [15/Dec/2024:07:33:36 +0000] "GET /wp-content/uploads/2024/12/business-2717427_1920.jpg HTTP/1.1" 200 341454 "https://placidoarandaarquitectotecnico.es/contacto/" "Mozilla/5.0 (Macintosh; Intel Mac OS X 10_15_7) AppleWebKit/537.36 (KHTML, like Gecko) Chrome/131.0.0.0 Safari/537.36"
66.81.174.27 - - [15/Dec/2024:07:33:36 +0000] "GET /wp-json/contact-form-7/v1/contact-forms/179/feedback/schema HTTP/1.1" 200 4415 "https://placidoarandaarquitectotecnico.es/contacto/" "Mozilla/5.0 (Macintosh; Intel Mac OS X 10_15_7) AppleWebKit/537.36 (KHTML, like Gecko) Chrome/131.0.0.0 Safari/537.36"
62.210.90.209 - - [15/Dec/2024:08:32:37 +0000] "HEAD / HTTP/1.1" 301 202 "-" "curl/7.81.0"
62.210.90.209 - - [15/Dec/2024:08:32:39 +0000] "GET / HTTP/1.1" 301 628 "-" "Mozilla/5.0 (Windows NT 10.0; Win64; x64) AppleWebKit/537.36 (KHTML, like Gecko) Chrome/124.0.0.0 Safari/537.3"
146.190.157.162 - - [15/Dec/2024:08:32:40 +0000] "POST /wp-cron.php?doing_wp_cron=1734251560.3618249893188476562500 HTTP/1.1" 200 2977 "-" "WordPress/6.7.1; https://placidoarandaarquitectotecnico.es"
62.210.90.209 - - [15/Dec/2024:08:32:39 +0000] "GET / HTTP/1.1" 200 17041 "-" "Mozilla/5.0 (Windows NT 10.0; Win64; x64) AppleWebKit/537.36 (KHTML, like Gecko) Chrome/124.0.0.0 Safari/537.3"
62.210.90.209 - - [15/Dec/2024:08:32:42 +0000] "GET /wp-content/uploads/2024/12/favicon-150x150.jpg HTTP/1.1" 200 4124 "-" "Mozilla/5.0 (Windows NT 10.0; Win64; x64) AppleWebKit/537.36 (KHTML, like Gecko) Chrome/124.0.0.0 Safari/537.3"
62.210.90.209 - - [15/Dec/2024:08:32:42 +0000] "GET /favicon.ico HTTP/1.1" 301 649 "-" "Mozilla/5.0 (Windows NT 10.0; Win64; x64) AppleWebKit/537.36 (KHTML, like Gecko) Chrome/124.0.0.0 Safari/537.3"
62.210.90.209 - - [15/Dec/2024:08:32:42 +0000] "GET /favicon.ico HTTP/1.1" 302 439 "-" "Mozilla/5.0 (Windows NT 10.0; Win64; x64) AppleWebKit/537.36 (KHTML, like Gecko) Chrome/124.0.0.0 Safari/537.3"
62.210.90.209 - - [15/Dec/2024:08:32:43 +0000] "GET /wp-content/uploads/2024/12/favicon-150x150.jpg HTTP/1.1" 200 4124 "-" "Mozilla/5.0 (Windows NT 10.0; Win64; x64) AppleWebKit/537.36 (KHTML, like Gecko) Chrome/124.0.0.0 Safari/537.3"
62.210.90.209 - - [15/Dec/2024:08:32:45 +0000] "GET /ads.txt HTTP/1.1" 301 642 "-" "Mozilla/5.0 (Windows NT 10.0; Win64; x64) AppleWebKit/537.36 (KHTML, like Gecko) Chrome/124.0.0.0 Safari/537.3"
62.210.90.209 - - [15/Dec/2024:08:32:45 +0000] "GET /ads.txt HTTP/1.1" 404 36969 "-" "Mozilla/5.0 (Windows NT 10.0; Win64; x64) AppleWebKit/537.36 (KHTML, like Gecko) Chrome/124.0.0.0 Safari/537.3"
62.210.90.209 - - [15/Dec/2024:08:32:46 +0000] "GET /app-ads.txt HTTP/1.1" 301 650 "-" "Mozilla/5.0 (Windows NT 10.0; Win64; x64) AppleWebKit/537.36 (KHTML, like Gecko) Chrome/124.0.0.0 Safari/537.3"
62.210.90.209 - - [15/Dec/2024:08:32:47 +0000] "GET /app-ads.txt HTTP/1.1" 404 36969 "-" "Mozilla/5.0 (Windows NT 10.0; Win64; x64) AppleWebKit/537.36 (KHTML, like Gecko) Chrome/124.0.0.0 Safari/537.3"
62.210.90.209 - - [15/Dec/2024:08:32:48 +0000] "GET /sellers.json HTTP/1.1" 301 652 "-" "Mozilla/5.0 (Windows NT 10.0; Win64; x64) AppleWebKit/537.36 (KHTML, like Gecko) Chrome/124.0.0.0 Safari/537.3"
62.210.90.209 - - [15/Dec/2024:08:32:49 +0000] "GET /sellers.json HTTP/1.1" 404 36970 "-" "Mozilla/5.0 (Windows NT 10.0; Win64; x64) AppleWebKit/537.36 (KHTML, like Gecko) Chrome/124.0.0.0 Safari/537.3"
62.210.90.209 - - [15/Dec/2024:08:32:52 +0000] "GET /wp-includes/js/jquery/jquery.min.js?ver=3.7.1 HTTP/1.1" 200 33542 "-" "Mozilla/5.0 (Windows NT 10.0; Win64; x64) AppleWebKit/537.36 (KHTML, like Gecko) Chrome/124.0.0.0 Safari/537.3"
62.210.90.209 - - [15/Dec/2024:08:32:53 +0000] "GET /wp-includes/js/jquery/jquery-migrate.min.js?ver=3.4.1 HTTP/1.1" 200 7934 "-" "Mozilla/5.0 (Windows NT 10.0; Win64; x64) AppleWebKit/537.36 (KHTML, like Gecko) Chrome/124.0.0.0 Safari/537.3"
62.210.90.209 - - [15/Dec/2024:08:32:54 +0000] "GET /wp-includes/js/dist/hooks.min.js?ver=4d63a3d491d11ffd8ac6 HTTP/1.1" 200 4711 "-" "Mozilla/5.0 (Windows NT 10.0; Win64; x64) AppleWebKit/537.36 (KHTML, like Gecko) Chrome/124.0.0.0 Safari/537.3"
62.210.90.209 - - [15/Dec/2024:08:32:54 +0000] "GET /wp-includes/js/dist/i18n.min.js?ver=5e580eb46a90c2b997e6 HTTP/1.1" 200 6729 "-" "Mozilla/5.0 (Windows NT 10.0; Win64; x64) AppleWebKit/537.36 (KHTML, like Gecko) Chrome/124.0.0.0 Safari/537.3"
62.210.90.209 - - [15/Dec/2024:08:32:54 +0000] "GET /wp-content/plugins/contact-form-7/includes/swv/js/index.js?ver=6.0.1 HTTP/1.1" 200 6564 "-" "Mozilla/5.0 (Windows NT 10.0; Win64; x64) AppleWebKit/537.36 (KHTML, like Gecko) Chrome/124.0.0.0 Safari/537.3"
62.210.90.209 - - [15/Dec/2024:08:32:55 +0000] "GET /wp-content/plugins/contact-form-7/includes/js/index.js?ver=6.0.1 HTTP/1.1" 200 7328 "-" "Mozilla/5.0 (Windows NT 10.0; Win64; x64) AppleWebKit/537.36 (KHTML, like Gecko) Chrome/124.0.0.0 Safari/537.3"
62.210.90.209 - - [15/Dec/2024:08:32:55 +0000] "GET /wp-content/themes/Divi/js/custom.unified.js?ver=4.9.1 HTTP/1.1" 200 142035 "-" "Mozilla/5.0 (Windows NT 10.0; Win64; x64) AppleWebKit/537.36 (KHTML, like Gecko) Chrome/124.0.0.0 Safari/537.3"
62.210.90.209 - - [15/Dec/2024:08:32:56 +0000] "GET /wp-content/themes/Divi/core/admin/js/common.js?ver=4.9.1 HTTP/1.1" 200 3626 "-" "Mozilla/5.0 (Windows NT 10.0; Win64; x64) AppleWebKit/537.36 (KHTML, like Gecko) Chrome/124.0.0.0 Safari/537.3"
146.190.157.162 - - [15/Dec/2024:09:24:21 +0000] "POST /wp-cron.php?doing_wp_cron=1734254661.0692489147186279296875 HTTP/1.1" 200 2977 "-" "WordPress/6.7.1; https://placidoarandaarquitectotecnico.es"
104.152.52.56 - - [15/Dec/2024:09:24:20 +0000] "GET / HTTP/1.1" 200 70279 "-" "curl/7.61.1"
146.190.157.162 - - [15/Dec/2024:11:38:38 +0000] "POST /wp-cron.php?doing_wp_cron=1734262718.7757699489593505859375 HTTP/1.1" 200 2975 "-" "WordPress/6.7.1; https://placidoarandaarquitectotecnico.es"
191.102.187.100 - - [15/Dec/2024:11:38:38 +0000] "GET / HTTP/1.1" 200 17023 "-" "Apache-HttpClient/5.1.4 (Java/11.0.18)"
95.164.158.88 - - [15/Dec/2024:11:38:41 +0000] "HEAD / HTTP/1.1" 301 221 "-" "Mozilla/5.0 (Macintosh; Intel Mac OS X 10_15_7) AppleWebKit/537.36 (KHTML, like Gecko) Chrome/107.0.0.0 Safari/537.36"
209.127.109.91 - - [15/Dec/2024:11:38:43 +0000] "GET / HTTP/1.1" 301 591 "-" "Mozilla/5.0 (Macintosh; Intel Mac OS X 10_15_7) AppleWebKit/537.36 (KHTML, like Gecko) Chrome/107.0.0.0 Safari/537.36"
170.254.178.71 - - [15/Dec/2024:11:38:45 +0000] "GET / HTTP/1.1" 200 17028 "-" "Mozilla/5.0 (Macintosh; Intel Mac OS X 10_15_7) AppleWebKit/537.36 (KHTML, like Gecko) Chrome/107.0.0.0 Safari/537.36"
209.127.106.160 - - [15/Dec/2024:11:38:48 +0000] "GET /wp-content/uploads/2024/12/favicon-150x150.jpg HTTP/1.1" 200 6804 "-" "Mozilla/5.0 (Macintosh; Intel Mac OS X 10_15_7) AppleWebKit/537.36 (KHTML, like Gecko) Chrome/107.0.0.0 Safari/537.36"
193.34.75.140 - - [15/Dec/2024:11:38:51 +0000] "GET /wp-content/uploads/2024/12/favicon-300x300.jpg HTTP/1.1" 200 10729 "-" "Mozilla/5.0 (Macintosh; Intel Mac OS X 10_15_7) AppleWebKit/537.36 (KHTML, like Gecko) Chrome/107.0.0.0 Safari/537.36"
95.164.156.185 - - [15/Dec/2024:11:38:54 +0000] "GET /wp-content/uploads/2024/12/favicon-300x300.jpg HTTP/1.1" 200 10729 "-" "Mozilla/5.0 (Macintosh; Intel Mac OS X 10_15_7) AppleWebKit/537.36 (KHTML, like Gecko) Chrome/107.0.0.0 Safari/537.36"
66.249.70.107 - - [15/Dec/2024:13:04:29 +0000] "GET /wp-content/uploads/2024/12/favicon-150x150.jpg HTTP/1.1" 200 6789 "-" "Googlebot-Image/1.0"
146.190.157.162 - - [15/Dec/2024:13:06:21 +0000] "POST /wp-cron.php?doing_wp_cron=1734267981.7415421009063720703125 HTTP/1.1" 200 2977 "-" "WordPress/6.7.1; https://placidoarandaarquitectotecnico.es"
104.166.80.40 - - [15/Dec/2024:13:06:21 +0000] "GET / HTTP/1.1" 200 17044 "-" "Mozilla/5.0 (X11; Linux i686; rv:109.0) Gecko/20100101 Firefox/120.0"
146.190.157.162 - - [15/Dec/2024:13:40:29 +0000] "POST /wp-cron.php?doing_wp_cron=1734270029.8192360401153564453125 HTTP/1.1" 200 2975 "-" "WordPress/6.7.1; https://placidoarandaarquitectotecnico.es"
66.249.70.109 - - [15/Dec/2024:13:40:29 +0000] "GET /favicon.ico HTTP/1.1" 302 3103 "-" "Googlebot-Image/1.0"
66.249.70.109 - - [15/Dec/2024:14:17:29 +0000] "GET /wp-content/uploads/2024/12/Logo-blanco.png HTTP/1.1" 200 10312 "-" "Googlebot-Image/1.0"
165.232.111.174 - - [15/Dec/2024:14:45:19 +0000] "GET / HTTP/1.1" 301 572 "-" "Mozilla/5.0 (compatible)"
146.190.157.162 - - [15/Dec/2024:14:45:21 +0000] "POST /wp-cron.php?doing_wp_cron=1734273921.0983440876007080078125 HTTP/1.1" 200 2975 "-" "WordPress/6.7.1; https://placidoarandaarquitectotecnico.es"
165.232.111.174 - - [15/Dec/2024:14:45:20 +0000] "GET / HTTP/1.1" 200 16969 "-" "Mozilla/5.0 (compatible)"
165.232.111.174 - - [15/Dec/2024:14:45:27 +0000] "GET /wp-content/uploads/2024/12/favicon-150x150.jpg HTTP/1.1" 200 6748 "https://placidoarandaarquitectotecnico.es/" "Mozilla/5.0 (compatible)"
66.249.70.108 - - [15/Dec/2024:14:52:29 +0000] "GET /wp-content/uploads/2024/12/kit_digital-1024x61-1.png HTTP/1.1" 200 65832 "-" "Googlebot-Image/1.0"
54.217.28.167 - - [15/Dec/2024:14:56:53 +0000] "GET /robots.txt HTTP/1.1" 301 648 "-" "Pandalytics/2.0 (https://domainsbot.com/pandalytics/)"
146.190.157.162 - - [15/Dec/2024:14:56:54 +0000] "POST /wp-cron.php?doing_wp_cron=1734274614.4086830615997314453125 HTTP/1.1" 200 2977 "-" "WordPress/6.7.1; https://placidoarandaarquitectotecnico.es"
54.217.28.167 - - [15/Dec/2024:14:56:53 +0000] "GET /robots.txt HTTP/1.1" 200 3230 "-" "Pandalytics/2.0 (https://domainsbot.com/pandalytics/)"
54.217.28.167 - - [15/Dec/2024:14:56:55 +0000] "GET / HTTP/1.1" 301 628 "-" "Pandalytics/2.0 (https://domainsbot.com/pandalytics/)"
54.217.28.167 - - [15/Dec/2024:14:56:56 +0000] "GET / HTTP/1.1" 200 17040 "-" "Pandalytics/2.0 (https://domainsbot.com/pandalytics/)"
146.190.157.162 - - [15/Dec/2024:15:18:08 +0000] "POST /wp-cron.php?doing_wp_cron=1734275888.8449070453643798828125 HTTP/1.1" 200 2975 "-" "WordPress/6.7.1; https://placidoarandaarquitectotecnico.es"
66.249.70.109 - - [15/Dec/2024:15:18:08 +0000] "GET /wp-json/contact-form-7/v1/contact-forms/179/feedback/schema HTTP/1.1" 200 4399 "https://placidoarandaarquitectotecnico.es/contacto/" "Mozilla/5.0 (Linux; Android 6.0.1; Nexus 5X Build/MMB29P) AppleWebKit/537.36 (KHTML, like Gecko) Chrome/131.0.6778.108 Mobile Safari/537.36 (compatible; Googlebot/2.1; +http://www.google.com/bot.html)"
146.190.157.162 - - [15/Dec/2024:15:20:25 +0000] "POST /wp-cron.php?doing_wp_cron=1734276025.7662110328674316406250 HTTP/1.1" 200 2975 "-" "WordPress/6.7.1; https://placidoarandaarquitectotecnico.es"
66.249.70.109 - - [15/Dec/2024:15:20:25 +0000] "GET /wp-json/contact-form-7/v1/contact-forms/179/feedback/schema HTTP/1.1" 200 4399 "https://placidoarandaarquitectotecnico.es/contacto/" "Mozilla/5.0 (Linux; Android 6.0.1; Nexus 5X Build/MMB29P) AppleWebKit/537.36 (KHTML, like Gecko) Chrome/131.0.6778.108 Mobile Safari/537.36 (compatible; Googlebot/2.1; +http://www.google.com/bot.html)"
146.190.157.162 - - [15/Dec/2024:16:13:26 +0000] "POST /wp-cron.php?doing_wp_cron=1734279206.4997611045837402343750 HTTP/1.1" 200 2977 "-" "WordPress/6.7.1; https://placidoarandaarquitectotecnico.es"
66.249.70.110 - - [15/Dec/2024:16:13:25 +0000] "GET /accesibilidad HTTP/1.1" 301 2998 "-" "Mozilla/5.0 (Linux; Android 6.0.1; Nexus 5X Build/MMB29P) AppleWebKit/537.36 (KHTML, like Gecko) Chrome/131.0.6778.108 Mobile Safari/537.36 (compatible; Googlebot/2.1; +http://www.google.com/bot.html)"
66.249.70.109 - - [15/Dec/2024:16:13:27 +0000] "GET /accesibilidad/ HTTP/1.1" 200 16183 "-" "Mozilla/5.0 (Linux; Android 6.0.1; Nexus 5X Build/MMB29P) AppleWebKit/537.36 (KHTML, like Gecko) Chrome/131.0.6778.108 Mobile Safari/537.36 (compatible; Googlebot/2.1; +http://www.google.com/bot.html)"
66.249.70.110 - - [15/Dec/2024:16:13:31 +0000] "GET /wp-includes/js/jquery/jquery-migrate.min.js?ver=3.4.1 HTTP/1.1" 200 7903 "https://placidoarandaarquitectotecnico.es/accesibilidad/" "Mozilla/5.0 (Linux; Android 6.0.1; Nexus 5X Build/MMB29P) AppleWebKit/537.36 (KHTML, like Gecko) Chrome/131.0.6778.108 Mobile Safari/537.36 (compatible; Googlebot/2.1; +http://www.google.com/bot.html)"
146.190.157.162 - - [15/Dec/2024:16:30:35 +0000] "POST /wp-cron.php?doing_wp_cron=1734280235.2785849571228027343750 HTTP/1.1" 200 2976 "-" "WordPress/6.7.1; https://placidoarandaarquitectotecnico.es"
3.133.93.105 - - [15/Dec/2024:16:30:34 +0000] "GET /.git/config HTTP/1.1" 404 36897 "-" "Mozilla/5.0 (iPad; CPU OS 6_0 like Mac OS X) AppleWebKit/536.26 (KHTML, like Gecko) Version/6.0 Mobile/10A5355d Safari/8536.25"
146.190.157.162 - - [15/Dec/2024:18:05:06 +0000] "POST /wp-cron.php?doing_wp_cron=1734285906.6169850826263427734375 HTTP/1.1" 200 2975 "-" "WordPress/6.7.1; https://placidoarandaarquitectotecnico.es"
66.249.70.108 - - [15/Dec/2024:18:05:05 +0000] "GET / HTTP/1.1" 200 17013 "-" "Mozilla/5.0 (Linux; Android 6.0.1; Nexus 5X Build/MMB29P) AppleWebKit/537.36 (KHTML, like Gecko) Chrome/131.0.6778.139 Mobile Safari/537.36 (compatible; Googlebot/2.1; +http://www.google.com/bot.html)"
209.127.107.144 - - [15/Dec/2024:18:09:01 +0000] "GET /wp-content/uploads/2024/12/Logo-blanco.png HTTP/1.1" 200 10329 "-" "Mozilla/5.0 (X11; Linux x86_64) AppleWebKit/537.36 (KHTML, like Gecko) Chrome/108.0.0.0 Safari/537.36"
38.154.186.67 - - [15/Dec/2024:18:09:02 +0000] "GET /wp-content/uploads/2024/12/home-vertical_02.jpg HTTP/1.1" 200 749890 "-" "Mozilla/5.0 (X11; Linux x86_64) AppleWebKit/537.36 (KHTML, like Gecko) Chrome/108.0.0.0 Safari/537.36"
45.139.65.242 - - [15/Dec/2024:18:09:06 +0000] "GET /wp-content/uploads/2024/12/Logo-vertical.png HTTP/1.1" 200 8908 "-" "Mozilla/5.0 (Windows NT 10.0; Win64; x64) AppleWebKit/537.36 (KHTML, like Gecko) Chrome/108.0.0.0 Safari/537.36"
95.164.158.206 - - [15/Dec/2024:18:09:06 +0000] "GET /wp-content/uploads/2024/12/kit_digital-1024x61-1.png HTTP/1.1" 200 65849 "-" "Mozilla/5.0 (Windows NT 10.0; WOW64) AppleWebKit/537.36 (KHTML, like Gecko) Chrome/108.0.0.0 Safari/537.36"
178.62.29.148 - - [15/Dec/2024:18:47:55 +0000] "GET / HTTP/1.1" 301 584 "-" "Mozilla/5.0 (compatible)"
146.190.157.162 - - [15/Dec/2024:18:47:56 +0000] "POST /wp-cron.php?doing_wp_cron=1734288476.8424448966979980468750 HTTP/1.1" 200 2976 "-" "WordPress/6.7.1; https://placidoarandaarquitectotecnico.es"
178.62.29.148 - - [15/Dec/2024:18:47:56 +0000] "GET / HTTP/1.1" 301 2943 "-" "Mozilla/5.0 (compatible)"
104.28.154.61 - - [15/Dec/2024:18:51:22 +0000] "GET / HTTP/1.1" 200 17026 "-" "Mozilla/5.0 (Windows NT 10.0; Win64; x64) AppleWebKit/537.36 (KHTML, like Gecko) Chrome/119.0.0.0 Safari/537.36"
104.28.154.61 - - [15/Dec/2024:18:51:25 +0000] "GET /wp-includes/css/dist/block-library/style.min.css?ver=6.7.1 HTTP/1.1" 200 15604 "https://placidoarandaarquitectotecnico.es/" "Mozilla/5.0 (Windows NT 10.0; Win64; x64) AppleWebKit/537.36 (KHTML, like Gecko) Chrome/119.0.0.0 Safari/537.36"
104.28.154.61 - - [15/Dec/2024:18:51:25 +0000] "GET /wp-content/plugins/contact-form-7/includes/css/styles.css?ver=6.0.1 HTTP/1.1" 200 1373 "https://placidoarandaarquitectotecnico.es/" "Mozilla/5.0 (Windows NT 10.0; Win64; x64) AppleWebKit/537.36 (KHTML, like Gecko) Chrome/119.0.0.0 Safari/537.36"
104.28.154.61 - - [15/Dec/2024:18:51:25 +0000] "GET /wp-content/uploads/2024/12/Logo-blanco.png HTTP/1.1" 200 7647 "https://placidoarandaarquitectotecnico.es/" "Mozilla/5.0 (Windows NT 10.0; Win64; x64) AppleWebKit/537.36 (KHTML, like Gecko) Chrome/119.0.0.0 Safari/537.36"
104.28.154.61 - - [15/Dec/2024:18:51:25 +0000] "GET /wp-includes/css/dashicons.min.css?ver=6.7.1 HTTP/1.1" 200 36546 "https://placidoarandaarquitectotecnico.es/" "Mozilla/5.0 (Windows NT 10.0; Win64; x64) AppleWebKit/537.36 (KHTML, like Gecko) Chrome/119.0.0.0 Safari/537.36"
104.28.154.61 - - [15/Dec/2024:18:51:25 +0000] "GET /wp-includes/js/jquery/jquery.min.js?ver=3.7.1 HTTP/1.1" 200 33527 "https://placidoarandaarquitectotecnico.es/" "Mozilla/5.0 (Windows NT 10.0; Win64; x64) AppleWebKit/537.36 (KHTML, like Gecko) Chrome/119.0.0.0 Safari/537.36"
104.28.154.61 - - [15/Dec/2024:18:51:25 +0000] "GET /wp-includes/js/jquery/jquery-migrate.min.js?ver=3.4.1 HTTP/1.1" 200 7918 "https://placidoarandaarquitectotecnico.es/" "Mozilla/5.0 (Windows NT 10.0; Win64; x64) AppleWebKit/537.36 (KHTML, like Gecko) Chrome/119.0.0.0 Safari/537.36"
104.28.154.61 - - [15/Dec/2024:18:51:25 +0000] "GET /wp-content/themes/Divi/style.css?ver=4.9.1 HTTP/1.1" 200 83869 "https://placidoarandaarquitectotecnico.es/" "Mozilla/5.0 (Windows NT 10.0; Win64; x64) AppleWebKit/537.36 (KHTML, like Gecko) Chrome/119.0.0.0 Safari/537.36"
104.28.154.61 - - [15/Dec/2024:18:51:25 +0000] "GET /wp-content/themes/Divi/core/admin/fonts/modules.ttf HTTP/1.1" 200 95630 "https://placidoarandaarquitectotecnico.es/" "Mozilla/5.0 (Windows NT 10.0; Win64; x64) AppleWebKit/537.36 (KHTML, like Gecko) Chrome/119.0.0.0 Safari/537.36"
104.28.154.61 - - [15/Dec/2024:18:51:25 +0000] "GET /wp-content/uploads/2024/12/Logo-vertical.png HTTP/1.1" 200 6226 "https://placidoarandaarquitectotecnico.es/" "Mozilla/5.0 (Windows NT 10.0; Win64; x64) AppleWebKit/537.36 (KHTML, like Gecko) Chrome/119.0.0.0 Safari/537.36"
104.28.154.61 - - [15/Dec/2024:18:51:25 +0000] "GET /wp-content/uploads/2024/12/kit_digital-1024x61-1-980x58.png HTTP/1.1" 200 56387 "https://placidoarandaarquitectotecnico.es/" "Mozilla/5.0 (Windows NT 10.0; Win64; x64) AppleWebKit/537.36 (KHTML, like Gecko) Chrome/119.0.0.0 Safari/537.36"
104.28.154.61 - - [15/Dec/2024:18:51:25 +0000] "GET /wp-content/uploads/2024/12/home-vertical_02-980x863.jpg HTTP/1.1" 200 186861 "https://placidoarandaarquitectotecnico.es/" "Mozilla/5.0 (Windows NT 10.0; Win64; x64) AppleWebKit/537.36 (KHTML, like Gecko) Chrome/119.0.0.0 Safari/537.36"
104.28.154.61 - - [15/Dec/2024:18:51:25 +0000] "GET /wp-includes/js/dist/hooks.min.js?ver=4d63a3d491d11ffd8ac6 HTTP/1.1" 200 2014 "https://placidoarandaarquitectotecnico.es/" "Mozilla/5.0 (Windows NT 10.0; Win64; x64) AppleWebKit/537.36 (KHTML, like Gecko) Chrome/119.0.0.0 Safari/537.36"
104.28.154.61 - - [15/Dec/2024:18:51:25 +0000] "GET /wp-includes/js/dist/i18n.min.js?ver=5e580eb46a90c2b997e6 HTTP/1.1" 200 4033 "https://placidoarandaarquitectotecnico.es/" "Mozilla/5.0 (Windows NT 10.0; Win64; x64) AppleWebKit/537.36 (KHTML, like Gecko) Chrome/119.0.0.0 Safari/537.36"
104.28.154.61 - - [15/Dec/2024:18:51:25 +0000] "GET /wp-content/plugins/contact-form-7/includes/swv/js/index.js?ver=6.0.1 HTTP/1.1" 200 3868 "https://placidoarandaarquitectotecnico.es/" "Mozilla/5.0 (Windows NT 10.0; Win64; x64) AppleWebKit/537.36 (KHTML, like Gecko) Chrome/119.0.0.0 Safari/537.36"
104.28.154.61 - - [15/Dec/2024:18:51:25 +0000] "GET /wp-content/plugins/contact-form-7/includes/js/index.js?ver=6.0.1 HTTP/1.1" 200 4631 "https://placidoarandaarquitectotecnico.es/" "Mozilla/5.0 (Windows NT 10.0; Win64; x64) AppleWebKit/537.36 (KHTML, like Gecko) Chrome/119.0.0.0 Safari/537.36"
104.28.154.61 - - [15/Dec/2024:18:51:26 +0000] "GET /wp-content/themes/Divi/js/custom.unified.js?ver=4.9.1 HTTP/1.1" 200 139339 "https://placidoarandaarquitectotecnico.es/" "Mozilla/5.0 (Windows NT 10.0; Win64; x64) AppleWebKit/537.36 (KHTML, like Gecko) Chrome/119.0.0.0 Safari/537.36"
146.190.157.162 - - [15/Dec/2024:18:51:23 +0000] "POST /wp-cron.php?doing_wp_cron=1734288683.4193890094757080078125 HTTP/1.1" 200 2975 "-" "WordPress/6.7.1; https://placidoarandaarquitectotecnico.es"
104.28.154.61 - - [15/Dec/2024:18:51:26 +0000] "GET /wp-content/themes/Divi/core/admin/js/common.js?ver=4.9.1 HTTP/1.1" 200 930 "https://placidoarandaarquitectotecnico.es/" "Mozilla/5.0 (Windows NT 10.0; Win64; x64) AppleWebKit/537.36 (KHTML, like Gecko) Chrome/119.0.0.0 Safari/537.36"
