104.28.154.61 - - [15/Dec/2024:18:51:26 +0000] "GET /wp-content/uploads/2024/12/hero-home.jpg HTTP/1.1" 200 175209 "https://placidoarandaarquitectotecnico.es/" "Mozilla/5.0 (Windows NT 10.0; Win64; x64) AppleWebKit/537.36 (KHTML, like Gecko) Chrome/119.0.0.0 Safari/537.36"
104.28.154.61 - - [15/Dec/2024:18:51:26 +0000] "GET /wp-includes/js/wp-emoji-release.min.js?ver=6.7.1 HTTP/1.1" 200 5428 "https://placidoarandaarquitectotecnico.es/" "Mozilla/5.0 (Windows NT 10.0; Win64; x64) AppleWebKit/537.36 (KHTML, like Gecko) Chrome/119.0.0.0 Safari/537.36"
104.28.154.61 - - [15/Dec/2024:18:51:26 +0000] "GET /wp-content/uploads/2024/12/cedula.jpg HTTP/1.1" 200 61863 "https://placidoarandaarquitectotecnico.es/" "Mozilla/5.0 (Windows NT 10.0; Win64; x64) AppleWebKit/537.36 (KHTML, like Gecko) Chrome/119.0.0.0 Safari/537.36"
104.28.154.61 - - [15/Dec/2024:18:51:26 +0000] "GET /wp-content/uploads/2024/12/plan.jpg HTTP/1.1" 200 46947 "https://placidoarandaarquitectotecnico.es/" "Mozilla/5.0 (Windows NT 10.0; Win64; x64) AppleWebKit/537.36 (KHTML, like Gecko) Chrome/119.0.0.0 Safari/537.36"
104.28.154.61 - - [15/Dec/2024:18:51:26 +0000] "GET /wp-content/uploads/2024/12/home-back.jpg HTTP/1.1" 200 133768 "https://placidoarandaarquitectotecnico.es/" "Mozilla/5.0 (Windows NT 10.0; Win64; x64) AppleWebKit/537.36 (KHTML, like Gecko) Chrome/119.0.0.0 Safari/537.36"
104.28.154.61 - - [15/Dec/2024:18:51:26 +0000] "GET /wp-content/uploads/2024/12/certificado_energetico.png HTTP/1.1" 200 310606 "https://placidoarandaarquitectotecnico.es/" "Mozilla/5.0 (Windows NT 10.0; Win64; x64) AppleWebKit/537.36 (KHTML, like Gecko) Chrome/119.0.0.0 Safari/537.36"
104.28.154.61 - - [15/Dec/2024:18:51:27 +0000] "GET /wp-content/uploads/2024/12/favicon-150x150.jpg HTTP/1.1" 200 4124 "https://placidoarandaarquitectotecnico.es/" "Mozilla/5.0 (Windows NT 10.0; Win64; x64) AppleWebKit/537.36 (KHTML, like Gecko) Chrome/119.0.0.0 Safari/537.36"
104.28.154.61 - - [15/Dec/2024:18:51:28 +0000] "GET /wp-content/uploads/2024/12/kit_digital-1024x61-1.png HTTP/1.1" 200 63167 "https://placidoarandaarquitectotecnico.es/" "Mozilla/5.0 (Windows NT 10.0; Win64; x64) AppleWebKit/537.36 (KHTML, like Gecko) Chrome/119.0.0.0 Safari/537.36"
104.28.154.61 - - [15/Dec/2024:18:51:28 +0000] "GET /wp-content/uploads/2024/12/home-vertical_02.jpg HTTP/1.1" 200 747210 "https://placidoarandaarquitectotecnico.es/" "Mozilla/5.0 (Windows NT 10.0; Win64; x64) AppleWebKit/537.36 (KHTML, like Gecko) Chrome/119.0.0.0 Safari/537.36"
172.68.23.166 - - [15/Dec/2024:18:51:36 +0000] "GET /robots.txt HTTP/1.1" 200 3213 "-" "-"
101.36.123.63 - - [15/Dec/2024:19:42:24 +0000] "GET / HTTP/1.1" 301 628 "http://placidoarandaarquitectotecnico.es/" "Mozilla/5.0 (Linux; Android 11; vivo 1906; wv) AppleWebKit/537.36 (KHTML, like Gecko) Version/4.0 Chrome/87.0.4280.141 Mobile Safari/537.36 VivoBrowser/8.9.0.0 uni-app Html5Plus/1.0"
146.190.157.162 - - [15/Dec/2024:19:42:26 +0000] "POST /wp-cron.php?doing_wp_cron=1734291746.2252609729766845703125 HTTP/1.1" 200 2976 "-" "WordPress/6.7.1; https://placidoarandaarquitectotecnico.es"
101.36.123.63 - - [15/Dec/2024:19:42:25 +0000] "GET / HTTP/1.1" 200 17043 "http://placidoarandaarquitectotecnico.es/" "Mozilla/5.0 (Linux; Android 11; vivo 1906; wv) AppleWebKit/537.36 (KHTML, like Gecko) Version/4.0 Chrome/87.0.4280.141 Mobile Safari/537.36 VivoBrowser/8.9.0.0 uni-app Html5Plus/1.0"
101.36.123.63 - - [15/Dec/2024:19:42:28 +0000] "GET / HTTP/1.1" 200 14348 "https://placidoarandaarquitectotecnico.es/" "Mozilla/5.0 (Linux; Android 11; vivo 1906; wv) AppleWebKit/537.36 (KHTML, like Gecko) Version/4.0 Chrome/87.0.4280.141 Mobile Safari/537.36 VivoBrowser/8.9.0.0 uni-app Html5Plus/1.0"
146.190.157.162 - - [15/Dec/2024:20:21:54 +0000] "POST /wp-cron.php?doing_wp_cron=1734294114.3086080551147460937500 HTTP/1.1" 200 2975 "-" "WordPress/6.7.1; https://placidoarandaarquitectotecnico.es"
104.166.80.181 - - [15/Dec/2024:20:21:53 +0000] "GET / HTTP/1.1" 200 17045 "-" "Mozilla/5.0 (X11; Linux i686; rv:109.0) Gecko/20100101 Firefox/120.0"
146.190.157.162 - - [15/Dec/2024:21:01:22 +0000] "POST /wp-cron.php?doing_wp_cron=1734296482.7317979335784912109375 HTTP/1.1" 200 2976 "-" "WordPress/6.7.1; https://placidoarandaarquitectotecnico.es"
15.204.183.221 - - [15/Dec/2024:21:01:22 +0000] "GET /contacto// HTTP/1.1" 301 2751 "-" "Mozilla/5.0 (Windows NT 10.0; Win64; x64) AppleWebKit/537.36 (KHTML, like Gecko) Chrome/122.0.0.0 Safari/537.36"
15.204.183.221 - - [15/Dec/2024:21:01:23 +0000] "GET /contacto/ HTTP/1.1" 200 16419 "-" "Mozilla/5.0 (Windows NT 10.0; Win64; x64) AppleWebKit/537.36 (KHTML, like Gecko) Chrome/122.0.0.0 Safari/537.36"
15.204.183.221 - - [15/Dec/2024:21:01:23 +0000] "GET /contacto/ HTTP/1.1" 200 13948 "https://placidoarandaarquitectotecnico.es/contacto//" "Mozilla/5.0 (Windows NT 10.0; Win64; x64) AppleWebKit/537.36 (KHTML, like Gecko) Chrome/122.0.0.0 Safari/537.36"
146.190.157.162 - - [15/Dec/2024:21:05:21 +0000] "POST /wp-cron.php?doing_wp_cron=1734296721.7473750114440917968750 HTTP/1.1" 200 2975 "-" "WordPress/6.7.1; https://placidoarandaarquitectotecnico.es"
15.204.183.221 - - [15/Dec/2024:21:05:21 +0000] "GET /contacto/ HTTP/1.1" 301 2751 "-" "Mozilla/5.0 (Windows NT 10.0; Win64; x64) AppleWebKit/537.36 (KHTML, like Gecko) Chrome/122.0.0.0 Safari/537.36"
15.204.183.221 - - [15/Dec/2024:21:05:24 +0000] "GET /contacto/ HTTP/1.1" 200 16418 "https://www.placidoarandaarquitectotecnico.es/contacto/" "Mozilla/5.0 (Windows NT 10.0; Win64; x64) AppleWebKit/537.36 (KHTML, like Gecko) Chrome/122.0.0.0 Safari/537.36"
146.190.157.162 - - [15/Dec/2024:22:16:36 +0000] "POST /wp-cron.php?doing_wp_cron=1734300995.9263880252838134765625 HTTP/1.1" 200 2975 "-" "WordPress/6.7.1; https://placidoarandaarquitectotecnico.es"
104.166.80.0 - - [15/Dec/2024:22:16:35 +0000] "GET / HTTP/1.1" 200 17044 "-" "Mozilla/5.0 (X11; Linux i686; rv:109.0) Gecko/20100101 Firefox/120.0"
146.190.157.162 - - [15/Dec/2024:22:39:11 +0000] "POST /wp-cron.php?doing_wp_cron=1734302351.3790071010589599609375 HTTP/1.1" 200 2976 "-" "WordPress/6.7.1; https://placidoarandaarquitectotecnico.es"
66.249.70.108 - - [15/Dec/2024:22:39:10 +0000] "GET /robots.txt HTTP/1.1" 200 3199 "-" "Mozilla/5.0 (compatible; Googlebot/2.1; +http://www.google.com/bot.html)"
66.249.70.109 - - [15/Dec/2024:22:39:12 +0000] "GET /politica-de-cookies/ HTTP/1.1" 200 17140 "-" "Mozilla/5.0 (Linux; Android 6.0.1; Nexus 5X Build/MMB29P) AppleWebKit/537.36 (KHTML, like Gecko) Chrome/131.0.6778.139 Mobile Safari/537.36 (compatible; Googlebot/2.1; +http://www.google.com/bot.html)"
3.71.186.217 - - [16/Dec/2024:04:51:17 +0000] "GET /robots.txt HTTP/1.1" 301 648 "-" "CheckMarkNetwork/1.0 (+http://www.checkmarknetwork.com/spider.html)"
146.190.157.162 - - [16/Dec/2024:04:51:18 +0000] "POST /wp-cron.php?doing_wp_cron=1734324678.8816139698028564453125 HTTP/1.1" 200 2976 "-" "WordPress/6.7.1; https://placidoarandaarquitectotecnico.es"
3.71.186.217 - - [16/Dec/2024:04:51:17 +0000] "GET /robots.txt HTTP/1.1" 200 3213 "-" "CheckMarkNetwork/1.0 (+http://www.checkmarknetwork.com/spider.html)"
3.71.186.217 - - [16/Dec/2024:04:51:20 +0000] "HEAD / HTTP/1.1" 301 257 "-" "CheckMarkNetwork/1.0 (+http://www.checkmarknetwork.com/spider.html)"
3.71.186.217 - - [16/Dec/2024:04:51:20 +0000] "HEAD / HTTP/1.1" 200 488 "-" "CheckMarkNetwork/1.0 (+http://www.checkmarknetwork.com/spider.html)"
3.71.186.217 - - [16/Dec/2024:04:51:21 +0000] "GET /robots.txt HTTP/1.1" 200 533 "-" "CheckMarkNetwork/1.0 (+http://www.checkmarknetwork.com/spider.html)"
3.71.186.217 - - [16/Dec/2024:04:51:23 +0000] "GET / HTTP/1.1" 200 17024 "-" "CheckMarkNetwork/1.0 (+http://www.checkmarknetwork.com/spider.html)"
3.71.186.217 - - [16/Dec/2024:04:51:25 +0000] "GET /wp-includes/js/jquery/jquery.min.js?ver=3.7.1 HTTP/1.1" 200 30846 "https://placidoarandaarquitectotecnico.es/" "CheckMarkNetwork/1.0 (+http://www.checkmarknetwork.com/spider.html)"
3.71.186.217 - - [16/Dec/2024:04:51:26 +0000] "GET /wp-includes/js/jquery/jquery-migrate.min.js?ver=3.4.1 HTTP/1.1" 200 5238 "https://placidoarandaarquitectotecnico.es/" "CheckMarkNetwork/1.0 (+http://www.checkmarknetwork.com/spider.html)"
3.71.186.217 - - [16/Dec/2024:04:51:27 +0000] "GET /wp-includes/js/dist/hooks.min.js?ver=4d63a3d491d11ffd8ac6 HTTP/1.1" 200 2014 "https://placidoarandaarquitectotecnico.es/" "CheckMarkNetwork/1.0 (+http://www.checkmarknetwork.com/spider.html)"
3.71.186.217 - - [16/Dec/2024:04:51:27 +0000] "GET /wp-includes/js/dist/i18n.min.js?ver=5e580eb46a90c2b997e6 HTTP/1.1" 200 4033 "https://placidoarandaarquitectotecnico.es/" "CheckMarkNetwork/1.0 (+http://www.checkmarknetwork.com/spider.html)"
3.71.186.217 - - [16/Dec/2024:04:51:27 +0000] "GET /wp-content/plugins/contact-form-7/includes/swv/js/index.js?ver=6.0.1 HTTP/1.1" 200 3868 "https://placidoarandaarquitectotecnico.es/" "CheckMarkNetwork/1.0 (+http://www.checkmarknetwork.com/spider.html)"
3.71.186.217 - - [16/Dec/2024:04:51:27 +0000] "GET /wp-content/plugins/contact-form-7/includes/js/index.js?ver=6.0.1 HTTP/1.1" 200 4631 "https://placidoarandaarquitectotecnico.es/" "CheckMarkNetwork/1.0 (+http://www.checkmarknetwork.com/spider.html)"
3.71.186.217 - - [16/Dec/2024:04:51:27 +0000] "GET /wp-content/themes/Divi/js/custom.unified.js?ver=4.9.1 HTTP/1.1" 200 139339 "https://placidoarandaarquitectotecnico.es/" "CheckMarkNetwork/1.0 (+http://www.checkmarknetwork.com/spider.html)"
3.71.186.217 - - [16/Dec/2024:04:51:32 +0000] "GET /wp-content/themes/Divi/core/admin/js/common.js?ver=4.9.1 HTTP/1.1" 200 930 "https://placidoarandaarquitectotecnico.es/" "CheckMarkNetwork/1.0 (+http://www.checkmarknetwork.com/spider.html)"
3.71.186.217 - - [16/Dec/2024:04:51:33 +0000] "GET /wp-content/uploads/2024/12/Logo-blanco.png HTTP/1.1" 200 7647 "https://placidoarandaarquitectotecnico.es/" "Mozilla/5.0 (Windows NT 10.0; Win64; x64; rv:68.0) Gecko/20100101 Firefox/68.0"
159.203.25.10 - - [16/Dec/2024:06:58:15 +0000] "GET / HTTP/1.1" 301 2799 "https://www.google.com" "Mozilla/5.0 (X11; Ubuntu; Linux x86_64; rv:106.0) Gecko/20100101 Firefox/106.0"
146.190.157.162 - - [16/Dec/2024:06:58:15 +0000] "POST /wp-cron.php?doing_wp_cron=1734332295.5858609676361083984375 HTTP/1.1" 200 2977 "-" "WordPress/6.7.1; https://placidoarandaarquitectotecnico.es"
159.203.25.10 - - [16/Dec/2024:06:58:19 +0000] "GET / HTTP/1.1" 200 16847 "https://www.placidoarandaarquitectotecnico.es/" "Mozilla/5.0 (X11; Ubuntu; Linux x86_64; rv:106.0) Gecko/20100101 Firefox/106.0"
209.38.27.187 - - [16/Dec/2024:06:58:21 +0000] "GET / HTTP/1.1" 301 640 "https://www.google.com" "Mozilla/5.0 (X11; Ubuntu; Linux x86_64; rv:105.0) Gecko/20100101 Firefox/105.0"
209.38.27.187 - - [16/Dec/2024:06:58:24 +0000] "GET / HTTP/1.1" 301 2797 "http://www.placidoarandaarquitectotecnico.es/" "Mozilla/5.0 (X11; Ubuntu; Linux x86_64; rv:105.0) Gecko/20100101 Firefox/105.0"
209.38.27.187 - - [16/Dec/2024:06:58:28 +0000] "GET / HTTP/1.1" 200 16846 "https://www.placidoarandaarquitectotecnico.es/" "Mozilla/5.0 (X11; Ubuntu; Linux x86_64; rv:105.0) Gecko/20100101 Firefox/105.0"
176.83.8.164 - - [16/Dec/2024:08:24:34 +0000] "GET /wp-admin HTTP/1.1" 301 3347 "-" "Mozilla/5.0 (Linux; Android 10; K) AppleWebKit/537.36 (KHTML, like Gecko) Chrome/131.0.0.0 Mobile Safari/537.36"
146.190.157.162 - - [16/Dec/2024:08:24:35 +0000] "POST /wp-cron.php?doing_wp_cron=1734337475.2680490016937255859375 HTTP/1.1" 200 2976 "-" "WordPress/6.7.1; https://placidoarandaarquitectotecnico.es"
176.83.8.164 - - [16/Dec/2024:08:24:34 +0000] "GET /wp-admin/ HTTP/1.1" 302 495 "-" "Mozilla/5.0 (Linux; Android 10; K) AppleWebKit/537.36 (KHTML, like Gecko) Chrome/131.0.0.0 Mobile Safari/537.36"
176.83.8.164 - - [16/Dec/2024:08:24:36 +0000] "GET /wp-login.php?redirect_to=https%3A%2F%2Fplacidoarandaarquitectotecnico.es%2Fwp-admin%2F&reauth=1 HTTP/1.1" 200 5715 "-" "Mozilla/5.0 (Linux; Android 10; K) AppleWebKit/537.36 (KHTML, like Gecko) Chrome/131.0.0.0 Mobile Safari/537.36"
176.83.8.164 - - [16/Dec/2024:08:24:37 +0000] "GET /wp-includes/css/dashicons.min.css?ver=6.7.1 HTTP/1.1" 200 36222 "https://placidoarandaarquitectotecnico.es/wp-login.php?redirect_to=https%3A%2F%2Fplacidoarandaarquitectotecnico.es%2Fwp-admin%2F&reauth=1" "Mozilla/5.0 (Linux; Android 10; K) AppleWebKit/537.36 (KHTML, like Gecko) Chrome/131.0.0.0 Mobile Safari/537.36"
176.83.8.164 - - [16/Dec/2024:08:24:37 +0000] "GET /wp-includes/css/buttons.min.css?ver=6.7.1 HTTP/1.1" 200 4509 "https://placidoarandaarquitectotecnico.es/wp-login.php?redirect_to=https%3A%2F%2Fplacidoarandaarquitectotecnico.es%2Fwp-admin%2F&reauth=1" "Mozilla/5.0 (Linux; Android 10; K) AppleWebKit/537.36 (KHTML, like Gecko) Chrome/131.0.0.0 Mobile Safari/537.36"
176.83.8.164 - - [16/Dec/2024:08:24:37 +0000] "GET /wp-admin/css/forms.min.css?ver=6.7.1 HTTP/1.1" 200 7053 "https://placidoarandaarquitectotecnico.es/wp-login.php?redirect_to=https%3A%2F%2Fplacidoarandaarquitectotecnico.es%2Fwp-admin%2F&reauth=1" "Mozilla/5.0 (Linux; Android 10; K) AppleWebKit/537.36 (KHTML, like Gecko) Chrome/131.0.0.0 Mobile Safari/537.36"
176.83.8.164 - - [16/Dec/2024:08:24:37 +0000] "GET /wp-admin/css/l10n.min.css?ver=6.7.1 HTTP/1.1" 200 1448 "https://placidoarandaarquitectotecnico.es/wp-login.php?redirect_to=https%3A%2F%2Fplacidoarandaarquitectotecnico.es%2Fwp-admin%2F&reauth=1" "Mozilla/5.0 (Linux; Android 10; K) AppleWebKit/537.36 (KHTML, like Gecko) Chrome/131.0.0.0 Mobile Safari/537.36"
176.83.8.164 - - [16/Dec/2024:08:24:37 +0000] "GET /wp-admin/css/login.min.css?ver=6.7.1 HTTP/1.1" 200 2872 "https://placidoarandaarquitectotecnico.es/wp-login.php?redirect_to=https%3A%2F%2Fplacidoarandaarquitectotecnico.es%2Fwp-admin%2F&reauth=1" "Mozilla/5.0 (Linux; Android 10; K) AppleWebKit/537.36 (KHTML, like Gecko) Chrome/131.0.0.0 Mobile Safari/537.36"
176.83.8.164 - - [16/Dec/2024:08:24:37 +0000] "GET /wp-includes/js/clipboard.min.js?ver=2.0.11 HTTP/1.1" 200 3516 "https://placidoarandaarquitectotecnico.es/wp-login.php?redirect_to=https%3A%2F%2Fplacidoarandaarquitectotecnico.es%2Fwp-admin%2F&reauth=1" "Mozilla/5.0 (Linux; Android 10; K) AppleWebKit/537.36 (KHTML, like Gecko) Chrome/131.0.0.0 Mobile Safari/537.36"
176.83.8.164 - - [16/Dec/2024:08:24:37 +0000] "GET /wp-includes/js/jquery/jquery-migrate.min.js?ver=3.4.1 HTTP/1.1" 200 7917 "https://placidoarandaarquitectotecnico.es/wp-login.php?redirect_to=https%3A%2F%2Fplacidoarandaarquitectotecnico.es%2Fwp-admin%2F&reauth=1" "Mozilla/5.0 (Linux; Android 10; K) AppleWebKit/537.36 (KHTML, like Gecko) Chrome/131.0.0.0 Mobile Safari/537.36"
176.83.8.164 - - [16/Dec/2024:08:24:37 +0000] "GET /wp-includes/js/jquery/jquery.min.js?ver=3.7.1 HTTP/1.1" 200 33527 "https://placidoarandaarquitectotecnico.es/wp-login.php?redirect_to=https%3A%2F%2Fplacidoarandaarquitectotecnico.es%2Fwp-admin%2F&reauth=1" "Mozilla/5.0 (Linux; Android 10; K) AppleWebKit/537.36 (KHTML, like Gecko) Chrome/131.0.0.0 Mobile Safari/537.36"
176.83.8.164 - - [16/Dec/2024:08:24:37 +0000] "GET /wp-includes/js/zxcvbn-async.min.js?ver=1.0 HTTP/1.1" 200 620 "https://placidoarandaarquitectotecnico.es/wp-login.php?redirect_to=https%3A%2F%2Fplacidoarandaarquitectotecnico.es%2Fwp-admin%2F&reauth=1" "Mozilla/5.0 (Linux; Android 10; K) AppleWebKit/537.36 (KHTML, like Gecko) Chrome/131.0.0.0 Mobile Safari/537.36"
176.83.8.164 - - [16/Dec/2024:08:24:37 +0000] "GET /wp-includes/js/dist/hooks.min.js?ver=4d63a3d491d11ffd8ac6 HTTP/1.1" 200 2014 "https://placidoarandaarquitectotecnico.es/wp-login.php?redirect_to=https%3A%2F%2Fplacidoarandaarquitectotecnico.es%2Fwp-admin%2F&reauth=1" "Mozilla/5.0 (Linux; Android 10; K) AppleWebKit/537.36 (KHTML, like Gecko) Chrome/131.0.0.0 Mobile Safari/537.36"
176.83.8.164 - - [16/Dec/2024:08:24:37 +0000] "GET /wp-includes/js/dist/i18n.min.js?ver=5e580eb46a90c2b997e6 HTTP/1.1" 200 4033 "https://placidoarandaarquitectotecnico.es/wp-login.php?redirect_to=https%3A%2F%2Fplacidoarandaarquitectotecnico.es%2Fwp-admin%2F&reauth=1" "Mozilla/5.0 (Linux; Android 10; K) AppleWebKit/537.36 (KHTML, like Gecko) Chrome/131.0.0.0 Mobile Safari/537.36"
176.83.8.164 - - [16/Dec/2024:08:24:37 +0000] "GET /wp-admin/js/password-strength-meter.min.js?ver=6.7.1 HTTP/1.1" 200 985 "https://placidoarandaarquitectotecnico.es/wp-login.php?redirect_to=https%3A%2F%2Fplacidoarandaarquitectotecnico.es%2Fwp-admin%2F&reauth=1" "Mozilla/5.0 (Linux; Android 10; K) AppleWebKit/537.36 (KHTML, like Gecko) Chrome/131.0.0.0 Mobile Safari/537.36"
176.83.8.164 - - [16/Dec/2024:08:24:37 +0000] "GET /wp-includes/js/underscore.min.js?ver=1.13.7 HTTP/1.1" 200 7702 "https://placidoarandaarquitectotecnico.es/wp-login.php?redirect_to=https%3A%2F%2Fplacidoarandaarquitectotecnico.es%2Fwp-admin%2F&reauth=1" "Mozilla/5.0 (Linux; Android 10; K) AppleWebKit/537.36 (KHTML, like Gecko) Chrome/131.0.0.0 Mobile Safari/537.36"
176.83.8.164 - - [16/Dec/2024:08:24:37 +0000] "GET /wp-includes/js/wp-util.min.js?ver=6.7.1 HTTP/1.1" 200 1120 "https://placidoarandaarquitectotecnico.es/wp-login.php?redirect_to=https%3A%2F%2Fplacidoarandaarquitectotecnico.es%2Fwp-admin%2F&reauth=1" "Mozilla/5.0 (Linux; Android 10; K) AppleWebKit/537.36 (KHTML, like Gecko) Chrome/131.0.0.0 Mobile Safari/537.36"
176.83.8.164 - - [16/Dec/2024:08:24:38 +0000] "GET /wp-includes/js/dist/dom-ready.min.js?ver=f77871ff7694fffea381 HTTP/1.1" 200 684 "https://placidoarandaarquitectotecnico.es/wp-login.php?redirect_to=https%3A%2F%2Fplacidoarandaarquitectotecnico.es%2Fwp-admin%2F&reauth=1" "Mozilla/5.0 (Linux; Android 10; K) AppleWebKit/537.36 (KHTML, like Gecko) Chrome/131.0.0.0 Mobile Safari/537.36"
176.83.8.164 - - [16/Dec/2024:08:24:38 +0000] "GET /wp-includes/js/dist/a11y.min.js?ver=3156534cc54473497e14 HTTP/1.1" 200 1320 "https://placidoarandaarquitectotecnico.es/wp-login.php?redirect_to=https%3A%2F%2Fplacidoarandaarquitectotecnico.es%2Fwp-admin%2F&reauth=1" "Mozilla/5.0 (Linux; Android 10; K) AppleWebKit/537.36 (KHTML, like Gecko) Chrome/131.0.0.0 Mobile Safari/537.36"
176.83.8.164 - - [16/Dec/2024:08:24:38 +0000] "GET /wp-admin/js/user-profile.min.js?ver=6.7.1 HTTP/1.1" 200 2976 "https://placidoarandaarquitectotecnico.es/wp-login.php?redirect_to=https%3A%2F%2Fplacidoarandaarquitectotecnico.es%2Fwp-admin%2F&reauth=1" "Mozilla/5.0 (Linux; Android 10; K) AppleWebKit/537.36 (KHTML, like Gecko) Chrome/131.0.0.0 Mobile Safari/537.36"
176.83.8.164 - - [16/Dec/2024:08:24:38 +0000] "GET /wp-admin/images/wordpress-logo.svg?ver=20131107 HTTP/1.1" 200 1832 "https://placidoarandaarquitectotecnico.es/wp-admin/css/login.min.css?ver=6.7.1" "Mozilla/5.0 (Linux; Android 10; K) AppleWebKit/537.36 (KHTML, like Gecko) Chrome/131.0.0.0 Mobile Safari/537.36"
176.83.8.164 - - [16/Dec/2024:08:24:38 +0000] "GET /wp-content/uploads/2024/12/favicon-300x300.jpg HTTP/1.1" 200 8047 "https://placidoarandaarquitectotecnico.es/wp-login.php?redirect_to=https%3A%2F%2Fplacidoarandaarquitectotecnico.es%2Fwp-admin%2F&reauth=1" "Mozilla/5.0 (Linux; Android 10; K) AppleWebKit/537.36 (KHTML, like Gecko) Chrome/131.0.0.0 Mobile Safari/537.36"
176.83.8.164 - - [16/Dec/2024:08:24:38 +0000] "GET /wp-includes/js/zxcvbn.min.js HTTP/1.1" 200 402087 "https://placidoarandaarquitectotecnico.es/wp-login.php?redirect_to=https%3A%2F%2Fplacidoarandaarquitectotecnico.es%2Fwp-admin%2F&reauth=1" "Mozilla/5.0 (Linux; Android 10; K) AppleWebKit/537.36 (KHTML, like Gecko) Chrome/131.0.0.0 Mobile Safari/537.36"
176.83.8.164 - - [16/Dec/2024:08:24:49 +0000] "GET /wp-admin/ HTTP/1.1" 302 819 "-" "Mozilla/5.0 (Linux; Android 10; K) AppleWebKit/537.36 (KHTML, like Gecko) Chrome/131.0.0.0 Mobile Safari/537.36"
176.83.8.164 - - [16/Dec/2024:08:24:50 +0000] "GET /wp-login.php?redirect_to=https%3A%2F%2Fplacidoarandaarquitectotecnico.es%2Fwp-admin%2F&reauth=1 HTTP/1.1" 200 5715 "-" "Mozilla/5.0 (Linux; Android 10; K) AppleWebKit/537.36 (KHTML, like Gecko) Chrome/131.0.0.0 Mobile Safari/537.36"
37.158.146.151 - - [16/Dec/2024:08:26:08 +0000] "GET /wp-admin HTTP/1.1" 301 3348 "-" "Mozilla/5.0 (Windows NT 10.0; Win64; x64) AppleWebKit/537.36 (KHTML, like Gecko) Chrome/131.0.0.0 Safari/537.36"
146.190.157.162 - - [16/Dec/2024:08:26:08 +0000] "POST /wp-cron.php?doing_wp_cron=1734337568.9174489974975585937500 HTTP/1.1" 200 2976 "-" "WordPress/6.7.1; https://placidoarandaarquitectotecnico.es"
37.158.146.151 - - [16/Dec/2024:08:26:08 +0000] "GET /wp-admin/ HTTP/1.1" 302 495 "-" "Mozilla/5.0 (Windows NT 10.0; Win64; x64) AppleWebKit/537.36 (KHTML, like Gecko) Chrome/131.0.0.0 Safari/537.36"
37.158.146.151 - - [16/Dec/2024:08:26:09 +0000] "GET /wp-login.php?redirect_to=https%3A%2F%2Fplacidoarandaarquitectotecnico.es%2Fwp-admin%2F&reauth=1 HTTP/1.1" 200 5715 "-" "Mozilla/5.0 (Windows NT 10.0; Win64; x64) AppleWebKit/537.36 (KHTML, like Gecko) Chrome/131.0.0.0 Safari/537.36"
37.158.146.151 - - [16/Dec/2024:08:26:10 +0000] "GET /wp-includes/css/buttons.min.css?ver=6.7.1 HTTP/1.1" 200 4509 "https://placidoarandaarquitectotecnico.es/wp-login.php?redirect_to=https%3A%2F%2Fplacidoarandaarquitectotecnico.es%2Fwp-admin%2F&reauth=1" "Mozilla/5.0 (Windows NT 10.0; Win64; x64) AppleWebKit/537.36 (KHTML, like Gecko) Chrome/131.0.0.0 Safari/537.36"
37.158.146.151 - - [16/Dec/2024:08:26:10 +0000] "GET /wp-includes/css/dashicons.min.css?ver=6.7.1 HTTP/1.1" 200 36222 "https://placidoarandaarquitectotecnico.es/wp-login.php?redirect_to=https%3A%2F%2Fplacidoarandaarquitectotecnico.es%2Fwp-admin%2F&reauth=1" "Mozilla/5.0 (Windows NT 10.0; Win64; x64) AppleWebKit/537.36 (KHTML, like Gecko) Chrome/131.0.0.0 Safari/537.36"
37.158.146.151 - - [16/Dec/2024:08:26:10 +0000] "GET /wp-admin/css/forms.min.css?ver=6.7.1 HTTP/1.1" 200 7053 "https://placidoarandaarquitectotecnico.es/wp-login.php?redirect_to=https%3A%2F%2Fplacidoarandaarquitectotecnico.es%2Fwp-admin%2F&reauth=1" "Mozilla/5.0 (Windows NT 10.0; Win64; x64) AppleWebKit/537.36 (KHTML, like Gecko) Chrome/131.0.0.0 Safari/537.36"
37.158.146.151 - - [16/Dec/2024:08:26:11 +0000] "GET /wp-admin/css/l10n.min.css?ver=6.7.1 HTTP/1.1" 200 1448 "https://placidoarandaarquitectotecnico.es/wp-login.php?redirect_to=https%3A%2F%2Fplacidoarandaarquitectotecnico.es%2Fwp-admin%2F&reauth=1" "Mozilla/5.0 (Windows NT 10.0; Win64; x64) AppleWebKit/537.36 (KHTML, like Gecko) Chrome/131.0.0.0 Safari/537.36"
37.158.146.151 - - [16/Dec/2024:08:26:11 +0000] "GET /wp-admin/css/login.min.css?ver=6.7.1 HTTP/1.1" 200 2872 "https://placidoarandaarquitectotecnico.es/wp-login.php?redirect_to=https%3A%2F%2Fplacidoarandaarquitectotecnico.es%2Fwp-admin%2F&reauth=1" "Mozilla/5.0 (Windows NT 10.0; Win64; x64) AppleWebKit/537.36 (KHTML, like Gecko) Chrome/131.0.0.0 Safari/537.36"
37.158.146.151 - - [16/Dec/2024:08:26:11 +0000] "GET /wp-includes/js/clipboard.min.js?ver=2.0.11 HTTP/1.1" 200 6197 "https://placidoarandaarquitectotecnico.es/wp-login.php?redirect_to=https%3A%2F%2Fplacidoarandaarquitectotecnico.es%2Fwp-admin%2F&reauth=1" "Mozilla/5.0 (Windows NT 10.0; Win64; x64) AppleWebKit/537.36 (KHTML, like Gecko) Chrome/131.0.0.0 Safari/537.36"
37.158.146.151 - - [16/Dec/2024:08:26:11 +0000] "GET /wp-includes/js/jquery/jquery.min.js?ver=3.7.1 HTTP/1.1" 200 33526 "https://placidoarandaarquitectotecnico.es/wp-login.php?redirect_to=https%3A%2F%2Fplacidoarandaarquitectotecnico.es%2Fwp-admin%2F&reauth=1" "Mozilla/5.0 (Windows NT 10.0; Win64; x64) AppleWebKit/537.36 (KHTML, like Gecko) Chrome/131.0.0.0 Safari/537.36"
37.158.146.151 - - [16/Dec/2024:08:26:11 +0000] "GET /wp-includes/js/zxcvbn-async.min.js?ver=1.0 HTTP/1.1" 200 620 "https://placidoarandaarquitectotecnico.es/wp-login.php?redirect_to=https%3A%2F%2Fplacidoarandaarquitectotecnico.es%2Fwp-admin%2F&reauth=1" "Mozilla/5.0 (Windows NT 10.0; Win64; x64) AppleWebKit/537.36 (KHTML, like Gecko) Chrome/131.0.0.0 Safari/537.36"
37.158.146.151 - - [16/Dec/2024:08:26:11 +0000] "GET /wp-includes/js/jquery/jquery-migrate.min.js?ver=3.4.1 HTTP/1.1" 200 5238 "https://placidoarandaarquitectotecnico.es/wp-login.php?redirect_to=https%3A%2F%2Fplacidoarandaarquitectotecnico.es%2Fwp-admin%2F&reauth=1" "Mozilla/5.0 (Windows NT 10.0; Win64; x64) AppleWebKit/537.36 (KHTML, like Gecko) Chrome/131.0.0.0 Safari/537.36"
37.158.146.151 - - [16/Dec/2024:08:26:11 +0000] "GET /wp-includes/js/dist/hooks.min.js?ver=4d63a3d491d11ffd8ac6 HTTP/1.1" 200 2014 "https://placidoarandaarquitectotecnico.es/wp-login.php?redirect_to=https%3A%2F%2Fplacidoarandaarquitectotecnico.es%2Fwp-admin%2F&reauth=1" "Mozilla/5.0 (Windows NT 10.0; Win64; x64) AppleWebKit/537.36 (KHTML, like Gecko) Chrome/131.0.0.0 Safari/537.36"
37.158.146.151 - - [16/Dec/2024:08:26:11 +0000] "GET /wp-admin/js/password-strength-meter.min.js?ver=6.7.1 HTTP/1.1" 200 985 "https://placidoarandaarquitectotecnico.es/wp-login.php?redirect_to=https%3A%2F%2Fplacidoarandaarquitectotecnico.es%2Fwp-admin%2F&reauth=1" "Mozilla/5.0 (Windows NT 10.0; Win64; x64) AppleWebKit/537.36 (KHTML, like Gecko) Chrome/131.0.0.0 Safari/537.36"
37.158.146.151 - - [16/Dec/2024:08:26:11 +0000] "GET /wp-includes/js/dist/i18n.min.js?ver=5e580eb46a90c2b997e6 HTTP/1.1" 200 4033 "https://placidoarandaarquitectotecnico.es/wp-login.php?redirect_to=https%3A%2F%2Fplacidoarandaarquitectotecnico.es%2Fwp-admin%2F&reauth=1" "Mozilla/5.0 (Windows NT 10.0; Win64; x64) AppleWebKit/537.36 (KHTML, like Gecko) Chrome/131.0.0.0 Safari/537.36"
37.158.146.151 - - [16/Dec/2024:08:26:11 +0000] "GET /wp-includes/js/wp-util.min.js?ver=6.7.1 HTTP/1.1" 200 1120 "https://placidoarandaarquitectotecnico.es/wp-login.php?redirect_to=https%3A%2F%2Fplacidoarandaarquitectotecnico.es%2Fwp-admin%2F&reauth=1" "Mozilla/5.0 (Windows NT 10.0; Win64; x64) AppleWebKit/537.36 (KHTML, like Gecko) Chrome/131.0.0.0 Safari/537.36"
37.158.146.151 - - [16/Dec/2024:08:26:11 +0000] "GET /wp-includes/js/underscore.min.js?ver=1.13.7 HTTP/1.1" 200 7702 "https://placidoarandaarquitectotecnico.es/wp-login.php?redirect_to=https%3A%2F%2Fplacidoarandaarquitectotecnico.es%2Fwp-admin%2F&reauth=1" "Mozilla/5.0 (Windows NT 10.0; Win64; x64) AppleWebKit/537.36 (KHTML, like Gecko) Chrome/131.0.0.0 Safari/537.36"
37.158.146.151 - - [16/Dec/2024:08:26:11 +0000] "GET /wp-includes/js/dist/dom-ready.min.js?ver=f77871ff7694fffea381 HTTP/1.1" 200 684 "https://placidoarandaarquitectotecnico.es/wp-login.php?redirect_to=https%3A%2F%2Fplacidoarandaarquitectotecnico.es%2Fwp-admin%2F&reauth=1" "Mozilla/5.0 (Windows NT 10.0; Win64; x64) AppleWebKit/537.36 (KHTML, like Gecko) Chrome/131.0.0.0 Safari/537.36"
37.158.146.151 - - [16/Dec/2024:08:26:11 +0000] "GET /wp-includes/js/dist/a11y.min.js?ver=3156534cc54473497e14 HTTP/1.1" 200 1320 "https://placidoarandaarquitectotecnico.es/wp-login.php?redirect_to=https%3A%2F%2Fplacidoarandaarquitectotecnico.es%2Fwp-admin%2F&reauth=1" "Mozilla/5.0 (Windows NT 10.0; Win64; x64) AppleWebKit/537.36 (KHTML, like Gecko) Chrome/131.0.0.0 Safari/537.36"
37.158.146.151 - - [16/Dec/2024:08:26:11 +0000] "GET /wp-admin/js/user-profile.min.js?ver=6.7.1 HTTP/1.1" 200 2976 "https://placidoarandaarquitectotecnico.es/wp-login.php?redirect_to=https%3A%2F%2Fplacidoarandaarquitectotecnico.es%2Fwp-admin%2F&reauth=1" "Mozilla/5.0 (Windows NT 10.0; Win64; x64) AppleWebKit/537.36 (KHTML, like Gecko) Chrome/131.0.0.0 Safari/537.36"
37.158.146.151 - - [16/Dec/2024:08:26:11 +0000] "GET /wp-admin/images/wordpress-logo.svg?ver=20131107 HTTP/1.1" 200 1832 "https://placidoarandaarquitectotecnico.es/wp-admin/css/login.min.css?ver=6.7.1" "Mozilla/5.0 (Windows NT 10.0; Win64; x64) AppleWebKit/537.36 (KHTML, like Gecko) Chrome/131.0.0.0 Safari/537.36"
37.158.146.151 - - [16/Dec/2024:08:26:11 +0000] "GET /wp-content/uploads/2024/12/favicon-150x150.jpg HTTP/1.1" 200 4124 "https://placidoarandaarquitectotecnico.es/wp-login.php?redirect_to=https%3A%2F%2Fplacidoarandaarquitectotecnico.es%2Fwp-admin%2F&reauth=1" "Mozilla/5.0 (Windows NT 10.0; Win64; x64) AppleWebKit/537.36 (KHTML, like Gecko) Chrome/131.0.0.0 Safari/537.36"
66.81.174.27 - - [16/Dec/2024:08:26:11 +0000] "GET / HTTP/1.1" 200 17026 "-" "Mozilla/5.0 (Macintosh; Intel Mac OS X 10_15_7) AppleWebKit/537.36 (KHTML, like Gecko) Chrome/131.0.0.0 Safari/537.36"
37.158.146.151 - - [16/Dec/2024:08:26:11 +0000] "GET /wp-includes/js/zxcvbn.min.js HTTP/1.1" 200 402087 "https://placidoarandaarquitectotecnico.es/wp-login.php?redirect_to=https%3A%2F%2Fplacidoarandaarquitectotecnico.es%2Fwp-admin%2F&reauth=1" "Mozilla/5.0 (Windows NT 10.0; Win64; x64) AppleWebKit/537.36 (KHTML, like Gecko) Chrome/131.0.0.0 Safari/537.36"
66.81.174.27 - - [16/Dec/2024:08:26:12 +0000] "GET /wp-content/themes/Divi/core/admin/fonts/modules.ttf HTTP/1.1" 200 95631 "https://placidoarandaarquitectotecnico.es/" "Mozilla/5.0 (Macintosh; Intel Mac OS X 10_15_7) AppleWebKit/537.36 (KHTML, like Gecko) Chrome/131.0.0.0 Safari/537.36"
66.81.174.27 - - [16/Dec/2024:08:26:12 +0000] "GET /wp-content/themes/Divi/style.css?ver=4.9.1 HTTP/1.1" 200 83545 "https://placidoarandaarquitectotecnico.es/" "Mozilla/5.0 (Macintosh; Intel Mac OS X 10_15_7) AppleWebKit/537.36 (KHTML, like Gecko) Chrome/131.0.0.0 Safari/537.36"
66.81.174.27 - - [16/Dec/2024:08:26:13 +0000] "GET /wp-includes/css/dist/block-library/style.min.css?ver=6.7.1 HTTP/1.1" 200 15928 "https://placidoarandaarquitectotecnico.es/" "Mozilla/5.0 (Macintosh; Intel Mac OS X 10_15_7) AppleWebKit/537.36 (KHTML, like Gecko) Chrome/131.0.0.0 Safari/537.36"
66.81.174.27 - - [16/Dec/2024:08:26:13 +0000] "GET /wp-content/plugins/contact-form-7/includes/css/styles.css?ver=6.0.1 HTTP/1.1" 200 1373 "https://placidoarandaarquitectotecnico.es/" "Mozilla/5.0 (Macintosh; Intel Mac OS X 10_15_7) AppleWebKit/537.36 (KHTML, like Gecko) Chrome/131.0.0.0 Safari/537.36"
66.81.174.27 - - [16/Dec/2024:08:26:13 +0000] "GET /wp-includes/js/jquery/jquery-migrate.min.js?ver=3.4.1 HTTP/1.1" 200 7917 "https://placidoarandaarquitectotecnico.es/" "Mozilla/5.0 (Macintosh; Intel Mac OS X 10_15_7) AppleWebKit/537.36 (KHTML, like Gecko) Chrome/131.0.0.0 Safari/537.36"
66.81.174.27 - - [16/Dec/2024:08:26:13 +0000] "GET /wp-includes/css/dashicons.min.css?ver=6.7.1 HTTP/1.1" 200 38903 "https://placidoarandaarquitectotecnico.es/" "Mozilla/5.0 (Macintosh; Intel Mac OS X 10_15_7) AppleWebKit/537.36 (KHTML, like Gecko) Chrome/131.0.0.0 Safari/537.36"
66.81.174.27 - - [16/Dec/2024:08:26:13 +0000] "GET /wp-includes/js/jquery/jquery.min.js?ver=3.7.1 HTTP/1.1" 200 31170 "https://placidoarandaarquitectotecnico.es/" "Mozilla/5.0 (Macintosh; Intel Mac OS X 10_15_7) AppleWebKit/537.36 (KHTML, like Gecko) Chrome/131.0.0.0 Safari/537.36"
66.81.174.27 - - [16/Dec/2024:08:26:13 +0000] "GET /wp-content/uploads/2024/12/Logo-blanco.png HTTP/1.1" 304 271 "https://placidoarandaarquitectotecnico.es/" "Mozilla/5.0 (Macintosh; Intel Mac OS X 10_15_7) AppleWebKit/537.36 (KHTML, like Gecko) Chrome/131.0.0.0 Safari/537.36"
66.81.174.27 - - [16/Dec/2024:08:26:13 +0000] "GET /wp-content/uploads/2024/12/home-vertical_02.jpg HTTP/1.1" 200 747210 "https://placidoarandaarquitectotecnico.es/" "Mozilla/5.0 (Macintosh; Intel Mac OS X 10_15_7) AppleWebKit/537.36 (KHTML, like Gecko) Chrome/131.0.0.0 Safari/537.36"
66.81.174.27 - - [16/Dec/2024:08:26:13 +0000] "GET /wp-content/uploads/2024/12/Logo-vertical.png HTTP/1.1" 304 271 "https://placidoarandaarquitectotecnico.es/" "Mozilla/5.0 (Macintosh; Intel Mac OS X 10_15_7) AppleWebKit/537.36 (KHTML, like Gecko) Chrome/131.0.0.0 Safari/537.36"
66.81.174.27 - - [16/Dec/2024:08:26:13 +0000] "GET /wp-content/uploads/2024/12/kit_digital-1024x61-1.png HTTP/1.1" 200 63167 "https://placidoarandaarquitectotecnico.es/" "Mozilla/5.0 (Macintosh; Intel Mac OS X 10_15_7) AppleWebKit/537.36 (KHTML, like Gecko) Chrome/131.0.0.0 Safari/537.36"
66.81.174.27 - - [16/Dec/2024:08:26:13 +0000] "GET /wp-includes/js/dist/hooks.min.js?ver=4d63a3d491d11ffd8ac6 HTTP/1.1" 200 2014 "https://placidoarandaarquitectotecnico.es/" "Mozilla/5.0 (Macintosh; Intel Mac OS X 10_15_7) AppleWebKit/537.36 (KHTML, like Gecko) Chrome/131.0.0.0 Safari/537.36"
66.81.174.27 - - [16/Dec/2024:08:26:13 +0000] "GET /wp-includes/js/dist/i18n.min.js?ver=5e580eb46a90c2b997e6 HTTP/1.1" 200 4033 "https://placidoarandaarquitectotecnico.es/" "Mozilla/5.0 (Macintosh; Intel Mac OS X 10_15_7) AppleWebKit/537.36 (KHTML, like Gecko) Chrome/131.0.0.0 Safari/537.36"
66.81.174.27 - - [16/Dec/2024:08:26:13 +0000] "GET /wp-content/plugins/contact-form-7/includes/swv/js/index.js?ver=6.0.1 HTTP/1.1" 200 3868 "https://placidoarandaarquitectotecnico.es/" "Mozilla/5.0 (Macintosh; Intel Mac OS X 10_15_7) AppleWebKit/537.36 (KHTML, like Gecko) Chrome/131.0.0.0 Safari/537.36"
66.81.174.27 - - [16/Dec/2024:08:26:13 +0000] "GET /wp-content/plugins/contact-form-7/includes/js/index.js?ver=6.0.1 HTTP/1.1" 200 4631 "https://placidoarandaarquitectotecnico.es/" "Mozilla/5.0 (Macintosh; Intel Mac OS X 10_15_7) AppleWebKit/537.36 (KHTML, like Gecko) Chrome/131.0.0.0 Safari/537.36"
66.81.174.27 - - [16/Dec/2024:08:26:13 +0000] "GET /wp-content/themes/Divi/core/admin/js/common.js?ver=4.9.1 HTTP/1.1" 200 930 "https://placidoarandaarquitectotecnico.es/" "Mozilla/5.0 (Macintosh; Intel Mac OS X 10_15_7) AppleWebKit/537.36 (KHTML, like Gecko) Chrome/131.0.0.0 Safari/537.36"
66.81.174.27 - - [16/Dec/2024:08:26:13 +0000] "GET /wp-content/uploads/2024/12/hero-home.jpg HTTP/1.1" 200 175209 "https://placidoarandaarquitectotecnico.es/" "Mozilla/5.0 (Macintosh; Intel Mac OS X 10_15_7) AppleWebKit/537.36 (KHTML, like Gecko) Chrome/131.0.0.0 Safari/537.36"
66.81.174.27 - - [16/Dec/2024:08:26:13 +0000] "GET /wp-content/themes/Divi/js/custom.unified.js?ver=4.9.1 HTTP/1.1" 200 139339 "https://placidoarandaarquitectotecnico.es/" "Mozilla/5.0 (Macintosh; Intel Mac OS X 10_15_7) AppleWebKit/537.36 (KHTML, like Gecko) Chrome/131.0.0.0 Safari/537.36"
66.81.174.27 - - [16/Dec/2024:08:26:14 +0000] "GET /wp-includes/js/wp-emoji-release.min.js?ver=6.7.1 HTTP/1.1" 200 5428 "https://placidoarandaarquitectotecnico.es/" "Mozilla/5.0 (Macintosh; Intel Mac OS X 10_15_7) AppleWebKit/537.36 (KHTML, like Gecko) Chrome/131.0.0.0 Safari/537.36"
66.81.174.27 - - [16/Dec/2024:08:26:14 +0000] "GET /wp-content/uploads/2024/12/home-back.jpg HTTP/1.1" 200 133768 "https://placidoarandaarquitectotecnico.es/" "Mozilla/5.0 (Macintosh; Intel Mac OS X 10_15_7) AppleWebKit/537.36 (KHTML, like Gecko) Chrome/131.0.0.0 Safari/537.36"
66.81.174.27 - - [16/Dec/2024:08:26:14 +0000] "GET /wp-content/uploads/2024/12/plan.jpg HTTP/1.1" 304 271 "https://placidoarandaarquitectotecnico.es/" "Mozilla/5.0 (Macintosh; Intel Mac OS X 10_15_7) AppleWebKit/537.36 (KHTML, like Gecko) Chrome/131.0.0.0 Safari/537.36"
66.81.174.27 - - [16/Dec/2024:08:26:14 +0000] "GET /wp-content/uploads/2024/12/cedula.jpg HTTP/1.1" 200 61863 "https://placidoarandaarquitectotecnico.es/" "Mozilla/5.0 (Macintosh; Intel Mac OS X 10_15_7) AppleWebKit/537.36 (KHTML, like Gecko) Chrome/131.0.0.0 Safari/537.36"
34.132.218.243 - - [16/Dec/2024:08:26:15 +0000] "GET / HTTP/1.1" 301 640 "-" "Mozilla/5.0 (Windows NT 6.1) AppleWebKit/537.36 (KHTML, like Gecko) Chrome/41.0.2228.0 Safari/537.36"
66.81.174.27 - - [16/Dec/2024:08:26:14 +0000] "GET /wp-content/uploads/2024/12/certificado_energetico.png HTTP/1.1" 200 310606 "https://placidoarandaarquitectotecnico.es/" "Mozilla/5.0 (Macintosh; Intel Mac OS X 10_15_7) AppleWebKit/537.36 (KHTML, like Gecko) Chrome/131.0.0.0 Safari/537.36"
34.132.218.243 - - [16/Dec/2024:08:26:15 +0000] "GET / HTTP/1.1" 301 2814 "-" "Mozilla/5.0 (Windows NT 6.1) AppleWebKit/537.36 (KHTML, like Gecko) Chrome/41.0.2228.0 Safari/537.36"
37.158.146.151 - - [16/Dec/2024:08:26:15 +0000] "GET / HTTP/1.1" 200 14346 "https://placidoarandaarquitectotecnico.es/wp-login.php?redirect_to=https%3A%2F%2Fplacidoarandaarquitectotecnico.es%2Fwp-admin%2F&reauth=1" "Mozilla/5.0 (Windows NT 10.0; Win64; x64) AppleWebKit/537.36 (KHTML, like Gecko) Chrome/131.0.0.0 Safari/537.36"
37.158.146.151 - - [16/Dec/2024:08:26:16 +0000] "GET /wp-content/plugins/contact-form-7/includes/css/styles.css?ver=6.0.1 HTTP/1.1" 200 1373 "https://placidoarandaarquitectotecnico.es/" "Mozilla/5.0 (Windows NT 10.0; Win64; x64) AppleWebKit/537.36 (KHTML, like Gecko) Chrome/131.0.0.0 Safari/537.36"
37.158.146.151 - - [16/Dec/2024:08:26:16 +0000] "GET /wp-includes/css/dist/block-library/style.min.css?ver=6.7.1 HTTP/1.1" 200 15604 "https://placidoarandaarquitectotecnico.es/" "Mozilla/5.0 (Windows NT 10.0; Win64; x64) AppleWebKit/537.36 (KHTML, like Gecko) Chrome/131.0.0.0 Safari/537.36"
37.158.146.151 - - [16/Dec/2024:08:26:16 +0000] "GET /wp-content/themes/Divi/core/admin/fonts/modules.ttf HTTP/1.1" 200 92951 "https://placidoarandaarquitectotecnico.es/" "Mozilla/5.0 (Windows NT 10.0; Win64; x64) AppleWebKit/537.36 (KHTML, like Gecko) Chrome/131.0.0.0 Safari/537.36"
37.158.146.151 - - [16/Dec/2024:08:26:16 +0000] "GET /wp-content/uploads/2024/12/Logo-blanco.png HTTP/1.1" 200 7647 "https://placidoarandaarquitectotecnico.es/" "Mozilla/5.0 (Windows NT 10.0; Win64; x64) AppleWebKit/537.36 (KHTML, like Gecko) Chrome/131.0.0.0 Safari/537.36"
37.158.146.151 - - [16/Dec/2024:08:26:16 +0000] "GET /wp-content/themes/Divi/style.css?ver=4.9.1 HTTP/1.1" 200 83545 "https://placidoarandaarquitectotecnico.es/" "Mozilla/5.0 (Windows NT 10.0; Win64; x64) AppleWebKit/537.36 (KHTML, like Gecko) Chrome/131.0.0.0 Safari/537.36"
37.158.146.151 - - [16/Dec/2024:08:26:16 +0000] "GET /wp-content/uploads/2024/12/Logo-vertical.png HTTP/1.1" 200 6226 "https://placidoarandaarquitectotecnico.es/" "Mozilla/5.0 (Windows NT 10.0; Win64; x64) AppleWebKit/537.36 (KHTML, like Gecko) Chrome/131.0.0.0 Safari/537.36"
37.158.146.151 - - [16/Dec/2024:08:26:17 +0000] "GET /wp-content/uploads/2024/12/kit_digital-1024x61-1.png HTTP/1.1" 200 63167 "https://placidoarandaarquitectotecnico.es/" "Mozilla/5.0 (Windows NT 10.0; Win64; x64) AppleWebKit/537.36 (KHTML, like Gecko) Chrome/131.0.0.0 Safari/537.36"
37.158.146.151 - - [16/Dec/2024:08:26:17 +0000] "GET /wp-content/plugins/contact-form-7/includes/swv/js/index.js?ver=6.0.1 HTTP/1.1" 200 3868 "https://placidoarandaarquitectotecnico.es/" "Mozilla/5.0 (Windows NT 10.0; Win64; x64) AppleWebKit/537.36 (KHTML, like Gecko) Chrome/131.0.0.0 Safari/537.36"
37.158.146.151 - - [16/Dec/2024:08:26:17 +0000] "GET /wp-content/plugins/contact-form-7/includes/js/index.js?ver=6.0.1 HTTP/1.1" 200 4955 "https://placidoarandaarquitectotecnico.es/" "Mozilla/5.0 (Windows NT 10.0; Win64; x64) AppleWebKit/537.36 (KHTML, like Gecko) Chrome/131.0.0.0 Safari/537.36"
34.132.218.243 - - [16/Dec/2024:08:26:16 +0000] "GET / HTTP/1.1" 200 16862 "-" "Mozilla/5.0 (Windows NT 6.1) AppleWebKit/537.36 (KHTML, like Gecko) Chrome/41.0.2228.0 Safari/537.36"
37.158.146.151 - - [16/Dec/2024:08:26:17 +0000] "GET /wp-content/uploads/2024/12/hero-home.jpg HTTP/1.1" 200 175209 "https://placidoarandaarquitectotecnico.es/" "Mozilla/5.0 (Windows NT 10.0; Win64; x64) AppleWebKit/537.36 (KHTML, like Gecko) Chrome/131.0.0.0 Safari/537.36"
37.158.146.151 - - [16/Dec/2024:08:26:17 +0000] "GET /wp-content/themes/Divi/core/admin/js/common.js?ver=4.9.1 HTTP/1.1" 200 930 "https://placidoarandaarquitectotecnico.es/" "Mozilla/5.0 (Windows NT 10.0; Win64; x64) AppleWebKit/537.36 (KHTML, like Gecko) Chrome/131.0.0.0 Safari/537.36"
37.158.146.151 - - [16/Dec/2024:08:26:17 +0000] "GET /wp-content/themes/Divi/js/custom.unified.js?ver=4.9.1 HTTP/1.1" 200 139663 "https://placidoarandaarquitectotecnico.es/" "Mozilla/5.0 (Windows NT 10.0; Win64; x64) AppleWebKit/537.36 (KHTML, like Gecko) Chrome/131.0.0.0 Safari/537.36"
37.158.146.151 - - [16/Dec/2024:08:26:16 +0000] "GET /wp-content/uploads/2024/12/home-vertical_02.jpg HTTP/1.1" 200 747210 "https://placidoarandaarquitectotecnico.es/" "Mozilla/5.0 (Windows NT 10.0; Win64; x64) AppleWebKit/537.36 (KHTML, like Gecko) Chrome/131.0.0.0 Safari/537.36"
37.158.146.151 - - [16/Dec/2024:08:26:18 +0000] "GET /wp-content/uploads/2024/12/home-back.jpg HTTP/1.1" 200 133768 "https://placidoarandaarquitectotecnico.es/" "Mozilla/5.0 (Windows NT 10.0; Win64; x64) AppleWebKit/537.36 (KHTML, like Gecko) Chrome/131.0.0.0 Safari/537.36"
37.158.146.151 - - [16/Dec/2024:08:26:18 +0000] "GET /wp-includes/js/wp-emoji-release.min.js?ver=6.7.1 HTTP/1.1" 200 5428 "https://placidoarandaarquitectotecnico.es/" "Mozilla/5.0 (Windows NT 10.0; Win64; x64) AppleWebKit/537.36 (KHTML, like Gecko) Chrome/131.0.0.0 Safari/537.36"
37.158.146.151 - - [16/Dec/2024:08:26:18 +0000] "GET /wp-content/uploads/2024/12/plan.jpg HTTP/1.1" 200 46947 "https://placidoarandaarquitectotecnico.es/" "Mozilla/5.0 (Windows NT 10.0; Win64; x64) AppleWebKit/537.36 (KHTML, like Gecko) Chrome/131.0.0.0 Safari/537.36"
37.158.146.151 - - [16/Dec/2024:08:26:18 +0000] "GET /wp-content/uploads/2024/12/cedula.jpg HTTP/1.1" 200 61863 "https://placidoarandaarquitectotecnico.es/" "Mozilla/5.0 (Windows NT 10.0; Win64; x64) AppleWebKit/537.36 (KHTML, like Gecko) Chrome/131.0.0.0 Safari/537.36"
37.158.146.151 - - [16/Dec/2024:08:26:18 +0000] "GET /wp-content/uploads/2024/12/certificado_energetico.png HTTP/1.1" 200 310606 "https://placidoarandaarquitectotecnico.es/" "Mozilla/5.0 (Windows NT 10.0; Win64; x64) AppleWebKit/537.36 (KHTML, like Gecko) Chrome/131.0.0.0 Safari/537.36"
37.158.146.151 - - [16/Dec/2024:08:26:28 +0000] "GET /servicios HTTP/1.1" 301 653 "https://placidoarandaarquitectotecnico.es/" "Mozilla/5.0 (Windows NT 10.0; Win64; x64) AppleWebKit/537.36 (KHTML, like Gecko) Chrome/131.0.0.0 Safari/537.36"
37.158.146.151 - - [16/Dec/2024:08:26:29 +0000] "GET /servicios/ HTTP/1.1" 200 15277 "https://placidoarandaarquitectotecnico.es/" "Mozilla/5.0 (Windows NT 10.0; Win64; x64) AppleWebKit/537.36 (KHTML, like Gecko) Chrome/131.0.0.0 Safari/537.36"
37.158.146.151 - - [16/Dec/2024:08:26:31 +0000] "GET /wp-content/uploads/2024/12/ite.jpg HTTP/1.1" 200 32364 "https://placidoarandaarquitectotecnico.es/servicios/" "Mozilla/5.0 (Windows NT 10.0; Win64; x64) AppleWebKit/537.36 (KHTML, like Gecko) Chrome/131.0.0.0 Safari/537.36"
37.158.146.151 - - [16/Dec/2024:08:26:31 +0000] "GET /wp-content/uploads/2024/12/3d.jpg HTTP/1.1" 200 54754 "https://placidoarandaarquitectotecnico.es/servicios/" "Mozilla/5.0 (Windows NT 10.0; Win64; x64) AppleWebKit/537.36 (KHTML, like Gecko) Chrome/131.0.0.0 Safari/537.36"
37.158.146.151 - - [16/Dec/2024:08:26:31 +0000] "GET /wp-content/uploads/2024/12/hero-servicios.jpg HTTP/1.1" 200 183615 "https://placidoarandaarquitectotecnico.es/servicios/" "Mozilla/5.0 (Windows NT 10.0; Win64; x64) AppleWebKit/537.36 (KHTML, like Gecko) Chrome/131.0.0.0 Safari/537.36"
37.158.146.151 - - [16/Dec/2024:08:26:31 +0000] "GET /wp-content/uploads/2024/12/servicios-tasa.jpg HTTP/1.1" 200 48367 "https://placidoarandaarquitectotecnico.es/servicios/" "Mozilla/5.0 (Windows NT 10.0; Win64; x64) AppleWebKit/537.36 (KHTML, like Gecko) Chrome/131.0.0.0 Safari/537.36"
37.158.146.151 - - [16/Dec/2024:08:26:31 +0000] "GET /wp-content/uploads/2024/12/table-3311791_1920.jpg HTTP/1.1" 200 460001 "https://placidoarandaarquitectotecnico.es/servicios/" "Mozilla/5.0 (Windows NT 10.0; Win64; x64) AppleWebKit/537.36 (KHTML, like Gecko) Chrome/131.0.0.0 Safari/537.36"
66.81.174.27 - - [16/Dec/2024:08:26:33 +0000] "GET / HTTP/1.1" 200 14670 "-" "Mozilla/5.0 (Macintosh; Intel Mac OS X 10_15_7) AppleWebKit/537.36 (KHTML, like Gecko) Chrome/131.0.0.0 Safari/537.36"
146.190.157.162 - - [16/Dec/2024:08:27:00 +0000] "POST /wp-cron.php?doing_wp_cron=1734337620.6363310813903808593750 HTTP/1.1" 200 2977 "-" "WordPress/6.7.1; https://placidoarandaarquitectotecnico.es"
37.158.146.151 - - [16/Dec/2024:08:27:00 +0000] "GET / HTTP/1.1" 200 70366 "-" "WhatsApp/2.2449.2 W"
37.158.146.151 - - [16/Dec/2024:08:27:02 +0000] "GET /wp-content/uploads/2024/12/planning-3536753_1920.jpg HTTP/1.1" 200 426109 "-" "WhatsApp/2.2449.2 W"
176.83.92.66 - - [16/Dec/2024:08:27:31 +0000] "GET / HTTP/1.1" 200 17027 "-" "Mozilla/5.0 (Linux; Android 10; K) AppleWebKit/537.36 (KHTML, like Gecko) SamsungBrowser/27.0 Chrome/125.0.0.0 Mobile Safari/537.36"
176.83.92.66 - - [16/Dec/2024:08:27:32 +0000] "GET /wp-includes/css/dist/block-library/style.min.css?ver=6.7.1 HTTP/1.1" 200 18284 "https://placidoarandaarquitectotecnico.es/" "Mozilla/5.0 (Linux; Android 10; K) AppleWebKit/537.36 (KHTML, like Gecko) SamsungBrowser/27.0 Chrome/125.0.0.0 Mobile Safari/537.36"
176.83.92.66 - - [16/Dec/2024:08:27:32 +0000] "GET /wp-content/plugins/contact-form-7/includes/css/styles.css?ver=6.0.1 HTTP/1.1" 200 1373 "https://placidoarandaarquitectotecnico.es/" "Mozilla/5.0 (Linux; Android 10; K) AppleWebKit/537.36 (KHTML, like Gecko) SamsungBrowser/27.0 Chrome/125.0.0.0 Mobile Safari/537.36"
176.83.92.66 - - [16/Dec/2024:08:27:33 +0000] "GET /wp-includes/css/dashicons.min.css?ver=6.7.1 HTTP/1.1" 200 36546 "https://placidoarandaarquitectotecnico.es/" "Mozilla/5.0 (Linux; Android 10; K) AppleWebKit/537.36 (KHTML, like Gecko) SamsungBrowser/27.0 Chrome/125.0.0.0 Mobile Safari/537.36"
176.83.92.66 - - [16/Dec/2024:08:27:33 +0000] "GET /wp-includes/js/jquery/jquery-migrate.min.js?ver=3.4.1 HTTP/1.1" 200 5562 "https://placidoarandaarquitectotecnico.es/" "Mozilla/5.0 (Linux; Android 10; K) AppleWebKit/537.36 (KHTML, like Gecko) SamsungBrowser/27.0 Chrome/125.0.0.0 Mobile Safari/537.36"
176.83.92.66 - - [16/Dec/2024:08:27:33 +0000] "GET /wp-includes/js/jquery/jquery.min.js?ver=3.7.1 HTTP/1.1" 200 33526 "https://placidoarandaarquitectotecnico.es/" "Mozilla/5.0 (Linux; Android 10; K) AppleWebKit/537.36 (KHTML, like Gecko) SamsungBrowser/27.0 Chrome/125.0.0.0 Mobile Safari/537.36"
176.83.92.66 - - [16/Dec/2024:08:27:33 +0000] "GET /wp-content/uploads/2024/12/Logo-blanco.png HTTP/1.1" 200 7647 "https://placidoarandaarquitectotecnico.es/" "Mozilla/5.0 (Linux; Android 10; K) AppleWebKit/537.36 (KHTML, like Gecko) SamsungBrowser/27.0 Chrome/125.0.0.0 Mobile Safari/537.36"
176.83.92.66 - - [16/Dec/2024:08:27:33 +0000] "GET /wp-content/themes/Divi/style.css?ver=4.9.1 HTTP/1.1" 200 83545 "https://placidoarandaarquitectotecnico.es/" "Mozilla/5.0 (Linux; Android 10; K) AppleWebKit/537.36 (KHTML, like Gecko) SamsungBrowser/27.0 Chrome/125.0.0.0 Mobile Safari/537.36"
176.83.92.66 - - [16/Dec/2024:08:27:33 +0000] "GET /wp-content/uploads/2024/12/Logo-vertical.png HTTP/1.1" 200 6226 "https://placidoarandaarquitectotecnico.es/" "Mozilla/5.0 (Linux; Android 10; K) AppleWebKit/537.36 (KHTML, like Gecko) SamsungBrowser/27.0 Chrome/125.0.0.0 Mobile Safari/537.36"
176.83.92.66 - - [16/Dec/2024:08:27:33 +0000] "GET /wp-content/themes/Divi/core/admin/fonts/modules.ttf HTTP/1.1" 200 95631 "https://placidoarandaarquitectotecnico.es/" "Mozilla/5.0 (Linux; Android 10; K) AppleWebKit/537.36 (KHTML, like Gecko) SamsungBrowser/27.0 Chrome/125.0.0.0 Mobile Safari/537.36"
176.83.92.66 - - [16/Dec/2024:08:27:33 +0000] "GET /wp-includes/js/dist/hooks.min.js?ver=4d63a3d491d11ffd8ac6 HTTP/1.1" 200 2014 "https://placidoarandaarquitectotecnico.es/" "Mozilla/5.0 (Linux; Android 10; K) AppleWebKit/537.36 (KHTML, like Gecko) SamsungBrowser/27.0 Chrome/125.0.0.0 Mobile Safari/537.36"
176.83.92.66 - - [16/Dec/2024:08:27:33 +0000] "GET /wp-includes/js/dist/i18n.min.js?ver=5e580eb46a90c2b997e6 HTTP/1.1" 200 4033 "https://placidoarandaarquitectotecnico.es/" "Mozilla/5.0 (Linux; Android 10; K) AppleWebKit/537.36 (KHTML, like Gecko) SamsungBrowser/27.0 Chrome/125.0.0.0 Mobile Safari/537.36"
176.83.92.66 - - [16/Dec/2024:08:27:33 +0000] "GET /wp-content/plugins/contact-form-7/includes/swv/js/index.js?ver=6.0.1 HTTP/1.1" 200 3868 "https://placidoarandaarquitectotecnico.es/" "Mozilla/5.0 (Linux; Android 10; K) AppleWebKit/537.36 (KHTML, like Gecko) SamsungBrowser/27.0 Chrome/125.0.0.0 Mobile Safari/537.36"
176.83.92.66 - - [16/Dec/2024:08:27:33 +0000] "GET /wp-content/uploads/2024/12/hero-home.jpg HTTP/1.1" 200 175209 "https://placidoarandaarquitectotecnico.es/" "Mozilla/5.0 (Linux; Android 10; K) AppleWebKit/537.36 (KHTML, like Gecko) SamsungBrowser/27.0 Chrome/125.0.0.0 Mobile Safari/537.36"
176.83.92.66 - - [16/Dec/2024:08:27:33 +0000] "GET /wp-content/uploads/2024/12/kit_digital-1024x61-1.png HTTP/1.1" 200 63167 "https://placidoarandaarquitectotecnico.es/" "Mozilla/5.0 (Linux; Android 10; K) AppleWebKit/537.36 (KHTML, like Gecko) SamsungBrowser/27.0 Chrome/125.0.0.0 Mobile Safari/537.36"
176.83.92.66 - - [16/Dec/2024:08:27:33 +0000] "GET /wp-content/plugins/contact-form-7/includes/js/index.js?ver=6.0.1 HTTP/1.1" 200 4631 "https://placidoarandaarquitectotecnico.es/" "Mozilla/5.0 (Linux; Android 10; K) AppleWebKit/537.36 (KHTML, like Gecko) SamsungBrowser/27.0 Chrome/125.0.0.0 Mobile Safari/537.36"
176.83.92.66 - - [16/Dec/2024:08:27:33 +0000] "GET /wp-content/themes/Divi/core/admin/js/common.js?ver=4.9.1 HTTP/1.1" 200 930 "https://placidoarandaarquitectotecnico.es/" "Mozilla/5.0 (Linux; Android 10; K) AppleWebKit/537.36 (KHTML, like Gecko) SamsungBrowser/27.0 Chrome/125.0.0.0 Mobile Safari/537.36"
176.83.92.66 - - [16/Dec/2024:08:27:33 +0000] "GET /wp-content/themes/Divi/js/custom.unified.js?ver=4.9.1 HTTP/1.1" 200 139339 "https://placidoarandaarquitectotecnico.es/" "Mozilla/5.0 (Linux; Android 10; K) AppleWebKit/537.36 (KHTML, like Gecko) SamsungBrowser/27.0 Chrome/125.0.0.0 Mobile Safari/537.36"
176.83.92.66 - - [16/Dec/2024:08:27:33 +0000] "GET /wp-content/uploads/2024/12/home-vertical_02.jpg HTTP/1.1" 200 747210 "https://placidoarandaarquitectotecnico.es/" "Mozilla/5.0 (Linux; Android 10; K) AppleWebKit/537.36 (KHTML, like Gecko) SamsungBrowser/27.0 Chrome/125.0.0.0 Mobile Safari/537.36"
176.83.92.66 - - [16/Dec/2024:08:27:34 +0000] "GET /wp-content/uploads/2024/12/home-back.jpg HTTP/1.1" 200 133768 "https://placidoarandaarquitectotecnico.es/" "Mozilla/5.0 (Linux; Android 10; K) AppleWebKit/537.36 (KHTML, like Gecko) SamsungBrowser/27.0 Chrome/125.0.0.0 Mobile Safari/537.36"
176.83.92.66 - - [16/Dec/2024:08:27:34 +0000] "GET /wp-content/uploads/2024/12/cedula.jpg HTTP/1.1" 200 61863 "https://placidoarandaarquitectotecnico.es/" "Mozilla/5.0 (Linux; Android 10; K) AppleWebKit/537.36 (KHTML, like Gecko) SamsungBrowser/27.0 Chrome/125.0.0.0 Mobile Safari/537.36"
176.83.92.66 - - [16/Dec/2024:08:27:34 +0000] "GET /wp-content/uploads/2024/12/certificado_energetico.png HTTP/1.1" 200 310606 "https://placidoarandaarquitectotecnico.es/" "Mozilla/5.0 (Linux; Android 10; K) AppleWebKit/537.36 (KHTML, like Gecko) SamsungBrowser/27.0 Chrome/125.0.0.0 Mobile Safari/537.36"
