191.80.140.62 - - [11/Dec/2024:22:02:44 +0000] "GET /wp-content/plugins/easy-wp-smtp/assets/images/wp-spinner.gif HTTP/1.1" 200 3941 "http://aranda.devuocloud.com/wp-content/plugins/easy-wp-smtp/assets/css/dashboard-widget.min.css?ver=2.4.1" "Mozilla/5.0 (Windows NT 10.0; Win64; x64) AppleWebKit/537.36 (KHTML, like Gecko) Chrome/131.0.0.0 Safari/537.36"
191.80.140.62 - - [11/Dec/2024:22:02:44 +0000] "GET /wp-content/themes/Divi/core/admin/fonts/modules.ttf HTTP/1.1" 200 92687 "http://aranda.devuocloud.com/wp-content/themes/Divi/core/admin/css/core.css?ver=4.9.1" "Mozilla/5.0 (Windows NT 10.0; Win64; x64) AppleWebKit/537.36 (KHTML, like Gecko) Chrome/131.0.0.0 Safari/537.36"
191.80.140.62 - - [11/Dec/2024:22:02:44 +0000] "GET /wp-includes/js/jquery/jquery.color.min.js?ver=3.0.0 HTTP/1.1" 200 3068 "http://aranda.devuocloud.com/wp-admin/" "Mozilla/5.0 (Windows NT 10.0; Win64; x64) AppleWebKit/537.36 (KHTML, like Gecko) Chrome/131.0.0.0 Safari/537.36"
191.80.140.62 - - [11/Dec/2024:22:02:44 +0000] "GET /wp-includes/js/wp-lists.min.js?ver=6.7.1 HTTP/1.1" 200 2878 "http://aranda.devuocloud.com/wp-admin/" "Mozilla/5.0 (Windows NT 10.0; Win64; x64) AppleWebKit/537.36 (KHTML, like Gecko) Chrome/131.0.0.0 Safari/537.36"
191.80.140.62 - - [11/Dec/2024:22:02:44 +0000] "GET /wp-includes/js/quicktags.min.js?ver=6.7.1 HTTP/1.1" 200 3853 "http://aranda.devuocloud.com/wp-admin/" "Mozilla/5.0 (Windows NT 10.0; Win64; x64) AppleWebKit/537.36 (KHTML, like Gecko) Chrome/131.0.0.0 Safari/537.36"
191.80.140.62 - - [11/Dec/2024:22:02:44 +0000] "GET /wp-includes/js/jquery/jquery.query.js?ver=2.2.3 HTTP/1.1" 200 1970 "http://aranda.devuocloud.com/wp-admin/" "Mozilla/5.0 (Windows NT 10.0; Win64; x64) AppleWebKit/537.36 (KHTML, like Gecko) Chrome/131.0.0.0 Safari/537.36"
191.80.140.62 - - [11/Dec/2024:22:02:45 +0000] "GET /wp-admin/js/edit-comments.min.js?ver=6.7.1 HTTP/1.1" 200 5467 "http://aranda.devuocloud.com/wp-admin/" "Mozilla/5.0 (Windows NT 10.0; Win64; x64) AppleWebKit/537.36 (KHTML, like Gecko) Chrome/131.0.0.0 Safari/537.36"
191.80.140.62 - - [11/Dec/2024:22:02:45 +0000] "GET /wp-includes/js/jquery/ui/core.min.js?ver=1.13.3 HTTP/1.1" 200 7450 "http://aranda.devuocloud.com/wp-admin/" "Mozilla/5.0 (Windows NT 10.0; Win64; x64) AppleWebKit/537.36 (KHTML, like Gecko) Chrome/131.0.0.0 Safari/537.36"
191.80.140.62 - - [11/Dec/2024:22:02:45 +0000] "GET /wp-includes/js/jquery/ui/mouse.min.js?ver=1.13.3 HTTP/1.1" 200 1441 "http://aranda.devuocloud.com/wp-admin/" "Mozilla/5.0 (Windows NT 10.0; Win64; x64) AppleWebKit/537.36 (KHTML, like Gecko) Chrome/131.0.0.0 Safari/537.36"
191.80.140.62 - - [11/Dec/2024:22:02:45 +0000] "GET /wp-admin/js/postbox.min.js?ver=6.7.1 HTTP/1.1" 200 2565 "http://aranda.devuocloud.com/wp-admin/" "Mozilla/5.0 (Windows NT 10.0; Win64; x64) AppleWebKit/537.36 (KHTML, like Gecko) Chrome/131.0.0.0 Safari/537.36"
191.80.140.62 - - [11/Dec/2024:22:02:45 +0000] "GET /wp-includes/js/jquery/ui/sortable.min.js?ver=1.13.3 HTTP/1.1" 200 6930 "http://aranda.devuocloud.com/wp-admin/" "Mozilla/5.0 (Windows NT 10.0; Win64; x64) AppleWebKit/537.36 (KHTML, like Gecko) Chrome/131.0.0.0 Safari/537.36"
191.80.140.62 - - [11/Dec/2024:22:02:45 +0000] "GET /wp-includes/js/dist/vendor/moment.min.js?ver=2.30.1 HTTP/1.1" 200 19099 "http://aranda.devuocloud.com/wp-admin/" "Mozilla/5.0 (Windows NT 10.0; Win64; x64) AppleWebKit/537.36 (KHTML, like Gecko) Chrome/131.0.0.0 Safari/537.36"
191.80.140.62 - - [11/Dec/2024:22:02:45 +0000] "GET /wp-includes/js/dist/deprecated.min.js?ver=e1f84915c5e8ae38964c HTTP/1.1" 200 788 "http://aranda.devuocloud.com/wp-admin/" "Mozilla/5.0 (Windows NT 10.0; Win64; x64) AppleWebKit/537.36 (KHTML, like Gecko) Chrome/131.0.0.0 Safari/537.36"
191.80.140.62 - - [11/Dec/2024:22:02:45 +0000] "GET /wp-includes/js/dist/date.min.js?ver=aaca6387d1cf924acc51 HTTP/1.1" 200 43919 "http://aranda.devuocloud.com/wp-admin/" "Mozilla/5.0 (Windows NT 10.0; Win64; x64) AppleWebKit/537.36 (KHTML, like Gecko) Chrome/131.0.0.0 Safari/537.36"
191.80.140.62 - - [11/Dec/2024:22:02:45 +0000] "GET /wp-admin/js/plugin-install.min.js?ver=6.7.1 HTTP/1.1" 200 1364 "http://aranda.devuocloud.com/wp-admin/" "Mozilla/5.0 (Windows NT 10.0; Win64; x64) AppleWebKit/537.36 (KHTML, like Gecko) Chrome/131.0.0.0 Safari/537.36"
191.80.140.62 - - [11/Dec/2024:22:02:45 +0000] "GET /wp-admin/js/dashboard.min.js?ver=6.7.1 HTTP/1.1" 200 3406 "http://aranda.devuocloud.com/wp-admin/" "Mozilla/5.0 (Windows NT 10.0; Win64; x64) AppleWebKit/537.36 (KHTML, like Gecko) Chrome/131.0.0.0 Safari/537.36"
191.80.140.62 - - [11/Dec/2024:22:02:45 +0000] "GET /wp-includes/js/thickbox/thickbox.js?ver=3.1-20121105 HTTP/1.1" 200 4376 "http://aranda.devuocloud.com/wp-admin/" "Mozilla/5.0 (Windows NT 10.0; Win64; x64) AppleWebKit/537.36 (KHTML, like Gecko) Chrome/131.0.0.0 Safari/537.36"
191.80.140.62 - - [11/Dec/2024:22:02:45 +0000] "GET /wp-includes/js/wp-sanitize.min.js?ver=6.7.1 HTTP/1.1" 200 626 "http://aranda.devuocloud.com/wp-admin/" "Mozilla/5.0 (Windows NT 10.0; Win64; x64) AppleWebKit/537.36 (KHTML, like Gecko) Chrome/131.0.0.0 Safari/537.36"
191.80.140.62 - - [11/Dec/2024:22:02:45 +0000] "GET /wp-admin/js/updates.min.js?ver=6.7.1 HTTP/1.1" 200 10774 "http://aranda.devuocloud.com/wp-admin/" "Mozilla/5.0 (Windows NT 10.0; Win64; x64) AppleWebKit/537.36 (KHTML, like Gecko) Chrome/131.0.0.0 Safari/537.36"
191.80.140.62 - - [11/Dec/2024:22:02:45 +0000] "GET /wp-includes/js/shortcode.min.js?ver=6.7.1 HTTP/1.1" 200 1488 "http://aranda.devuocloud.com/wp-admin/" "Mozilla/5.0 (Windows NT 10.0; Win64; x64) AppleWebKit/537.36 (KHTML, like Gecko) Chrome/131.0.0.0 Safari/537.36"
191.80.140.62 - - [11/Dec/2024:22:02:45 +0000] "GET /wp-admin/js/svg-painter.js?ver=6.7.1 HTTP/1.1" 200 1561 "http://aranda.devuocloud.com/wp-admin/" "Mozilla/5.0 (Windows NT 10.0; Win64; x64) AppleWebKit/537.36 (KHTML, like Gecko) Chrome/131.0.0.0 Safari/537.36"
191.80.140.62 - - [11/Dec/2024:22:02:45 +0000] "GET /wp-admin/js/media-upload.min.js?ver=6.7.1 HTTP/1.1" 200 955 "http://aranda.devuocloud.com/wp-admin/" "Mozilla/5.0 (Windows NT 10.0; Win64; x64) AppleWebKit/537.36 (KHTML, like Gecko) Chrome/131.0.0.0 Safari/537.36"
191.80.140.62 - - [11/Dec/2024:22:02:45 +0000] "GET /wp-includes/js/heartbeat.min.js?ver=6.7.1 HTTP/1.1" 200 2385 "http://aranda.devuocloud.com/wp-admin/" "Mozilla/5.0 (Windows NT 10.0; Win64; x64) AppleWebKit/537.36 (KHTML, like Gecko) Chrome/131.0.0.0 Safari/537.36"
191.80.140.62 - - [11/Dec/2024:22:02:45 +0000] "GET /wp-includes/js/wp-auth-check.min.js?ver=6.7.1 HTTP/1.1" 200 1115 "http://aranda.devuocloud.com/wp-admin/" "Mozilla/5.0 (Windows NT 10.0; Win64; x64) AppleWebKit/537.36 (KHTML, like Gecko) Chrome/131.0.0.0 Safari/537.36"
191.80.140.62 - - [11/Dec/2024:22:02:45 +0000] "GET /wp-content/themes/Divi/core/admin/js/common.js?ver=4.9.1 HTTP/1.1" 200 908 "http://aranda.devuocloud.com/wp-admin/" "Mozilla/5.0 (Windows NT 10.0; Win64; x64) AppleWebKit/537.36 (KHTML, like Gecko) Chrome/131.0.0.0 Safari/537.36"
191.80.140.62 - - [11/Dec/2024:22:02:45 +0000] "GET /wp-includes/js/jquery/ui/tabs.min.js?ver=1.13.3 HTTP/1.1" 200 4289 "http://aranda.devuocloud.com/wp-admin/" "Mozilla/5.0 (Windows NT 10.0; Win64; x64) AppleWebKit/537.36 (KHTML, like Gecko) Chrome/131.0.0.0 Safari/537.36"
191.80.140.62 - - [11/Dec/2024:22:02:45 +0000] "GET /wp-content/themes/Divi/core/admin/js/core.js?ver=4.9.1 HTTP/1.1" 200 2032 "http://aranda.devuocloud.com/wp-admin/" "Mozilla/5.0 (Windows NT 10.0; Win64; x64) AppleWebKit/537.36 (KHTML, like Gecko) Chrome/131.0.0.0 Safari/537.36"
191.80.140.62 - - [11/Dec/2024:22:02:45 +0000] "GET /wp-includes/js/jquery/jquery.form.min.js?ver=4.3.0 HTTP/1.1" 200 6302 "http://aranda.devuocloud.com/wp-admin/" "Mozilla/5.0 (Windows NT 10.0; Win64; x64) AppleWebKit/537.36 (KHTML, like Gecko) Chrome/131.0.0.0 Safari/537.36"
191.80.140.62 - - [11/Dec/2024:22:02:45 +0000] "GET /wp-content/themes/Divi/core/admin/js/version-rollback.js?ver=4.9.1 HTTP/1.1" 200 1120 "http://aranda.devuocloud.com/wp-admin/" "Mozilla/5.0 (Windows NT 10.0; Win64; x64) AppleWebKit/537.36 (KHTML, like Gecko) Chrome/131.0.0.0 Safari/537.36"
191.80.140.62 - - [11/Dec/2024:22:02:46 +0000] "GET /wp-content/themes/Divi/core/admin/js/support-center.js?ver=4.9.1 HTTP/1.1" 200 5020 "http://aranda.devuocloud.com/wp-admin/" "Mozilla/5.0 (Windows NT 10.0; Win64; x64) AppleWebKit/537.36 (KHTML, like Gecko) Chrome/131.0.0.0 Safari/537.36"
191.80.140.62 - - [11/Dec/2024:22:02:46 +0000] "GET /wp-content/plugins/easy-wp-smtp/assets/js/smtp-dashboard-widget.min.js?ver=2.4.1 HTTP/1.1" 200 1576 "http://aranda.devuocloud.com/wp-admin/" "Mozilla/5.0 (Windows NT 10.0; Win64; x64) AppleWebKit/537.36 (KHTML, like Gecko) Chrome/131.0.0.0 Safari/537.36"
191.80.140.62 - - [11/Dec/2024:22:02:46 +0000] "GET /wp-includes/js/wplink.min.js?ver=6.7.1 HTTP/1.1" 200 4241 "http://aranda.devuocloud.com/wp-admin/" "Mozilla/5.0 (Windows NT 10.0; Win64; x64) AppleWebKit/537.36 (KHTML, like Gecko) Chrome/131.0.0.0 Safari/537.36"
191.80.140.62 - - [11/Dec/2024:22:02:46 +0000] "GET /wp-includes/js/jquery/ui/menu.min.js?ver=1.13.3 HTTP/1.1" 200 3402 "http://aranda.devuocloud.com/wp-admin/" "Mozilla/5.0 (Windows NT 10.0; Win64; x64) AppleWebKit/537.36 (KHTML, like Gecko) Chrome/131.0.0.0 Safari/537.36"
191.80.140.62 - - [11/Dec/2024:22:02:46 +0000] "GET /wp-content/plugins/easy-wp-smtp/assets/js/vendor/apexcharts.min.js?ver=3.35.1 HTTP/1.1" 200 127580 "http://aranda.devuocloud.com/wp-admin/" "Mozilla/5.0 (Windows NT 10.0; Win64; x64) AppleWebKit/537.36 (KHTML, like Gecko) Chrome/131.0.0.0 Safari/537.36"
191.80.140.62 - - [11/Dec/2024:22:02:46 +0000] "GET /wp-includes/js/jquery/ui/autocomplete.min.js?ver=1.13.3 HTTP/1.1" 200 3249 "http://aranda.devuocloud.com/wp-admin/" "Mozilla/5.0 (Windows NT 10.0; Win64; x64) AppleWebKit/537.36 (KHTML, like Gecko) Chrome/131.0.0.0 Safari/537.36"
191.80.140.62 - - [11/Dec/2024:22:02:46 +0000] "GET /wp-includes/js/wp-emoji-release.min.js?ver=6.7.1 HTTP/1.1" 200 5406 "http://aranda.devuocloud.com/wp-admin/" "Mozilla/5.0 (Windows NT 10.0; Win64; x64) AppleWebKit/537.36 (KHTML, like Gecko) Chrome/131.0.0.0 Safari/537.36"
191.80.140.62 - - [11/Dec/2024:22:02:46 +0000] "GET /wp-includes/js/thickbox/loadingAnimation.gif HTTP/1.1" 200 15525 "http://aranda.devuocloud.com/wp-admin/" "Mozilla/5.0 (Windows NT 10.0; Win64; x64) AppleWebKit/537.36 (KHTML, like Gecko) Chrome/131.0.0.0 Safari/537.36"
191.80.140.62 - - [11/Dec/2024:22:02:46 +0000] "GET /wp-content/themes/Divi/core/admin/images/ajax-loader.gif HTTP/1.1" 200 9713 "http://aranda.devuocloud.com/wp-admin/" "Mozilla/5.0 (Windows NT 10.0; Win64; x64) AppleWebKit/537.36 (KHTML, like Gecko) Chrome/131.0.0.0 Safari/537.36"
191.80.140.62 - - [11/Dec/2024:22:02:46 +0000] "POST /wp-admin/admin-ajax.php HTTP/1.1" 200 1097 "http://aranda.devuocloud.com/wp-admin/" "Mozilla/5.0 (Windows NT 10.0; Win64; x64) AppleWebKit/537.36 (KHTML, like Gecko) Chrome/131.0.0.0 Safari/537.36"
191.80.140.62 - - [11/Dec/2024:22:02:52 +0000] "POST /wp-admin/admin-ajax.php HTTP/1.1" 200 573 "http://aranda.devuocloud.com/wp-admin/" "Mozilla/5.0 (Windows NT 10.0; Win64; x64) AppleWebKit/537.36 (KHTML, like Gecko) Chrome/131.0.0.0 Safari/537.36"
146.190.157.162 - - [11/Dec/2024:22:03:47 +0000] "POST /wp-cron.php?doing_wp_cron=1733954627.6395521163940429687500 HTTP/1.1" 200 259 "-" "WordPress/6.7.1; http://aranda.devuocloud.com"
191.80.140.62 - - [11/Dec/2024:22:03:47 +0000] "POST /wp-admin/admin-ajax.php HTTP/1.1" 200 604 "http://aranda.devuocloud.com/wp-admin/" "Mozilla/5.0 (Windows NT 10.0; Win64; x64) AppleWebKit/537.36 (KHTML, like Gecko) Chrome/131.0.0.0 Safari/537.36"
146.190.157.162 - - [11/Dec/2024:22:05:48 +0000] "POST /wp-cron.php?doing_wp_cron=1733954748.6109390258789062500000 HTTP/1.1" 200 259 "-" "WordPress/6.7.1; http://aranda.devuocloud.com"
191.80.140.62 - - [11/Dec/2024:22:05:48 +0000] "POST /wp-admin/admin-ajax.php HTTP/1.1" 200 604 "http://aranda.devuocloud.com/wp-admin/" "Mozilla/5.0 (Windows NT 10.0; Win64; x64) AppleWebKit/537.36 (KHTML, like Gecko) Chrome/131.0.0.0 Safari/537.36"
146.190.157.162 - - [11/Dec/2024:22:07:49 +0000] "POST /wp-cron.php?doing_wp_cron=1733954869.5184950828552246093750 HTTP/1.1" 200 259 "-" "WordPress/6.7.1; http://aranda.devuocloud.com"
191.80.140.62 - - [11/Dec/2024:22:07:49 +0000] "POST /wp-admin/admin-ajax.php HTTP/1.1" 200 604 "http://aranda.devuocloud.com/wp-admin/" "Mozilla/5.0 (Windows NT 10.0; Win64; x64) AppleWebKit/537.36 (KHTML, like Gecko) Chrome/131.0.0.0 Safari/537.36"
146.190.157.162 - - [11/Dec/2024:22:09:32 +0000] "POST /wp-cron.php?doing_wp_cron=1733954972.4450778961181640625000 HTTP/1.1" 200 259 "-" "WordPress/6.7.1; http://aranda.devuocloud.com"
191.80.140.62 - - [11/Dec/2024:22:09:32 +0000] "POST /wp-admin/admin-ajax.php HTTP/1.1" 200 604 "http://aranda.devuocloud.com/wp-admin/" "Mozilla/5.0 (Windows NT 10.0; Win64; x64) AppleWebKit/537.36 (KHTML, like Gecko) Chrome/131.0.0.0 Safari/537.36"
191.80.140.62 - - [11/Dec/2024:22:09:50 +0000] "GET /wp-admin/admin.php?page=et_divi_options HTTP/1.1" 200 39940 "http://aranda.devuocloud.com/wp-admin/" "Mozilla/5.0 (Windows NT 10.0; Win64; x64) AppleWebKit/537.36 (KHTML, like Gecko) Chrome/131.0.0.0 Safari/537.36"
191.80.140.62 - - [11/Dec/2024:22:09:51 +0000] "GET /wp-content/themes/Divi/core/admin/css/portability.css?ver=4.9.1 HTTP/1.1" 200 1543 "http://aranda.devuocloud.com/wp-admin/admin.php?page=et_divi_options" "Mozilla/5.0 (Windows NT 10.0; Win64; x64) AppleWebKit/537.36 (KHTML, like Gecko) Chrome/131.0.0.0 Safari/537.36"
191.80.140.62 - - [11/Dec/2024:22:09:51 +0000] "GET /wp-content/themes/Divi/epanel/css/panel.css?ver=4.9.1 HTTP/1.1" 200 8320 "http://aranda.devuocloud.com/wp-admin/admin.php?page=et_divi_options" "Mozilla/5.0 (Windows NT 10.0; Win64; x64) AppleWebKit/537.36 (KHTML, like Gecko) Chrome/131.0.0.0 Safari/537.36"
191.80.140.62 - - [11/Dec/2024:22:09:51 +0000] "GET /wp-admin/load-styles.php?c=0&dir=ltr&load%5Bchunk_0%5D=dashicons,admin-bar,common,forms,admin-menu,dashboard,list-tables,edit,revisions,media,themes,about,nav-menus,wp-pointer,widgets&load%5Bchunk_1%5D=,site-icon,l10n,buttons,wp-auth-check&ver=6.7.1 HTTP/1.1" 200 101707 "http://aranda.devuocloud.com/wp-admin/admin.php?page=et_divi_options" "Mozilla/5.0 (Windows NT 10.0; Win64; x64) AppleWebKit/537.36 (KHTML, like Gecko) Chrome/131.0.0.0 Safari/537.36"
191.80.140.62 - - [11/Dec/2024:22:09:51 +0000] "GET /wp-includes/js/jquery/ui/draggable.min.js?ver=1.13.3 HTTP/1.1" 200 5220 "http://aranda.devuocloud.com/wp-admin/admin.php?page=et_divi_options" "Mozilla/5.0 (Windows NT 10.0; Win64; x64) AppleWebKit/537.36 (KHTML, like Gecko) Chrome/131.0.0.0 Safari/537.36"
191.80.140.62 - - [11/Dec/2024:22:09:51 +0000] "GET /wp-includes/js/jquery/ui/slider.min.js?ver=1.13.3 HTTP/1.1" 200 3483 "http://aranda.devuocloud.com/wp-admin/admin.php?page=et_divi_options" "Mozilla/5.0 (Windows NT 10.0; Win64; x64) AppleWebKit/537.36 (KHTML, like Gecko) Chrome/131.0.0.0 Safari/537.36"
191.80.140.62 - - [11/Dec/2024:22:09:51 +0000] "GET /wp-admin/load-scripts.php?c=0&load%5Bchunk_0%5D=jquery-core,jquery-migrate,utils,wp-hooks&ver=6.7.1 HTTP/1.1" 200 36860 "http://aranda.devuocloud.com/wp-admin/admin.php?page=et_divi_options" "Mozilla/5.0 (Windows NT 10.0; Win64; x64) AppleWebKit/537.36 (KHTML, like Gecko) Chrome/131.0.0.0 Safari/537.36"
191.80.140.62 - - [11/Dec/2024:22:09:51 +0000] "GET /wp-includes/js/jquery/jquery.ui.touch-punch.js?ver=0.2.2 HTTP/1.1" 200 927 "http://aranda.devuocloud.com/wp-admin/admin.php?page=et_divi_options" "Mozilla/5.0 (Windows NT 10.0; Win64; x64) AppleWebKit/537.36 (KHTML, like Gecko) Chrome/131.0.0.0 Safari/537.36"
191.80.140.62 - - [11/Dec/2024:22:09:51 +0000] "GET /wp-admin/js/iris.min.js?ver=1.1.1 HTTP/1.1" 200 8423 "http://aranda.devuocloud.com/wp-admin/admin.php?page=et_divi_options" "Mozilla/5.0 (Windows NT 10.0; Win64; x64) AppleWebKit/537.36 (KHTML, like Gecko) Chrome/131.0.0.0 Safari/537.36"
191.80.140.62 - - [11/Dec/2024:22:09:51 +0000] "GET /wp-admin/js/color-picker.min.js?ver=6.7.1 HTTP/1.1" 200 1548 "http://aranda.devuocloud.com/wp-admin/admin.php?page=et_divi_options" "Mozilla/5.0 (Windows NT 10.0; Win64; x64) AppleWebKit/537.36 (KHTML, like Gecko) Chrome/131.0.0.0 Safari/537.36"
191.80.140.62 - - [11/Dec/2024:22:09:51 +0000] "GET /wp-content/themes/Divi/includes/builder/scripts/ext/wp-color-picker-alpha.min.js?ver=4.9.1 HTTP/1.1" 200 3792 "http://aranda.devuocloud.com/wp-admin/admin.php?page=et_divi_options" "Mozilla/5.0 (Windows NT 10.0; Win64; x64) AppleWebKit/537.36 (KHTML, like Gecko) Chrome/131.0.0.0 Safari/537.36"
191.80.140.62 - - [11/Dec/2024:22:09:51 +0000] "GET /wp-content/themes/Divi/epanel/js/eye.js?ver=4.9.1 HTTP/1.1" 200 798 "http://aranda.devuocloud.com/wp-admin/admin.php?page=et_divi_options" "Mozilla/5.0 (Windows NT 10.0; Win64; x64) AppleWebKit/537.36 (KHTML, like Gecko) Chrome/131.0.0.0 Safari/537.36"
191.80.140.62 - - [11/Dec/2024:22:09:51 +0000] "GET /wp-content/themes/Divi/epanel/js/colorpicker.js?ver=4.9.1 HTTP/1.1" 200 4222 "http://aranda.devuocloud.com/wp-admin/admin.php?page=et_divi_options" "Mozilla/5.0 (Windows NT 10.0; Win64; x64) AppleWebKit/537.36 (KHTML, like Gecko) Chrome/131.0.0.0 Safari/537.36"
191.80.140.62 - - [11/Dec/2024:22:09:51 +0000] "GET /wp-content/themes/Divi/epanel/js/checkbox.js?ver=4.9.1 HTTP/1.1" 200 1451 "http://aranda.devuocloud.com/wp-admin/admin.php?page=et_divi_options" "Mozilla/5.0 (Windows NT 10.0; Win64; x64) AppleWebKit/537.36 (KHTML, like Gecko) Chrome/131.0.0.0 Safari/537.36"
191.80.140.62 - - [11/Dec/2024:22:09:51 +0000] "GET /wp-content/themes/Divi/epanel/js/functions-init.js?ver=4.9.1 HTTP/1.1" 200 3235 "http://aranda.devuocloud.com/wp-admin/admin.php?page=et_divi_options" "Mozilla/5.0 (Windows NT 10.0; Win64; x64) AppleWebKit/537.36 (KHTML, like Gecko) Chrome/131.0.0.0 Safari/537.36"
191.80.140.62 - - [11/Dec/2024:22:09:51 +0000] "GET /wp-includes/js/codemirror/codemirror.min.js?ver=5.29.1-alpha-ee20357 HTTP/1.1" 200 182406 "http://aranda.devuocloud.com/wp-admin/admin.php?page=et_divi_options" "Mozilla/5.0 (Windows NT 10.0; Win64; x64) AppleWebKit/537.36 (KHTML, like Gecko) Chrome/131.0.0.0 Safari/537.36"
191.80.140.62 - - [11/Dec/2024:22:09:51 +0000] "GET /wp-admin/js/code-editor.min.js?ver=6.7.1 HTTP/1.1" 200 1643 "http://aranda.devuocloud.com/wp-admin/admin.php?page=et_divi_options" "Mozilla/5.0 (Windows NT 10.0; Win64; x64) AppleWebKit/537.36 (KHTML, like Gecko) Chrome/131.0.0.0 Safari/537.36"
191.80.140.62 - - [11/Dec/2024:22:09:52 +0000] "GET /wp-includes/js/codemirror/esprima.js?ver=4.0.0 HTTP/1.1" 200 44526 "http://aranda.devuocloud.com/wp-admin/admin.php?page=et_divi_options" "Mozilla/5.0 (Windows NT 10.0; Win64; x64) AppleWebKit/537.36 (KHTML, like Gecko) Chrome/131.0.0.0 Safari/537.36"
191.80.140.62 - - [11/Dec/2024:22:09:52 +0000] "GET /wp-includes/js/codemirror/csslint.js?ver=1.0.5 HTTP/1.1" 200 67297 "http://aranda.devuocloud.com/wp-admin/admin.php?page=et_divi_options" "Mozilla/5.0 (Windows NT 10.0; Win64; x64) AppleWebKit/537.36 (KHTML, like Gecko) Chrome/131.0.0.0 Safari/537.36"
191.80.140.62 - - [11/Dec/2024:22:09:52 +0000] "GET /wp-includes/js/codemirror/fakejshint.js?ver=2.9.5 HTTP/1.1" 200 861 "http://aranda.devuocloud.com/wp-admin/admin.php?page=et_divi_options" "Mozilla/5.0 (Windows NT 10.0; Win64; x64) AppleWebKit/537.36 (KHTML, like Gecko) Chrome/131.0.0.0 Safari/537.36"
191.80.140.62 - - [11/Dec/2024:22:09:52 +0000] "GET /wp-includes/js/codemirror/htmlhint.js?ver=0.9.14-xwp HTTP/1.1" 200 6048 "http://aranda.devuocloud.com/wp-admin/admin.php?page=et_divi_options" "Mozilla/5.0 (Windows NT 10.0; Win64; x64) AppleWebKit/537.36 (KHTML, like Gecko) Chrome/131.0.0.0 Safari/537.36"
191.80.140.62 - - [11/Dec/2024:22:09:52 +0000] "GET /wp-content/themes/Divi/epanel/js/custom_uploader.js?ver=4.9.1 HTTP/1.1" 200 783 "http://aranda.devuocloud.com/wp-admin/admin.php?page=et_divi_options" "Mozilla/5.0 (Windows NT 10.0; Win64; x64) AppleWebKit/537.36 (KHTML, like Gecko) Chrome/131.0.0.0 Safari/537.36"
191.80.140.62 - - [11/Dec/2024:22:09:52 +0000] "GET /wp-includes/js/plupload/moxie.min.js?ver=1.3.5 HTTP/1.1" 200 27724 "http://aranda.devuocloud.com/wp-admin/admin.php?page=et_divi_options" "Mozilla/5.0 (Windows NT 10.0; Win64; x64) AppleWebKit/537.36 (KHTML, like Gecko) Chrome/131.0.0.0 Safari/537.36"
191.80.140.62 - - [11/Dec/2024:22:09:52 +0000] "GET /wp-includes/js/plupload/plupload.min.js?ver=2.1.9 HTTP/1.1" 200 5931 "http://aranda.devuocloud.com/wp-admin/admin.php?page=et_divi_options" "Mozilla/5.0 (Windows NT 10.0; Win64; x64) AppleWebKit/537.36 (KHTML, like Gecko) Chrome/131.0.0.0 Safari/537.36"
191.80.140.62 - - [11/Dec/2024:22:09:52 +0000] "GET /wp-admin/load-styles.php?c=0&dir=ltr&load%5Bchunk_0%5D=wp-color-picker,code-editor,media-views&ver=6.7.1 HTTP/1.1" 200 9870 "http://aranda.devuocloud.com/wp-admin/admin.php?page=et_divi_options" "Mozilla/5.0 (Windows NT 10.0; Win64; x64) AppleWebKit/537.36 (KHTML, like Gecko) Chrome/131.0.0.0 Safari/537.36"
191.80.140.62 - - [11/Dec/2024:22:09:52 +0000] "GET /wp-includes/js/codemirror/codemirror.min.css?ver=5.29.1-alpha-ee20357 HTTP/1.1" 200 4669 "http://aranda.devuocloud.com/wp-admin/admin.php?page=et_divi_options" "Mozilla/5.0 (Windows NT 10.0; Win64; x64) AppleWebKit/537.36 (KHTML, like Gecko) Chrome/131.0.0.0 Safari/537.36"
191.80.140.62 - - [11/Dec/2024:22:09:52 +0000] "GET /wp-includes/js/mediaelement/mediaelementplayer-legacy.min.css?ver=4.2.17 HTTP/1.1" 200 2929 "http://aranda.devuocloud.com/wp-admin/admin.php?page=et_divi_options" "Mozilla/5.0 (Windows NT 10.0; Win64; x64) AppleWebKit/537.36 (KHTML, like Gecko) Chrome/131.0.0.0 Safari/537.36"
191.80.140.62 - - [11/Dec/2024:22:09:52 +0000] "GET /wp-includes/js/mediaelement/wp-mediaelement.min.css?ver=6.7.1 HTTP/1.1" 200 1493 "http://aranda.devuocloud.com/wp-admin/admin.php?page=et_divi_options" "Mozilla/5.0 (Windows NT 10.0; Win64; x64) AppleWebKit/537.36 (KHTML, like Gecko) Chrome/131.0.0.0 Safari/537.36"
191.80.140.62 - - [11/Dec/2024:22:09:52 +0000] "GET /wp-includes/js/imgareaselect/imgareaselect.css?ver=0.9.8 HTTP/1.1" 200 600 "http://aranda.devuocloud.com/wp-admin/admin.php?page=et_divi_options" "Mozilla/5.0 (Windows NT 10.0; Win64; x64) AppleWebKit/537.36 (KHTML, like Gecko) Chrome/131.0.0.0 Safari/537.36"
191.80.140.62 - - [11/Dec/2024:22:09:52 +0000] "GET /wp-admin/load-scripts.php?c=0&load%5Bchunk_0%5D=hoverIntent,wp-dom-ready&ver=6.7.1 HTTP/1.1" 200 1326 "http://aranda.devuocloud.com/wp-admin/admin.php?page=et_divi_options" "Mozilla/5.0 (Windows NT 10.0; Win64; x64) AppleWebKit/537.36 (KHTML, like Gecko) Chrome/131.0.0.0 Safari/537.36"
191.80.140.62 - - [11/Dec/2024:22:09:52 +0000] "GET /wp-content/themes/Divi/core/admin/js/portability.js?ver=4.9.1 HTTP/1.1" 200 5930 "http://aranda.devuocloud.com/wp-admin/admin.php?page=et_divi_options" "Mozilla/5.0 (Windows NT 10.0; Win64; x64) AppleWebKit/537.36 (KHTML, like Gecko) Chrome/131.0.0.0 Safari/537.36"
191.80.140.62 - - [11/Dec/2024:22:09:52 +0000] "GET /wp-includes/js/backbone.min.js?ver=1.6.0 HTTP/1.1" 200 8359 "http://aranda.devuocloud.com/wp-admin/admin.php?page=et_divi_options" "Mozilla/5.0 (Windows NT 10.0; Win64; x64) AppleWebKit/537.36 (KHTML, like Gecko) Chrome/131.0.0.0 Safari/537.36"
191.80.140.62 - - [11/Dec/2024:22:09:52 +0000] "GET /wp-includes/js/wp-backbone.min.js?ver=6.7.1 HTTP/1.1" 200 1518 "http://aranda.devuocloud.com/wp-admin/admin.php?page=et_divi_options" "Mozilla/5.0 (Windows NT 10.0; Win64; x64) AppleWebKit/537.36 (KHTML, like Gecko) Chrome/131.0.0.0 Safari/537.36"
191.80.140.62 - - [11/Dec/2024:22:09:52 +0000] "GET /wp-includes/js/media-models.min.js?ver=6.7.1 HTTP/1.1" 200 4442 "http://aranda.devuocloud.com/wp-admin/admin.php?page=et_divi_options" "Mozilla/5.0 (Windows NT 10.0; Win64; x64) AppleWebKit/537.36 (KHTML, like Gecko) Chrome/131.0.0.0 Safari/537.36"
191.80.140.62 - - [11/Dec/2024:22:09:53 +0000] "GET /wp-content/themes/Divi/core/admin/fonts/builder.woff HTTP/1.1" 200 23879 "http://aranda.devuocloud.com/wp-content/themes/Divi/core/admin/css/core.css?ver=4.9.1" "Mozilla/5.0 (Windows NT 10.0; Win64; x64) AppleWebKit/537.36 (KHTML, like Gecko) Chrome/131.0.0.0 Safari/537.36"
191.80.140.62 - - [11/Dec/2024:22:09:53 +0000] "GET /wp-includes/js/plupload/wp-plupload.min.js?ver=6.7.1 HTTP/1.1" 200 2682 "http://aranda.devuocloud.com/wp-admin/admin.php?page=et_divi_options" "Mozilla/5.0 (Windows NT 10.0; Win64; x64) AppleWebKit/537.36 (KHTML, like Gecko) Chrome/131.0.0.0 Safari/537.36"
191.80.140.62 - - [11/Dec/2024:22:09:53 +0000] "GET /wp-includes/js/mediaelement/wp-mediaelement.min.js?ver=6.7.1 HTTP/1.1" 200 880 "http://aranda.devuocloud.com/wp-admin/admin.php?page=et_divi_options" "Mozilla/5.0 (Windows NT 10.0; Win64; x64) AppleWebKit/537.36 (KHTML, like Gecko) Chrome/131.0.0.0 Safari/537.36"
191.80.140.62 - - [11/Dec/2024:22:09:53 +0000] "GET /wp-includes/js/mediaelement/mediaelement-and-player.min.js?ver=4.2.17 HTTP/1.1" 200 39135 "http://aranda.devuocloud.com/wp-admin/admin.php?page=et_divi_options" "Mozilla/5.0 (Windows NT 10.0; Win64; x64) AppleWebKit/537.36 (KHTML, like Gecko) Chrome/131.0.0.0 Safari/537.36"
191.80.140.62 - - [11/Dec/2024:22:09:53 +0000] "GET /wp-includes/js/mediaelement/mediaelement-migrate.min.js?ver=6.7.1 HTTP/1.1" 200 882 "http://aranda.devuocloud.com/wp-admin/admin.php?page=et_divi_options" "Mozilla/5.0 (Windows NT 10.0; Win64; x64) AppleWebKit/537.36 (KHTML, like Gecko) Chrome/131.0.0.0 Safari/537.36"
191.80.140.62 - - [11/Dec/2024:22:09:53 +0000] "GET /wp-includes/js/media-views.min.js?ver=6.7.1 HTTP/1.1" 200 26313 "http://aranda.devuocloud.com/wp-admin/admin.php?page=et_divi_options" "Mozilla/5.0 (Windows NT 10.0; Win64; x64) AppleWebKit/537.36 (KHTML, like Gecko) Chrome/131.0.0.0 Safari/537.36"
191.80.140.62 - - [11/Dec/2024:22:09:53 +0000] "GET /wp-includes/js/media-editor.min.js?ver=6.7.1 HTTP/1.1" 200 3947 "http://aranda.devuocloud.com/wp-admin/admin.php?page=et_divi_options" "Mozilla/5.0 (Windows NT 10.0; Win64; x64) AppleWebKit/537.36 (KHTML, like Gecko) Chrome/131.0.0.0 Safari/537.36"
191.80.140.62 - - [11/Dec/2024:22:09:53 +0000] "GET /wp-includes/js/media-audiovideo.min.js?ver=6.7.1 HTTP/1.1" 200 3707 "http://aranda.devuocloud.com/wp-admin/admin.php?page=et_divi_options" "Mozilla/5.0 (Windows NT 10.0; Win64; x64) AppleWebKit/537.36 (KHTML, like Gecko) Chrome/131.0.0.0 Safari/537.36"
191.80.140.62 - - [11/Dec/2024:22:09:53 +0000] "GET /wp-includes/js/mce-view.min.js?ver=6.7.1 HTTP/1.1" 200 4074 "http://aranda.devuocloud.com/wp-admin/admin.php?page=et_divi_options" "Mozilla/5.0 (Windows NT 10.0; Win64; x64) AppleWebKit/537.36 (KHTML, like Gecko) Chrome/131.0.0.0 Safari/537.36"
191.80.140.62 - - [11/Dec/2024:22:09:53 +0000] "GET /wp-includes/js/imgareaselect/jquery.imgareaselect.min.js?ver=6.7.1 HTTP/1.1" 200 4062 "http://aranda.devuocloud.com/wp-admin/admin.php?page=et_divi_options" "Mozilla/5.0 (Windows NT 10.0; Win64; x64) AppleWebKit/537.36 (KHTML, like Gecko) Chrome/131.0.0.0 Safari/537.36"
191.80.140.62 - - [11/Dec/2024:22:09:53 +0000] "GET /wp-admin/js/image-edit.min.js?ver=6.7.1 HTTP/1.1" 200 5110 "http://aranda.devuocloud.com/wp-admin/admin.php?page=et_divi_options" "Mozilla/5.0 (Windows NT 10.0; Win64; x64) AppleWebKit/537.36 (KHTML, like Gecko) Chrome/131.0.0.0 Safari/537.36"
191.80.140.62 - - [11/Dec/2024:22:09:53 +0000] "GET /wp-content/themes/Divi/epanel/images/empty.png HTTP/1.1" 200 420 "http://aranda.devuocloud.com/wp-admin/admin.php?page=et_divi_options" "Mozilla/5.0 (Windows NT 10.0; Win64; x64) AppleWebKit/537.36 (KHTML, like Gecko) Chrome/131.0.0.0 Safari/537.36"
146.190.157.162 - - [11/Dec/2024:22:10:14 +0000] "POST /wp-cron.php?doing_wp_cron=1733955014.0372951030731201171875 HTTP/1.1" 200 259 "-" "WordPress/6.7.1; http://aranda.devuocloud.com"
191.80.140.62 - - [11/Dec/2024:22:10:13 +0000] "POST /wp-admin/admin-ajax.php HTTP/1.1" 200 550 "http://aranda.devuocloud.com/wp-admin/admin.php?page=et_divi_options" "Mozilla/5.0 (Windows NT 10.0; Win64; x64) AppleWebKit/537.36 (KHTML, like Gecko) Chrome/131.0.0.0 Safari/537.36"
191.80.140.62 - - [11/Dec/2024:22:10:19 +0000] "POST /wp-admin/admin-ajax.php HTTP/1.1" 200 549 "http://aranda.devuocloud.com/wp-admin/admin.php?page=et_divi_options" "Mozilla/5.0 (Windows NT 10.0; Win64; x64) AppleWebKit/537.36 (KHTML, like Gecko) Chrome/131.0.0.0 Safari/537.36"
191.80.140.62 - - [11/Dec/2024:22:10:26 +0000] "POST /wp-admin/admin-ajax.php HTTP/1.1" 200 550 "http://aranda.devuocloud.com/wp-admin/admin.php?page=et_divi_options" "Mozilla/5.0 (Windows NT 10.0; Win64; x64) AppleWebKit/537.36 (KHTML, like Gecko) Chrome/131.0.0.0 Safari/537.36"
191.80.140.62 - - [11/Dec/2024:22:10:35 +0000] "POST /wp-admin/admin-ajax.php HTTP/1.1" 200 550 "http://aranda.devuocloud.com/wp-admin/admin.php?page=et_divi_options" "Mozilla/5.0 (Windows NT 10.0; Win64; x64) AppleWebKit/537.36 (KHTML, like Gecko) Chrome/131.0.0.0 Safari/537.36"
191.80.140.62 - - [11/Dec/2024:22:10:42 +0000] "POST /wp-admin/admin-ajax.php HTTP/1.1" 200 550 "http://aranda.devuocloud.com/wp-admin/admin.php?page=et_divi_options" "Mozilla/5.0 (Windows NT 10.0; Win64; x64) AppleWebKit/537.36 (KHTML, like Gecko) Chrome/131.0.0.0 Safari/537.36"
191.80.140.62 - - [11/Dec/2024:22:10:50 +0000] "POST /wp-admin/admin-ajax.php HTTP/1.1" 200 550 "http://aranda.devuocloud.com/wp-admin/admin.php?page=et_divi_options" "Mozilla/5.0 (Windows NT 10.0; Win64; x64) AppleWebKit/537.36 (KHTML, like Gecko) Chrome/131.0.0.0 Safari/537.36"
146.190.157.162 - - [11/Dec/2024:22:10:54 +0000] "POST /wp-cron.php?doing_wp_cron=1733955054.0307350158691406250000 HTTP/1.1" 200 259 "-" "WordPress/6.7.1; http://aranda.devuocloud.com"
191.80.140.62 - - [11/Dec/2024:22:10:53 +0000] "POST /wp-admin/admin-ajax.php HTTP/1.1" 200 603 "http://aranda.devuocloud.com/wp-admin/admin.php?page=et_divi_options" "Mozilla/5.0 (Windows NT 10.0; Win64; x64) AppleWebKit/537.36 (KHTML, like Gecko) Chrome/131.0.0.0 Safari/537.36"
191.80.140.62 - - [11/Dec/2024:22:10:58 +0000] "POST /wp-admin/admin-ajax.php HTTP/1.1" 200 549 "http://aranda.devuocloud.com/wp-admin/admin.php?page=et_divi_options" "Mozilla/5.0 (Windows NT 10.0; Win64; x64) AppleWebKit/537.36 (KHTML, like Gecko) Chrome/131.0.0.0 Safari/537.36"
191.80.140.62 - - [11/Dec/2024:22:11:04 +0000] "POST /wp-admin/admin-ajax.php HTTP/1.1" 200 550 "http://aranda.devuocloud.com/wp-admin/admin.php?page=et_divi_options" "Mozilla/5.0 (Windows NT 10.0; Win64; x64) AppleWebKit/537.36 (KHTML, like Gecko) Chrome/131.0.0.0 Safari/537.36"
191.80.140.62 - - [11/Dec/2024:22:11:20 +0000] "POST /wp-admin/admin-ajax.php HTTP/1.1" 200 550 "http://aranda.devuocloud.com/wp-admin/admin.php?page=et_divi_options" "Mozilla/5.0 (Windows NT 10.0; Win64; x64) AppleWebKit/537.36 (KHTML, like Gecko) Chrome/131.0.0.0 Safari/537.36"
191.80.140.62 - - [11/Dec/2024:22:11:23 +0000] "POST /wp-admin/admin-ajax.php HTTP/1.1" 200 549 "http://aranda.devuocloud.com/wp-admin/admin.php?page=et_divi_options" "Mozilla/5.0 (Windows NT 10.0; Win64; x64) AppleWebKit/537.36 (KHTML, like Gecko) Chrome/131.0.0.0 Safari/537.36"
191.80.140.62 - - [11/Dec/2024:22:11:24 +0000] "POST /wp-admin/admin-ajax.php HTTP/1.1" 200 549 "http://aranda.devuocloud.com/wp-admin/admin.php?page=et_divi_options" "Mozilla/5.0 (Windows NT 10.0; Win64; x64) AppleWebKit/537.36 (KHTML, like Gecko) Chrome/131.0.0.0 Safari/537.36"
191.80.140.62 - - [11/Dec/2024:22:11:27 +0000] "POST /wp-admin/admin-ajax.php HTTP/1.1" 200 549 "http://aranda.devuocloud.com/wp-admin/admin.php?page=et_divi_options" "Mozilla/5.0 (Windows NT 10.0; Win64; x64) AppleWebKit/537.36 (KHTML, like Gecko) Chrome/131.0.0.0 Safari/537.36"
191.80.140.62 - - [11/Dec/2024:22:11:35 +0000] "GET /wp-admin/update-core.php HTTP/1.1" 200 12862 "http://aranda.devuocloud.com/wp-admin/admin.php?page=et_divi_options" "Mozilla/5.0 (Windows NT 10.0; Win64; x64) AppleWebKit/537.36 (KHTML, like Gecko) Chrome/131.0.0.0 Safari/537.36"
191.80.140.62 - - [11/Dec/2024:22:11:37 +0000] "GET /wp-admin/load-styles.php?c=0&dir=ltr&load%5Bchunk_0%5D=dashicons,admin-bar,common,forms,admin-menu,dashboard,list-tables,edit,revisions,media,themes,about,nav-menus,wp-pointer,widgets&load%5Bchunk_1%5D=,site-icon,l10n,buttons&ver=6.7.1 HTTP/1.1" 200 101301 "http://aranda.devuocloud.com/wp-admin/update-core.php" "Mozilla/5.0 (Windows NT 10.0; Win64; x64) AppleWebKit/537.36 (KHTML, like Gecko) Chrome/131.0.0.0 Safari/537.36"
191.80.140.62 - - [11/Dec/2024:22:11:37 +0000] "GET /wp-content/themes/twentytwenty/screenshot.png?ver=2.0 HTTP/1.1" 200 53353 "http://aranda.devuocloud.com/wp-admin/update-core.php" "Mozilla/5.0 (Windows NT 10.0; Win64; x64) AppleWebKit/537.36 (KHTML, like Gecko) Chrome/131.0.0.0 Safari/537.36"
191.80.140.62 - - [11/Dec/2024:22:11:37 +0000] "GET /wp-content/themes/twentytwentyone/screenshot.png?ver=1.6 HTTP/1.1" 200 283186 "http://aranda.devuocloud.com/wp-admin/update-core.php" "Mozilla/5.0 (Windows NT 10.0; Win64; x64) AppleWebKit/537.36 (KHTML, like Gecko) Chrome/131.0.0.0 Safari/537.36"
191.80.140.62 - - [11/Dec/2024:22:11:38 +0000] "GET /wp-content/themes/twentytwentythree/screenshot.png?ver=1.0 HTTP/1.1" 200 95455 "http://aranda.devuocloud.com/wp-admin/update-core.php" "Mozilla/5.0 (Windows NT 10.0; Win64; x64) AppleWebKit/537.36 (KHTML, like Gecko) Chrome/131.0.0.0 Safari/537.36"
191.80.140.62 - - [11/Dec/2024:22:11:38 +0000] "GET /wp-content/themes/Divi/screenshot.jpg?ver=4.9.1 HTTP/1.1" 200 33815 "http://aranda.devuocloud.com/wp-admin/update-core.php" "Mozilla/5.0 (Windows NT 10.0; Win64; x64) AppleWebKit/537.36 (KHTML, like Gecko) Chrome/131.0.0.0 Safari/537.36"
191.80.140.62 - - [11/Dec/2024:22:11:38 +0000] "GET /wp-content/themes/twentytwentytwo/screenshot.png?ver=1.2 HTTP/1.1" 200 162580 "http://aranda.devuocloud.com/wp-admin/update-core.php" "Mozilla/5.0 (Windows NT 10.0; Win64; x64) AppleWebKit/537.36 (KHTML, like Gecko) Chrome/131.0.0.0 Safari/537.36"
191.80.140.62 - - [11/Dec/2024:22:11:37 +0000] "GET /wp-content/themes/twentytwentyfour/screenshot.png?ver=1.0 HTTP/1.1" 200 957188 "http://aranda.devuocloud.com/wp-admin/update-core.php" "Mozilla/5.0 (Windows NT 10.0; Win64; x64) AppleWebKit/537.36 (KHTML, like Gecko) Chrome/131.0.0.0 Safari/537.36"
146.190.157.162 - - [11/Dec/2024:22:12:16 +0000] "POST /wp-cron.php?doing_wp_cron=1733955136.6294538974761962890625 HTTP/1.1" 200 259 "-" "WordPress/6.7.1; http://aranda.devuocloud.com"
191.80.140.62 - - [11/Dec/2024:22:12:16 +0000] "POST /wp-admin/update-core.php?action=do-plugin-upgrade HTTP/1.1" 200 10831 "http://aranda.devuocloud.com/wp-admin/update-core.php" "Mozilla/5.0 (Windows NT 10.0; Win64; x64) AppleWebKit/537.36 (KHTML, like Gecko) Chrome/131.0.0.0 Safari/537.36"
191.80.140.62 - - [11/Dec/2024:22:12:18 +0000] "GET /wp-admin/load-styles.php?c=0&dir=ltr&load%5Bchunk_0%5D=dashicons,common,forms,admin-menu,dashboard,list-tables,edit,revisions,media,themes,about,nav-menus,wp-pointer,widgets,site-icon&load%5Bchunk_1%5D=,l10n,buttons&ver=6.7.1 HTTP/1.1" 200 98424 "http://aranda.devuocloud.com/wp-admin/update.php?action=update-selected&plugins=akismet%2Fakismet.php%2Ccontact-form-7%2Fwp-contact-form-7.php%2Cduplicate-page%2Fduplicatepage.php%2Ceasy-wp-smtp%2Feasy-wp-smtp.php%2Cwp-file-manager%2Ffile_folder_manager.php&_wpnonce=e8e8c82eb9" "Mozilla/5.0 (Windows NT 10.0; Win64; x64) AppleWebKit/537.36 (KHTML, like Gecko) Chrome/131.0.0.0 Safari/537.36"
191.80.140.62 - - [11/Dec/2024:22:12:19 +0000] "GET /wp-admin/images/spinner.gif HTTP/1.1" 200 3941 "http://aranda.devuocloud.com/wp-admin/load-styles.php?c=0&dir=ltr&load%5Bchunk_0%5D=dashicons,common,forms,admin-menu,dashboard,list-tables,edit,revisions,media,themes,about,nav-menus,wp-pointer,widgets,site-icon&load%5Bchunk_1%5D=,l10n,buttons&ver=6.7.1" "Mozilla/5.0 (Windows NT 10.0; Win64; x64) AppleWebKit/537.36 (KHTML, like Gecko) Chrome/131.0.0.0 Safari/537.36"
191.80.140.62 - - [11/Dec/2024:22:12:17 +0000] "GET /wp-admin/update.php?action=update-selected&plugins=akismet%2Fakismet.php%2Ccontact-form-7%2Fwp-contact-form-7.php%2Cduplicate-page%2Fduplicatepage.php%2Ceasy-wp-smtp%2Feasy-wp-smtp.php%2Cwp-file-manager%2Ffile_folder_manager.php&_wpnonce=e8e8c82eb9 HTTP/1.1" 200 5429 "http://aranda.devuocloud.com/wp-admin/update-core.php?action=do-plugin-upgrade" "Mozilla/5.0 (Windows NT 10.0; Win64; x64) AppleWebKit/537.36 (KHTML, like Gecko) Chrome/131.0.0.0 Safari/537.36"
191.80.140.62 - - [11/Dec/2024:22:12:50 +0000] "GET /wp-admin/update-core.php HTTP/1.1" 200 12067 "http://aranda.devuocloud.com/wp-admin/update.php?action=update-selected&plugins=akismet%2Fakismet.php%2Ccontact-form-7%2Fwp-contact-form-7.php%2Cduplicate-page%2Fduplicatepage.php%2Ceasy-wp-smtp%2Feasy-wp-smtp.php%2Cwp-file-manager%2Ffile_folder_manager.php&_wpnonce=e8e8c82eb9" "Mozilla/5.0 (Windows NT 10.0; Win64; x64) AppleWebKit/537.36 (KHTML, like Gecko) Chrome/131.0.0.0 Safari/537.36"
146.190.157.162 - - [11/Dec/2024:22:12:54 +0000] "POST /wp-cron.php?doing_wp_cron=1733955174.3592660427093505859375 HTTP/1.1" 200 259 "-" "WordPress/6.7.1; http://aranda.devuocloud.com"
191.80.140.62 - - [11/Dec/2024:22:12:54 +0000] "POST /wp-admin/update-core.php?action=do-theme-upgrade HTTP/1.1" 200 10788 "http://aranda.devuocloud.com/wp-admin/update-core.php" "Mozilla/5.0 (Windows NT 10.0; Win64; x64) AppleWebKit/537.36 (KHTML, like Gecko) Chrome/131.0.0.0 Safari/537.36"
191.80.140.62 - - [11/Dec/2024:22:12:55 +0000] "GET /wp-admin/update.php?action=update-selected-themes&themes=twentytwenty%2Ctwentytwentyfour%2Ctwentytwentyone%2Ctwentytwentythree%2Ctwentytwentytwo%2CDivi&_wpnonce=31d76a4b9e HTTP/1.1" 200 5793 "http://aranda.devuocloud.com/wp-admin/update-core.php?action=do-theme-upgrade" "Mozilla/5.0 (Windows NT 10.0; Win64; x64) AppleWebKit/537.36 (KHTML, like Gecko) Chrome/131.0.0.0 Safari/537.36"
191.80.140.62 - - [11/Dec/2024:22:13:28 +0000] "GET /wp-admin/options-general.php HTTP/1.1" 200 35584 "http://aranda.devuocloud.com/wp-admin/update-core.php?action=do-theme-upgrade" "Mozilla/5.0 (Windows NT 10.0; Win64; x64) AppleWebKit/537.36 (KHTML, like Gecko) Chrome/131.0.0.0 Safari/537.36"
191.80.140.62 - - [11/Dec/2024:22:13:28 +0000] "GET /wp-content/uploads/2023/03/cropped-image-1.png HTTP/1.1" 200 31445 "http://aranda.devuocloud.com/wp-admin/options-general.php" "Mozilla/5.0 (Windows NT 10.0; Win64; x64) AppleWebKit/537.36 (KHTML, like Gecko) Chrome/131.0.0.0 Safari/537.36"
191.80.140.62 - - [11/Dec/2024:22:13:29 +0000] "GET /wp-admin/load-styles.php?c=0&dir=ltr&load%5Bchunk_0%5D=media-views&ver=6.7.1 HTTP/1.1" 200 9104 "http://aranda.devuocloud.com/wp-admin/options-general.php" "Mozilla/5.0 (Windows NT 10.0; Win64; x64) AppleWebKit/537.36 (KHTML, like Gecko) Chrome/131.0.0.0 Safari/537.36"
191.80.140.62 - - [11/Dec/2024:22:13:29 +0000] "GET /wp-admin/js/site-icon.js?ver=6.7.1 HTTP/1.1" 200 2267 "http://aranda.devuocloud.com/wp-admin/options-general.php" "Mozilla/5.0 (Windows NT 10.0; Win64; x64) AppleWebKit/537.36 (KHTML, like Gecko) Chrome/131.0.0.0 Safari/537.36"
191.80.140.62 - - [11/Dec/2024:22:13:48 +0000] "POST /wp-admin/options.php HTTP/1.1" 302 486 "http://aranda.devuocloud.com/wp-admin/options-general.php" "Mozilla/5.0 (Windows NT 10.0; Win64; x64) AppleWebKit/537.36 (KHTML, like Gecko) Chrome/131.0.0.0 Safari/537.36"
191.80.140.62 - - [11/Dec/2024:22:13:49 +0000] "GET /wp-admin/options-general.php?settings-updated=true HTTP/1.1" 200 38657 "http://aranda.devuocloud.com/wp-admin/options-general.php" "Mozilla/5.0 (Windows NT 10.0; Win64; x64) AppleWebKit/537.36 (KHTML, like Gecko) Chrome/131.0.0.0 Safari/537.36"
146.190.157.162 - - [11/Dec/2024:22:13:54 +0000] "POST /wp-cron.php?doing_wp_cron=1733955234.1851921081542968750000 HTTP/1.1" 200 259 "-" "WordPress/6.7.1; http://aranda.devuocloud.com"
191.80.140.62 - - [11/Dec/2024:22:13:53 +0000] "GET /wp-admin/plugin-install.php HTTP/1.1" 200 20358 "http://aranda.devuocloud.com/wp-admin/options-general.php" "Mozilla/5.0 (Windows NT 10.0; Win64; x64) AppleWebKit/537.36 (KHTML, like Gecko) Chrome/131.0.0.0 Safari/537.36"
191.80.140.62 - - [11/Dec/2024:22:13:55 +0000] "GET /wp-content/themes/Divi/core/admin/css/updates.css?ver=4.9.1 HTTP/1.1" 200 432 "http://aranda.devuocloud.com/wp-admin/plugin-install.php" "Mozilla/5.0 (Windows NT 10.0; Win64; x64) AppleWebKit/537.36 (KHTML, like Gecko) Chrome/131.0.0.0 Safari/537.36"
191.80.140.62 - - [11/Dec/2024:22:14:10 +0000] "POST /wp-admin/admin-ajax.php HTTP/1.1" 200 111939 "http://aranda.devuocloud.com/wp-admin/plugin-install.php?s=polylang&tab=search&type=term" "Mozilla/5.0 (Windows NT 10.0; Win64; x64) AppleWebKit/537.36 (KHTML, like Gecko) Chrome/131.0.0.0 Safari/537.36"
191.80.140.62 - - [11/Dec/2024:22:14:13 +0000] "POST /wp-admin/admin-ajax.php HTTP/1.1" 200 779 "http://aranda.devuocloud.com/wp-admin/plugin-install.php?s=polylang&tab=search&type=term" "Mozilla/5.0 (Windows NT 10.0; Win64; x64) AppleWebKit/537.36 (KHTML, like Gecko) Chrome/131.0.0.0 Safari/537.36"
191.80.140.62 - - [11/Dec/2024:22:14:20 +0000] "POST /wp-admin/admin-ajax.php HTTP/1.1" 200 847 "http://aranda.devuocloud.com/wp-admin/plugin-install.php?s=polylang&tab=search&type=term" "Mozilla/5.0 (Windows NT 10.0; Win64; x64) AppleWebKit/537.36 (KHTML, like Gecko) Chrome/131.0.0.0 Safari/537.36"
191.80.140.62 - - [11/Dec/2024:22:14:22 +0000] "GET /wp-admin/plugins.php?_wpnonce=c6b6b0d618&action=activate&plugin=polylang/polylang.php HTTP/1.1" 302 526 "http://aranda.devuocloud.com/wp-admin/plugin-install.php?s=polylang&tab=search&type=term" "Mozilla/5.0 (Windows NT 10.0; Win64; x64) AppleWebKit/537.36 (KHTML, like Gecko) Chrome/131.0.0.0 Safari/537.36"
191.80.140.62 - - [11/Dec/2024:22:14:24 +0000] "GET /wp-admin/plugins.php?activate=true&plugin_status=all&paged=1&s= HTTP/1.1" 302 499 "http://aranda.devuocloud.com/wp-admin/plugin-install.php?s=polylang&tab=search&type=term" "Mozilla/5.0 (Windows NT 10.0; Win64; x64) AppleWebKit/537.36 (KHTML, like Gecko) Chrome/131.0.0.0 Safari/537.36"
191.80.140.62 - - [11/Dec/2024:22:14:24 +0000] "GET /wp-admin/admin.php?page=mlang_wizard HTTP/1.1" 200 30869 "http://aranda.devuocloud.com/wp-admin/plugin-install.php?s=polylang&tab=search&type=term" "Mozilla/5.0 (Windows NT 10.0; Win64; x64) AppleWebKit/537.36 (KHTML, like Gecko) Chrome/131.0.0.0 Safari/537.36"
191.80.140.62 - - [11/Dec/2024:22:14:25 +0000] "GET /wp-includes/css/jquery-ui-dialog.min.css?ver=6.7.1 HTTP/1.1" 200 1869 "http://aranda.devuocloud.com/wp-admin/admin.php?page=mlang_wizard" "Mozilla/5.0 (Windows NT 10.0; Win64; x64) AppleWebKit/537.36 (KHTML, like Gecko) Chrome/131.0.0.0 Safari/537.36"
191.80.140.62 - - [11/Dec/2024:22:14:25 +0000] "GET /wp-content/plugins/polylang/css/build/admin.min.css?ver=3.6.5 HTTP/1.1" 200 1912 "http://aranda.devuocloud.com/wp-admin/admin.php?page=mlang_wizard" "Mozilla/5.0 (Windows NT 10.0; Win64; x64) AppleWebKit/537.36 (KHTML, like Gecko) Chrome/131.0.0.0 Safari/537.36"
191.80.140.62 - - [11/Dec/2024:22:14:25 +0000] "GET /wp-admin/css/install.min.css?ver=6.7.1 HTTP/1.1" 200 2134 "http://aranda.devuocloud.com/wp-admin/admin.php?page=mlang_wizard" "Mozilla/5.0 (Windows NT 10.0; Win64; x64) AppleWebKit/537.36 (KHTML, like Gecko) Chrome/131.0.0.0 Safari/537.36"
191.80.140.62 - - [11/Dec/2024:22:14:25 +0000] "GET /wp-content/plugins/polylang/css/build/selectmenu.min.css?ver=3.6.5 HTTP/1.1" 200 1744 "http://aranda.devuocloud.com/wp-admin/admin.php?page=mlang_wizard" "Mozilla/5.0 (Windows NT 10.0; Win64; x64) AppleWebKit/537.36 (KHTML, like Gecko) Chrome/131.0.0.0 Safari/537.36"
191.80.140.62 - - [11/Dec/2024:22:14:25 +0000] "GET /wp-admin/css/common.min.css?ver=6.7.1 HTTP/1.1" 200 13361 "http://aranda.devuocloud.com/wp-admin/admin.php?page=mlang_wizard" "Mozilla/5.0 (Windows NT 10.0; Win64; x64) AppleWebKit/537.36 (KHTML, like Gecko) Chrome/131.0.0.0 Safari/537.36"
191.80.140.62 - - [11/Dec/2024:22:14:25 +0000] "GET /wp-content/plugins/polylang/css/build/wizard.min.css?ver=3.6.5 HTTP/1.1" 200 3825 "http://aranda.devuocloud.com/wp-admin/admin.php?page=mlang_wizard" "Mozilla/5.0 (Windows NT 10.0; Win64; x64) AppleWebKit/537.36 (KHTML, like Gecko) Chrome/131.0.0.0 Safari/537.36"
191.80.140.62 - - [11/Dec/2024:22:14:25 +0000] "GET /wp-includes/js/jquery/ui/resizable.min.js?ver=1.13.3 HTTP/1.1" 200 5698 "http://aranda.devuocloud.com/wp-admin/admin.php?page=mlang_wizard" "Mozilla/5.0 (Windows NT 10.0; Win64; x64) AppleWebKit/537.36 (KHTML, like Gecko) Chrome/131.0.0.0 Safari/537.36"
191.80.140.62 - - [11/Dec/2024:22:14:25 +0000] "GET /wp-includes/js/jquery/ui/controlgroup.min.js?ver=1.13.3 HTTP/1.1" 200 1950 "http://aranda.devuocloud.com/wp-admin/admin.php?page=mlang_wizard" "Mozilla/5.0 (Windows NT 10.0; Win64; x64) AppleWebKit/537.36 (KHTML, like Gecko) Chrome/131.0.0.0 Safari/537.36"
191.80.140.62 - - [11/Dec/2024:22:14:25 +0000] "GET /wp-includes/js/jquery/ui/checkboxradio.min.js?ver=1.13.3 HTTP/1.1" 200 1766 "http://aranda.devuocloud.com/wp-admin/admin.php?page=mlang_wizard" "Mozilla/5.0 (Windows NT 10.0; Win64; x64) AppleWebKit/537.36 (KHTML, like Gecko) Chrome/131.0.0.0 Safari/537.36"
191.80.140.62 - - [11/Dec/2024:22:14:25 +0000] "GET /wp-includes/js/jquery/ui/dialog.min.js?ver=1.13.3 HTTP/1.1" 200 4176 "http://aranda.devuocloud.com/wp-admin/admin.php?page=mlang_wizard" "Mozilla/5.0 (Windows NT 10.0; Win64; x64) AppleWebKit/537.36 (KHTML, like Gecko) Chrome/131.0.0.0 Safari/537.36"
191.80.140.62 - - [11/Dec/2024:22:14:25 +0000] "GET /wp-content/plugins/polylang/js/build/languages-step.min.js?ver=3.6.5 HTTP/1.1" 200 1629 "http://aranda.devuocloud.com/wp-admin/admin.php?page=mlang_wizard" "Mozilla/5.0 (Windows NT 10.0; Win64; x64) AppleWebKit/537.36 (KHTML, like Gecko) Chrome/131.0.0.0 Safari/537.36"
191.80.140.62 - - [11/Dec/2024:22:14:25 +0000] "GET /wp-includes/js/jquery/ui/button.min.js?ver=1.13.3 HTTP/1.1" 200 2323 "http://aranda.devuocloud.com/wp-admin/admin.php?page=mlang_wizard" "Mozilla/5.0 (Windows NT 10.0; Win64; x64) AppleWebKit/537.36 (KHTML, like Gecko) Chrome/131.0.0.0 Safari/537.36"
191.80.140.62 - - [11/Dec/2024:22:14:25 +0000] "GET /wp-includes/js/jquery/ui/selectmenu.min.js?ver=1.13.3 HTTP/1.1" 200 3351 "http://aranda.devuocloud.com/wp-admin/admin.php?page=mlang_wizard" "Mozilla/5.0 (Windows NT 10.0; Win64; x64) AppleWebKit/537.36 (KHTML, like Gecko) Chrome/131.0.0.0 Safari/537.36"
191.80.140.62 - - [11/Dec/2024:22:14:25 +0000] "GET /wp-content/plugins/polylang/js/build/admin.min.js?ver=3.6.5 HTTP/1.1" 200 2039 "http://aranda.devuocloud.com/wp-admin/admin.php?page=mlang_wizard" "Mozilla/5.0 (Windows NT 10.0; Win64; x64) AppleWebKit/537.36 (KHTML, like Gecko) Chrome/131.0.0.0 Safari/537.36"
191.80.140.62 - - [11/Dec/2024:22:14:25 +0000] "GET /wp-content/plugins/polylang/modules/wizard/images/polylang-logo.png HTTP/1.1" 200 1264 "http://aranda.devuocloud.com/wp-admin/admin.php?page=mlang_wizard" "Mozilla/5.0 (Windows NT 10.0; Win64; x64) AppleWebKit/537.36 (KHTML, like Gecko) Chrome/131.0.0.0 Safari/537.36"
191.80.140.62 - - [11/Dec/2024:22:14:27 +0000] "GET /wp-admin/ HTTP/1.1" 200 27865 "http://aranda.devuocloud.com/wp-admin/admin.php?page=mlang_wizard" "Mozilla/5.0 (Windows NT 10.0; Win64; x64) AppleWebKit/537.36 (KHTML, like Gecko) Chrome/131.0.0.0 Safari/537.36"
191.80.140.62 - - [11/Dec/2024:22:14:28 +0000] "GET /wp-admin/load-styles.php?c=0&dir=ltr&load%5Bchunk_0%5D=dashicons,admin-bar,site-health,common,forms,admin-menu,dashboard,list-tables,edit,revisions,media,themes,about,nav-menus,wp-poi&load%5Bchunk_1%5D=nter,widgets,site-icon,l10n,buttons,wp-auth-check,wp-jquery-ui-dialog&ver=6.7.1 HTTP/1.1" 200 103726 "http://aranda.devuocloud.com/wp-admin/" "Mozilla/5.0 (Windows NT 10.0; Win64; x64) AppleWebKit/537.36 (KHTML, like Gecko) Chrome/131.0.0.0 Safari/537.36"
191.80.140.62 - - [11/Dec/2024:22:14:28 +0000] "GET /wp-content/plugins/polylang/css/build/dialog.min.css?ver=3.6.5 HTTP/1.1" 200 884 "http://aranda.devuocloud.com/wp-admin/" "Mozilla/5.0 (Windows NT 10.0; Win64; x64) AppleWebKit/537.36 (KHTML, like Gecko) Chrome/131.0.0.0 Safari/537.36"
191.80.140.62 - - [11/Dec/2024:22:14:28 +0000] "GET /wp-content/plugins/polylang/css/build/admin.min.css?ver=3.6.5 HTTP/1.1" 200 1911 "http://aranda.devuocloud.com/wp-admin/" "Mozilla/5.0 (Windows NT 10.0; Win64; x64) AppleWebKit/537.36 (KHTML, like Gecko) Chrome/131.0.0.0 Safari/537.36"
191.80.140.62 - - [11/Dec/2024:22:14:28 +0000] "GET /wp-content/plugins/easy-wp-smtp/assets/css/dashboard-widget.min.css?ver=2.7.0 HTTP/1.1" 200 2500 "http://aranda.devuocloud.com/wp-admin/" "Mozilla/5.0 (Windows NT 10.0; Win64; x64) AppleWebKit/537.36 (KHTML, like Gecko) Chrome/131.0.0.0 Safari/537.36"
191.80.140.62 - - [11/Dec/2024:22:14:28 +0000] "GET /wp-content/plugins/easy-wp-smtp/assets/js/smtp-dashboard-widget.min.js?ver=2.7.0 HTTP/1.1" 200 1576 "http://aranda.devuocloud.com/wp-admin/" "Mozilla/5.0 (Windows NT 10.0; Win64; x64) AppleWebKit/537.36 (KHTML, like Gecko) Chrome/131.0.0.0 Safari/537.36"
191.80.140.62 - - [11/Dec/2024:22:14:29 +0000] "GET /wp-admin/admin-ajax.php?action=dashboard-widgets&widget=dashboard_primary&pagenow=dashboard&pll_ajax_backend=1&pll_post_id=1200 HTTP/1.1" 200 975 "http://aranda.devuocloud.com/wp-admin/" "Mozilla/5.0 (Windows NT 10.0; Win64; x64) AppleWebKit/537.36 (KHTML, like Gecko) Chrome/131.0.0.0 Safari/537.36"
191.80.140.62 - - [11/Dec/2024:22:14:30 +0000] "GET /wp-admin/?pll-hide-notice=wizard&_pll_notice_nonce=56f1c28627 HTTP/1.1" 302 393 "http://aranda.devuocloud.com/wp-admin/" "Mozilla/5.0 (Windows NT 10.0; Win64; x64) AppleWebKit/537.36 (KHTML, like Gecko) Chrome/131.0.0.0 Safari/537.36"
191.80.140.62 - - [11/Dec/2024:22:14:30 +0000] "GET /wp-admin/ HTTP/1.1" 200 28014 "http://aranda.devuocloud.com/wp-admin/" "Mozilla/5.0 (Windows NT 10.0; Win64; x64) AppleWebKit/537.36 (KHTML, like Gecko) Chrome/131.0.0.0 Safari/537.36"
191.80.140.62 - - [11/Dec/2024:22:14:31 +0000] "GET /wp-content/plugins/polylang/css/build/dialog.min.css?ver=3.6.5 HTTP/1.1" 200 884 "http://aranda.devuocloud.com/wp-admin/" "Mozilla/5.0 (Windows NT 10.0; Win64; x64) AppleWebKit/537.36 (KHTML, like Gecko) Chrome/131.0.0.0 Safari/537.36"
