191.80.140.62 - - [12/Dec/2024:14:20:13 +0000] "GET /wp-content/plugins/wordpress-seo/js/dist/externals/analysisReport.js?ver=e8b88d5e061686ebc3cb HTTP/1.1" 200 3622 "http://aranda.devuocloud.com/wp-admin/" "Mozilla/5.0 (Windows NT 10.0; Win64; x64) AppleWebKit/537.36 (KHTML, like Gecko) Chrome/131.0.0.0 Safari/537.36"
191.80.140.62 - - [12/Dec/2024:14:20:13 +0000] "GET /wp-includes/js/backbone.min.js?ver=1.6.0 HTTP/1.1" 200 8359 "http://aranda.devuocloud.com/wp-admin/" "Mozilla/5.0 (Windows NT 10.0; Win64; x64) AppleWebKit/537.36 (KHTML, like Gecko) Chrome/131.0.0.0 Safari/537.36"
191.80.140.62 - - [12/Dec/2024:14:20:13 +0000] "GET /wp-includes/js/wp-api.min.js?ver=6.7.1 HTTP/1.1" 200 4480 "http://aranda.devuocloud.com/wp-admin/" "Mozilla/5.0 (Windows NT 10.0; Win64; x64) AppleWebKit/537.36 (KHTML, like Gecko) Chrome/131.0.0.0 Safari/537.36"
191.80.140.62 - - [12/Dec/2024:14:20:13 +0000] "GET /wp-content/plugins/wordpress-seo/js/dist/api-client.js?ver=f56d7de163fa219c67e2 HTTP/1.1" 200 652 "http://aranda.devuocloud.com/wp-admin/" "Mozilla/5.0 (Windows NT 10.0; Win64; x64) AppleWebKit/537.36 (KHTML, like Gecko) Chrome/131.0.0.0 Safari/537.36"
191.80.140.62 - - [12/Dec/2024:14:20:13 +0000] "GET /wp-content/plugins/wordpress-seo/js/dist/dashboard-widget.js?ver=ad6147e367cc50376cc5 HTTP/1.1" 200 1296 "http://aranda.devuocloud.com/wp-admin/" "Mozilla/5.0 (Windows NT 10.0; Win64; x64) AppleWebKit/537.36 (KHTML, like Gecko) Chrome/131.0.0.0 Safari/537.36"
191.80.140.62 - - [12/Dec/2024:14:20:13 +0000] "GET /wp-includes/js/dist/api-fetch.min.js?ver=d387b816bc1ed2042e28 HTTP/1.1" 200 2685 "http://aranda.devuocloud.com/wp-admin/" "Mozilla/5.0 (Windows NT 10.0; Win64; x64) AppleWebKit/537.36 (KHTML, like Gecko) Chrome/131.0.0.0 Safari/537.36"
191.80.140.62 - - [12/Dec/2024:14:20:13 +0000] "GET /wp-content/plugins/wordpress-seo/js/dist/wincher-dashboard-widget.js?ver=3e855acf6ae73ab6d1ed HTTP/1.1" 200 9538 "http://aranda.devuocloud.com/wp-admin/" "Mozilla/5.0 (Windows NT 10.0; Win64; x64) AppleWebKit/537.36 (KHTML, like Gecko) Chrome/131.0.0.0 Safari/537.36"
191.80.140.62 - - [12/Dec/2024:14:20:13 +0000] "GET /wp-content/themes/Divi/core/admin/js/common.js?ver=4.9.1 HTTP/1.1" 200 908 "http://aranda.devuocloud.com/wp-admin/" "Mozilla/5.0 (Windows NT 10.0; Win64; x64) AppleWebKit/537.36 (KHTML, like Gecko) Chrome/131.0.0.0 Safari/537.36"
191.80.140.62 - - [12/Dec/2024:14:20:13 +0000] "GET /wp-includes/js/jquery/ui/tabs.min.js?ver=1.13.3 HTTP/1.1" 200 4289 "http://aranda.devuocloud.com/wp-admin/" "Mozilla/5.0 (Windows NT 10.0; Win64; x64) AppleWebKit/537.36 (KHTML, like Gecko) Chrome/131.0.0.0 Safari/537.36"
191.80.140.62 - - [12/Dec/2024:14:20:13 +0000] "GET /wp-includes/js/jquery/jquery.form.min.js?ver=4.3.0 HTTP/1.1" 200 6302 "http://aranda.devuocloud.com/wp-admin/" "Mozilla/5.0 (Windows NT 10.0; Win64; x64) AppleWebKit/537.36 (KHTML, like Gecko) Chrome/131.0.0.0 Safari/537.36"
191.80.140.62 - - [12/Dec/2024:14:20:14 +0000] "GET /wp-content/themes/Divi/core/admin/js/core.js?ver=4.9.1 HTTP/1.1" 200 2032 "http://aranda.devuocloud.com/wp-admin/" "Mozilla/5.0 (Windows NT 10.0; Win64; x64) AppleWebKit/537.36 (KHTML, like Gecko) Chrome/131.0.0.0 Safari/537.36"
191.80.140.62 - - [12/Dec/2024:14:20:14 +0000] "GET /wp-content/themes/Divi/core/admin/js/version-rollback.js?ver=4.9.1 HTTP/1.1" 200 1120 "http://aranda.devuocloud.com/wp-admin/" "Mozilla/5.0 (Windows NT 10.0; Win64; x64) AppleWebKit/537.36 (KHTML, like Gecko) Chrome/131.0.0.0 Safari/537.36"
191.80.140.62 - - [12/Dec/2024:14:20:14 +0000] "GET /wp-content/themes/Divi/core/admin/js/support-center.js?ver=4.9.1 HTTP/1.1" 200 5020 "http://aranda.devuocloud.com/wp-admin/" "Mozilla/5.0 (Windows NT 10.0; Win64; x64) AppleWebKit/537.36 (KHTML, like Gecko) Chrome/131.0.0.0 Safari/537.36"
191.80.140.62 - - [12/Dec/2024:14:20:14 +0000] "GET /wp-content/plugins/easy-wp-smtp/assets/js/vendor/apexcharts.min.js?ver=3.35.1 HTTP/1.1" 200 127580 "http://aranda.devuocloud.com/wp-admin/" "Mozilla/5.0 (Windows NT 10.0; Win64; x64) AppleWebKit/537.36 (KHTML, like Gecko) Chrome/131.0.0.0 Safari/537.36"
191.80.140.62 - - [12/Dec/2024:14:20:14 +0000] "GET /wp-content/plugins/easy-wp-smtp/assets/js/smtp-dashboard-widget.min.js?ver=2.7.0 HTTP/1.1" 200 1576 "http://aranda.devuocloud.com/wp-admin/" "Mozilla/5.0 (Windows NT 10.0; Win64; x64) AppleWebKit/537.36 (KHTML, like Gecko) Chrome/131.0.0.0 Safari/537.36"
191.80.140.62 - - [12/Dec/2024:14:20:14 +0000] "GET /wp-content/plugins/wordpress-seo/packages/js/images/Yoast_SEO_Icon.svg HTTP/1.1" 200 1340 "http://aranda.devuocloud.com/wp-content/plugins/wordpress-seo/css/dist/dashboard-2400.css" "Mozilla/5.0 (Windows NT 10.0; Win64; x64) AppleWebKit/537.36 (KHTML, like Gecko) Chrome/131.0.0.0 Safari/537.36"
191.80.140.62 - - [12/Dec/2024:14:20:14 +0000] "GET /wp-includes/js/wp-emoji-release.min.js?ver=6.7.1 HTTP/1.1" 200 5406 "http://aranda.devuocloud.com/wp-admin/" "Mozilla/5.0 (Windows NT 10.0; Win64; x64) AppleWebKit/537.36 (KHTML, like Gecko) Chrome/131.0.0.0 Safari/537.36"
191.80.140.62 - - [12/Dec/2024:14:20:14 +0000] "GET /wp-content/themes/Divi/core/admin/images/ajax-loader.gif HTTP/1.1" 304 249 "http://aranda.devuocloud.com/wp-admin/" "Mozilla/5.0 (Windows NT 10.0; Win64; x64) AppleWebKit/537.36 (KHTML, like Gecko) Chrome/131.0.0.0 Safari/537.36"
191.80.140.62 - - [12/Dec/2024:14:20:14 +0000] "GET /wp-includes/js/thickbox/loadingAnimation.gif HTTP/1.1" 304 249 "http://aranda.devuocloud.com/wp-admin/" "Mozilla/5.0 (Windows NT 10.0; Win64; x64) AppleWebKit/537.36 (KHTML, like Gecko) Chrome/131.0.0.0 Safari/537.36"
191.80.140.62 - - [12/Dec/2024:14:20:14 +0000] "GET /wp-json/yoast/v1/statistics HTTP/1.1" 200 811 "http://aranda.devuocloud.com/wp-admin/" "Mozilla/5.0 (Windows NT 10.0; Win64; x64) AppleWebKit/537.36 (KHTML, like Gecko) Chrome/131.0.0.0 Safari/537.36"
191.80.140.62 - - [12/Dec/2024:14:20:14 +0000] "POST /wp-admin/admin-ajax.php HTTP/1.1" 200 1097 "http://aranda.devuocloud.com/wp-admin/" "Mozilla/5.0 (Windows NT 10.0; Win64; x64) AppleWebKit/537.36 (KHTML, like Gecko) Chrome/131.0.0.0 Safari/537.36"
191.80.140.62 - - [12/Dec/2024:14:20:14 +0000] "GET /wp-json/wp/v2/ HTTP/1.1" 200 233924 "http://aranda.devuocloud.com/wp-admin/" "Mozilla/5.0 (Windows NT 10.0; Win64; x64) AppleWebKit/537.36 (KHTML, like Gecko) Chrome/131.0.0.0 Safari/537.36"
191.80.140.62 - - [12/Dec/2024:14:20:17 +0000] "GET /wp-admin/admin-ajax.php?action=dashboard-widgets&widget=dashboard_primary&pagenow=dashboard&pll_ajax_backend=1&pll_post_id=1200 HTTP/1.1" 200 1029 "http://aranda.devuocloud.com/wp-admin/" "Mozilla/5.0 (Windows NT 10.0; Win64; x64) AppleWebKit/537.36 (KHTML, like Gecko) Chrome/131.0.0.0 Safari/537.36"
191.80.140.62 - - [12/Dec/2024:14:20:22 +0000] "POST /wp-admin/admin-ajax.php HTTP/1.1" 200 549 "http://aranda.devuocloud.com/wp-admin/" "Mozilla/5.0 (Windows NT 10.0; Win64; x64) AppleWebKit/537.36 (KHTML, like Gecko) Chrome/131.0.0.0 Safari/537.36"
146.190.157.162 - - [12/Dec/2024:14:21:09 +0000] "POST /wp-cron.php?doing_wp_cron=1734013269.4647710323333740234375 HTTP/1.1" 200 259 "-" "WordPress/6.7.1; http://aranda.devuocloud.com"
191.80.140.62 - - [12/Dec/2024:14:21:08 +0000] "POST /wp-admin/admin-ajax.php HTTP/1.1" 200 573 "http://aranda.devuocloud.com/wp-admin/" "Mozilla/5.0 (Windows NT 10.0; Win64; x64) AppleWebKit/537.36 (KHTML, like Gecko) Chrome/131.0.0.0 Safari/537.36"
191.80.140.62 - - [12/Dec/2024:14:21:14 +0000] "POST /wp-admin/admin-ajax.php HTTP/1.1" 200 603 "http://aranda.devuocloud.com/wp-admin/" "Mozilla/5.0 (Windows NT 10.0; Win64; x64) AppleWebKit/537.36 (KHTML, like Gecko) Chrome/131.0.0.0 Safari/537.36"
146.190.157.162 - - [12/Dec/2024:14:22:15 +0000] "POST /wp-cron.php?doing_wp_cron=1734013335.4793360233306884765625 HTTP/1.1" 200 259 "-" "WordPress/6.7.1; http://aranda.devuocloud.com"
191.80.140.62 - - [12/Dec/2024:14:22:14 +0000] "POST /wp-admin/admin-ajax.php HTTP/1.1" 200 604 "http://aranda.devuocloud.com/wp-admin/" "Mozilla/5.0 (Windows NT 10.0; Win64; x64) AppleWebKit/537.36 (KHTML, like Gecko) Chrome/131.0.0.0 Safari/537.36"
146.190.157.162 - - [12/Dec/2024:14:23:15 +0000] "POST /wp-cron.php?doing_wp_cron=1734013395.5288369655609130859375 HTTP/1.1" 200 259 "-" "WordPress/6.7.1; http://aranda.devuocloud.com"
191.80.140.62 - - [12/Dec/2024:14:23:15 +0000] "POST /wp-admin/admin-ajax.php HTTP/1.1" 200 604 "http://aranda.devuocloud.com/wp-admin/" "Mozilla/5.0 (Windows NT 10.0; Win64; x64) AppleWebKit/537.36 (KHTML, like Gecko) Chrome/131.0.0.0 Safari/537.36"
146.190.157.162 - - [12/Dec/2024:14:24:22 +0000] "POST /wp-cron.php?doing_wp_cron=1734013462.1376769542694091796875 HTTP/1.1" 200 259 "-" "WordPress/6.7.1; http://aranda.devuocloud.com"
191.80.140.62 - - [12/Dec/2024:14:24:21 +0000] "POST /wp-admin/admin-ajax.php HTTP/1.1" 200 604 "http://aranda.devuocloud.com/wp-admin/" "Mozilla/5.0 (Windows NT 10.0; Win64; x64) AppleWebKit/537.36 (KHTML, like Gecko) Chrome/131.0.0.0 Safari/537.36"
146.190.157.162 - - [12/Dec/2024:14:25:22 +0000] "POST /wp-cron.php?doing_wp_cron=1734013522.3805179595947265625000 HTTP/1.1" 200 259 "-" "WordPress/6.7.1; http://aranda.devuocloud.com"
191.80.140.62 - - [12/Dec/2024:14:25:21 +0000] "POST /wp-admin/admin-ajax.php HTTP/1.1" 200 604 "http://aranda.devuocloud.com/wp-admin/" "Mozilla/5.0 (Windows NT 10.0; Win64; x64) AppleWebKit/537.36 (KHTML, like Gecko) Chrome/131.0.0.0 Safari/537.36"
146.190.157.162 - - [12/Dec/2024:14:26:22 +0000] "POST /wp-cron.php?doing_wp_cron=1734013582.5600841045379638671875 HTTP/1.1" 200 259 "-" "WordPress/6.7.1; http://aranda.devuocloud.com"
191.80.140.62 - - [12/Dec/2024:14:26:22 +0000] "POST /wp-admin/admin-ajax.php HTTP/1.1" 200 604 "http://aranda.devuocloud.com/wp-admin/" "Mozilla/5.0 (Windows NT 10.0; Win64; x64) AppleWebKit/537.36 (KHTML, like Gecko) Chrome/131.0.0.0 Safari/537.36"
146.190.157.162 - - [12/Dec/2024:14:27:43 +0000] "POST /wp-cron.php?doing_wp_cron=1734013662.9067571163177490234375 HTTP/1.1" 200 259 "-" "WordPress/6.7.1; http://aranda.devuocloud.com"
191.80.140.62 - - [12/Dec/2024:14:27:42 +0000] "POST /wp-admin/admin-ajax.php HTTP/1.1" 200 604 "http://aranda.devuocloud.com/wp-admin/" "Mozilla/5.0 (Windows NT 10.0; Win64; x64) AppleWebKit/537.36 (KHTML, like Gecko) Chrome/131.0.0.0 Safari/537.36"
146.190.157.162 - - [12/Dec/2024:14:28:43 +0000] "POST /wp-cron.php?doing_wp_cron=1734013723.4509489536285400390625 HTTP/1.1" 200 259 "-" "WordPress/6.7.1; http://aranda.devuocloud.com"
191.80.140.62 - - [12/Dec/2024:14:28:43 +0000] "POST /wp-admin/admin-ajax.php HTTP/1.1" 200 604 "http://aranda.devuocloud.com/wp-admin/" "Mozilla/5.0 (Windows NT 10.0; Win64; x64) AppleWebKit/537.36 (KHTML, like Gecko) Chrome/131.0.0.0 Safari/537.36"
146.190.157.162 - - [12/Dec/2024:14:30:47 +0000] "POST /wp-cron.php?doing_wp_cron=1734013846.9920589923858642578125 HTTP/1.1" 200 259 "-" "WordPress/6.7.1; http://aranda.devuocloud.com"
191.80.140.62 - - [12/Dec/2024:14:30:46 +0000] "POST /wp-admin/admin-ajax.php HTTP/1.1" 200 604 "http://aranda.devuocloud.com/wp-admin/" "Mozilla/5.0 (Windows NT 10.0; Win64; x64) AppleWebKit/537.36 (KHTML, like Gecko) Chrome/131.0.0.0 Safari/537.36"
146.190.157.162 - - [12/Dec/2024:14:32:45 +0000] "POST /wp-cron.php?doing_wp_cron=1734013965.8721089363098144531250 HTTP/1.1" 200 259 "-" "WordPress/6.7.1; http://aranda.devuocloud.com"
191.80.140.62 - - [12/Dec/2024:14:32:45 +0000] "POST /wp-admin/admin-ajax.php HTTP/1.1" 200 604 "http://aranda.devuocloud.com/wp-admin/" "Mozilla/5.0 (Windows NT 10.0; Win64; x64) AppleWebKit/537.36 (KHTML, like Gecko) Chrome/131.0.0.0 Safari/537.36"
146.190.157.162 - - [12/Dec/2024:14:34:46 +0000] "POST /wp-cron.php?doing_wp_cron=1734014086.4343121051788330078125 HTTP/1.1" 200 259 "-" "WordPress/6.7.1; http://aranda.devuocloud.com"
191.80.140.62 - - [12/Dec/2024:14:34:46 +0000] "POST /wp-admin/admin-ajax.php HTTP/1.1" 200 604 "http://aranda.devuocloud.com/wp-admin/" "Mozilla/5.0 (Windows NT 10.0; Win64; x64) AppleWebKit/537.36 (KHTML, like Gecko) Chrome/131.0.0.0 Safari/537.36"
146.190.157.162 - - [12/Dec/2024:14:36:47 +0000] "POST /wp-cron.php?doing_wp_cron=1734014207.4685099124908447265625 HTTP/1.1" 200 259 "-" "WordPress/6.7.1; http://aranda.devuocloud.com"
191.80.140.62 - - [12/Dec/2024:14:36:47 +0000] "POST /wp-admin/admin-ajax.php HTTP/1.1" 200 604 "http://aranda.devuocloud.com/wp-admin/" "Mozilla/5.0 (Windows NT 10.0; Win64; x64) AppleWebKit/537.36 (KHTML, like Gecko) Chrome/131.0.0.0 Safari/537.36"
146.190.157.162 - - [12/Dec/2024:15:03:06 +0000] "POST /wp-cron.php?doing_wp_cron=1734015786.9052720069885253906250 HTTP/1.1" 200 259 "-" "WordPress/6.7.1; http://aranda.devuocloud.com"
191.80.140.62 - - [12/Dec/2024:15:03:06 +0000] "POST /wp-admin/admin-ajax.php HTTP/1.1" 200 604 "http://aranda.devuocloud.com/wp-admin/" "Mozilla/5.0 (Windows NT 10.0; Win64; x64) AppleWebKit/537.36 (KHTML, like Gecko) Chrome/131.0.0.0 Safari/537.36"
146.190.157.162 - - [12/Dec/2024:15:04:06 +0000] "POST /wp-cron.php?doing_wp_cron=1734015846.6388869285583496093750 HTTP/1.1" 200 259 "-" "WordPress/6.7.1; http://aranda.devuocloud.com"
191.80.140.62 - - [12/Dec/2024:15:04:06 +0000] "POST /wp-admin/admin-ajax.php HTTP/1.1" 200 604 "http://aranda.devuocloud.com/wp-admin/" "Mozilla/5.0 (Windows NT 10.0; Win64; x64) AppleWebKit/537.36 (KHTML, like Gecko) Chrome/131.0.0.0 Safari/537.36"
146.190.157.162 - - [12/Dec/2024:15:06:06 +0000] "POST /wp-cron.php?doing_wp_cron=1734015966.6195549964904785156250 HTTP/1.1" 200 259 "-" "WordPress/6.7.1; http://aranda.devuocloud.com"
191.80.140.62 - - [12/Dec/2024:15:06:06 +0000] "POST /wp-admin/admin-ajax.php HTTP/1.1" 200 604 "http://aranda.devuocloud.com/wp-admin/" "Mozilla/5.0 (Windows NT 10.0; Win64; x64) AppleWebKit/537.36 (KHTML, like Gecko) Chrome/131.0.0.0 Safari/537.36"
146.190.157.162 - - [12/Dec/2024:15:07:48 +0000] "POST /wp-cron.php?doing_wp_cron=1734016068.8613910675048828125000 HTTP/1.1" 200 259 "-" "WordPress/6.7.1; http://aranda.devuocloud.com"
191.80.140.62 - - [12/Dec/2024:15:07:48 +0000] "POST /wp-admin/admin-ajax.php HTTP/1.1" 200 604 "http://aranda.devuocloud.com/wp-admin/" "Mozilla/5.0 (Windows NT 10.0; Win64; x64) AppleWebKit/537.36 (KHTML, like Gecko) Chrome/131.0.0.0 Safari/537.36"
191.80.140.62 - - [12/Dec/2024:15:07:50 +0000] "GET /wp-admin/upload.php HTTP/1.1" 200 29472 "http://aranda.devuocloud.com/wp-admin/" "Mozilla/5.0 (Windows NT 10.0; Win64; x64) AppleWebKit/537.36 (KHTML, like Gecko) Chrome/131.0.0.0 Safari/537.36"
191.80.140.62 - - [12/Dec/2024:15:07:51 +0000] "GET /wp-admin/load-styles.php?c=0&dir=ltr&load%5Bchunk_0%5D=dashicons,admin-bar,buttons,media-views,common,forms,admin-menu,dashboard,list-tables,edit,revisions,media,themes,about,nav-menu&load%5Bchunk_1%5D=s,wp-pointer,widgets,site-icon,l10n,wp-auth-check,wp-jquery-ui-dialog&ver=6.7.1 HTTP/1.1" 200 110658 "http://aranda.devuocloud.com/wp-admin/upload.php" "Mozilla/5.0 (Windows NT 10.0; Win64; x64) AppleWebKit/537.36 (KHTML, like Gecko) Chrome/131.0.0.0 Safari/537.36"
191.80.140.62 - - [12/Dec/2024:15:07:51 +0000] "GET /wp-includes/js/mediaelement/mediaelementplayer-legacy.min.css?ver=4.2.17 HTTP/1.1" 200 2929 "http://aranda.devuocloud.com/wp-admin/upload.php" "Mozilla/5.0 (Windows NT 10.0; Win64; x64) AppleWebKit/537.36 (KHTML, like Gecko) Chrome/131.0.0.0 Safari/537.36"
191.80.140.62 - - [12/Dec/2024:15:07:51 +0000] "GET /wp-includes/js/mediaelement/wp-mediaelement.min.css?ver=6.7.1 HTTP/1.1" 200 1494 "http://aranda.devuocloud.com/wp-admin/upload.php" "Mozilla/5.0 (Windows NT 10.0; Win64; x64) AppleWebKit/537.36 (KHTML, like Gecko) Chrome/131.0.0.0 Safari/537.36"
191.80.140.62 - - [12/Dec/2024:15:07:51 +0000] "GET /wp-includes/js/imgareaselect/imgareaselect.css?ver=0.9.8 HTTP/1.1" 200 601 "http://aranda.devuocloud.com/wp-admin/upload.php" "Mozilla/5.0 (Windows NT 10.0; Win64; x64) AppleWebKit/537.36 (KHTML, like Gecko) Chrome/131.0.0.0 Safari/537.36"
191.80.140.62 - - [12/Dec/2024:15:07:51 +0000] "GET /wp-admin/load-scripts.php?c=0&load%5Bchunk_0%5D=jquery-core,jquery-migrate,utils,moxiejs,plupload,wp-polyfill&ver=6.7.1 HTTP/1.1" 200 80448 "http://aranda.devuocloud.com/wp-admin/upload.php" "Mozilla/5.0 (Windows NT 10.0; Win64; x64) AppleWebKit/537.36 (KHTML, like Gecko) Chrome/131.0.0.0 Safari/537.36"
191.80.140.62 - - [12/Dec/2024:15:07:51 +0000] "GET /wp-includes/js/media-models.min.js?ver=6.7.1 HTTP/1.1" 200 4442 "http://aranda.devuocloud.com/wp-admin/upload.php" "Mozilla/5.0 (Windows NT 10.0; Win64; x64) AppleWebKit/537.36 (KHTML, like Gecko) Chrome/131.0.0.0 Safari/537.36"
191.80.140.62 - - [12/Dec/2024:15:07:51 +0000] "GET /wp-includes/js/wp-backbone.min.js?ver=6.7.1 HTTP/1.1" 200 1518 "http://aranda.devuocloud.com/wp-admin/upload.php" "Mozilla/5.0 (Windows NT 10.0; Win64; x64) AppleWebKit/537.36 (KHTML, like Gecko) Chrome/131.0.0.0 Safari/537.36"
191.80.140.62 - - [12/Dec/2024:15:07:52 +0000] "GET /wp-includes/js/mediaelement/mediaelement-migrate.min.js?ver=6.7.1 HTTP/1.1" 200 882 "http://aranda.devuocloud.com/wp-admin/upload.php" "Mozilla/5.0 (Windows NT 10.0; Win64; x64) AppleWebKit/537.36 (KHTML, like Gecko) Chrome/131.0.0.0 Safari/537.36"
191.80.140.62 - - [12/Dec/2024:15:07:52 +0000] "GET /wp-includes/js/mediaelement/wp-mediaelement.min.js?ver=6.7.1 HTTP/1.1" 200 881 "http://aranda.devuocloud.com/wp-admin/upload.php" "Mozilla/5.0 (Windows NT 10.0; Win64; x64) AppleWebKit/537.36 (KHTML, like Gecko) Chrome/131.0.0.0 Safari/537.36"
191.80.140.62 - - [12/Dec/2024:15:07:52 +0000] "GET /wp-includes/js/plupload/wp-plupload.min.js?ver=6.7.1 HTTP/1.1" 200 2682 "http://aranda.devuocloud.com/wp-admin/upload.php" "Mozilla/5.0 (Windows NT 10.0; Win64; x64) AppleWebKit/537.36 (KHTML, like Gecko) Chrome/131.0.0.0 Safari/537.36"
191.80.140.62 - - [12/Dec/2024:15:07:52 +0000] "GET /wp-includes/js/mediaelement/mediaelement-and-player.min.js?ver=4.2.17 HTTP/1.1" 200 39135 "http://aranda.devuocloud.com/wp-admin/upload.php" "Mozilla/5.0 (Windows NT 10.0; Win64; x64) AppleWebKit/537.36 (KHTML, like Gecko) Chrome/131.0.0.0 Safari/537.36"
191.80.140.62 - - [12/Dec/2024:15:07:52 +0000] "GET /wp-includes/js/media-views.min.js?ver=6.7.1 HTTP/1.1" 200 26313 "http://aranda.devuocloud.com/wp-admin/upload.php" "Mozilla/5.0 (Windows NT 10.0; Win64; x64) AppleWebKit/537.36 (KHTML, like Gecko) Chrome/131.0.0.0 Safari/537.36"
191.80.140.62 - - [12/Dec/2024:15:07:52 +0000] "GET /wp-includes/js/media-editor.min.js?ver=6.7.1 HTTP/1.1" 200 3947 "http://aranda.devuocloud.com/wp-admin/upload.php" "Mozilla/5.0 (Windows NT 10.0; Win64; x64) AppleWebKit/537.36 (KHTML, like Gecko) Chrome/131.0.0.0 Safari/537.36"
191.80.140.62 - - [12/Dec/2024:15:07:52 +0000] "GET /wp-includes/js/media-audiovideo.min.js?ver=6.7.1 HTTP/1.1" 200 3707 "http://aranda.devuocloud.com/wp-admin/upload.php" "Mozilla/5.0 (Windows NT 10.0; Win64; x64) AppleWebKit/537.36 (KHTML, like Gecko) Chrome/131.0.0.0 Safari/537.36"
191.80.140.62 - - [12/Dec/2024:15:07:52 +0000] "GET /wp-includes/js/mce-view.min.js?ver=6.7.1 HTTP/1.1" 200 4074 "http://aranda.devuocloud.com/wp-admin/upload.php" "Mozilla/5.0 (Windows NT 10.0; Win64; x64) AppleWebKit/537.36 (KHTML, like Gecko) Chrome/131.0.0.0 Safari/537.36"
191.80.140.62 - - [12/Dec/2024:15:07:52 +0000] "GET /wp-includes/js/imgareaselect/jquery.imgareaselect.min.js?ver=6.7.1 HTTP/1.1" 200 4062 "http://aranda.devuocloud.com/wp-admin/upload.php" "Mozilla/5.0 (Windows NT 10.0; Win64; x64) AppleWebKit/537.36 (KHTML, like Gecko) Chrome/131.0.0.0 Safari/537.36"
191.80.140.62 - - [12/Dec/2024:15:07:52 +0000] "GET /wp-admin/js/image-edit.min.js?ver=6.7.1 HTTP/1.1" 200 5110 "http://aranda.devuocloud.com/wp-admin/upload.php" "Mozilla/5.0 (Windows NT 10.0; Win64; x64) AppleWebKit/537.36 (KHTML, like Gecko) Chrome/131.0.0.0 Safari/537.36"
191.80.140.62 - - [12/Dec/2024:15:07:52 +0000] "GET /wp-includes/js/media-grid.min.js?ver=6.7.1 HTTP/1.1" 200 4187 "http://aranda.devuocloud.com/wp-admin/upload.php" "Mozilla/5.0 (Windows NT 10.0; Win64; x64) AppleWebKit/537.36 (KHTML, like Gecko) Chrome/131.0.0.0 Safari/537.36"
191.80.140.62 - - [12/Dec/2024:15:07:52 +0000] "GET /wp-admin/js/media.min.js?ver=6.7.1 HTTP/1.1" 200 1420 "http://aranda.devuocloud.com/wp-admin/upload.php" "Mozilla/5.0 (Windows NT 10.0; Win64; x64) AppleWebKit/537.36 (KHTML, like Gecko) Chrome/131.0.0.0 Safari/537.36"
191.80.140.62 - - [12/Dec/2024:15:07:52 +0000] "GET /wp-includes/images/spinner.gif HTTP/1.1" 200 3941 "http://aranda.devuocloud.com/wp-admin/load-styles.php?c=0&dir=ltr&load%5Bchunk_0%5D=dashicons,admin-bar,buttons,media-views,common,forms,admin-menu,dashboard,list-tables,edit,revisions,media,themes,about,nav-menu&load%5Bchunk_1%5D=s,wp-pointer,widgets,site-icon,l10n,wp-auth-check,wp-jquery-ui-dialog&ver=6.7.1" "Mozilla/5.0 (Windows NT 10.0; Win64; x64) AppleWebKit/537.36 (KHTML, like Gecko) Chrome/131.0.0.0 Safari/537.36"
191.80.140.62 - - [12/Dec/2024:15:07:52 +0000] "POST /wp-admin/admin-ajax.php HTTP/1.1" 200 110319 "http://aranda.devuocloud.com/wp-admin/upload.php" "Mozilla/5.0 (Windows NT 10.0; Win64; x64) AppleWebKit/537.36 (KHTML, like Gecko) Chrome/131.0.0.0 Safari/537.36"
191.80.140.62 - - [12/Dec/2024:15:07:54 +0000] "GET /wp-content/uploads/2023/05/call-300x92.png HTTP/1.1" 200 12115 "http://aranda.devuocloud.com/wp-admin/upload.php" "Mozilla/5.0 (Windows NT 10.0; Win64; x64) AppleWebKit/537.36 (KHTML, like Gecko) Chrome/131.0.0.0 Safari/537.36"
191.80.140.62 - - [12/Dec/2024:15:07:54 +0000] "GET /wp-content/uploads/2023/06/Merrimack-hero_mobile.png HTTP/1.1" 200 271714 "http://aranda.devuocloud.com/wp-admin/upload.php" "Mozilla/5.0 (Windows NT 10.0; Win64; x64) AppleWebKit/537.36 (KHTML, like Gecko) Chrome/131.0.0.0 Safari/537.36"
191.80.140.62 - - [12/Dec/2024:15:07:54 +0000] "GET /wp-content/uploads/2023/06/Merrimack-hero-300x117.png HTTP/1.1" 200 39310 "http://aranda.devuocloud.com/wp-admin/upload.php" "Mozilla/5.0 (Windows NT 10.0; Win64; x64) AppleWebKit/537.36 (KHTML, like Gecko) Chrome/131.0.0.0 Safari/537.36"
191.80.140.62 - - [12/Dec/2024:15:07:54 +0000] "GET /wp-content/uploads/2023/04/sidewalk-150x150.png HTTP/1.1" 200 8991 "http://aranda.devuocloud.com/wp-admin/upload.php" "Mozilla/5.0 (Windows NT 10.0; Win64; x64) AppleWebKit/537.36 (KHTML, like Gecko) Chrome/131.0.0.0 Safari/537.36"
191.80.140.62 - - [12/Dec/2024:15:07:54 +0000] "GET /wp-content/uploads/2023/04/ice_dam-1-150x150.png HTTP/1.1" 200 8502 "http://aranda.devuocloud.com/wp-admin/upload.php" "Mozilla/5.0 (Windows NT 10.0; Win64; x64) AppleWebKit/537.36 (KHTML, like Gecko) Chrome/131.0.0.0 Safari/537.36"
191.80.140.62 - - [12/Dec/2024:15:07:54 +0000] "GET /wp-content/uploads/2023/04/roof_ice-150x150.png HTTP/1.1" 200 10025 "http://aranda.devuocloud.com/wp-admin/upload.php" "Mozilla/5.0 (Windows NT 10.0; Win64; x64) AppleWebKit/537.36 (KHTML, like Gecko) Chrome/131.0.0.0 Safari/537.36"
191.80.140.62 - - [12/Dec/2024:15:07:54 +0000] "GET /wp-content/uploads/2023/04/mapagr-300x138.png HTTP/1.1" 200 83333 "http://aranda.devuocloud.com/wp-admin/upload.php" "Mozilla/5.0 (Windows NT 10.0; Win64; x64) AppleWebKit/537.36 (KHTML, like Gecko) Chrome/131.0.0.0 Safari/537.36"
191.80.140.62 - - [12/Dec/2024:15:07:54 +0000] "GET /wp-content/uploads/2023/04/Timberline%C2%AEAH-CedarFalls-58435c2e-1.png HTTP/1.1" 200 68133 "http://aranda.devuocloud.com/wp-admin/upload.php" "Mozilla/5.0 (Windows NT 10.0; Win64; x64) AppleWebKit/537.36 (KHTML, like Gecko) Chrome/131.0.0.0 Safari/537.36"
191.80.140.62 - - [12/Dec/2024:15:07:54 +0000] "GET /wp-content/uploads/2023/04/TimberlineHD%C2%AE-BiscayneBlue-7eb6e47c-1-150x150.png HTTP/1.1" 200 42407 "http://aranda.devuocloud.com/wp-admin/upload.php" "Mozilla/5.0 (Windows NT 10.0; Win64; x64) AppleWebKit/537.36 (KHTML, like Gecko) Chrome/131.0.0.0 Safari/537.36"
191.80.140.62 - - [12/Dec/2024:15:07:54 +0000] "GET /wp-content/uploads/2023/04/Timberline%C2%AEHDZ%E2%84%A2-OysterGray-daa0eaf5-1-150x150.png HTTP/1.1" 200 35492 "http://aranda.devuocloud.com/wp-admin/upload.php" "Mozilla/5.0 (Windows NT 10.0; Win64; x64) AppleWebKit/537.36 (KHTML, like Gecko) Chrome/131.0.0.0 Safari/537.36"
191.80.140.62 - - [12/Dec/2024:15:07:54 +0000] "GET /wp-content/uploads/2023/04/TimberlineHD%C2%AE-FoxHollowGray-82e66f35-1.png HTTP/1.1" 200 66398 "http://aranda.devuocloud.com/wp-admin/upload.php" "Mozilla/5.0 (Windows NT 10.0; Win64; x64) AppleWebKit/537.36 (KHTML, like Gecko) Chrome/131.0.0.0 Safari/537.36"
191.80.140.62 - - [12/Dec/2024:15:07:54 +0000] "GET /wp-content/uploads/2023/04/ice_dam-300x227.png HTTP/1.1" 200 24115 "http://aranda.devuocloud.com/wp-admin/upload.php" "Mozilla/5.0 (Windows NT 10.0; Win64; x64) AppleWebKit/537.36 (KHTML, like Gecko) Chrome/131.0.0.0 Safari/537.36"
191.80.140.62 - - [12/Dec/2024:15:07:55 +0000] "GET /wp-content/uploads/2023/04/Timberline%C2%AEAH-NantucketMorning-912b5b04-1-150x150.png HTTP/1.1" 200 38105 "http://aranda.devuocloud.com/wp-admin/upload.php" "Mozilla/5.0 (Windows NT 10.0; Win64; x64) AppleWebKit/537.36 (KHTML, like Gecko) Chrome/131.0.0.0 Safari/537.36"
191.80.140.62 - - [12/Dec/2024:15:07:55 +0000] "GET /wp-content/uploads/2023/04/hero-area-1-300x117.png HTTP/1.1" 200 46258 "http://aranda.devuocloud.com/wp-admin/upload.php" "Mozilla/5.0 (Windows NT 10.0; Win64; x64) AppleWebKit/537.36 (KHTML, like Gecko) Chrome/131.0.0.0 Safari/537.36"
191.80.140.62 - - [12/Dec/2024:15:07:55 +0000] "GET /wp-content/uploads/2023/04/gutter_guards-300x227.png HTTP/1.1" 200 23721 "http://aranda.devuocloud.com/wp-admin/upload.php" "Mozilla/5.0 (Windows NT 10.0; Win64; x64) AppleWebKit/537.36 (KHTML, like Gecko) Chrome/131.0.0.0 Safari/537.36"
191.80.140.62 - - [12/Dec/2024:15:07:55 +0000] "GET /wp-content/uploads/2023/04/gutters_img-2-300x250.png HTTP/1.1" 200 128107 "http://aranda.devuocloud.com/wp-admin/upload.php" "Mozilla/5.0 (Windows NT 10.0; Win64; x64) AppleWebKit/537.36 (KHTML, like Gecko) Chrome/131.0.0.0 Safari/537.36"
191.80.140.62 - - [12/Dec/2024:15:07:55 +0000] "GET /wp-content/uploads/2023/04/roof_snow-150x150.png HTTP/1.1" 200 10218 "http://aranda.devuocloud.com/wp-admin/upload.php" "Mozilla/5.0 (Windows NT 10.0; Win64; x64) AppleWebKit/537.36 (KHTML, like Gecko) Chrome/131.0.0.0 Safari/537.36"
191.80.140.62 - - [12/Dec/2024:15:07:55 +0000] "GET /wp-content/uploads/2023/04/Hero_gutter-300x117.png HTTP/1.1" 200 46080 "http://aranda.devuocloud.com/wp-admin/upload.php" "Mozilla/5.0 (Windows NT 10.0; Win64; x64) AppleWebKit/537.36 (KHTML, like Gecko) Chrome/131.0.0.0 Safari/537.36"
191.80.140.62 - - [12/Dec/2024:15:07:55 +0000] "GET /wp-content/uploads/2023/04/ba1-300x264.png HTTP/1.1" 200 60392 "http://aranda.devuocloud.com/wp-admin/upload.php" "Mozilla/5.0 (Windows NT 10.0; Win64; x64) AppleWebKit/537.36 (KHTML, like Gecko) Chrome/131.0.0.0 Safari/537.36"
191.80.140.62 - - [12/Dec/2024:15:07:55 +0000] "GET /wp-content/uploads/2023/04/ba3.png HTTP/1.1" 200 487170 "http://aranda.devuocloud.com/wp-admin/upload.php" "Mozilla/5.0 (Windows NT 10.0; Win64; x64) AppleWebKit/537.36 (KHTML, like Gecko) Chrome/131.0.0.0 Safari/537.36"
191.80.140.62 - - [12/Dec/2024:15:07:55 +0000] "GET /wp-content/uploads/2023/04/NORTH-ANDOVER-300x214.png HTTP/1.1" 200 55723 "http://aranda.devuocloud.com/wp-admin/upload.php" "Mozilla/5.0 (Windows NT 10.0; Win64; x64) AppleWebKit/537.36 (KHTML, like Gecko) Chrome/131.0.0.0 Safari/537.36"
191.80.140.62 - - [12/Dec/2024:15:07:55 +0000] "GET /wp-content/uploads/2023/04/Hero_gutter-mb.png HTTP/1.1" 200 163092 "http://aranda.devuocloud.com/wp-admin/upload.php" "Mozilla/5.0 (Windows NT 10.0; Win64; x64) AppleWebKit/537.36 (KHTML, like Gecko) Chrome/131.0.0.0 Safari/537.36"
191.80.140.62 - - [12/Dec/2024:15:07:55 +0000] "GET /wp-content/uploads/2023/04/WINDHAM-300x214.png HTTP/1.1" 200 47787 "http://aranda.devuocloud.com/wp-admin/upload.php" "Mozilla/5.0 (Windows NT 10.0; Win64; x64) AppleWebKit/537.36 (KHTML, like Gecko) Chrome/131.0.0.0 Safari/537.36"
191.80.140.62 - - [12/Dec/2024:15:07:55 +0000] "GET /wp-content/uploads/2023/04/ba2-300x262.png HTTP/1.1" 200 63087 "http://aranda.devuocloud.com/wp-admin/upload.php" "Mozilla/5.0 (Windows NT 10.0; Win64; x64) AppleWebKit/537.36 (KHTML, like Gecko) Chrome/131.0.0.0 Safari/537.36"
191.80.140.62 - - [12/Dec/2024:15:07:55 +0000] "GET /wp-content/uploads/2023/04/call-banner-150x38.png HTTP/1.1" 200 1324 "http://aranda.devuocloud.com/wp-admin/upload.php" "Mozilla/5.0 (Windows NT 10.0; Win64; x64) AppleWebKit/537.36 (KHTML, like Gecko) Chrome/131.0.0.0 Safari/537.36"
191.80.140.62 - - [12/Dec/2024:15:07:55 +0000] "GET /wp-content/uploads/2023/04/greenland-1.png HTTP/1.1" 200 839546 "http://aranda.devuocloud.com/wp-admin/upload.php" "Mozilla/5.0 (Windows NT 10.0; Win64; x64) AppleWebKit/537.36 (KHTML, like Gecko) Chrome/131.0.0.0 Safari/537.36"
191.80.140.62 - - [12/Dec/2024:15:07:55 +0000] "GET /wp-content/uploads/2023/04/rain_diverters.png HTTP/1.1" 200 12450 "http://aranda.devuocloud.com/wp-admin/upload.php" "Mozilla/5.0 (Windows NT 10.0; Win64; x64) AppleWebKit/537.36 (KHTML, like Gecko) Chrome/131.0.0.0 Safari/537.36"
191.80.140.62 - - [12/Dec/2024:15:07:55 +0000] "GET /wp-content/uploads/2023/04/Timberline%C2%AEAH-AppalachianSky-e2584f2b-1.png HTTP/1.1" 200 57314 "http://aranda.devuocloud.com/wp-admin/upload.php" "Mozilla/5.0 (Windows NT 10.0; Win64; x64) AppleWebKit/537.36 (KHTML, like Gecko) Chrome/131.0.0.0 Safari/537.36"
191.80.140.62 - - [12/Dec/2024:15:07:55 +0000] "GET /wp-content/uploads/2023/04/banner_gutter-mb.png HTTP/1.1" 200 191979 "http://aranda.devuocloud.com/wp-admin/upload.php" "Mozilla/5.0 (Windows NT 10.0; Win64; x64) AppleWebKit/537.36 (KHTML, like Gecko) Chrome/131.0.0.0 Safari/537.36"
191.80.140.62 - - [12/Dec/2024:15:07:55 +0000] "GET /wp-content/uploads/2023/04/Timberline%C2%AECS-AntiqueSlate-8f5248c6-1-150x150.png HTTP/1.1" 200 40998 "http://aranda.devuocloud.com/wp-admin/upload.php" "Mozilla/5.0 (Windows NT 10.0; Win64; x64) AppleWebKit/537.36 (KHTML, like Gecko) Chrome/131.0.0.0 Safari/537.36"
191.80.140.62 - - [12/Dec/2024:15:07:55 +0000] "GET /wp-content/uploads/2023/04/Timberline%C2%AEAH-SaddkewoodRanch-aad55006-1.png HTTP/1.1" 200 69730 "http://aranda.devuocloud.com/wp-admin/upload.php" "Mozilla/5.0 (Windows NT 10.0; Win64; x64) AppleWebKit/537.36 (KHTML, like Gecko) Chrome/131.0.0.0 Safari/537.36"
191.80.140.62 - - [12/Dec/2024:15:07:56 +0000] "GET /wp-content/uploads/2023/04/Timberline%C2%AEUHDwithDualShadowLine-FoxHollowGray-2b899b63-1.png HTTP/1.1" 200 60223 "http://aranda.devuocloud.com/wp-admin/upload.php" "Mozilla/5.0 (Windows NT 10.0; Win64; x64) AppleWebKit/537.36 (KHTML, like Gecko) Chrome/131.0.0.0 Safari/537.36"
191.80.140.62 - - [12/Dec/2024:15:07:56 +0000] "GET /wp-content/uploads/2023/04/mob-hero-208x300.png HTTP/1.1" 200 82700 "http://aranda.devuocloud.com/wp-admin/upload.php" "Mozilla/5.0 (Windows NT 10.0; Win64; x64) AppleWebKit/537.36 (KHTML, like Gecko) Chrome/131.0.0.0 Safari/537.36"
191.80.140.62 - - [12/Dec/2024:15:07:56 +0000] "GET /wp-content/uploads/2023/04/callUs.png HTTP/1.1" 200 2235 "http://aranda.devuocloud.com/wp-admin/upload.php" "Mozilla/5.0 (Windows NT 10.0; Win64; x64) AppleWebKit/537.36 (KHTML, like Gecko) Chrome/131.0.0.0 Safari/537.36"
191.80.140.62 - - [12/Dec/2024:15:07:56 +0000] "GET /wp-content/uploads/2023/04/img-gutter.png HTTP/1.1" 200 624859 "http://aranda.devuocloud.com/wp-admin/upload.php" "Mozilla/5.0 (Windows NT 10.0; Win64; x64) AppleWebKit/537.36 (KHTML, like Gecko) Chrome/131.0.0.0 Safari/537.36"
191.80.140.62 - - [12/Dec/2024:15:07:56 +0000] "GET /wp-content/uploads/2023/04/banner_gutter-300x46.png HTTP/1.1" 200 21601 "http://aranda.devuocloud.com/wp-admin/upload.php" "Mozilla/5.0 (Windows NT 10.0; Win64; x64) AppleWebKit/537.36 (KHTML, like Gecko) Chrome/131.0.0.0 Safari/537.36"
191.80.140.62 - - [12/Dec/2024:15:07:56 +0000] "GET /wp-content/uploads/2023/04/greenland-300x214.png HTTP/1.1" 200 40914 "http://aranda.devuocloud.com/wp-admin/upload.php" "Mozilla/5.0 (Windows NT 10.0; Win64; x64) AppleWebKit/537.36 (KHTML, like Gecko) Chrome/131.0.0.0 Safari/537.36"
191.80.140.62 - - [12/Dec/2024:15:07:56 +0000] "GET /wp-content/uploads/2023/04/work.png HTTP/1.1" 200 60736 "http://aranda.devuocloud.com/wp-admin/upload.php" "Mozilla/5.0 (Windows NT 10.0; Win64; x64) AppleWebKit/537.36 (KHTML, like Gecko) Chrome/131.0.0.0 Safari/537.36"
191.80.140.62 - - [12/Dec/2024:15:07:56 +0000] "GET /wp-content/uploads/2023/04/mapa1.png HTTP/1.1" 200 209800 "http://aranda.devuocloud.com/wp-admin/upload.php" "Mozilla/5.0 (Windows NT 10.0; Win64; x64) AppleWebKit/537.36 (KHTML, like Gecko) Chrome/131.0.0.0 Safari/537.36"
191.80.140.62 - - [12/Dec/2024:15:07:56 +0000] "GET /wp-content/uploads/2023/04/Timberline%C2%AEAH-GoldenHarvest-8a34d6aa-1-150x150.png HTTP/1.1" 200 43692 "http://aranda.devuocloud.com/wp-admin/upload.php" "Mozilla/5.0 (Windows NT 10.0; Win64; x64) AppleWebKit/537.36 (KHTML, like Gecko) Chrome/131.0.0.0 Safari/537.36"
191.80.140.62 - - [12/Dec/2024:15:07:56 +0000] "GET /wp-content/uploads/2023/04/TimberlineHD%C2%AE-MissionBrown-20a48b27-1.png HTTP/1.1" 200 71727 "http://aranda.devuocloud.com/wp-admin/upload.php" "Mozilla/5.0 (Windows NT 10.0; Win64; x64) AppleWebKit/537.36 (KHTML, like Gecko) Chrome/131.0.0.0 Safari/537.36"
191.80.140.62 - - [12/Dec/2024:15:07:56 +0000] "GET /wp-content/uploads/2023/04/Timberline%C2%AEHDZ%E2%84%A2-MissionBrown-db5effc9-1-150x150.png HTTP/1.1" 200 44443 "http://aranda.devuocloud.com/wp-admin/upload.php" "Mozilla/5.0 (Windows NT 10.0; Win64; x64) AppleWebKit/537.36 (KHTML, like Gecko) Chrome/131.0.0.0 Safari/537.36"
191.80.140.62 - - [12/Dec/2024:15:07:56 +0000] "GET /wp-content/uploads/2023/04/Timberline%C2%AEASII-PewterGray-6ae218af-1.png HTTP/1.1" 200 60276 "http://aranda.devuocloud.com/wp-admin/upload.php" "Mozilla/5.0 (Windows NT 10.0; Win64; x64) AppleWebKit/537.36 (KHTML, like Gecko) Chrome/131.0.0.0 Safari/537.36"
191.80.140.62 - - [12/Dec/2024:15:07:56 +0000] "GET /wp-content/uploads/2023/04/Timberline%C2%AENS-PewterGray-1e817a35-1-150x150.png HTTP/1.1" 200 36861 "http://aranda.devuocloud.com/wp-admin/upload.php" "Mozilla/5.0 (Windows NT 10.0; Win64; x64) AppleWebKit/537.36 (KHTML, like Gecko) Chrome/131.0.0.0 Safari/537.36"
191.80.140.62 - - [12/Dec/2024:15:07:56 +0000] "GET /wp-content/uploads/2023/04/TimberlineHD%C2%AE-Charcoal-059daf9f-1-1-150x150.png HTTP/1.1" 200 35300 "http://aranda.devuocloud.com/wp-admin/upload.php" "Mozilla/5.0 (Windows NT 10.0; Win64; x64) AppleWebKit/537.36 (KHTML, like Gecko) Chrome/131.0.0.0 Safari/537.36"
191.80.140.62 - - [12/Dec/2024:15:07:56 +0000] "GET /wp-content/uploads/2023/04/TimberlineHD%C2%AE-Charcoal-059daf9f-1.png HTTP/1.1" 200 58875 "http://aranda.devuocloud.com/wp-admin/upload.php" "Mozilla/5.0 (Windows NT 10.0; Win64; x64) AppleWebKit/537.36 (KHTML, like Gecko) Chrome/131.0.0.0 Safari/537.36"
191.80.140.62 - - [12/Dec/2024:15:07:56 +0000] "GET /wp-content/uploads/2023/04/Timberline%C2%AEHDZ%E2%84%A2-Charcoal-4b8524d8-1.png HTTP/1.1" 200 58667 "http://aranda.devuocloud.com/wp-admin/upload.php" "Mozilla/5.0 (Windows NT 10.0; Win64; x64) AppleWebKit/537.36 (KHTML, like Gecko) Chrome/131.0.0.0 Safari/537.36"
191.80.140.62 - - [12/Dec/2024:15:07:56 +0000] "GET /wp-content/uploads/2023/04/Timberline%C2%AEASII-Charcoal-974ebc2c-1-150x150.png HTTP/1.1" 200 35046 "http://aranda.devuocloud.com/wp-admin/upload.php" "Mozilla/5.0 (Windows NT 10.0; Win64; x64) AppleWebKit/537.36 (KHTML, like Gecko) Chrome/131.0.0.0 Safari/537.36"
191.80.140.62 - - [12/Dec/2024:15:07:56 +0000] "GET /wp-content/uploads/2023/04/Timberline%C2%AEUHDwithDualShadowLine-Charcoal-d037e43f-1-150x150.png HTTP/1.1" 200 37127 "http://aranda.devuocloud.com/wp-admin/upload.php" "Mozilla/5.0 (Windows NT 10.0; Win64; x64) AppleWebKit/537.36 (KHTML, like Gecko) Chrome/131.0.0.0 Safari/537.36"
191.80.140.62 - - [12/Dec/2024:15:07:56 +0000] "GET /wp-content/uploads/2023/04/Timberline%C2%AENS-Charcoal-e7977421-1.png HTTP/1.1" 200 58335 "http://aranda.devuocloud.com/wp-admin/upload.php" "Mozilla/5.0 (Windows NT 10.0; Win64; x64) AppleWebKit/537.36 (KHTML, like Gecko) Chrome/131.0.0.0 Safari/537.36"
191.80.140.62 - - [12/Dec/2024:15:07:56 +0000] "GET /wp-content/uploads/2023/04/TimberlineHD%C2%AE-Slate-13c800bf-1-150x150.png HTTP/1.1" 200 38135 "http://aranda.devuocloud.com/wp-admin/upload.php" "Mozilla/5.0 (Windows NT 10.0; Win64; x64) AppleWebKit/537.36 (KHTML, like Gecko) Chrome/131.0.0.0 Safari/537.36"
191.80.140.62 - - [12/Dec/2024:15:07:56 +0000] "GET /wp-content/uploads/2023/04/Timberline%C2%AEUHDwithDualShadowLine-Slate-e4dd6f08-1-150x150.png HTTP/1.1" 200 39977 "http://aranda.devuocloud.com/wp-admin/upload.php" "Mozilla/5.0 (Windows NT 10.0; Win64; x64) AppleWebKit/537.36 (KHTML, like Gecko) Chrome/131.0.0.0 Safari/537.36"
191.80.140.62 - - [12/Dec/2024:15:07:56 +0000] "GET /wp-content/uploads/2023/04/Timberline%C2%AEUHDwithDualShadowLine-HunterGreen-1fb0141f-1-150x150.png HTTP/1.1" 200 41156 "http://aranda.devuocloud.com/wp-admin/upload.php" "Mozilla/5.0 (Windows NT 10.0; Win64; x64) AppleWebKit/537.36 (KHTML, like Gecko) Chrome/131.0.0.0 Safari/537.36"
191.80.140.62 - - [12/Dec/2024:15:07:56 +0000] "GET /wp-content/uploads/2023/04/Timberline%C2%AEHDZ%E2%84%A2-Slate-d29f3465-1.png HTTP/1.1" 200 62287 "http://aranda.devuocloud.com/wp-admin/upload.php" "Mozilla/5.0 (Windows NT 10.0; Win64; x64) AppleWebKit/537.36 (KHTML, like Gecko) Chrome/131.0.0.0 Safari/537.36"
191.80.140.62 - - [12/Dec/2024:15:07:56 +0000] "GET /wp-content/uploads/2023/04/Timberline%C2%AEHDZ%E2%84%A2-HunterGreen-2390c492-1.png HTTP/1.1" 200 69770 "http://aranda.devuocloud.com/wp-admin/upload.php" "Mozilla/5.0 (Windows NT 10.0; Win64; x64) AppleWebKit/537.36 (KHTML, like Gecko) Chrome/131.0.0.0 Safari/537.36"
191.80.140.62 - - [12/Dec/2024:15:07:57 +0000] "GET /wp-content/uploads/2023/04/TimberlineHD%C2%AE-HunterGreen-41ead5a1-1.png HTTP/1.1" 200 69637 "http://aranda.devuocloud.com/wp-admin/upload.php" "Mozilla/5.0 (Windows NT 10.0; Win64; x64) AppleWebKit/537.36 (KHTML, like Gecko) Chrome/131.0.0.0 Safari/537.36"
191.80.140.62 - - [12/Dec/2024:15:07:57 +0000] "GET /wp-content/uploads/2023/04/Timberline%C2%AEUHDwithDualShadowLine-WeatheredWood-777cee29-1-150x150.png HTTP/1.1" 200 44416 "http://aranda.devuocloud.com/wp-admin/upload.php" "Mozilla/5.0 (Windows NT 10.0; Win64; x64) AppleWebKit/537.36 (KHTML, like Gecko) Chrome/131.0.0.0 Safari/537.36"
191.80.140.62 - - [12/Dec/2024:15:07:57 +0000] "GET /wp-content/uploads/2023/04/Timberline%C2%AEUHDwithDualShadowLine-PatriotRed-b07eaf1e-1-150x150.png HTTP/1.1" 200 46234 "http://aranda.devuocloud.com/wp-admin/upload.php" "Mozilla/5.0 (Windows NT 10.0; Win64; x64) AppleWebKit/537.36 (KHTML, like Gecko) Chrome/131.0.0.0 Safari/537.36"
191.80.140.62 - - [12/Dec/2024:15:07:57 +0000] "GET /wp-content/uploads/2023/04/Timberline%C2%AEASII-WeatheredWood-50aa9405-1-150x150.png HTTP/1.1" 200 44219 "http://aranda.devuocloud.com/wp-admin/upload.php" "Mozilla/5.0 (Windows NT 10.0; Win64; x64) AppleWebKit/537.36 (KHTML, like Gecko) Chrome/131.0.0.0 Safari/537.36"
191.80.140.62 - - [12/Dec/2024:15:07:57 +0000] "GET /wp-content/uploads/2023/04/Timberline%C2%AEHDZ%E2%84%A2-Shakewood-29b4189c-1-150x150.png HTTP/1.1" 200 47319 "http://aranda.devuocloud.com/wp-admin/upload.php" "Mozilla/5.0 (Windows NT 10.0; Win64; x64) AppleWebKit/537.36 (KHTML, like Gecko) Chrome/131.0.0.0 Safari/537.36"
191.80.140.62 - - [12/Dec/2024:15:07:57 +0000] "GET /wp-content/uploads/2023/04/TimberlineHD%C2%AE-PatriotRed-cbbc3c63-1-150x150.png HTTP/1.1" 200 43508 "http://aranda.devuocloud.com/wp-admin/upload.php" "Mozilla/5.0 (Windows NT 10.0; Win64; x64) AppleWebKit/537.36 (KHTML, like Gecko) Chrome/131.0.0.0 Safari/537.36"
191.80.140.62 - - [12/Dec/2024:15:07:57 +0000] "GET /wp-content/uploads/2023/04/Alco.png HTTP/1.1" 200 5116 "http://aranda.devuocloud.com/wp-admin/upload.php" "Mozilla/5.0 (Windows NT 10.0; Win64; x64) AppleWebKit/537.36 (KHTML, like Gecko) Chrome/131.0.0.0 Safari/537.36"
191.80.140.62 - - [12/Dec/2024:15:07:57 +0000] "GET /wp-content/uploads/2023/04/Gaf-150x109.png HTTP/1.1" 200 4526 "http://aranda.devuocloud.com/wp-admin/upload.php" "Mozilla/5.0 (Windows NT 10.0; Win64; x64) AppleWebKit/537.36 (KHTML, like Gecko) Chrome/131.0.0.0 Safari/537.36"
191.80.140.62 - - [12/Dec/2024:15:07:57 +0000] "GET /wp-content/uploads/2023/04/Quikrete.png HTTP/1.1" 200 11785 "http://aranda.devuocloud.com/wp-admin/upload.php" "Mozilla/5.0 (Windows NT 10.0; Win64; x64) AppleWebKit/537.36 (KHTML, like Gecko) Chrome/131.0.0.0 Safari/537.36"
191.80.140.62 - - [12/Dec/2024:15:07:57 +0000] "GET /wp-content/uploads/2023/04/Fastenal-150x109.png HTTP/1.1" 200 5050 "http://aranda.devuocloud.com/wp-admin/upload.php" "Mozilla/5.0 (Windows NT 10.0; Win64; x64) AppleWebKit/537.36 (KHTML, like Gecko) Chrome/131.0.0.0 Safari/537.36"
191.80.140.62 - - [12/Dec/2024:15:07:57 +0000] "GET /wp-content/uploads/2023/04/Velux.png HTTP/1.1" 200 4646 "http://aranda.devuocloud.com/wp-admin/upload.php" "Mozilla/5.0 (Windows NT 10.0; Win64; x64) AppleWebKit/537.36 (KHTML, like Gecko) Chrome/131.0.0.0 Safari/537.36"
191.80.140.62 - - [12/Dec/2024:15:07:57 +0000] "GET /wp-content/uploads/2023/04/Timberline%C2%AEUHDwithDualShadowLine-Shakewood-a6522358-1-150x150.png HTTP/1.1" 200 48932 "http://aranda.devuocloud.com/wp-admin/upload.php" "Mozilla/5.0 (Windows NT 10.0; Win64; x64) AppleWebKit/537.36 (KHTML, like Gecko) Chrome/131.0.0.0 Safari/537.36"
191.80.140.62 - - [12/Dec/2024:15:07:57 +0000] "GET /wp-content/uploads/2023/04/Timberline%C2%AEASII-Shakewood-84889a72-1.png HTTP/1.1" 200 72657 "http://aranda.devuocloud.com/wp-admin/upload.php" "Mozilla/5.0 (Windows NT 10.0; Win64; x64) AppleWebKit/537.36 (KHTML, like Gecko) Chrome/131.0.0.0 Safari/537.36"
191.80.140.62 - - [12/Dec/2024:15:07:57 +0000] "GET /wp-content/uploads/2023/04/Timberline%C2%AENS-Shakewood-43dcf2ff-1-150x150.png HTTP/1.1" 200 44832 "http://aranda.devuocloud.com/wp-admin/upload.php" "Mozilla/5.0 (Windows NT 10.0; Win64; x64) AppleWebKit/537.36 (KHTML, like Gecko) Chrome/131.0.0.0 Safari/537.36"
191.80.140.62 - - [12/Dec/2024:15:07:57 +0000] "GET /wp-content/uploads/2023/04/TimberlineHD%C2%AE-Shakewood-27a34698-1-150x150.png HTTP/1.1" 200 47364 "http://aranda.devuocloud.com/wp-admin/upload.php" "Mozilla/5.0 (Windows NT 10.0; Win64; x64) AppleWebKit/537.36 (KHTML, like Gecko) Chrome/131.0.0.0 Safari/537.36"
191.80.140.62 - - [12/Dec/2024:15:07:57 +0000] "GET /wp-content/uploads/2023/04/TimberlineHD%C2%AE-Barkwood-fe54c847-1.png HTTP/1.1" 200 73673 "http://aranda.devuocloud.com/wp-admin/upload.php" "Mozilla/5.0 (Windows NT 10.0; Win64; x64) AppleWebKit/537.36 (KHTML, like Gecko) Chrome/131.0.0.0 Safari/537.36"
191.80.140.62 - - [12/Dec/2024:15:07:57 +0000] "GET /wp-content/uploads/2023/04/Timberline%C2%AEUHDwithDualShadowline-Barkwood-b44be86b-1-150x150.png HTTP/1.1" 200 45262 "http://aranda.devuocloud.com/wp-admin/upload.php" "Mozilla/5.0 (Windows NT 10.0; Win64; x64) AppleWebKit/537.36 (KHTML, like Gecko) Chrome/131.0.0.0 Safari/537.36"
191.80.140.62 - - [12/Dec/2024:15:07:57 +0000] "GET /wp-content/uploads/2023/04/Timberline%C2%AEUHDwithDualShadowLine-Barkwood-dff44bb8-1-150x150.png HTTP/1.1" 200 44973 "http://aranda.devuocloud.com/wp-admin/upload.php" "Mozilla/5.0 (Windows NT 10.0; Win64; x64) AppleWebKit/537.36 (KHTML, like Gecko) Chrome/131.0.0.0 Safari/537.36"
191.80.140.62 - - [12/Dec/2024:15:07:57 +0000] "GET /wp-content/uploads/2023/04/Timberline%C2%AEHDZ%E2%84%A2-Barkwood-812d129e-1.png HTTP/1.1" 200 74024 "http://aranda.devuocloud.com/wp-admin/upload.php" "Mozilla/5.0 (Windows NT 10.0; Win64; x64) AppleWebKit/537.36 (KHTML, like Gecko) Chrome/131.0.0.0 Safari/537.36"
191.80.140.62 - - [12/Dec/2024:15:07:57 +0000] "GET /wp-content/uploads/2023/04/Timberline%C2%AENS-Barkwood-bb4519b1-1280w-1.png HTTP/1.1" 200 74003 "http://aranda.devuocloud.com/wp-admin/upload.php" "Mozilla/5.0 (Windows NT 10.0; Win64; x64) AppleWebKit/537.36 (KHTML, like Gecko) Chrome/131.0.0.0 Safari/537.36"
191.80.140.62 - - [12/Dec/2024:15:07:57 +0000] "GET /wp-content/uploads/2023/04/Timberline%C2%AEASII-Barkwood-5bb3aedb-1-150x150.png HTTP/1.1" 200 44782 "http://aranda.devuocloud.com/wp-admin/upload.php" "Mozilla/5.0 (Windows NT 10.0; Win64; x64) AppleWebKit/537.36 (KHTML, like Gecko) Chrome/131.0.0.0 Safari/537.36"
191.80.140.62 - - [12/Dec/2024:15:07:57 +0000] "GET /wp-content/uploads/2023/04/Metal.png HTTP/1.1" 200 189714 "http://aranda.devuocloud.com/wp-admin/upload.php" "Mozilla/5.0 (Windows NT 10.0; Win64; x64) AppleWebKit/537.36 (KHTML, like Gecko) Chrome/131.0.0.0 Safari/537.36"
191.80.140.62 - - [12/Dec/2024:15:07:57 +0000] "GET /wp-content/uploads/2023/04/Slate-300x172.png HTTP/1.1" 200 89205 "http://aranda.devuocloud.com/wp-admin/upload.php" "Mozilla/5.0 (Windows NT 10.0; Win64; x64) AppleWebKit/537.36 (KHTML, like Gecko) Chrome/131.0.0.0 Safari/537.36"
191.80.140.62 - - [12/Dec/2024:15:07:57 +0000] "GET /wp-content/uploads/2023/04/Ruber-300x172.png HTTP/1.1" 200 65824 "http://aranda.devuocloud.com/wp-admin/upload.php" "Mozilla/5.0 (Windows NT 10.0; Win64; x64) AppleWebKit/537.36 (KHTML, like Gecko) Chrome/131.0.0.0 Safari/537.36"
191.80.140.62 - - [12/Dec/2024:15:07:58 +0000] "GET /wp-content/uploads/2023/04/icon-_arrow-right.png HTTP/1.1" 200 514 "http://aranda.devuocloud.com/wp-admin/upload.php" "Mozilla/5.0 (Windows NT 10.0; Win64; x64) AppleWebKit/537.36 (KHTML, like Gecko) Chrome/131.0.0.0 Safari/537.36"
146.190.157.162 - - [12/Dec/2024:15:07:59 +0000] "POST /wp-cron.php?doing_wp_cron=1734016079.0968310832977294921875 HTTP/1.1" 200 259 "-" "WordPress/6.7.1; http://aranda.devuocloud.com"
191.80.140.62 - - [12/Dec/2024:15:07:58 +0000] "POST /wp-admin/async-upload.php HTTP/1.1" 200 1097 "http://aranda.devuocloud.com/wp-admin/upload.php" "Mozilla/5.0 (Windows NT 10.0; Win64; x64) AppleWebKit/537.36 (KHTML, like Gecko) Chrome/131.0.0.0 Safari/537.36"
191.80.140.62 - - [12/Dec/2024:15:08:00 +0000] "GET /wp-content/uploads/2024/12/kit_digital-1024x61-1-300x18.png HTTP/1.1" 200 7894 "http://aranda.devuocloud.com/wp-admin/upload.php" "Mozilla/5.0 (Windows NT 10.0; Win64; x64) AppleWebKit/537.36 (KHTML, like Gecko) Chrome/131.0.0.0 Safari/537.36"
191.80.140.62 - - [12/Dec/2024:15:08:21 +0000] "POST /wp-admin/async-upload.php HTTP/1.1" 200 1089 "http://aranda.devuocloud.com/wp-admin/upload.php" "Mozilla/5.0 (Windows NT 10.0; Win64; x64) AppleWebKit/537.36 (KHTML, like Gecko) Chrome/131.0.0.0 Safari/537.36"
191.80.140.62 - - [12/Dec/2024:15:08:23 +0000] "GET /wp-content/uploads/2024/12/favicon-300x300.jpg HTTP/1.1" 200 8027 "http://aranda.devuocloud.com/wp-admin/upload.php" "Mozilla/5.0 (Windows NT 10.0; Win64; x64) AppleWebKit/537.36 (KHTML, like Gecko) Chrome/131.0.0.0 Safari/537.36"
191.80.140.62 - - [12/Dec/2024:15:08:23 +0000] "POST /wp-admin/async-upload.php HTTP/1.1" 200 1085 "http://aranda.devuocloud.com/wp-admin/upload.php" "Mozilla/5.0 (Windows NT 10.0; Win64; x64) AppleWebKit/537.36 (KHTML, like Gecko) Chrome/131.0.0.0 Safari/537.36"
191.80.140.62 - - [12/Dec/2024:15:08:24 +0000] "GET /wp-content/uploads/2024/12/Logo-300x96.png HTTP/1.1" 200 8997 "http://aranda.devuocloud.com/wp-admin/upload.php" "Mozilla/5.0 (Windows NT 10.0; Win64; x64) AppleWebKit/537.36 (KHTML, like Gecko) Chrome/131.0.0.0 Safari/537.36"
191.80.140.62 - - [12/Dec/2024:15:08:24 +0000] "POST /wp-admin/async-upload.php HTTP/1.1" 200 1092 "http://aranda.devuocloud.com/wp-admin/upload.php" "Mozilla/5.0 (Windows NT 10.0; Win64; x64) AppleWebKit/537.36 (KHTML, like Gecko) Chrome/131.0.0.0 Safari/537.36"
191.80.140.62 - - [12/Dec/2024:15:08:25 +0000] "GET /wp-content/uploads/2024/12/Logo-blanco-300x96.png HTTP/1.1" 200 8809 "http://aranda.devuocloud.com/wp-admin/upload.php" "Mozilla/5.0 (Windows NT 10.0; Win64; x64) AppleWebKit/537.36 (KHTML, like Gecko) Chrome/131.0.0.0 Safari/537.36"
191.80.140.62 - - [12/Dec/2024:15:08:25 +0000] "POST /wp-admin/async-upload.php HTTP/1.1" 200 1072 "http://aranda.devuocloud.com/wp-admin/upload.php" "Mozilla/5.0 (Windows NT 10.0; Win64; x64) AppleWebKit/537.36 (KHTML, like Gecko) Chrome/131.0.0.0 Safari/537.36"
191.80.140.62 - - [12/Dec/2024:15:08:26 +0000] "GET /wp-content/uploads/2024/12/Logo-vertical-150x150.png HTTP/1.1" 200 6259 "http://aranda.devuocloud.com/wp-admin/upload.php" "Mozilla/5.0 (Windows NT 10.0; Win64; x64) AppleWebKit/537.36 (KHTML, like Gecko) Chrome/131.0.0.0 Safari/537.36"
191.80.140.62 - - [12/Dec/2024:15:08:26 +0000] "POST /wp-admin/async-upload.php HTTP/1.1" 200 1083 "http://aranda.devuocloud.com/wp-admin/upload.php" "Mozilla/5.0 (Windows NT 10.0; Win64; x64) AppleWebKit/537.36 (KHTML, like Gecko) Chrome/131.0.0.0 Safari/537.36"
191.80.140.62 - - [12/Dec/2024:15:08:27 +0000] "GET /wp-content/uploads/2024/12/Logo-vertical-blanco-150x150.png HTTP/1.1" 200 6228 "http://aranda.devuocloud.com/wp-admin/upload.php" "Mozilla/5.0 (Windows NT 10.0; Win64; x64) AppleWebKit/537.36 (KHTML, like Gecko) Chrome/131.0.0.0 Safari/537.36"
191.80.140.62 - - [12/Dec/2024:15:08:42 +0000] "POST /wp-admin/async-upload.php HTTP/1.1" 200 1087 "http://aranda.devuocloud.com/wp-admin/upload.php" "Mozilla/5.0 (Windows NT 10.0; Win64; x64) AppleWebKit/537.36 (KHTML, like Gecko) Chrome/131.0.0.0 Safari/537.36"
191.80.140.62 - - [12/Dec/2024:15:08:44 +0000] "GET /wp-content/uploads/2024/12/3d-300x172.jpg HTTP/1.1" 200 12407 "http://aranda.devuocloud.com/wp-admin/upload.php" "Mozilla/5.0 (Windows NT 10.0; Win64; x64) AppleWebKit/537.36 (KHTML, like Gecko) Chrome/131.0.0.0 Safari/537.36"
191.80.140.62 - - [12/Dec/2024:15:08:44 +0000] "POST /wp-admin/async-upload.php HTTP/1.1" 200 1090 "http://aranda.devuocloud.com/wp-admin/upload.php" "Mozilla/5.0 (Windows NT 10.0; Win64; x64) AppleWebKit/537.36 (KHTML, like Gecko) Chrome/131.0.0.0 Safari/537.36"
191.80.140.62 - - [12/Dec/2024:15:08:45 +0000] "GET /wp-content/uploads/2024/12/cedula-300x172.jpg HTTP/1.1" 200 12632 "http://aranda.devuocloud.com/wp-admin/upload.php" "Mozilla/5.0 (Windows NT 10.0; Win64; x64) AppleWebKit/537.36 (KHTML, like Gecko) Chrome/131.0.0.0 Safari/537.36"
