191.80.140.62 - - [12/Dec/2024:18:29:44 +0000] "GET /wp-content/uploads/2024/12/Logo-vertical-150x150.png HTTP/1.1" 304 249 "http://aranda.devuocloud.com/wp-admin/post.php?post=862&action=edit" "Mozilla/5.0 (Windows NT 10.0; Win64; x64) AppleWebKit/537.36 (KHTML, like Gecko) Chrome/131.0.0.0 Safari/537.36"
191.80.140.62 - - [12/Dec/2024:18:29:44 +0000] "GET /wp-content/uploads/2024/12/favicon-300x300.jpg HTTP/1.1" 304 250 "http://aranda.devuocloud.com/wp-admin/post.php?post=862&action=edit" "Mozilla/5.0 (Windows NT 10.0; Win64; x64) AppleWebKit/537.36 (KHTML, like Gecko) Chrome/131.0.0.0 Safari/537.36"
191.80.140.62 - - [12/Dec/2024:18:29:44 +0000] "GET /wp-content/uploads/2024/12/architect-254579_1920-300x199.jpg HTTP/1.1" 304 250 "http://aranda.devuocloud.com/wp-admin/post.php?post=862&action=edit" "Mozilla/5.0 (Windows NT 10.0; Win64; x64) AppleWebKit/537.36 (KHTML, like Gecko) Chrome/131.0.0.0 Safari/537.36"
191.80.140.62 - - [12/Dec/2024:18:29:44 +0000] "GET /wp-content/uploads/2024/12/ite-300x172.jpg HTTP/1.1" 304 250 "http://aranda.devuocloud.com/wp-admin/post.php?post=862&action=edit" "Mozilla/5.0 (Windows NT 10.0; Win64; x64) AppleWebKit/537.36 (KHTML, like Gecko) Chrome/131.0.0.0 Safari/537.36"
191.80.140.62 - - [12/Dec/2024:18:29:45 +0000] "GET /wp-content/uploads/2024/12/business-2717427_1920-300x200.jpg HTTP/1.1" 304 249 "http://aranda.devuocloud.com/wp-admin/post.php?post=862&action=edit" "Mozilla/5.0 (Windows NT 10.0; Win64; x64) AppleWebKit/537.36 (KHTML, like Gecko) Chrome/131.0.0.0 Safari/537.36"
191.80.140.62 - - [12/Dec/2024:18:29:45 +0000] "GET /wp-content/uploads/2024/12/3d-300x172.jpg HTTP/1.1" 304 249 "http://aranda.devuocloud.com/wp-admin/post.php?post=862&action=edit" "Mozilla/5.0 (Windows NT 10.0; Win64; x64) AppleWebKit/537.36 (KHTML, like Gecko) Chrome/131.0.0.0 Safari/537.36"
191.80.140.62 - - [12/Dec/2024:18:29:45 +0000] "GET /wp-content/uploads/2024/12/Logo-vertical-blanco-150x150.png HTTP/1.1" 304 249 "http://aranda.devuocloud.com/wp-admin/post.php?post=862&action=edit" "Mozilla/5.0 (Windows NT 10.0; Win64; x64) AppleWebKit/537.36 (KHTML, like Gecko) Chrome/131.0.0.0 Safari/537.36"
191.80.140.62 - - [12/Dec/2024:18:29:45 +0000] "GET /wp-content/uploads/2024/12/cedula-300x172.jpg HTTP/1.1" 304 249 "http://aranda.devuocloud.com/wp-admin/post.php?post=862&action=edit" "Mozilla/5.0 (Windows NT 10.0; Win64; x64) AppleWebKit/537.36 (KHTML, like Gecko) Chrome/131.0.0.0 Safari/537.36"
191.80.140.62 - - [12/Dec/2024:18:29:45 +0000] "GET /wp-content/uploads/2024/12/kit_digital-1024x61-1-300x18.png HTTP/1.1" 304 249 "http://aranda.devuocloud.com/wp-admin/post.php?post=862&action=edit" "Mozilla/5.0 (Windows NT 10.0; Win64; x64) AppleWebKit/537.36 (KHTML, like Gecko) Chrome/131.0.0.0 Safari/537.36"
191.80.140.62 - - [12/Dec/2024:18:29:45 +0000] "GET /wp-content/uploads/2024/12/plan-300x172.jpg HTTP/1.1" 304 249 "http://aranda.devuocloud.com/wp-admin/post.php?post=862&action=edit" "Mozilla/5.0 (Windows NT 10.0; Win64; x64) AppleWebKit/537.36 (KHTML, like Gecko) Chrome/131.0.0.0 Safari/537.36"
191.80.140.62 - - [12/Dec/2024:18:29:45 +0000] "GET /wp-content/uploads/2024/12/Logo-blanco-300x96.png HTTP/1.1" 304 249 "http://aranda.devuocloud.com/wp-admin/post.php?post=862&action=edit" "Mozilla/5.0 (Windows NT 10.0; Win64; x64) AppleWebKit/537.36 (KHTML, like Gecko) Chrome/131.0.0.0 Safari/537.36"
191.80.140.62 - - [12/Dec/2024:18:29:45 +0000] "GET /wp-content/uploads/2024/12/Logo-300x96.png HTTP/1.1" 304 249 "http://aranda.devuocloud.com/wp-admin/post.php?post=862&action=edit" "Mozilla/5.0 (Windows NT 10.0; Win64; x64) AppleWebKit/537.36 (KHTML, like Gecko) Chrome/131.0.0.0 Safari/537.36"
191.80.140.62 - - [12/Dec/2024:18:29:45 +0000] "GET /wp-content/uploads/2024/12/building-6848037_1920-300x200.jpg HTTP/1.1" 304 249 "http://aranda.devuocloud.com/wp-admin/post.php?post=862&action=edit" "Mozilla/5.0 (Windows NT 10.0; Win64; x64) AppleWebKit/537.36 (KHTML, like Gecko) Chrome/131.0.0.0 Safari/537.36"
191.80.140.62 - - [12/Dec/2024:18:29:45 +0000] "GET /wp-content/uploads/2024/12/certificado_energetico-300x172.png HTTP/1.1" 304 250 "http://aranda.devuocloud.com/wp-admin/post.php?post=862&action=edit" "Mozilla/5.0 (Windows NT 10.0; Win64; x64) AppleWebKit/537.36 (KHTML, like Gecko) Chrome/131.0.0.0 Safari/537.36"
191.80.140.62 - - [12/Dec/2024:18:29:45 +0000] "GET /wp-content/uploads/2024/12/home-back-300x223.jpg HTTP/1.1" 304 248 "http://aranda.devuocloud.com/wp-admin/post.php?post=862&action=edit" "Mozilla/5.0 (Windows NT 10.0; Win64; x64) AppleWebKit/537.36 (KHTML, like Gecko) Chrome/131.0.0.0 Safari/537.36"
191.80.140.62 - - [12/Dec/2024:18:29:45 +0000] "GET /wp-content/uploads/2024/12/hero-home-300x142.jpg HTTP/1.1" 304 248 "http://aranda.devuocloud.com/wp-admin/post.php?post=862&action=edit" "Mozilla/5.0 (Windows NT 10.0; Win64; x64) AppleWebKit/537.36 (KHTML, like Gecko) Chrome/131.0.0.0 Safari/537.36"
191.80.140.62 - - [12/Dec/2024:18:29:45 +0000] "GET /wp-content/uploads/2024/12/table-3311791_1920-300x200.jpg HTTP/1.1" 304 249 "http://aranda.devuocloud.com/wp-admin/post.php?post=862&action=edit" "Mozilla/5.0 (Windows NT 10.0; Win64; x64) AppleWebKit/537.36 (KHTML, like Gecko) Chrome/131.0.0.0 Safari/537.36"
191.80.140.62 - - [12/Dec/2024:18:29:45 +0000] "GET /wp-content/uploads/2024/12/planning-3536753_1920-300x200.jpg HTTP/1.1" 304 249 "http://aranda.devuocloud.com/wp-admin/post.php?post=862&action=edit" "Mozilla/5.0 (Windows NT 10.0; Win64; x64) AppleWebKit/537.36 (KHTML, like Gecko) Chrome/131.0.0.0 Safari/537.36"
191.80.140.62 - - [12/Dec/2024:18:29:45 +0000] "GET /wp-content/uploads/2024/12/meeting-2284501_1920-300x188.jpg HTTP/1.1" 304 249 "http://aranda.devuocloud.com/wp-admin/post.php?post=862&action=edit" "Mozilla/5.0 (Windows NT 10.0; Win64; x64) AppleWebKit/537.36 (KHTML, like Gecko) Chrome/131.0.0.0 Safari/537.36"
191.80.140.62 - - [12/Dec/2024:18:29:47 +0000] "GET /wp-json/wp/v2/media/1219?context=edit&_locale=user HTTP/1.1" 200 7118 "http://aranda.devuocloud.com/wp-admin/post.php?post=862&action=edit" "Mozilla/5.0 (Windows NT 10.0; Win64; x64) AppleWebKit/537.36 (KHTML, like Gecko) Chrome/131.0.0.0 Safari/537.36"
191.80.140.62 - - [12/Dec/2024:18:29:47 +0000] "GET /wp-json/wp/v2/media/1219?context=view&_locale=user HTTP/1.1" 200 6552 "http://aranda.devuocloud.com/wp-admin/post.php?post=862&action=edit" "Mozilla/5.0 (Windows NT 10.0; Win64; x64) AppleWebKit/537.36 (KHTML, like Gecko) Chrome/131.0.0.0 Safari/537.36"
191.80.140.62 - - [12/Dec/2024:18:29:48 +0000] "GET /wp-content/uploads/2024/12/planning-3536753_1920-1024x683.jpg HTTP/1.1" 304 250 "http://aranda.devuocloud.com/wp-admin/post.php?post=862&action=edit" "Mozilla/5.0 (Windows NT 10.0; Win64; x64) AppleWebKit/537.36 (KHTML, like Gecko) Chrome/131.0.0.0 Safari/537.36"
191.80.140.62 - - [12/Dec/2024:18:29:49 +0000] "GET /wp-content/uploads/2024/12/planning-3536753_1920.jpg HTTP/1.1" 304 250 "http://aranda.devuocloud.com/wp-admin/post.php?post=862&action=edit" "Mozilla/5.0 (Windows NT 10.0; Win64; x64) AppleWebKit/537.36 (KHTML, like Gecko) Chrome/131.0.0.0 Safari/537.36"
191.80.140.62 - - [12/Dec/2024:18:29:51 +0000] "POST /wp-admin/admin-ajax.php HTTP/1.1" 200 654 "http://aranda.devuocloud.com/wp-admin/post.php?post=862&action=edit" "Mozilla/5.0 (Windows NT 10.0; Win64; x64) AppleWebKit/537.36 (KHTML, like Gecko) Chrome/131.0.0.0 Safari/537.36"
191.80.140.62 - - [12/Dec/2024:18:30:01 +0000] "POST /wp-admin/admin-ajax.php HTTP/1.1" 200 655 "http://aranda.devuocloud.com/wp-admin/post.php?post=862&action=edit" "Mozilla/5.0 (Windows NT 10.0; Win64; x64) AppleWebKit/537.36 (KHTML, like Gecko) Chrome/131.0.0.0 Safari/537.36"
146.190.157.162 - - [12/Dec/2024:18:30:02 +0000] "POST /wp-cron.php?doing_wp_cron=1734028202.2466599941253662109375 HTTP/1.1" 200 259 "-" "WordPress/6.7.1; http://aranda.devuocloud.com"
191.80.140.62 - - [12/Dec/2024:18:30:10 +0000] "POST /wp-json/wp/v2/pages/862?_locale=user HTTP/1.1" 200 54503 "http://aranda.devuocloud.com/wp-admin/post.php?post=862&action=edit" "Mozilla/5.0 (Windows NT 10.0; Win64; x64) AppleWebKit/537.36 (KHTML, like Gecko) Chrome/131.0.0.0 Safari/537.36"
191.80.140.62 - - [12/Dec/2024:18:30:11 +0000] "POST /wp-admin/admin-ajax.php HTTP/1.1" 200 655 "http://aranda.devuocloud.com/wp-admin/post.php?post=862&action=edit" "Mozilla/5.0 (Windows NT 10.0; Win64; x64) AppleWebKit/537.36 (KHTML, like Gecko) Chrome/131.0.0.0 Safari/537.36"
191.80.140.62 - - [12/Dec/2024:18:30:11 +0000] "POST /wp-admin/post.php?post=862&action=edit&meta-box-loader=1&meta-box-loader-nonce=bc864fd4d2&_locale=user HTTP/1.1" 302 511 "http://aranda.devuocloud.com/wp-admin/post.php?post=862&action=edit" "Mozilla/5.0 (Windows NT 10.0; Win64; x64) AppleWebKit/537.36 (KHTML, like Gecko) Chrome/131.0.0.0 Safari/537.36"
191.80.140.62 - - [12/Dec/2024:18:30:11 +0000] "GET /wp-admin/%22/wp-content/uploads/2023/04/call-banner.png%22 HTTP/1.1" 301 452 "http://aranda.devuocloud.com/wp-admin/post.php?post=862&action=edit" "Mozilla/5.0 (Windows NT 10.0; Win64; x64) AppleWebKit/537.36 (KHTML, like Gecko) Chrome/131.0.0.0 Safari/537.36"
191.80.140.62 - - [12/Dec/2024:18:30:12 +0000] "GET /wp-admin/post.php?post=862&action=edit&message=4 HTTP/1.1" 200 163646 "http://aranda.devuocloud.com/wp-admin/post.php?post=862&action=edit" "Mozilla/5.0 (Windows NT 10.0; Win64; x64) AppleWebKit/537.36 (KHTML, like Gecko) Chrome/131.0.0.0 Safari/537.36"
191.80.140.62 - - [12/Dec/2024:18:30:13 +0000] "GET /wp-admin/%22/wp-content/uploads/2023/04/call-banner.png HTTP/1.1" 404 47229 "http://aranda.devuocloud.com/wp-admin/post.php?post=862&action=edit" "Mozilla/5.0 (Windows NT 10.0; Win64; x64) AppleWebKit/537.36 (KHTML, like Gecko) Chrome/131.0.0.0 Safari/537.36"
191.80.140.62 - - [12/Dec/2024:18:30:15 +0000] "POST /wp-admin/admin-ajax.php HTTP/1.1" 200 549 "http://aranda.devuocloud.com/wp-admin/post.php?post=862&action=edit" "Mozilla/5.0 (Windows NT 10.0; Win64; x64) AppleWebKit/537.36 (KHTML, like Gecko) Chrome/131.0.0.0 Safari/537.36"
191.80.140.62 - - [12/Dec/2024:18:30:15 +0000] "GET /wp-admin/edit.php?post_type=page HTTP/1.1" 200 22260 "http://aranda.devuocloud.com/wp-admin/post.php?post=862&action=edit" "Mozilla/5.0 (Windows NT 10.0; Win64; x64) AppleWebKit/537.36 (KHTML, like Gecko) Chrome/131.0.0.0 Safari/537.36"
191.80.140.62 - - [12/Dec/2024:18:30:17 +0000] "POST /wp-admin/admin-ajax.php HTTP/1.1" 200 603 "http://aranda.devuocloud.com/wp-admin/edit.php?post_type=page" "Mozilla/5.0 (Windows NT 10.0; Win64; x64) AppleWebKit/537.36 (KHTML, like Gecko) Chrome/131.0.0.0 Safari/537.36"
191.80.140.62 - - [12/Dec/2024:18:30:20 +0000] "GET /servicios/?et_fb=1&PageSpeed=off HTTP/1.1" 200 81399 "http://aranda.devuocloud.com/wp-admin/edit.php?post_type=page" "Mozilla/5.0 (Windows NT 10.0; Win64; x64) AppleWebKit/537.36 (KHTML, like Gecko) Chrome/131.0.0.0 Safari/537.36"
191.80.140.62 - - [12/Dec/2024:18:30:23 +0000] "GET /wp-content/et-cache/es_ES/helpers-page-17340165807986.js?ver=4.9.1 HTTP/1.1" 200 75412 "-" "Mozilla/5.0 (Windows NT 10.0; Win64; x64) AppleWebKit/537.36 (KHTML, like Gecko) Chrome/131.0.0.0 Safari/537.36"
191.80.140.62 - - [12/Dec/2024:18:30:23 +0000] "GET /wp-content/et-cache/es_ES/definitions-page-17340165809514.js?ver=4.9.1 HTTP/1.1" 200 205520 "-" "Mozilla/5.0 (Windows NT 10.0; Win64; x64) AppleWebKit/537.36 (KHTML, like Gecko) Chrome/131.0.0.0 Safari/537.36"
191.80.140.62 - - [12/Dec/2024:18:30:26 +0000] "GET /?et_pb_preview=true&et_pb_preview_nonce=eb2bb77b85&iframe_id=et-fb-preview-1734028225336-582 HTTP/1.1" 200 9622 "-" "Mozilla/5.0 (Windows NT 10.0; Win64; x64) AppleWebKit/537.36 (KHTML, like Gecko) Chrome/131.0.0.0 Safari/537.36"
191.80.140.62 - - [12/Dec/2024:18:30:26 +0000] "GET /?et_pb_preview=true&et_pb_preview_nonce=eb2bb77b85&iframe_id=et-fb-preview-1734028225468-146 HTTP/1.1" 200 9623 "-" "Mozilla/5.0 (Windows NT 10.0; Win64; x64) AppleWebKit/537.36 (KHTML, like Gecko) Chrome/131.0.0.0 Safari/537.36"
191.80.140.62 - - [12/Dec/2024:18:30:25 +0000] "POST /wp-admin/admin-ajax.php?lang=es_ES HTTP/1.1" 200 755 "-" "Mozilla/5.0 (Windows NT 10.0; Win64; x64) AppleWebKit/537.36 (KHTML, like Gecko) Chrome/131.0.0.0 Safari/537.36"
191.80.140.62 - - [12/Dec/2024:18:30:26 +0000] "GET /?et_pb_preview=true&et_pb_preview_nonce=eb2bb77b85&iframe_id=et-fb-preview-1734028225508-971 HTTP/1.1" 200 9623 "-" "Mozilla/5.0 (Windows NT 10.0; Win64; x64) AppleWebKit/537.36 (KHTML, like Gecko) Chrome/131.0.0.0 Safari/537.36"
191.80.140.62 - - [12/Dec/2024:18:30:27 +0000] "POST /wp-admin/admin-ajax.php HTTP/1.1" 200 603 "http://aranda.devuocloud.com/wp-admin/edit.php?post_type=page" "Mozilla/5.0 (Windows NT 10.0; Win64; x64) AppleWebKit/537.36 (KHTML, like Gecko) Chrome/131.0.0.0 Safari/537.36"
191.80.140.62 - - [12/Dec/2024:18:30:28 +0000] "POST /?et_pb_preview=true&et_pb_preview_nonce=eb2bb77b85&iframe_id=et-fb-preview-1734028225336-582 HTTP/1.1" 200 10798 "http://aranda.devuocloud.com/?et_pb_preview=true&et_pb_preview_nonce=eb2bb77b85&iframe_id=et-fb-preview-1734028225336-582" "Mozilla/5.0 (Windows NT 10.0; Win64; x64) AppleWebKit/537.36 (KHTML, like Gecko) Chrome/131.0.0.0 Safari/537.36"
191.80.140.62 - - [12/Dec/2024:18:30:28 +0000] "POST /?et_pb_preview=true&et_pb_preview_nonce=eb2bb77b85&iframe_id=et-fb-preview-1734028225508-971 HTTP/1.1" 200 10355 "http://aranda.devuocloud.com/?et_pb_preview=true&et_pb_preview_nonce=eb2bb77b85&iframe_id=et-fb-preview-1734028225508-971" "Mozilla/5.0 (Windows NT 10.0; Win64; x64) AppleWebKit/537.36 (KHTML, like Gecko) Chrome/131.0.0.0 Safari/537.36"
191.80.140.62 - - [12/Dec/2024:18:30:28 +0000] "POST /?et_pb_preview=true&et_pb_preview_nonce=eb2bb77b85&iframe_id=et-fb-preview-1734028225468-146 HTTP/1.1" 200 10780 "http://aranda.devuocloud.com/?et_pb_preview=true&et_pb_preview_nonce=eb2bb77b85&iframe_id=et-fb-preview-1734028225468-146" "Mozilla/5.0 (Windows NT 10.0; Win64; x64) AppleWebKit/537.36 (KHTML, like Gecko) Chrome/131.0.0.0 Safari/537.36"
191.80.140.62 - - [12/Dec/2024:18:30:33 +0000] "GET /wp-json/contact-form-7/v1/contact-forms/179/feedback/schema HTTP/1.1" 200 1983 "http://aranda.devuocloud.com/?et_pb_preview=true&et_pb_preview_nonce=eb2bb77b85&iframe_id=et-fb-preview-1734028225508-971" "Mozilla/5.0 (Windows NT 10.0; Win64; x64) AppleWebKit/537.36 (KHTML, like Gecko) Chrome/131.0.0.0 Safari/537.36"
191.80.140.62 - - [12/Dec/2024:18:30:47 +0000] "POST /wp-admin/admin-ajax.php HTTP/1.1" 200 114451 "http://aranda.devuocloud.com/servicios/?et_fb=1&PageSpeed=off" "Mozilla/5.0 (Windows NT 10.0; Win64; x64) AppleWebKit/537.36 (KHTML, like Gecko) Chrome/131.0.0.0 Safari/537.36"
146.190.157.162 - - [12/Dec/2024:18:31:25 +0000] "POST /wp-cron.php?doing_wp_cron=1734028285.2100350856781005859375 HTTP/1.1" 200 259 "-" "WordPress/6.7.1; http://aranda.devuocloud.com"
191.80.140.62 - - [12/Dec/2024:18:31:24 +0000] "POST /wp-admin/admin-ajax.php HTTP/1.1" 200 1043 "-" "Mozilla/5.0 (Windows NT 10.0; Win64; x64) AppleWebKit/537.36 (KHTML, like Gecko) Chrome/131.0.0.0 Safari/537.36"
146.190.157.162 - - [12/Dec/2024:18:32:29 +0000] "POST /wp-cron.php?doing_wp_cron=1734028349.7029290199279785156250 HTTP/1.1" 200 259 "-" "WordPress/6.7.1; http://aranda.devuocloud.com"
191.80.140.62 - - [12/Dec/2024:18:32:29 +0000] "POST /wp-admin/admin-ajax.php HTTP/1.1" 200 604 "http://aranda.devuocloud.com/wp-admin/edit.php?post_type=page" "Mozilla/5.0 (Windows NT 10.0; Win64; x64) AppleWebKit/537.36 (KHTML, like Gecko) Chrome/131.0.0.0 Safari/537.36"
191.80.140.62 - - [12/Dec/2024:18:32:32 +0000] "POST /wp-admin/async-upload.php HTTP/1.1" 200 1120 "http://aranda.devuocloud.com/servicios/?et_fb=1&PageSpeed=off" "Mozilla/5.0 (Windows NT 10.0; Win64; x64) AppleWebKit/537.36 (KHTML, like Gecko) Chrome/131.0.0.0 Safari/537.36"
191.80.140.62 - - [12/Dec/2024:18:32:35 +0000] "GET /wp-content/uploads/2024/12/hero-contacto-300x142.jpg HTTP/1.1" 200 4441 "http://aranda.devuocloud.com/servicios/?et_fb=1&PageSpeed=off" "Mozilla/5.0 (Windows NT 10.0; Win64; x64) AppleWebKit/537.36 (KHTML, like Gecko) Chrome/131.0.0.0 Safari/537.36"
191.80.140.62 - - [12/Dec/2024:18:32:35 +0000] "POST /wp-admin/async-upload.php HTTP/1.1" 200 1122 "http://aranda.devuocloud.com/servicios/?et_fb=1&PageSpeed=off" "Mozilla/5.0 (Windows NT 10.0; Win64; x64) AppleWebKit/537.36 (KHTML, like Gecko) Chrome/131.0.0.0 Safari/537.36"
191.80.140.62 - - [12/Dec/2024:18:32:38 +0000] "GET /wp-content/uploads/2024/12/hero-servicios-300x142.jpg HTTP/1.1" 200 5262 "http://aranda.devuocloud.com/servicios/?et_fb=1&PageSpeed=off" "Mozilla/5.0 (Windows NT 10.0; Win64; x64) AppleWebKit/537.36 (KHTML, like Gecko) Chrome/131.0.0.0 Safari/537.36"
191.80.140.62 - - [12/Dec/2024:18:32:40 +0000] "GET /wp-content/uploads/2024/12/hero-servicios.jpg HTTP/1.1" 304 251 "-" "Mozilla/5.0 (Windows NT 10.0; Win64; x64) AppleWebKit/537.36 (KHTML, like Gecko) Chrome/131.0.0.0 Safari/537.36"
191.80.140.62 - - [12/Dec/2024:18:32:39 +0000] "GET /wp-content/uploads/2024/12/hero-servicios.jpg HTTP/1.1" 200 183110 "http://aranda.devuocloud.com/servicios/?et_fb=1&PageSpeed=off" "Mozilla/5.0 (Windows NT 10.0; Win64; x64) AppleWebKit/537.36 (KHTML, like Gecko) Chrome/131.0.0.0 Safari/537.36"
191.80.140.62 - - [12/Dec/2024:18:32:39 +0000] "POST /wp-admin/admin-ajax.php HTTP/1.1" 200 800 "-" "Mozilla/5.0 (Windows NT 10.0; Win64; x64) AppleWebKit/537.36 (KHTML, like Gecko) Chrome/131.0.0.0 Safari/537.36"
146.190.157.162 - - [12/Dec/2024:18:33:40 +0000] "POST /wp-cron.php?doing_wp_cron=1734028420.7335929870605468750000 HTTP/1.1" 200 259 "-" "WordPress/6.7.1; http://aranda.devuocloud.com"
191.80.140.62 - - [12/Dec/2024:18:33:39 +0000] "POST /wp-admin/admin-ajax.php HTTP/1.1" 200 35942 "-" "Mozilla/5.0 (Windows NT 10.0; Win64; x64) AppleWebKit/537.36 (KHTML, like Gecko) Chrome/131.0.0.0 Safari/537.36"
191.80.140.62 - - [12/Dec/2024:18:33:45 +0000] "POST /wp-admin/admin-ajax.php HTTP/1.1" 200 1557 "-" "Mozilla/5.0 (Windows NT 10.0; Win64; x64) AppleWebKit/537.36 (KHTML, like Gecko) Chrome/131.0.0.0 Safari/537.36"
191.80.140.62 - - [12/Dec/2024:18:33:46 +0000] "POST /wp-admin/admin-ajax.php HTTP/1.1" 200 1379 "-" "Mozilla/5.0 (Windows NT 10.0; Win64; x64) AppleWebKit/537.36 (KHTML, like Gecko) Chrome/131.0.0.0 Safari/537.36"
191.80.140.62 - - [12/Dec/2024:18:33:46 +0000] "POST /wp-admin/admin-ajax.php HTTP/1.1" 200 589 "-" "Mozilla/5.0 (Windows NT 10.0; Win64; x64) AppleWebKit/537.36 (KHTML, like Gecko) Chrome/131.0.0.0 Safari/537.36"
191.80.140.62 - - [12/Dec/2024:18:33:47 +0000] "POST /wp-admin/admin-ajax.php HTTP/1.1" 200 589 "-" "Mozilla/5.0 (Windows NT 10.0; Win64; x64) AppleWebKit/537.36 (KHTML, like Gecko) Chrome/131.0.0.0 Safari/537.36"
191.80.140.62 - - [12/Dec/2024:18:33:49 +0000] "POST /wp-admin/admin-ajax.php HTTP/1.1" 200 764 "-" "Mozilla/5.0 (Windows NT 10.0; Win64; x64) AppleWebKit/537.36 (KHTML, like Gecko) Chrome/131.0.0.0 Safari/537.36"
146.190.157.162 - - [12/Dec/2024:18:33:56 +0000] "POST /wp-cron.php?doing_wp_cron=1734028436.4221808910369873046875 HTTP/1.1" 200 259 "-" "WordPress/6.7.1; http://aranda.devuocloud.com"
191.80.140.62 - - [12/Dec/2024:18:33:55 +0000] "POST /wp-admin/admin-ajax.php HTTP/1.1" 200 114465 "http://aranda.devuocloud.com/servicios/?et_fb=1&PageSpeed=off" "Mozilla/5.0 (Windows NT 10.0; Win64; x64) AppleWebKit/537.36 (KHTML, like Gecko) Chrome/131.0.0.0 Safari/537.36"
191.80.140.62 - - [12/Dec/2024:18:34:03 +0000] "GET /wp-content/uploads/2024/12/certificado_energetico.png HTTP/1.1" 304 251 "-" "Mozilla/5.0 (Windows NT 10.0; Win64; x64) AppleWebKit/537.36 (KHTML, like Gecko) Chrome/131.0.0.0 Safari/537.36"
191.80.140.62 - - [12/Dec/2024:18:34:30 +0000] "POST /wp-admin/admin-ajax.php HTTP/1.1" 200 604 "http://aranda.devuocloud.com/wp-admin/edit.php?post_type=page" "Mozilla/5.0 (Windows NT 10.0; Win64; x64) AppleWebKit/537.36 (KHTML, like Gecko) Chrome/131.0.0.0 Safari/537.36"
191.80.140.62 - - [12/Dec/2024:18:34:38 +0000] "POST /wp-admin/admin-ajax.php HTTP/1.1" 200 648 "-" "Mozilla/5.0 (Windows NT 10.0; Win64; x64) AppleWebKit/537.36 (KHTML, like Gecko) Chrome/131.0.0.0 Safari/537.36"
191.80.140.62 - - [12/Dec/2024:18:34:40 +0000] "POST /wp-admin/admin-ajax.php HTTP/1.1" 200 16051 "-" "Mozilla/5.0 (Windows NT 10.0; Win64; x64) AppleWebKit/537.36 (KHTML, like Gecko) Chrome/131.0.0.0 Safari/537.36"
146.190.157.162 - - [12/Dec/2024:18:35:40 +0000] "POST /wp-cron.php?doing_wp_cron=1734028540.7278070449829101562500 HTTP/1.1" 200 259 "-" "WordPress/6.7.1; http://aranda.devuocloud.com"
191.80.140.62 - - [12/Dec/2024:18:35:39 +0000] "POST /wp-admin/admin-ajax.php HTTP/1.1" 200 801 "-" "Mozilla/5.0 (Windows NT 10.0; Win64; x64) AppleWebKit/537.36 (KHTML, like Gecko) Chrome/131.0.0.0 Safari/537.36"
146.190.157.162 - - [12/Dec/2024:18:36:31 +0000] "POST /wp-cron.php?doing_wp_cron=1734028591.6257770061492919921875 HTTP/1.1" 200 259 "-" "WordPress/6.7.1; http://aranda.devuocloud.com"
191.80.140.62 - - [12/Dec/2024:18:36:31 +0000] "POST /wp-admin/admin-ajax.php HTTP/1.1" 200 604 "http://aranda.devuocloud.com/wp-admin/edit.php?post_type=page" "Mozilla/5.0 (Windows NT 10.0; Win64; x64) AppleWebKit/537.36 (KHTML, like Gecko) Chrome/131.0.0.0 Safari/537.36"
191.80.140.62 - - [12/Dec/2024:18:36:40 +0000] "POST /wp-admin/admin-ajax.php HTTP/1.1" 200 16122 "-" "Mozilla/5.0 (Windows NT 10.0; Win64; x64) AppleWebKit/537.36 (KHTML, like Gecko) Chrome/131.0.0.0 Safari/537.36"
146.190.157.162 - - [12/Dec/2024:18:37:40 +0000] "POST /wp-cron.php?doing_wp_cron=1734028660.8839859962463378906250 HTTP/1.1" 200 259 "-" "WordPress/6.7.1; http://aranda.devuocloud.com"
191.80.140.62 - - [12/Dec/2024:18:37:40 +0000] "POST /wp-admin/admin-ajax.php HTTP/1.1" 200 1089 "-" "Mozilla/5.0 (Windows NT 10.0; Win64; x64) AppleWebKit/537.36 (KHTML, like Gecko) Chrome/131.0.0.0 Safari/537.36"
146.190.157.162 - - [12/Dec/2024:18:38:08 +0000] "POST /wp-cron.php?doing_wp_cron=1734028688.2931530475616455078125 HTTP/1.1" 200 259 "-" "WordPress/6.7.1; http://aranda.devuocloud.com"
191.80.140.62 - - [12/Dec/2024:18:38:07 +0000] "POST /wp-admin/admin-ajax.php HTTP/1.1" 200 648 "-" "Mozilla/5.0 (Windows NT 10.0; Win64; x64) AppleWebKit/537.36 (KHTML, like Gecko) Chrome/131.0.0.0 Safari/537.36"
191.80.140.62 - - [12/Dec/2024:18:38:32 +0000] "POST /wp-admin/admin-ajax.php HTTP/1.1" 200 604 "http://aranda.devuocloud.com/wp-admin/edit.php?post_type=page" "Mozilla/5.0 (Windows NT 10.0; Win64; x64) AppleWebKit/537.36 (KHTML, like Gecko) Chrome/131.0.0.0 Safari/537.36"
191.80.140.62 - - [12/Dec/2024:18:38:40 +0000] "POST /wp-admin/admin-ajax.php HTTP/1.1" 200 801 "-" "Mozilla/5.0 (Windows NT 10.0; Win64; x64) AppleWebKit/537.36 (KHTML, like Gecko) Chrome/131.0.0.0 Safari/537.36"
146.190.157.162 - - [12/Dec/2024:18:39:40 +0000] "POST /wp-cron.php?doing_wp_cron=1734028780.8868539333343505859375 HTTP/1.1" 200 259 "-" "WordPress/6.7.1; http://aranda.devuocloud.com"
191.80.140.62 - - [12/Dec/2024:18:39:40 +0000] "POST /wp-admin/admin-ajax.php HTTP/1.1" 200 20006 "-" "Mozilla/5.0 (Windows NT 10.0; Win64; x64) AppleWebKit/537.36 (KHTML, like Gecko) Chrome/131.0.0.0 Safari/537.36"
191.80.140.62 - - [12/Dec/2024:18:39:51 +0000] "POST /wp-admin/admin-ajax.php HTTP/1.1" 200 648 "-" "Mozilla/5.0 (Windows NT 10.0; Win64; x64) AppleWebKit/537.36 (KHTML, like Gecko) Chrome/131.0.0.0 Safari/537.36"
146.190.157.162 - - [12/Dec/2024:18:40:07 +0000] "POST /wp-cron.php?doing_wp_cron=1734028807.4029870033264160156250 HTTP/1.1" 200 259 "-" "WordPress/6.7.1; http://aranda.devuocloud.com"
191.80.140.62 - - [12/Dec/2024:18:40:06 +0000] "POST /wp-admin/admin-ajax.php HTTP/1.1" 200 114465 "http://aranda.devuocloud.com/servicios/?et_fb=1&PageSpeed=off" "Mozilla/5.0 (Windows NT 10.0; Win64; x64) AppleWebKit/537.36 (KHTML, like Gecko) Chrome/131.0.0.0 Safari/537.36"
191.80.140.62 - - [12/Dec/2024:18:40:12 +0000] "GET /wp-content/uploads/2024/12/cedula.jpg HTTP/1.1" 304 249 "-" "Mozilla/5.0 (Windows NT 10.0; Win64; x64) AppleWebKit/537.36 (KHTML, like Gecko) Chrome/131.0.0.0 Safari/537.36"
191.80.140.62 - - [12/Dec/2024:18:40:16 +0000] "POST /wp-admin/admin-ajax.php HTTP/1.1" 200 114464 "http://aranda.devuocloud.com/servicios/?et_fb=1&PageSpeed=off" "Mozilla/5.0 (Windows NT 10.0; Win64; x64) AppleWebKit/537.36 (KHTML, like Gecko) Chrome/131.0.0.0 Safari/537.36"
191.80.140.62 - - [12/Dec/2024:18:40:22 +0000] "GET /wp-content/uploads/2024/12/3d.jpg HTTP/1.1" 200 54601 "-" "Mozilla/5.0 (Windows NT 10.0; Win64; x64) AppleWebKit/537.36 (KHTML, like Gecko) Chrome/131.0.0.0 Safari/537.36"
191.80.140.62 - - [12/Dec/2024:18:40:33 +0000] "POST /wp-admin/admin-ajax.php HTTP/1.1" 200 604 "http://aranda.devuocloud.com/wp-admin/edit.php?post_type=page" "Mozilla/5.0 (Windows NT 10.0; Win64; x64) AppleWebKit/537.36 (KHTML, like Gecko) Chrome/131.0.0.0 Safari/537.36"
191.80.140.62 - - [12/Dec/2024:18:40:40 +0000] "POST /wp-admin/admin-ajax.php HTTP/1.1" 200 20825 "-" "Mozilla/5.0 (Windows NT 10.0; Win64; x64) AppleWebKit/537.36 (KHTML, like Gecko) Chrome/131.0.0.0 Safari/537.36"
146.190.157.162 - - [12/Dec/2024:18:41:43 +0000] "POST /wp-cron.php?doing_wp_cron=1734028903.1952629089355468750000 HTTP/1.1" 200 259 "-" "WordPress/6.7.1; http://aranda.devuocloud.com"
191.80.140.62 - - [12/Dec/2024:18:41:41 +0000] "POST /wp-admin/admin-ajax.php HTTP/1.1" 200 1043 "-" "Mozilla/5.0 (Windows NT 10.0; Win64; x64) AppleWebKit/537.36 (KHTML, like Gecko) Chrome/131.0.0.0 Safari/537.36"
146.190.157.162 - - [12/Dec/2024:18:42:03 +0000] "POST /wp-cron.php?doing_wp_cron=1734028923.6376249790191650390625 HTTP/1.1" 200 259 "-" "WordPress/6.7.1; http://aranda.devuocloud.com"
191.80.140.62 - - [12/Dec/2024:18:42:03 +0000] "POST /wp-admin/admin-ajax.php HTTP/1.1" 200 114465 "http://aranda.devuocloud.com/servicios/?et_fb=1&PageSpeed=off" "Mozilla/5.0 (Windows NT 10.0; Win64; x64) AppleWebKit/537.36 (KHTML, like Gecko) Chrome/131.0.0.0 Safari/537.36"
191.80.140.62 - - [12/Dec/2024:18:42:07 +0000] "GET /wp-content/uploads/2024/12/ite.jpg HTTP/1.1" 200 31952 "-" "Mozilla/5.0 (Windows NT 10.0; Win64; x64) AppleWebKit/537.36 (KHTML, like Gecko) Chrome/131.0.0.0 Safari/537.36"
191.80.140.62 - - [12/Dec/2024:18:42:11 +0000] "POST /wp-admin/admin-ajax.php HTTP/1.1" 200 114464 "http://aranda.devuocloud.com/servicios/?et_fb=1&PageSpeed=off" "Mozilla/5.0 (Windows NT 10.0; Win64; x64) AppleWebKit/537.36 (KHTML, like Gecko) Chrome/131.0.0.0 Safari/537.36"
191.80.140.62 - - [12/Dec/2024:18:42:14 +0000] "GET /wp-content/uploads/2024/12/plan.jpg HTTP/1.1" 304 249 "-" "Mozilla/5.0 (Windows NT 10.0; Win64; x64) AppleWebKit/537.36 (KHTML, like Gecko) Chrome/131.0.0.0 Safari/537.36"
191.80.140.62 - - [12/Dec/2024:18:42:20 +0000] "POST /wp-admin/admin-ajax.php HTTP/1.1" 200 114465 "http://aranda.devuocloud.com/servicios/?et_fb=1&PageSpeed=off" "Mozilla/5.0 (Windows NT 10.0; Win64; x64) AppleWebKit/537.36 (KHTML, like Gecko) Chrome/131.0.0.0 Safari/537.36"
191.80.140.62 - - [12/Dec/2024:18:42:24 +0000] "GET /wp-content/uploads/2024/12/tasacion.jpg HTTP/1.1" 200 15529 "-" "Mozilla/5.0 (Windows NT 10.0; Win64; x64) AppleWebKit/537.36 (KHTML, like Gecko) Chrome/131.0.0.0 Safari/537.36"
191.80.140.62 - - [12/Dec/2024:18:42:34 +0000] "POST /wp-admin/admin-ajax.php HTTP/1.1" 200 604 "http://aranda.devuocloud.com/wp-admin/edit.php?post_type=page" "Mozilla/5.0 (Windows NT 10.0; Win64; x64) AppleWebKit/537.36 (KHTML, like Gecko) Chrome/131.0.0.0 Safari/537.36"
191.80.140.62 - - [12/Dec/2024:18:42:40 +0000] "POST /wp-admin/admin-ajax.php HTTP/1.1" 200 1043 "-" "Mozilla/5.0 (Windows NT 10.0; Win64; x64) AppleWebKit/537.36 (KHTML, like Gecko) Chrome/131.0.0.0 Safari/537.36"
146.190.157.162 - - [12/Dec/2024:18:43:26 +0000] "POST /wp-cron.php?doing_wp_cron=1734029006.7830049991607666015625 HTTP/1.1" 200 259 "-" "WordPress/6.7.1; http://aranda.devuocloud.com"
191.80.140.62 - - [12/Dec/2024:18:43:26 +0000] "POST /wp-admin/admin-ajax.php HTTP/1.1" 200 114465 "http://aranda.devuocloud.com/servicios/?et_fb=1&PageSpeed=off" "Mozilla/5.0 (Windows NT 10.0; Win64; x64) AppleWebKit/537.36 (KHTML, like Gecko) Chrome/131.0.0.0 Safari/537.36"
191.80.140.62 - - [12/Dec/2024:18:43:33 +0000] "POST /wp-admin/async-upload.php HTTP/1.1" 200 1101 "http://aranda.devuocloud.com/servicios/?et_fb=1&PageSpeed=off" "Mozilla/5.0 (Windows NT 10.0; Win64; x64) AppleWebKit/537.36 (KHTML, like Gecko) Chrome/131.0.0.0 Safari/537.36"
191.80.140.62 - - [12/Dec/2024:18:43:34 +0000] "GET /wp-content/uploads/2024/12/servicios-tasa-300x172.jpg HTTP/1.1" 200 12088 "http://aranda.devuocloud.com/servicios/?et_fb=1&PageSpeed=off" "Mozilla/5.0 (Windows NT 10.0; Win64; x64) AppleWebKit/537.36 (KHTML, like Gecko) Chrome/131.0.0.0 Safari/537.36"
191.80.140.62 - - [12/Dec/2024:18:43:36 +0000] "GET /wp-content/uploads/2024/12/servicios-tasa.jpg HTTP/1.1" 200 47911 "-" "Mozilla/5.0 (Windows NT 10.0; Win64; x64) AppleWebKit/537.36 (KHTML, like Gecko) Chrome/131.0.0.0 Safari/537.36"
191.80.140.62 - - [12/Dec/2024:18:43:36 +0000] "GET /wp-content/uploads/2024/12/servicios-tasa.jpg HTTP/1.1" 304 249 "http://aranda.devuocloud.com/servicios/?et_fb=1&PageSpeed=off" "Mozilla/5.0 (Windows NT 10.0; Win64; x64) AppleWebKit/537.36 (KHTML, like Gecko) Chrome/131.0.0.0 Safari/537.36"
191.80.140.62 - - [12/Dec/2024:18:43:40 +0000] "POST /wp-admin/admin-ajax.php HTTP/1.1" 200 1042 "-" "Mozilla/5.0 (Windows NT 10.0; Win64; x64) AppleWebKit/537.36 (KHTML, like Gecko) Chrome/131.0.0.0 Safari/537.36"
146.190.157.162 - - [12/Dec/2024:18:44:35 +0000] "POST /wp-cron.php?doing_wp_cron=1734029075.5224599838256835937500 HTTP/1.1" 200 259 "-" "WordPress/6.7.1; http://aranda.devuocloud.com"
191.80.140.62 - - [12/Dec/2024:18:44:35 +0000] "POST /wp-admin/admin-ajax.php HTTP/1.1" 200 604 "http://aranda.devuocloud.com/wp-admin/edit.php?post_type=page" "Mozilla/5.0 (Windows NT 10.0; Win64; x64) AppleWebKit/537.36 (KHTML, like Gecko) Chrome/131.0.0.0 Safari/537.36"
191.80.140.62 - - [12/Dec/2024:18:44:40 +0000] "POST /wp-admin/admin-ajax.php HTTP/1.1" 200 1042 "-" "Mozilla/5.0 (Windows NT 10.0; Win64; x64) AppleWebKit/537.36 (KHTML, like Gecko) Chrome/131.0.0.0 Safari/537.36"
191.80.140.62 - - [12/Dec/2024:18:44:50 +0000] "POST /wp-admin/admin-ajax.php HTTP/1.1" 200 648 "-" "Mozilla/5.0 (Windows NT 10.0; Win64; x64) AppleWebKit/537.36 (KHTML, like Gecko) Chrome/131.0.0.0 Safari/537.36"
146.190.157.162 - - [12/Dec/2024:18:45:41 +0000] "POST /wp-cron.php?doing_wp_cron=1734029141.5720279216766357421875 HTTP/1.1" 200 259 "-" "WordPress/6.7.1; http://aranda.devuocloud.com"
191.80.140.62 - - [12/Dec/2024:18:45:40 +0000] "POST /wp-admin/admin-ajax.php HTTP/1.1" 200 44962 "-" "Mozilla/5.0 (Windows NT 10.0; Win64; x64) AppleWebKit/537.36 (KHTML, like Gecko) Chrome/131.0.0.0 Safari/537.36"
146.190.157.162 - - [12/Dec/2024:18:46:36 +0000] "POST /wp-cron.php?doing_wp_cron=1734029196.6412689685821533203125 HTTP/1.1" 200 259 "-" "WordPress/6.7.1; http://aranda.devuocloud.com"
191.80.140.62 - - [12/Dec/2024:18:46:36 +0000] "POST /wp-admin/admin-ajax.php HTTP/1.1" 200 604 "http://aranda.devuocloud.com/wp-admin/edit.php?post_type=page" "Mozilla/5.0 (Windows NT 10.0; Win64; x64) AppleWebKit/537.36 (KHTML, like Gecko) Chrome/131.0.0.0 Safari/537.36"
191.80.140.62 - - [12/Dec/2024:18:46:40 +0000] "POST /wp-admin/admin-ajax.php HTTP/1.1" 200 1042 "-" "Mozilla/5.0 (Windows NT 10.0; Win64; x64) AppleWebKit/537.36 (KHTML, like Gecko) Chrome/131.0.0.0 Safari/537.36"
146.190.157.162 - - [12/Dec/2024:18:47:41 +0000] "POST /wp-cron.php?doing_wp_cron=1734029261.4698059558868408203125 HTTP/1.1" 200 259 "-" "WordPress/6.7.1; http://aranda.devuocloud.com"
191.80.140.62 - - [12/Dec/2024:18:47:40 +0000] "POST /wp-admin/admin-ajax.php HTTP/1.1" 200 1043 "-" "Mozilla/5.0 (Windows NT 10.0; Win64; x64) AppleWebKit/537.36 (KHTML, like Gecko) Chrome/131.0.0.0 Safari/537.36"
191.80.140.62 - - [12/Dec/2024:18:47:51 +0000] "POST /wp-admin/admin-ajax.php HTTP/1.1" 200 648 "-" "Mozilla/5.0 (Windows NT 10.0; Win64; x64) AppleWebKit/537.36 (KHTML, like Gecko) Chrome/131.0.0.0 Safari/537.36"
146.190.157.162 - - [12/Dec/2024:18:48:03 +0000] "POST /wp-cron.php?doing_wp_cron=1734029283.3875010013580322265625 HTTP/1.1" 200 259 "-" "WordPress/6.7.1; http://aranda.devuocloud.com"
191.80.140.62 - - [12/Dec/2024:18:48:02 +0000] "POST /wp-admin/admin-ajax.php HTTP/1.1" 200 114642 "http://aranda.devuocloud.com/servicios/?et_fb=1&PageSpeed=off" "Mozilla/5.0 (Windows NT 10.0; Win64; x64) AppleWebKit/537.36 (KHTML, like Gecko) Chrome/131.0.0.0 Safari/537.36"
191.80.140.62 - - [12/Dec/2024:18:48:18 +0000] "GET /wp-content/uploads/2024/12/table-3311791_1920.jpg HTTP/1.1" 200 458726 "http://aranda.devuocloud.com/servicios/?et_fb=1&PageSpeed=off" "Mozilla/5.0 (Windows NT 10.0; Win64; x64) AppleWebKit/537.36 (KHTML, like Gecko) Chrome/131.0.0.0 Safari/537.36"
191.80.140.62 - - [12/Dec/2024:18:48:37 +0000] "POST /wp-admin/admin-ajax.php HTTP/1.1" 200 604 "http://aranda.devuocloud.com/wp-admin/edit.php?post_type=page" "Mozilla/5.0 (Windows NT 10.0; Win64; x64) AppleWebKit/537.36 (KHTML, like Gecko) Chrome/131.0.0.0 Safari/537.36"
191.80.140.62 - - [12/Dec/2024:18:48:40 +0000] "POST /wp-admin/admin-ajax.php HTTP/1.1" 200 44805 "-" "Mozilla/5.0 (Windows NT 10.0; Win64; x64) AppleWebKit/537.36 (KHTML, like Gecko) Chrome/131.0.0.0 Safari/537.36"
191.80.140.62 - - [12/Dec/2024:18:49:40 +0000] "POST /wp-admin/admin-ajax.php HTTP/1.1" 200 801 "-" "Mozilla/5.0 (Windows NT 10.0; Win64; x64) AppleWebKit/537.36 (KHTML, like Gecko) Chrome/131.0.0.0 Safari/537.36"
146.190.157.162 - - [12/Dec/2024:18:49:41 +0000] "POST /wp-cron.php?doing_wp_cron=1734029381.5370240211486816406250 HTTP/1.1" 200 259 "-" "WordPress/6.7.1; http://aranda.devuocloud.com"
146.190.157.162 - - [12/Dec/2024:18:50:38 +0000] "POST /wp-cron.php?doing_wp_cron=1734029438.6544299125671386718750 HTTP/1.1" 200 259 "-" "WordPress/6.7.1; http://aranda.devuocloud.com"
191.80.140.62 - - [12/Dec/2024:18:50:38 +0000] "POST /wp-admin/admin-ajax.php HTTP/1.1" 200 604 "http://aranda.devuocloud.com/wp-admin/edit.php?post_type=page" "Mozilla/5.0 (Windows NT 10.0; Win64; x64) AppleWebKit/537.36 (KHTML, like Gecko) Chrome/131.0.0.0 Safari/537.36"
191.80.140.62 - - [12/Dec/2024:18:50:40 +0000] "POST /wp-admin/admin-ajax.php HTTP/1.1" 200 45099 "-" "Mozilla/5.0 (Windows NT 10.0; Win64; x64) AppleWebKit/537.36 (KHTML, like Gecko) Chrome/131.0.0.0 Safari/537.36"
146.190.157.162 - - [12/Dec/2024:18:51:43 +0000] "POST /wp-cron.php?doing_wp_cron=1734029503.5968039035797119140625 HTTP/1.1" 200 259 "-" "WordPress/6.7.1; http://aranda.devuocloud.com"
191.80.140.62 - - [12/Dec/2024:18:51:41 +0000] "POST /wp-admin/admin-ajax.php HTTP/1.1" 200 1089 "-" "Mozilla/5.0 (Windows NT 10.0; Win64; x64) AppleWebKit/537.36 (KHTML, like Gecko) Chrome/131.0.0.0 Safari/537.36"
146.190.157.162 - - [12/Dec/2024:18:52:39 +0000] "POST /wp-cron.php?doing_wp_cron=1734029559.7935218811035156250000 HTTP/1.1" 200 259 "-" "WordPress/6.7.1; http://aranda.devuocloud.com"
191.80.140.62 - - [12/Dec/2024:18:52:39 +0000] "POST /wp-admin/admin-ajax.php HTTP/1.1" 200 604 "http://aranda.devuocloud.com/wp-admin/edit.php?post_type=page" "Mozilla/5.0 (Windows NT 10.0; Win64; x64) AppleWebKit/537.36 (KHTML, like Gecko) Chrome/131.0.0.0 Safari/537.36"
191.80.140.62 - - [12/Dec/2024:18:52:40 +0000] "POST /wp-admin/admin-ajax.php HTTP/1.1" 200 1089 "-" "Mozilla/5.0 (Windows NT 10.0; Win64; x64) AppleWebKit/537.36 (KHTML, like Gecko) Chrome/131.0.0.0 Safari/537.36"
146.190.157.162 - - [12/Dec/2024:18:53:26 +0000] "POST /wp-cron.php?doing_wp_cron=1734029606.5415410995483398437500 HTTP/1.1" 200 259 "-" "WordPress/6.7.1; http://aranda.devuocloud.com"
191.80.140.62 - - [12/Dec/2024:18:53:25 +0000] "POST /wp-admin/admin-ajax.php HTTP/1.1" 200 648 "-" "Mozilla/5.0 (Windows NT 10.0; Win64; x64) AppleWebKit/537.36 (KHTML, like Gecko) Chrome/131.0.0.0 Safari/537.36"
191.80.140.62 - - [12/Dec/2024:18:53:40 +0000] "POST /wp-admin/admin-ajax.php HTTP/1.1" 200 46182 "-" "Mozilla/5.0 (Windows NT 10.0; Win64; x64) AppleWebKit/537.36 (KHTML, like Gecko) Chrome/131.0.0.0 Safari/537.36"
191.80.140.62 - - [12/Dec/2024:18:53:46 +0000] "POST /wp-admin/admin-ajax.php HTTP/1.1" 200 572 "-" "Mozilla/5.0 (Windows NT 10.0; Win64; x64) AppleWebKit/537.36 (KHTML, like Gecko) Chrome/131.0.0.0 Safari/537.36"
191.80.140.62 - - [12/Dec/2024:18:53:47 +0000] "POST /wp-admin/admin-ajax.php HTTP/1.1" 200 604 "http://aranda.devuocloud.com/wp-admin/edit.php?post_type=page" "Mozilla/5.0 (Windows NT 10.0; Win64; x64) AppleWebKit/537.36 (KHTML, like Gecko) Chrome/131.0.0.0 Safari/537.36"
191.80.140.62 - - [12/Dec/2024:18:53:48 +0000] "GET /wp-admin/admin.php?page=wpcf7 HTTP/1.1" 200 17491 "http://aranda.devuocloud.com/wp-admin/edit.php?post_type=page" "Mozilla/5.0 (Windows NT 10.0; Win64; x64) AppleWebKit/537.36 (KHTML, like Gecko) Chrome/131.0.0.0 Safari/537.36"
191.80.140.62 - - [12/Dec/2024:18:53:53 +0000] "GET /wp-content/plugins/contact-form-7/admin/includes/css/styles.css?ver=6.0.1 HTTP/1.1" 200 2995 "http://aranda.devuocloud.com/wp-admin/admin.php?page=wpcf7" "Mozilla/5.0 (Windows NT 10.0; Win64; x64) AppleWebKit/537.36 (KHTML, like Gecko) Chrome/131.0.0.0 Safari/537.36"
191.80.140.62 - - [12/Dec/2024:18:53:53 +0000] "GET /wp-content/plugins/wp-file-manager/css/fm_common.css?ver=6.7.1 HTTP/1.1" 200 519 "http://aranda.devuocloud.com/wp-admin/admin.php?page=wpcf7" "Mozilla/5.0 (Windows NT 10.0; Win64; x64) AppleWebKit/537.36 (KHTML, like Gecko) Chrome/131.0.0.0 Safari/537.36"
191.80.140.62 - - [12/Dec/2024:18:53:53 +0000] "GET /wp-content/plugins/polylang/css/build/admin.min.css?ver=3.6.5 HTTP/1.1" 200 1912 "http://aranda.devuocloud.com/wp-admin/admin.php?page=wpcf7" "Mozilla/5.0 (Windows NT 10.0; Win64; x64) AppleWebKit/537.36 (KHTML, like Gecko) Chrome/131.0.0.0 Safari/537.36"
191.80.140.62 - - [12/Dec/2024:18:53:53 +0000] "GET /wp-content/plugins/polylang/css/build/dialog.min.css?ver=3.6.5 HTTP/1.1" 200 885 "http://aranda.devuocloud.com/wp-admin/admin.php?page=wpcf7" "Mozilla/5.0 (Windows NT 10.0; Win64; x64) AppleWebKit/537.36 (KHTML, like Gecko) Chrome/131.0.0.0 Safari/537.36"
191.80.140.62 - - [12/Dec/2024:18:53:53 +0000] "GET /wp-content/plugins/wordpress-seo/css/dist/admin-global-2400.css HTTP/1.1" 200 6754 "http://aranda.devuocloud.com/wp-admin/admin.php?page=wpcf7" "Mozilla/5.0 (Windows NT 10.0; Win64; x64) AppleWebKit/537.36 (KHTML, like Gecko) Chrome/131.0.0.0 Safari/537.36"
191.80.140.62 - - [12/Dec/2024:18:53:53 +0000] "GET /wp-content/plugins/wordpress-seo/css/dist/wpseo-dismissible-2400.css HTTP/1.1" 200 695 "http://aranda.devuocloud.com/wp-admin/admin.php?page=wpcf7" "Mozilla/5.0 (Windows NT 10.0; Win64; x64) AppleWebKit/537.36 (KHTML, like Gecko) Chrome/131.0.0.0 Safari/537.36"
191.80.140.62 - - [12/Dec/2024:18:53:53 +0000] "GET /wp-content/plugins/wordpress-seo/js/dist/admin-global.js?ver=ee3745f3fdc45e43fb51 HTTP/1.1" 200 2245 "http://aranda.devuocloud.com/wp-admin/admin.php?page=wpcf7" "Mozilla/5.0 (Windows NT 10.0; Win64; x64) AppleWebKit/537.36 (KHTML, like Gecko) Chrome/131.0.0.0 Safari/537.36"
191.80.140.62 - - [12/Dec/2024:18:53:53 +0000] "GET /wp-content/plugins/wp-file-manager/images/wp_file_manager.svg HTTP/1.1" 304 248 "http://aranda.devuocloud.com/wp-admin/admin.php?page=wpcf7" "Mozilla/5.0 (Windows NT 10.0; Win64; x64) AppleWebKit/537.36 (KHTML, like Gecko) Chrome/131.0.0.0 Safari/537.36"
191.80.140.62 - - [12/Dec/2024:18:53:53 +0000] "GET /wp-content/plugins/contact-form-7/admin/includes/js/index.js?ver=6.0.1 HTTP/1.1" 200 4044 "http://aranda.devuocloud.com/wp-admin/admin.php?page=wpcf7" "Mozilla/5.0 (Windows NT 10.0; Win64; x64) AppleWebKit/537.36 (KHTML, like Gecko) Chrome/131.0.0.0 Safari/537.36"
191.80.140.62 - - [12/Dec/2024:18:53:54 +0000] "GET /wp-content/uploads/2024/12/favicon-150x150.jpg HTTP/1.1" 304 248 "http://aranda.devuocloud.com/wp-admin/admin.php?page=wpcf7" "Mozilla/5.0 (Windows NT 10.0; Win64; x64) AppleWebKit/537.36 (KHTML, like Gecko) Chrome/131.0.0.0 Safari/537.36"
146.190.157.162 - - [12/Dec/2024:18:54:01 +0000] "POST /wp-cron.php?doing_wp_cron=1734029641.7121450901031494140625 HTTP/1.1" 200 259 "-" "WordPress/6.7.1; http://aranda.devuocloud.com"
191.80.140.62 - - [12/Dec/2024:18:54:01 +0000] "GET /wp-admin/admin.php?page=wpcf7&post=179&action=edit HTTP/1.1" 200 22722 "http://aranda.devuocloud.com/wp-admin/admin.php?page=wpcf7" "Mozilla/5.0 (Windows NT 10.0; Win64; x64) AppleWebKit/537.36 (KHTML, like Gecko) Chrome/131.0.0.0 Safari/537.36"
191.80.140.62 - - [12/Dec/2024:18:54:03 +0000] "GET /wp-admin/images/spinner.gif HTTP/1.1" 304 248 "http://aranda.devuocloud.com/wp-admin/load-styles.php?c=0&dir=ltr&load%5Bchunk_0%5D=dashicons,admin-bar,common,forms,admin-menu,dashboard,list-tables,edit,revisions,media,themes,about,nav-menus,wp-pointer,widgets&load%5Bchunk_1%5D=,site-icon,l10n,buttons,wp-auth-check,wp-jquery-ui-dialog&ver=6.7.1" "Mozilla/5.0 (Windows NT 10.0; Win64; x64) AppleWebKit/537.36 (KHTML, like Gecko) Chrome/131.0.0.0 Safari/537.36"
191.80.140.62 - - [12/Dec/2024:18:54:27 +0000] "POST /wp-json/contact-form-7/v1/contact-forms/179?_locale=user HTTP/1.1" 200 5440 "http://aranda.devuocloud.com/wp-admin/admin.php?page=wpcf7&post=179&action=edit" "Mozilla/5.0 (Windows NT 10.0; Win64; x64) AppleWebKit/537.36 (KHTML, like Gecko) Chrome/131.0.0.0 Safari/537.36"
191.80.140.62 - - [12/Dec/2024:18:54:33 +0000] "POST /wp-json/contact-form-7/v1/contact-forms/179?_locale=user HTTP/1.1" 200 5358 "http://aranda.devuocloud.com/wp-admin/admin.php?page=wpcf7&post=179&action=edit" "Mozilla/5.0 (Windows NT 10.0; Win64; x64) AppleWebKit/537.36 (KHTML, like Gecko) Chrome/131.0.0.0 Safari/537.36"
191.80.140.62 - - [12/Dec/2024:18:54:38 +0000] "POST /wp-json/contact-form-7/v1/contact-forms/179?_locale=user HTTP/1.1" 200 5295 "http://aranda.devuocloud.com/wp-admin/admin.php?page=wpcf7&post=179&action=edit" "Mozilla/5.0 (Windows NT 10.0; Win64; x64) AppleWebKit/537.36 (KHTML, like Gecko) Chrome/131.0.0.0 Safari/537.36"
191.80.140.62 - - [12/Dec/2024:18:54:49 +0000] "POST /wp-json/contact-form-7/v1/contact-forms/179?_locale=user HTTP/1.1" 200 5137 "http://aranda.devuocloud.com/wp-admin/admin.php?page=wpcf7&post=179&action=edit" "Mozilla/5.0 (Windows NT 10.0; Win64; x64) AppleWebKit/537.36 (KHTML, like Gecko) Chrome/131.0.0.0 Safari/537.36"
191.80.140.62 - - [12/Dec/2024:18:55:01 +0000] "POST /wp-json/contact-form-7/v1/contact-forms/179?_locale=user HTTP/1.1" 200 5177 "http://aranda.devuocloud.com/wp-admin/admin.php?page=wpcf7&post=179&action=edit" "Mozilla/5.0 (Windows NT 10.0; Win64; x64) AppleWebKit/537.36 (KHTML, like Gecko) Chrome/131.0.0.0 Safari/537.36"
146.190.157.162 - - [12/Dec/2024:18:55:02 +0000] "POST /wp-cron.php?doing_wp_cron=1734029702.7827570438385009765625 HTTP/1.1" 200 259 "-" "WordPress/6.7.1; http://aranda.devuocloud.com"
191.80.140.62 - - [12/Dec/2024:18:55:03 +0000] "POST /wp-admin/admin-ajax.php HTTP/1.1" 200 604 "http://aranda.devuocloud.com/wp-admin/admin.php?page=wpcf7&post=179&action=edit" "Mozilla/5.0 (Windows NT 10.0; Win64; x64) AppleWebKit/537.36 (KHTML, like Gecko) Chrome/131.0.0.0 Safari/537.36"
191.80.140.62 - - [12/Dec/2024:18:55:25 +0000] "POST /wp-json/contact-form-7/v1/contact-forms/179?_locale=user HTTP/1.1" 200 5172 "http://aranda.devuocloud.com/wp-admin/admin.php?page=wpcf7&post=179&action=edit" "Mozilla/5.0 (Windows NT 10.0; Win64; x64) AppleWebKit/537.36 (KHTML, like Gecko) Chrome/131.0.0.0 Safari/537.36"
191.80.140.62 - - [12/Dec/2024:18:55:30 +0000] "POST /wp-json/contact-form-7/v1/contact-forms/179?_locale=user HTTP/1.1" 200 5192 "http://aranda.devuocloud.com/wp-admin/admin.php?page=wpcf7&post=179&action=edit" "Mozilla/5.0 (Windows NT 10.0; Win64; x64) AppleWebKit/537.36 (KHTML, like Gecko) Chrome/131.0.0.0 Safari/537.36"
191.80.140.62 - - [12/Dec/2024:18:55:39 +0000] "POST /wp-json/contact-form-7/v1/contact-forms/179?_locale=user HTTP/1.1" 200 5221 "http://aranda.devuocloud.com/wp-admin/admin.php?page=wpcf7&post=179&action=edit" "Mozilla/5.0 (Windows NT 10.0; Win64; x64) AppleWebKit/537.36 (KHTML, like Gecko) Chrome/131.0.0.0 Safari/537.36"
191.80.140.62 - - [12/Dec/2024:18:55:43 +0000] "POST /wp-json/contact-form-7/v1/contact-forms/179?_locale=user HTTP/1.1" 200 5241 "http://aranda.devuocloud.com/wp-admin/admin.php?page=wpcf7&post=179&action=edit" "Mozilla/5.0 (Windows NT 10.0; Win64; x64) AppleWebKit/537.36 (KHTML, like Gecko) Chrome/131.0.0.0 Safari/537.36"
191.80.140.62 - - [12/Dec/2024:18:55:49 +0000] "POST /wp-json/contact-form-7/v1/contact-forms/179?_locale=user HTTP/1.1" 200 5246 "http://aranda.devuocloud.com/wp-admin/admin.php?page=wpcf7&post=179&action=edit" "Mozilla/5.0 (Windows NT 10.0; Win64; x64) AppleWebKit/537.36 (KHTML, like Gecko) Chrome/131.0.0.0 Safari/537.36"
146.190.157.162 - - [12/Dec/2024:18:56:03 +0000] "POST /wp-cron.php?doing_wp_cron=1734029763.8236620426177978515625 HTTP/1.1" 200 259 "-" "WordPress/6.7.1; http://aranda.devuocloud.com"
191.80.140.62 - - [12/Dec/2024:18:56:03 +0000] "POST /wp-admin/admin-ajax.php HTTP/1.1" 200 604 "http://aranda.devuocloud.com/wp-admin/admin.php?page=wpcf7&post=179&action=edit" "Mozilla/5.0 (Windows NT 10.0; Win64; x64) AppleWebKit/537.36 (KHTML, like Gecko) Chrome/131.0.0.0 Safari/537.36"
191.80.140.62 - - [12/Dec/2024:18:56:15 +0000] "POST /wp-json/contact-form-7/v1/contact-forms/179?_locale=user HTTP/1.1" 200 5250 "http://aranda.devuocloud.com/wp-admin/admin.php?page=wpcf7&post=179&action=edit" "Mozilla/5.0 (Windows NT 10.0; Win64; x64) AppleWebKit/537.36 (KHTML, like Gecko) Chrome/131.0.0.0 Safari/537.36"
191.80.140.62 - - [12/Dec/2024:18:56:22 +0000] "POST /wp-json/contact-form-7/v1/contact-forms/179?_locale=user HTTP/1.1" 200 5265 "http://aranda.devuocloud.com/wp-admin/admin.php?page=wpcf7&post=179&action=edit" "Mozilla/5.0 (Windows NT 10.0; Win64; x64) AppleWebKit/537.36 (KHTML, like Gecko) Chrome/131.0.0.0 Safari/537.36"
191.80.140.62 - - [12/Dec/2024:18:56:29 +0000] "POST /wp-json/contact-form-7/v1/contact-forms/179?_locale=user HTTP/1.1" 200 5286 "http://aranda.devuocloud.com/wp-admin/admin.php?page=wpcf7&post=179&action=edit" "Mozilla/5.0 (Windows NT 10.0; Win64; x64) AppleWebKit/537.36 (KHTML, like Gecko) Chrome/131.0.0.0 Safari/537.36"
191.80.140.62 - - [12/Dec/2024:18:56:35 +0000] "POST /wp-json/contact-form-7/v1/contact-forms/179?_locale=user HTTP/1.1" 200 5294 "http://aranda.devuocloud.com/wp-admin/admin.php?page=wpcf7&post=179&action=edit" "Mozilla/5.0 (Windows NT 10.0; Win64; x64) AppleWebKit/537.36 (KHTML, like Gecko) Chrome/131.0.0.0 Safari/537.36"
191.80.140.62 - - [12/Dec/2024:18:56:42 +0000] "POST /wp-json/contact-form-7/v1/contact-forms/179?_locale=user HTTP/1.1" 200 5332 "http://aranda.devuocloud.com/wp-admin/admin.php?page=wpcf7&post=179&action=edit" "Mozilla/5.0 (Windows NT 10.0; Win64; x64) AppleWebKit/537.36 (KHTML, like Gecko) Chrome/131.0.0.0 Safari/537.36"
191.80.140.62 - - [12/Dec/2024:18:56:47 +0000] "POST /wp-json/contact-form-7/v1/contact-forms/179?_locale=user HTTP/1.1" 200 5342 "http://aranda.devuocloud.com/wp-admin/admin.php?page=wpcf7&post=179&action=edit" "Mozilla/5.0 (Windows NT 10.0; Win64; x64) AppleWebKit/537.36 (KHTML, like Gecko) Chrome/131.0.0.0 Safari/537.36"
191.80.140.62 - - [12/Dec/2024:18:56:54 +0000] "POST /wp-json/contact-form-7/v1/contact-forms/179?_locale=user HTTP/1.1" 200 5365 "http://aranda.devuocloud.com/wp-admin/admin.php?page=wpcf7&post=179&action=edit" "Mozilla/5.0 (Windows NT 10.0; Win64; x64) AppleWebKit/537.36 (KHTML, like Gecko) Chrome/131.0.0.0 Safari/537.36"
146.190.157.162 - - [12/Dec/2024:18:56:54 +0000] "POST /wp-cron.php?doing_wp_cron=1734029814.5895121097564697265625 HTTP/1.1" 200 259 "-" "WordPress/6.7.1; http://aranda.devuocloud.com"
191.80.140.62 - - [12/Dec/2024:18:56:54 +0000] "POST /wp-admin/admin.php?page=wpcf7&post=179 HTTP/1.1" 302 542 "http://aranda.devuocloud.com/wp-admin/admin.php?page=wpcf7&post=179&action=edit" "Mozilla/5.0 (Windows NT 10.0; Win64; x64) AppleWebKit/537.36 (KHTML, like Gecko) Chrome/131.0.0.0 Safari/537.36"
191.80.140.62 - - [12/Dec/2024:18:56:55 +0000] "GET /wp-admin/admin.php?page=wpcf7&post=179&active-tab=messages-panel&message=saved HTTP/1.1" 200 22826 "http://aranda.devuocloud.com/wp-admin/admin.php?page=wpcf7&post=179&action=edit" "Mozilla/5.0 (Windows NT 10.0; Win64; x64) AppleWebKit/537.36 (KHTML, like Gecko) Chrome/131.0.0.0 Safari/537.36"
191.80.140.62 - - [12/Dec/2024:18:57:11 +0000] "GET /wp-admin/edit.php?post_type=page HTTP/1.1" 200 22260 "http://aranda.devuocloud.com/wp-admin/admin.php?page=wpcf7&post=179&active-tab=messages-panel" "Mozilla/5.0 (Windows NT 10.0; Win64; x64) AppleWebKit/537.36 (KHTML, like Gecko) Chrome/131.0.0.0 Safari/537.36"
191.80.140.62 - - [12/Dec/2024:18:57:13 +0000] "POST /wp-admin/admin-ajax.php HTTP/1.1" 200 603 "http://aranda.devuocloud.com/wp-admin/edit.php?post_type=page" "Mozilla/5.0 (Windows NT 10.0; Win64; x64) AppleWebKit/537.36 (KHTML, like Gecko) Chrome/131.0.0.0 Safari/537.36"
191.80.140.62 - - [12/Dec/2024:18:57:15 +0000] "GET /wp-admin/post.php?post=539&action=edit HTTP/1.1" 200 160228 "http://aranda.devuocloud.com/wp-admin/edit.php?post_type=page" "Mozilla/5.0 (Windows NT 10.0; Win64; x64) AppleWebKit/537.36 (KHTML, like Gecko) Chrome/131.0.0.0 Safari/537.36"
191.80.140.62 - - [12/Dec/2024:18:57:17 +0000] "GET /wp-content/uploads/2024/12/favicon.jpg HTTP/1.1" 304 249 "http://aranda.devuocloud.com/wp-admin/post.php?post=539&action=edit" "Mozilla/5.0 (Windows NT 10.0; Win64; x64) AppleWebKit/537.36 (KHTML, like Gecko) Chrome/131.0.0.0 Safari/537.36"
191.80.140.62 - - [12/Dec/2024:18:57:17 +0000] "GET /wp-json/wp/v2/blocks?context=edit&per_page=100&_locale=user HTTP/1.1" 200 701 "http://aranda.devuocloud.com/wp-admin/post.php?post=539&action=edit" "Mozilla/5.0 (Windows NT 10.0; Win64; x64) AppleWebKit/537.36 (KHTML, like Gecko) Chrome/131.0.0.0 Safari/537.36"
191.80.140.62 - - [12/Dec/2024:18:57:17 +0000] "GET /wp-json/wp/v2/users?context=view&who=authors&per_page=50&_fields=id%2Cname&_locale=user HTTP/1.1" 200 758 "http://aranda.devuocloud.com/wp-admin/post.php?post=539&action=edit" "Mozilla/5.0 (Windows NT 10.0; Win64; x64) AppleWebKit/537.36 (KHTML, like Gecko) Chrome/131.0.0.0 Safari/537.36"
