191.80.140.62 - - [12/Dec/2024:18:12:38 +0000] "GET /wp-content/themes/Divi/core/admin/js/react-dom.production.min.js?ver=16.12.0 HTTP/1.1" 200 39154 "http://aranda.devuocloud.com/accesibilidad/?et_fb=1&PageSpeed=off" "Mozilla/5.0 (Windows NT 10.0; Win64; x64) AppleWebKit/537.36 (KHTML, like Gecko) Chrome/131.0.0.0 Safari/537.36"
191.80.140.62 - - [12/Dec/2024:18:12:38 +0000] "GET /wp-includes/js/jquery/ui/effect.min.js?ver=1.13.3 HTTP/1.1" 200 4230 "http://aranda.devuocloud.com/accesibilidad/?et_fb=1&PageSpeed=off" "Mozilla/5.0 (Windows NT 10.0; Win64; x64) AppleWebKit/537.36 (KHTML, like Gecko) Chrome/131.0.0.0 Safari/537.36"
191.80.140.62 - - [12/Dec/2024:18:12:38 +0000] "GET /wp-content/themes/Divi/includes/builder/frontend-builder/assets/scripts/failure_notice.js?ver=4.9.1 HTTP/1.1" 200 1450 "http://aranda.devuocloud.com/accesibilidad/?et_fb=1&PageSpeed=off" "Mozilla/5.0 (Windows NT 10.0; Win64; x64) AppleWebKit/537.36 (KHTML, like Gecko) Chrome/131.0.0.0 Safari/537.36"
191.80.140.62 - - [12/Dec/2024:18:12:38 +0000] "GET /wp-content/themes/Divi/includes/builder/frontend-builder/build/boot.js?ver=4.9.1 HTTP/1.1" 200 11451 "http://aranda.devuocloud.com/accesibilidad/?et_fb=1&PageSpeed=off" "Mozilla/5.0 (Windows NT 10.0; Win64; x64) AppleWebKit/537.36 (KHTML, like Gecko) Chrome/131.0.0.0 Safari/537.36"
191.80.140.62 - - [12/Dec/2024:18:12:38 +0000] "GET /wp-content/themes/Divi/includes/builder/frontend-builder/assets/vendors/tinymce.min.js?ver=6.7.1 HTTP/1.1" 200 124870 "http://aranda.devuocloud.com/accesibilidad/?et_fb=1&PageSpeed=off" "Mozilla/5.0 (Windows NT 10.0; Win64; x64) AppleWebKit/537.36 (KHTML, like Gecko) Chrome/131.0.0.0 Safari/537.36"
191.80.140.62 - - [12/Dec/2024:18:12:39 +0000] "GET /wp-includes/js/shortcode.js?ver=6.7.1 HTTP/1.1" 200 3910 "-" "Mozilla/5.0 (Windows NT 10.0; Win64; x64) AppleWebKit/537.36 (KHTML, like Gecko) Chrome/131.0.0.0 Safari/537.36"
191.80.140.62 - - [12/Dec/2024:18:12:39 +0000] "GET /wp-content/themes/Divi/includes/builder/scripts/ext/jquery.tablesorter.min.js?ver=4.9.1 HTTP/1.1" 200 5586 "-" "Mozilla/5.0 (Windows NT 10.0; Win64; x64) AppleWebKit/537.36 (KHTML, like Gecko) Chrome/131.0.0.0 Safari/537.36"
191.80.140.62 - - [12/Dec/2024:18:12:39 +0000] "GET /wp-content/themes/Divi/includes/builder/scripts/ext/chart.min.js?ver=4.9.1 HTTP/1.1" 200 12010 "-" "Mozilla/5.0 (Windows NT 10.0; Win64; x64) AppleWebKit/537.36 (KHTML, like Gecko) Chrome/131.0.0.0 Safari/537.36"
191.80.140.62 - - [12/Dec/2024:18:12:39 +0000] "GET /wp-content/et-cache/es_ES/helpers-page-17340165807986.js?ver=4.9.1 HTTP/1.1" 200 75412 "-" "Mozilla/5.0 (Windows NT 10.0; Win64; x64) AppleWebKit/537.36 (KHTML, like Gecko) Chrome/131.0.0.0 Safari/537.36"
191.80.140.62 - - [12/Dec/2024:18:12:39 +0000] "GET /wp-content/et-cache/es_ES/definitions-page-17340165809514.js?ver=4.9.1 HTTP/1.1" 200 205519 "-" "Mozilla/5.0 (Windows NT 10.0; Win64; x64) AppleWebKit/537.36 (KHTML, like Gecko) Chrome/131.0.0.0 Safari/537.36"
191.80.140.62 - - [12/Dec/2024:18:12:39 +0000] "GET /wp-content/themes/Divi/includes/builder/frontend-builder/build/bundle.js?ver=4.9.1 HTTP/1.1" 200 699984 "-" "Mozilla/5.0 (Windows NT 10.0; Win64; x64) AppleWebKit/537.36 (KHTML, like Gecko) Chrome/131.0.0.0 Safari/537.36"
191.80.140.62 - - [12/Dec/2024:18:12:41 +0000] "GET /wp-content/themes/Divi/includes/builder/frontend-builder/build/bundle.devtools.7bca25b3.js HTTP/1.1" 200 4486 "-" "Mozilla/5.0 (Windows NT 10.0; Win64; x64) AppleWebKit/537.36 (KHTML, like Gecko) Chrome/131.0.0.0 Safari/537.36"
191.80.140.62 - - [12/Dec/2024:18:12:41 +0000] "GET /wp-content/themes/Divi/includes/builder/frontend-builder/build/bundle.modals.62f00d99.css HTTP/1.1" 200 31870 "http://aranda.devuocloud.com/accesibilidad/?et_fb=1&PageSpeed=off" "Mozilla/5.0 (Windows NT 10.0; Win64; x64) AppleWebKit/537.36 (KHTML, like Gecko) Chrome/131.0.0.0 Safari/537.36"
191.80.140.62 - - [12/Dec/2024:18:12:41 +0000] "GET /wp-content/themes/Divi/includes/builder/frontend-builder/build/bundle.modals.62f00d99.js HTTP/1.1" 200 305843 "-" "Mozilla/5.0 (Windows NT 10.0; Win64; x64) AppleWebKit/537.36 (KHTML, like Gecko) Chrome/131.0.0.0 Safari/537.36"
191.80.140.62 - - [12/Dec/2024:18:12:41 +0000] "GET /wp-content/themes/Divi/includes/builder/frontend-builder/assets/vendors/plugins/image/plugin.min.js HTTP/1.1" 200 5841 "-" "Mozilla/5.0 (Windows NT 10.0; Win64; x64) AppleWebKit/537.36 (KHTML, like Gecko) Chrome/131.0.0.0 Safari/537.36"
191.80.140.62 - - [12/Dec/2024:18:12:41 +0000] "GET /wp-content/themes/Divi/includes/builder/frontend-builder/assets/vendors/plugins/paste/plugin.min.js HTTP/1.1" 200 11693 "-" "Mozilla/5.0 (Windows NT 10.0; Win64; x64) AppleWebKit/537.36 (KHTML, like Gecko) Chrome/131.0.0.0 Safari/537.36"
191.80.140.62 - - [12/Dec/2024:18:12:41 +0000] "GET /wp-content/themes/Divi/includes/builder/frontend-builder/assets/vendors/plugins/textcolor/plugin.min.js HTTP/1.1" 200 2286 "-" "Mozilla/5.0 (Windows NT 10.0; Win64; x64) AppleWebKit/537.36 (KHTML, like Gecko) Chrome/131.0.0.0 Safari/537.36"
191.80.140.62 - - [12/Dec/2024:18:12:41 +0000] "GET /wp-content/themes/Divi/includes/builder/frontend-builder/assets/vendors/plugins/lists/plugin.min.js HTTP/1.1" 200 9437 "-" "Mozilla/5.0 (Windows NT 10.0; Win64; x64) AppleWebKit/537.36 (KHTML, like Gecko) Chrome/131.0.0.0 Safari/537.36"
191.80.140.62 - - [12/Dec/2024:18:12:41 +0000] "GET /wp-content/themes/Divi/includes/builder/frontend-builder/assets/vendors/plugins/autolink/plugin.min.js HTTP/1.1" 200 1340 "-" "Mozilla/5.0 (Windows NT 10.0; Win64; x64) AppleWebKit/537.36 (KHTML, like Gecko) Chrome/131.0.0.0 Safari/537.36"
191.80.140.62 - - [12/Dec/2024:18:12:42 +0000] "GET /wp-content/themes/Divi/includes/builder/frontend-builder/assets/vendors/plugins/link/plugin.min.js HTTP/1.1" 200 3763 "-" "Mozilla/5.0 (Windows NT 10.0; Win64; x64) AppleWebKit/537.36 (KHTML, like Gecko) Chrome/131.0.0.0 Safari/537.36"
191.80.140.62 - - [12/Dec/2024:18:12:42 +0000] "GET /wp-content/themes/Divi/includes/builder/frontend-builder/assets/vendors/plugins/print/plugin.min.js HTTP/1.1" 200 605 "-" "Mozilla/5.0 (Windows NT 10.0; Win64; x64) AppleWebKit/537.36 (KHTML, like Gecko) Chrome/131.0.0.0 Safari/537.36"
191.80.140.62 - - [12/Dec/2024:18:12:42 +0000] "GET /wp-content/themes/Divi/includes/builder/frontend-builder/assets/vendors/plugins/preview/plugin.min.js HTTP/1.1" 200 1326 "-" "Mozilla/5.0 (Windows NT 10.0; Win64; x64) AppleWebKit/537.36 (KHTML, like Gecko) Chrome/131.0.0.0 Safari/537.36"
191.80.140.62 - - [12/Dec/2024:18:12:42 +0000] "GET /wp-content/themes/Divi/includes/builder/frontend-builder/assets/vendors/plugins/table/plugin.min.js HTTP/1.1" 200 34848 "-" "Mozilla/5.0 (Windows NT 10.0; Win64; x64) AppleWebKit/537.36 (KHTML, like Gecko) Chrome/131.0.0.0 Safari/537.36"
191.80.140.62 - - [12/Dec/2024:18:12:41 +0000] "GET /?et_pb_preview=true&et_pb_preview_nonce=eb2bb77b85&iframe_id=et-fb-preview-1734027161194-937 HTTP/1.1" 200 9622 "-" "Mozilla/5.0 (Windows NT 10.0; Win64; x64) AppleWebKit/537.36 (KHTML, like Gecko) Chrome/131.0.0.0 Safari/537.36"
191.80.140.62 - - [12/Dec/2024:18:12:41 +0000] "GET /?et_pb_preview=true&et_pb_preview_nonce=eb2bb77b85&iframe_id=et-fb-preview-1734027161080-988 HTTP/1.1" 200 9622 "-" "Mozilla/5.0 (Windows NT 10.0; Win64; x64) AppleWebKit/537.36 (KHTML, like Gecko) Chrome/131.0.0.0 Safari/537.36"
191.80.140.62 - - [12/Dec/2024:18:12:41 +0000] "GET /?et_pb_preview=true&et_pb_preview_nonce=eb2bb77b85&iframe_id=et-fb-preview-1734027161235-338 HTTP/1.1" 200 9622 "-" "Mozilla/5.0 (Windows NT 10.0; Win64; x64) AppleWebKit/537.36 (KHTML, like Gecko) Chrome/131.0.0.0 Safari/537.36"
191.80.140.62 - - [12/Dec/2024:18:12:41 +0000] "POST /wp-admin/admin-ajax.php?lang=es_ES HTTP/1.1" 200 755 "-" "Mozilla/5.0 (Windows NT 10.0; Win64; x64) AppleWebKit/537.36 (KHTML, like Gecko) Chrome/131.0.0.0 Safari/537.36"
191.80.140.62 - - [12/Dec/2024:18:12:43 +0000] "GET /wp-content/themes/Divi/includes/builder/frontend-builder/build/frontend-builder-preview.js?ver=4.9.1 HTTP/1.1" 200 1797 "http://aranda.devuocloud.com/?et_pb_preview=true&et_pb_preview_nonce=eb2bb77b85&iframe_id=et-fb-preview-1734027161194-937" "Mozilla/5.0 (Windows NT 10.0; Win64; x64) AppleWebKit/537.36 (KHTML, like Gecko) Chrome/131.0.0.0 Safari/537.36"
191.80.140.62 - - [12/Dec/2024:18:12:43 +0000] "GET /wp-content/themes/Divi/includes/builder/styles/preview.css?ver=4.9.1 HTTP/1.1" 200 2022 "http://aranda.devuocloud.com/?et_pb_preview=true&et_pb_preview_nonce=eb2bb77b85&iframe_id=et-fb-preview-1734027161194-937" "Mozilla/5.0 (Windows NT 10.0; Win64; x64) AppleWebKit/537.36 (KHTML, like Gecko) Chrome/131.0.0.0 Safari/537.36"
191.80.140.62 - - [12/Dec/2024:18:12:43 +0000] "POST /wp-admin/admin-ajax.php HTTP/1.1" 200 603 "http://aranda.devuocloud.com/wp-admin/edit.php?post_type=page" "Mozilla/5.0 (Windows NT 10.0; Win64; x64) AppleWebKit/537.36 (KHTML, like Gecko) Chrome/131.0.0.0 Safari/537.36"
191.80.140.62 - - [12/Dec/2024:18:12:44 +0000] "POST /?et_pb_preview=true&et_pb_preview_nonce=eb2bb77b85&iframe_id=et-fb-preview-1734027161235-338 HTTP/1.1" 200 10355 "http://aranda.devuocloud.com/?et_pb_preview=true&et_pb_preview_nonce=eb2bb77b85&iframe_id=et-fb-preview-1734027161235-338" "Mozilla/5.0 (Windows NT 10.0; Win64; x64) AppleWebKit/537.36 (KHTML, like Gecko) Chrome/131.0.0.0 Safari/537.36"
191.80.140.62 - - [12/Dec/2024:18:12:44 +0000] "POST /?et_pb_preview=true&et_pb_preview_nonce=eb2bb77b85&iframe_id=et-fb-preview-1734027161194-937 HTTP/1.1" 200 10790 "http://aranda.devuocloud.com/?et_pb_preview=true&et_pb_preview_nonce=eb2bb77b85&iframe_id=et-fb-preview-1734027161194-937" "Mozilla/5.0 (Windows NT 10.0; Win64; x64) AppleWebKit/537.36 (KHTML, like Gecko) Chrome/131.0.0.0 Safari/537.36"
191.80.140.62 - - [12/Dec/2024:18:12:44 +0000] "POST /?et_pb_preview=true&et_pb_preview_nonce=eb2bb77b85&iframe_id=et-fb-preview-1734027161080-988 HTTP/1.1" 200 10812 "http://aranda.devuocloud.com/?et_pb_preview=true&et_pb_preview_nonce=eb2bb77b85&iframe_id=et-fb-preview-1734027161080-988" "Mozilla/5.0 (Windows NT 10.0; Win64; x64) AppleWebKit/537.36 (KHTML, like Gecko) Chrome/131.0.0.0 Safari/537.36"
191.80.140.62 - - [12/Dec/2024:18:12:49 +0000] "GET /wp-json/contact-form-7/v1/contact-forms/179/feedback/schema HTTP/1.1" 200 1983 "http://aranda.devuocloud.com/?et_pb_preview=true&et_pb_preview_nonce=eb2bb77b85&iframe_id=et-fb-preview-1734027161235-338" "Mozilla/5.0 (Windows NT 10.0; Win64; x64) AppleWebKit/537.36 (KHTML, like Gecko) Chrome/131.0.0.0 Safari/537.36"
191.80.140.62 - - [12/Dec/2024:18:13:04 +0000] "GET /wp-content/themes/Divi/includes/builder/images/no-color.png HTTP/1.1" 304 249 "http://aranda.devuocloud.com/accesibilidad/?et_fb=1&PageSpeed=off" "Mozilla/5.0 (Windows NT 10.0; Win64; x64) AppleWebKit/537.36 (KHTML, like Gecko) Chrome/131.0.0.0 Safari/537.36"
146.190.157.162 - - [12/Dec/2024:18:13:07 +0000] "POST /wp-cron.php?doing_wp_cron=1734027187.6783900260925292968750 HTTP/1.1" 200 259 "-" "WordPress/6.7.1; http://aranda.devuocloud.com"
191.80.140.62 - - [12/Dec/2024:18:13:07 +0000] "POST /wp-admin/admin-ajax.php HTTP/1.1" 200 114450 "http://aranda.devuocloud.com/accesibilidad/?et_fb=1&PageSpeed=off" "Mozilla/5.0 (Windows NT 10.0; Win64; x64) AppleWebKit/537.36 (KHTML, like Gecko) Chrome/131.0.0.0 Safari/537.36"
191.80.140.62 - - [12/Dec/2024:18:13:24 +0000] "GET /wp-content/uploads/2024/12/hero-home.jpg HTTP/1.1" 304 251 "http://aranda.devuocloud.com/accesibilidad/?et_fb=1&PageSpeed=off" "Mozilla/5.0 (Windows NT 10.0; Win64; x64) AppleWebKit/537.36 (KHTML, like Gecko) Chrome/131.0.0.0 Safari/537.36"
191.80.140.62 - - [12/Dec/2024:18:13:35 +0000] "POST /wp-admin/admin-ajax.php HTTP/1.1" 200 574 "-" "Mozilla/5.0 (Windows NT 10.0; Win64; x64) AppleWebKit/537.36 (KHTML, like Gecko) Chrome/131.0.0.0 Safari/537.36"
191.80.140.62 - - [12/Dec/2024:18:13:35 +0000] "GET /?et_pb_preview=true&et_pb_preview_nonce=eb2bb77b85&iframe_id=et-fb-preview-1734027215135-122 HTTP/1.1" 200 9623 "-" "Mozilla/5.0 (Windows NT 10.0; Win64; x64) AppleWebKit/537.36 (KHTML, like Gecko) Chrome/131.0.0.0 Safari/537.36"
191.80.140.62 - - [12/Dec/2024:18:13:37 +0000] "GET /?et_pb_preview=true&et_pb_preview_nonce=eb2bb77b85&iframe_id=et-fb-preview-1734027216705-515 HTTP/1.1" 200 9622 "-" "Mozilla/5.0 (Windows NT 10.0; Win64; x64) AppleWebKit/537.36 (KHTML, like Gecko) Chrome/131.0.0.0 Safari/537.36"
191.80.140.62 - - [12/Dec/2024:18:13:37 +0000] "POST /?et_pb_preview=true&et_pb_preview_nonce=eb2bb77b85&iframe_id=et-fb-preview-1734027215135-122 HTTP/1.1" 200 10355 "http://aranda.devuocloud.com/?et_pb_preview=true&et_pb_preview_nonce=eb2bb77b85&iframe_id=et-fb-preview-1734027215135-122" "Mozilla/5.0 (Windows NT 10.0; Win64; x64) AppleWebKit/537.36 (KHTML, like Gecko) Chrome/131.0.0.0 Safari/537.36"
191.80.140.62 - - [12/Dec/2024:18:13:39 +0000] "POST /?et_pb_preview=true&et_pb_preview_nonce=eb2bb77b85&iframe_id=et-fb-preview-1734027216705-515 HTTP/1.1" 200 10790 "http://aranda.devuocloud.com/?et_pb_preview=true&et_pb_preview_nonce=eb2bb77b85&iframe_id=et-fb-preview-1734027216705-515" "Mozilla/5.0 (Windows NT 10.0; Win64; x64) AppleWebKit/537.36 (KHTML, like Gecko) Chrome/131.0.0.0 Safari/537.36"
191.80.140.62 - - [12/Dec/2024:18:13:39 +0000] "GET /wp-json/contact-form-7/v1/contact-forms/179/feedback/schema HTTP/1.1" 200 1984 "http://aranda.devuocloud.com/?et_pb_preview=true&et_pb_preview_nonce=eb2bb77b85&iframe_id=et-fb-preview-1734027215135-122" "Mozilla/5.0 (Windows NT 10.0; Win64; x64) AppleWebKit/537.36 (KHTML, like Gecko) Chrome/131.0.0.0 Safari/537.36"
191.80.140.62 - - [12/Dec/2024:18:13:39 +0000] "GET /?et_pb_preview=true&et_pb_preview_nonce=eb2bb77b85&iframe_id=et-fb-preview-1734027219139-647 HTTP/1.1" 200 9622 "-" "Mozilla/5.0 (Windows NT 10.0; Win64; x64) AppleWebKit/537.36 (KHTML, like Gecko) Chrome/131.0.0.0 Safari/537.36"
191.80.140.62 - - [12/Dec/2024:18:13:39 +0000] "POST /wp-admin/admin-ajax.php HTTP/1.1" 200 1043 "-" "Mozilla/5.0 (Windows NT 10.0; Win64; x64) AppleWebKit/537.36 (KHTML, like Gecko) Chrome/131.0.0.0 Safari/537.36"
191.80.140.62 - - [12/Dec/2024:18:13:41 +0000] "POST /?et_pb_preview=true&et_pb_preview_nonce=eb2bb77b85&iframe_id=et-fb-preview-1734027219139-647 HTTP/1.1" 200 10812 "http://aranda.devuocloud.com/?et_pb_preview=true&et_pb_preview_nonce=eb2bb77b85&iframe_id=et-fb-preview-1734027219139-647" "Mozilla/5.0 (Windows NT 10.0; Win64; x64) AppleWebKit/537.36 (KHTML, like Gecko) Chrome/131.0.0.0 Safari/537.36"
191.80.140.62 - - [12/Dec/2024:18:13:43 +0000] "GET /wp-content/themes/Divi/core/admin/fonts/modules.woff HTTP/1.1" 304 250 "http://aranda.devuocloud.com/wp-content/themes/Divi/style.css?ver=4.9.1" "Mozilla/5.0 (Windows NT 10.0; Win64; x64) AppleWebKit/537.36 (KHTML, like Gecko) Chrome/131.0.0.0 Safari/537.36"
146.190.157.162 - - [12/Dec/2024:18:14:40 +0000] "POST /wp-cron.php?doing_wp_cron=1734027280.5967600345611572265625 HTTP/1.1" 200 259 "-" "WordPress/6.7.1; http://aranda.devuocloud.com"
191.80.140.62 - - [12/Dec/2024:18:14:39 +0000] "POST /wp-admin/admin-ajax.php HTTP/1.1" 200 1043 "-" "Mozilla/5.0 (Windows NT 10.0; Win64; x64) AppleWebKit/537.36 (KHTML, like Gecko) Chrome/131.0.0.0 Safari/537.36"
191.80.140.62 - - [12/Dec/2024:18:14:47 +0000] "POST /wp-admin/admin-ajax.php HTTP/1.1" 200 604 "http://aranda.devuocloud.com/wp-admin/edit.php?post_type=page" "Mozilla/5.0 (Windows NT 10.0; Win64; x64) AppleWebKit/537.36 (KHTML, like Gecko) Chrome/131.0.0.0 Safari/537.36"
191.80.140.62 - - [12/Dec/2024:18:15:00 +0000] "GET /wp-content/themes/Divi/includes/builder/frontend-builder/assets/vendors/tinymce-skin/content.min.css HTTP/1.1" 200 1407 "-" "Mozilla/5.0 (Windows NT 10.0; Win64; x64) AppleWebKit/537.36 (KHTML, like Gecko) Chrome/131.0.0.0 Safari/537.36"
191.80.140.62 - - [12/Dec/2024:18:15:00 +0000] "GET /wp-includes/js/tinymce/skins/wordpress/wp-content.css HTTP/1.1" 200 2952 "-" "Mozilla/5.0 (Windows NT 10.0; Win64; x64) AppleWebKit/537.36 (KHTML, like Gecko) Chrome/131.0.0.0 Safari/537.36"
146.190.157.162 - - [12/Dec/2024:18:15:40 +0000] "POST /wp-cron.php?doing_wp_cron=1734027340.6435298919677734375000 HTTP/1.1" 200 259 "-" "WordPress/6.7.1; http://aranda.devuocloud.com"
191.80.140.62 - - [12/Dec/2024:18:15:39 +0000] "POST /wp-admin/admin-ajax.php HTTP/1.1" 200 1043 "-" "Mozilla/5.0 (Windows NT 10.0; Win64; x64) AppleWebKit/537.36 (KHTML, like Gecko) Chrome/131.0.0.0 Safari/537.36"
146.190.157.162 - - [12/Dec/2024:18:15:57 +0000] "POST /wp-cron.php?doing_wp_cron=1734027357.4207930564880371093750 HTTP/1.1" 200 259 "-" "WordPress/6.7.1; http://aranda.devuocloud.com"
191.80.140.62 - - [12/Dec/2024:18:15:56 +0000] "POST /wp-admin/admin-ajax.php HTTP/1.1" 200 648 "-" "Mozilla/5.0 (Windows NT 10.0; Win64; x64) AppleWebKit/537.36 (KHTML, like Gecko) Chrome/131.0.0.0 Safari/537.36"
191.80.140.62 - - [12/Dec/2024:18:16:39 +0000] "POST /wp-admin/admin-ajax.php HTTP/1.1" 200 801 "-" "Mozilla/5.0 (Windows NT 10.0; Win64; x64) AppleWebKit/537.36 (KHTML, like Gecko) Chrome/131.0.0.0 Safari/537.36"
191.80.140.62 - - [12/Dec/2024:18:16:46 +0000] "POST /wp-admin/admin-ajax.php HTTP/1.1" 200 604 "http://aranda.devuocloud.com/wp-admin/edit.php?post_type=page" "Mozilla/5.0 (Windows NT 10.0; Win64; x64) AppleWebKit/537.36 (KHTML, like Gecko) Chrome/131.0.0.0 Safari/537.36"
146.190.157.162 - - [12/Dec/2024:18:17:39 +0000] "POST /wp-cron.php?doing_wp_cron=1734027459.5744450092315673828125 HTTP/1.1" 200 259 "-" "WordPress/6.7.1; http://aranda.devuocloud.com"
191.80.140.62 - - [12/Dec/2024:18:17:38 +0000] "POST /wp-admin/admin-ajax.php HTTP/1.1" 200 648 "-" "Mozilla/5.0 (Windows NT 10.0; Win64; x64) AppleWebKit/537.36 (KHTML, like Gecko) Chrome/131.0.0.0 Safari/537.36"
191.80.140.62 - - [12/Dec/2024:18:17:39 +0000] "POST /wp-admin/admin-ajax.php HTTP/1.1" 200 9926 "-" "Mozilla/5.0 (Windows NT 10.0; Win64; x64) AppleWebKit/537.36 (KHTML, like Gecko) Chrome/131.0.0.0 Safari/537.36"
146.190.157.162 - - [12/Dec/2024:18:18:40 +0000] "POST /wp-cron.php?doing_wp_cron=1734027520.5657010078430175781250 HTTP/1.1" 200 259 "-" "WordPress/6.7.1; http://aranda.devuocloud.com"
191.80.140.62 - - [12/Dec/2024:18:18:39 +0000] "POST /wp-admin/admin-ajax.php HTTP/1.1" 200 1043 "-" "Mozilla/5.0 (Windows NT 10.0; Win64; x64) AppleWebKit/537.36 (KHTML, like Gecko) Chrome/131.0.0.0 Safari/537.36"
191.80.140.62 - - [12/Dec/2024:18:18:47 +0000] "POST /wp-admin/admin-ajax.php HTTP/1.1" 200 604 "http://aranda.devuocloud.com/wp-admin/edit.php?post_type=page" "Mozilla/5.0 (Windows NT 10.0; Win64; x64) AppleWebKit/537.36 (KHTML, like Gecko) Chrome/131.0.0.0 Safari/537.36"
146.190.157.162 - - [12/Dec/2024:18:19:33 +0000] "POST /wp-cron.php?doing_wp_cron=1734027573.0423669815063476562500 HTTP/1.1" 200 259 "-" "WordPress/6.7.1; http://aranda.devuocloud.com"
191.80.140.62 - - [12/Dec/2024:18:19:32 +0000] "POST /wp-admin/admin-ajax.php HTTP/1.1" 200 648 "-" "Mozilla/5.0 (Windows NT 10.0; Win64; x64) AppleWebKit/537.36 (KHTML, like Gecko) Chrome/131.0.0.0 Safari/537.36"
191.80.140.62 - - [12/Dec/2024:18:19:39 +0000] "POST /wp-admin/admin-ajax.php HTTP/1.1" 200 801 "-" "Mozilla/5.0 (Windows NT 10.0; Win64; x64) AppleWebKit/537.36 (KHTML, like Gecko) Chrome/131.0.0.0 Safari/537.36"
191.80.140.62 - - [12/Dec/2024:18:19:50 +0000] "POST /wp-admin/admin-ajax.php HTTP/1.1" 200 604 "http://aranda.devuocloud.com/wp-admin/edit.php?post_type=page" "Mozilla/5.0 (Windows NT 10.0; Win64; x64) AppleWebKit/537.36 (KHTML, like Gecko) Chrome/131.0.0.0 Safari/537.36"
191.80.140.62 - - [12/Dec/2024:18:19:51 +0000] "GET /wp-admin/admin.php?action=dt_duplicate_post_as_draft&post=625&nonce=a0aee1e891 HTTP/1.1" 302 495 "http://aranda.devuocloud.com/wp-admin/edit.php?post_type=page" "Mozilla/5.0 (Windows NT 10.0; Win64; x64) AppleWebKit/537.36 (KHTML, like Gecko) Chrome/131.0.0.0 Safari/537.36"
191.80.140.62 - - [12/Dec/2024:18:19:52 +0000] "GET /wp-admin/edit.php?post_type=page HTTP/1.1" 200 22678 "http://aranda.devuocloud.com/wp-admin/edit.php?post_type=page" "Mozilla/5.0 (Windows NT 10.0; Win64; x64) AppleWebKit/537.36 (KHTML, like Gecko) Chrome/131.0.0.0 Safari/537.36"
146.190.157.162 - - [12/Dec/2024:18:19:55 +0000] "POST /wp-cron.php?doing_wp_cron=1734027595.5351109504699707031250 HTTP/1.1" 200 259 "-" "WordPress/6.7.1; http://aranda.devuocloud.com"
191.80.140.62 - - [12/Dec/2024:18:19:55 +0000] "POST /wp-admin/admin-ajax.php HTTP/1.1" 200 603 "http://aranda.devuocloud.com/wp-admin/edit.php?post_type=page" "Mozilla/5.0 (Windows NT 10.0; Win64; x64) AppleWebKit/537.36 (KHTML, like Gecko) Chrome/131.0.0.0 Safari/537.36"
191.80.140.62 - - [12/Dec/2024:18:19:55 +0000] "GET /accesibilidad HTTP/1.1" 301 411 "http://aranda.devuocloud.com/" "Mozilla/5.0 (Windows NT 10.0; Win64; x64) AppleWebKit/537.36 (KHTML, like Gecko) Chrome/131.0.0.0 Safari/537.36"
191.80.140.62 - - [12/Dec/2024:18:19:56 +0000] "GET /accesibilidad/ HTTP/1.1" 200 16322 "http://aranda.devuocloud.com/" "Mozilla/5.0 (Windows NT 10.0; Win64; x64) AppleWebKit/537.36 (KHTML, like Gecko) Chrome/131.0.0.0 Safari/537.36"
191.80.140.62 - - [12/Dec/2024:18:19:57 +0000] "GET /wp-content/uploads/2024/12/kit_digital-1024x61-1.png HTTP/1.1" 304 249 "http://aranda.devuocloud.com/accesibilidad/" "Mozilla/5.0 (Windows NT 10.0; Win64; x64) AppleWebKit/537.36 (KHTML, like Gecko) Chrome/131.0.0.0 Safari/537.36"
191.80.140.62 - - [12/Dec/2024:18:20:05 +0000] "POST /wp-admin/admin-ajax.php HTTP/1.1" 200 604 "http://aranda.devuocloud.com/wp-admin/edit.php?post_type=page" "Mozilla/5.0 (Windows NT 10.0; Win64; x64) AppleWebKit/537.36 (KHTML, like Gecko) Chrome/131.0.0.0 Safari/537.36"
191.80.140.62 - - [12/Dec/2024:18:20:10 +0000] "GET /accesibilidad/?et_fb=1&PageSpeed=off HTTP/1.1" 200 78793 "http://aranda.devuocloud.com/wp-admin/edit.php?post_type=page" "Mozilla/5.0 (Windows NT 10.0; Win64; x64) AppleWebKit/537.36 (KHTML, like Gecko) Chrome/131.0.0.0 Safari/537.36"
191.80.140.62 - - [12/Dec/2024:18:20:14 +0000] "POST /wp-admin/admin-ajax.php?lang=es_ES HTTP/1.1" 200 755 "-" "Mozilla/5.0 (Windows NT 10.0; Win64; x64) AppleWebKit/537.36 (KHTML, like Gecko) Chrome/131.0.0.0 Safari/537.36"
191.80.140.62 - - [12/Dec/2024:18:20:17 +0000] "POST /wp-admin/admin-ajax.php HTTP/1.1" 200 572 "-" "Mozilla/5.0 (Windows NT 10.0; Win64; x64) AppleWebKit/537.36 (KHTML, like Gecko) Chrome/131.0.0.0 Safari/537.36"
191.80.140.62 - - [12/Dec/2024:18:20:20 +0000] "GET /wp-content/themes/Divi/includes/builder/frontend-builder/assets/vendors/themes/modern/theme.min.js HTTP/1.1" 200 41993 "http://aranda.devuocloud.com/accesibilidad/?et_fb=1&PageSpeed=off" "Mozilla/5.0 (Windows NT 10.0; Win64; x64) AppleWebKit/537.36 (KHTML, like Gecko) Chrome/131.0.0.0 Safari/537.36"
191.80.140.62 - - [12/Dec/2024:18:20:20 +0000] "GET /wp-content/themes/Divi/includes/builder/frontend-builder/assets/vendors/plugins/autoresize/plugin.min.js HTTP/1.1" 200 1237 "http://aranda.devuocloud.com/accesibilidad/?et_fb=1&PageSpeed=off" "Mozilla/5.0 (Windows NT 10.0; Win64; x64) AppleWebKit/537.36 (KHTML, like Gecko) Chrome/131.0.0.0 Safari/537.36"
191.80.140.62 - - [12/Dec/2024:18:20:20 +0000] "GET /wp-content/themes/Divi/includes/builder/frontend-builder/assets/vendors/plugins/emoticons/plugin.min.js HTTP/1.1" 200 961 "http://aranda.devuocloud.com/accesibilidad/?et_fb=1&PageSpeed=off" "Mozilla/5.0 (Windows NT 10.0; Win64; x64) AppleWebKit/537.36 (KHTML, like Gecko) Chrome/131.0.0.0 Safari/537.36"
191.80.140.62 - - [12/Dec/2024:18:20:20 +0000] "GET /wp-content/themes/Divi/includes/builder/frontend-builder/assets/vendors/plugins/wpview/plugin.min.js HTTP/1.1" 200 1484 "http://aranda.devuocloud.com/accesibilidad/?et_fb=1&PageSpeed=off" "Mozilla/5.0 (Windows NT 10.0; Win64; x64) AppleWebKit/537.36 (KHTML, like Gecko) Chrome/131.0.0.0 Safari/537.36"
191.80.140.62 - - [12/Dec/2024:18:20:20 +0000] "GET /wp-content/themes/Divi/includes/builder/frontend-builder/assets/vendors/plugins/fullscreen/plugin.min.js HTTP/1.1" 200 1232 "http://aranda.devuocloud.com/accesibilidad/?et_fb=1&PageSpeed=off" "Mozilla/5.0 (Windows NT 10.0; Win64; x64) AppleWebKit/537.36 (KHTML, like Gecko) Chrome/131.0.0.0 Safari/537.36"
191.80.140.62 - - [12/Dec/2024:18:20:20 +0000] "GET /wp-content/themes/Divi/includes/builder/frontend-builder/assets/vendors/plugins/charmap/plugin.min.js HTTP/1.1" 200 3589 "http://aranda.devuocloud.com/accesibilidad/?et_fb=1&PageSpeed=off" "Mozilla/5.0 (Windows NT 10.0; Win64; x64) AppleWebKit/537.36 (KHTML, like Gecko) Chrome/131.0.0.0 Safari/537.36"
191.80.140.62 - - [12/Dec/2024:18:20:21 +0000] "GET /wp-content/themes/Divi/includes/builder/frontend-builder/assets/vendors/tinymce-skin/skin.min.css HTTP/1.1" 200 6997 "http://aranda.devuocloud.com/accesibilidad/?et_fb=1&PageSpeed=off" "Mozilla/5.0 (Windows NT 10.0; Win64; x64) AppleWebKit/537.36 (KHTML, like Gecko) Chrome/131.0.0.0 Safari/537.36"
191.80.140.62 - - [12/Dec/2024:18:20:21 +0000] "GET /wp-content/themes/Divi/includes/builder/frontend-builder/assets/vendors/tinymce-skin/fonts/tinymce.woff HTTP/1.1" 304 249 "http://aranda.devuocloud.com/wp-content/themes/Divi/includes/builder/frontend-builder/assets/vendors/tinymce-skin/skin.min.css" "Mozilla/5.0 (Windows NT 10.0; Win64; x64) AppleWebKit/537.36 (KHTML, like Gecko) Chrome/131.0.0.0 Safari/537.36"
146.190.157.162 - - [12/Dec/2024:18:21:01 +0000] "POST /wp-cron.php?doing_wp_cron=1734027661.6040918827056884765625 HTTP/1.1" 200 259 "-" "WordPress/6.7.1; http://aranda.devuocloud.com"
191.80.140.62 - - [12/Dec/2024:18:21:00 +0000] "POST /wp-admin/admin-ajax.php HTTP/1.1" 200 648 "-" "Mozilla/5.0 (Windows NT 10.0; Win64; x64) AppleWebKit/537.36 (KHTML, like Gecko) Chrome/131.0.0.0 Safari/537.36"
191.80.140.62 - - [12/Dec/2024:18:21:08 +0000] "GET /accesibilidad/ HTTP/1.1" 200 16334 "http://aranda.devuocloud.com/" "Mozilla/5.0 (Windows NT 10.0; Win64; x64) AppleWebKit/537.36 (KHTML, like Gecko) Chrome/131.0.0.0 Safari/537.36"
191.80.140.62 - - [12/Dec/2024:18:21:14 +0000] "POST /wp-admin/admin-ajax.php HTTP/1.1" 200 801 "-" "Mozilla/5.0 (Windows NT 10.0; Win64; x64) AppleWebKit/537.36 (KHTML, like Gecko) Chrome/131.0.0.0 Safari/537.36"
191.80.140.62 - - [12/Dec/2024:18:21:16 +0000] "POST /wp-admin/admin-ajax.php HTTP/1.1" 200 604 "http://aranda.devuocloud.com/wp-admin/edit.php?post_type=page" "Mozilla/5.0 (Windows NT 10.0; Win64; x64) AppleWebKit/537.36 (KHTML, like Gecko) Chrome/131.0.0.0 Safari/537.36"
191.80.140.62 - - [12/Dec/2024:18:21:20 +0000] "GET /wp-admin/post.php?post=1283&action=edit HTTP/1.1" 200 159750 "http://aranda.devuocloud.com/wp-admin/edit.php?post_type=page" "Mozilla/5.0 (Windows NT 10.0; Win64; x64) AppleWebKit/537.36 (KHTML, like Gecko) Chrome/131.0.0.0 Safari/537.36"
191.80.140.62 - - [12/Dec/2024:18:21:23 +0000] "OPTIONS /wp-json/wp/v2/settings?_locale=user HTTP/1.1" 200 6761 "http://aranda.devuocloud.com/wp-admin/post.php?post=1283&action=edit" "Mozilla/5.0 (Windows NT 10.0; Win64; x64) AppleWebKit/537.36 (KHTML, like Gecko) Chrome/131.0.0.0 Safari/537.36"
191.80.140.62 - - [12/Dec/2024:18:21:23 +0000] "GET /wp-json/?_fields=description%2Cgmt_offset%2Chome%2Cname%2Csite_icon%2Csite_icon_url%2Csite_logo%2Ctimezone_string%2Curl&_locale=user HTTP/1.1" 200 1203 "http://aranda.devuocloud.com/wp-admin/post.php?post=1283&action=edit" "Mozilla/5.0 (Windows NT 10.0; Win64; x64) AppleWebKit/537.36 (KHTML, like Gecko) Chrome/131.0.0.0 Safari/537.36"
191.80.140.62 - - [12/Dec/2024:18:21:23 +0000] "GET /wp-json/wp/v2/block-patterns/categories?_locale=user HTTP/1.1" 200 2961 "http://aranda.devuocloud.com/wp-admin/post.php?post=1283&action=edit" "Mozilla/5.0 (Windows NT 10.0; Win64; x64) AppleWebKit/537.36 (KHTML, like Gecko) Chrome/131.0.0.0 Safari/537.36"
191.80.140.62 - - [12/Dec/2024:18:21:24 +0000] "GET /wp-json/wp/v2/wp_pattern_category?context=view&per_page=100&_fields=id%2Cname%2Cdescription%2Cslug&_locale=user HTTP/1.1" 200 701 "http://aranda.devuocloud.com/wp-admin/post.php?post=1283&action=edit" "Mozilla/5.0 (Windows NT 10.0; Win64; x64) AppleWebKit/537.36 (KHTML, like Gecko) Chrome/131.0.0.0 Safari/537.36"
191.80.140.62 - - [12/Dec/2024:18:21:23 +0000] "GET /wp-json/wp/v2/media/1219?context=edit&_locale=user HTTP/1.1" 200 7119 "http://aranda.devuocloud.com/wp-admin/post.php?post=1283&action=edit" "Mozilla/5.0 (Windows NT 10.0; Win64; x64) AppleWebKit/537.36 (KHTML, like Gecko) Chrome/131.0.0.0 Safari/537.36"
191.80.140.62 - - [12/Dec/2024:18:21:23 +0000] "GET /wp-json/wp/v2/blocks?context=edit&per_page=100&_locale=user HTTP/1.1" 200 701 "http://aranda.devuocloud.com/wp-admin/post.php?post=1283&action=edit" "Mozilla/5.0 (Windows NT 10.0; Win64; x64) AppleWebKit/537.36 (KHTML, like Gecko) Chrome/131.0.0.0 Safari/537.36"
191.80.140.62 - - [12/Dec/2024:18:21:24 +0000] "GET /wp-json/wp/v2/users?context=view&who=authors&per_page=50&_fields=id%2Cname&_locale=user HTTP/1.1" 200 757 "http://aranda.devuocloud.com/wp-admin/post.php?post=1283&action=edit" "Mozilla/5.0 (Windows NT 10.0; Win64; x64) AppleWebKit/537.36 (KHTML, like Gecko) Chrome/131.0.0.0 Safari/537.36"
191.80.140.62 - - [12/Dec/2024:18:21:24 +0000] "GET /wp-json/wp/v2/taxonomies?context=edit&per_page=100&_locale=user HTTP/1.1" 200 15314 "http://aranda.devuocloud.com/wp-admin/post.php?post=1283&action=edit" "Mozilla/5.0 (Windows NT 10.0; Win64; x64) AppleWebKit/537.36 (KHTML, like Gecko) Chrome/131.0.0.0 Safari/537.36"
191.80.140.62 - - [12/Dec/2024:18:21:25 +0000] "GET /wp-json/wp/v2/media/1219?context=view&_locale=user HTTP/1.1" 200 6552 "http://aranda.devuocloud.com/wp-admin/post.php?post=1283&action=edit" "Mozilla/5.0 (Windows NT 10.0; Win64; x64) AppleWebKit/537.36 (KHTML, like Gecko) Chrome/131.0.0.0 Safari/537.36"
191.80.140.62 - - [12/Dec/2024:18:21:25 +0000] "GET /wp-json/wp/v2/users/1?context=view&_fields=id%2Cname&_locale=user HTTP/1.1" 200 715 "http://aranda.devuocloud.com/wp-admin/post.php?post=1283&action=edit" "Mozilla/5.0 (Windows NT 10.0; Win64; x64) AppleWebKit/537.36 (KHTML, like Gecko) Chrome/131.0.0.0 Safari/537.36"
191.80.140.62 - - [12/Dec/2024:18:21:33 +0000] "POST /wp-admin/admin-ajax.php HTTP/1.1" 200 655 "http://aranda.devuocloud.com/wp-admin/post.php?post=1283&action=edit" "Mozilla/5.0 (Windows NT 10.0; Win64; x64) AppleWebKit/537.36 (KHTML, like Gecko) Chrome/131.0.0.0 Safari/537.36"
191.80.140.62 - - [12/Dec/2024:18:21:43 +0000] "POST /wp-admin/admin-ajax.php HTTP/1.1" 200 655 "http://aranda.devuocloud.com/wp-admin/post.php?post=1283&action=edit" "Mozilla/5.0 (Windows NT 10.0; Win64; x64) AppleWebKit/537.36 (KHTML, like Gecko) Chrome/131.0.0.0 Safari/537.36"
191.80.140.62 - - [12/Dec/2024:18:21:45 +0000] "GET /wp-json/wp/v2/taxonomies/post_tag?context=edit&_locale=user HTTP/1.1" 200 2825 "http://aranda.devuocloud.com/wp-admin/post.php?post=1283&action=edit" "Mozilla/5.0 (Windows NT 10.0; Win64; x64) AppleWebKit/537.36 (KHTML, like Gecko) Chrome/131.0.0.0 Safari/537.36"
191.80.140.62 - - [12/Dec/2024:18:21:46 +0000] "GET /wp-json/wp/v2/taxonomies/category?context=edit&_locale=user HTTP/1.1" 200 3075 "http://aranda.devuocloud.com/wp-admin/post.php?post=1283&action=edit" "Mozilla/5.0 (Windows NT 10.0; Win64; x64) AppleWebKit/537.36 (KHTML, like Gecko) Chrome/131.0.0.0 Safari/537.36"
191.80.140.62 - - [12/Dec/2024:18:21:46 +0000] "GET /wp-json/wp/v2/categories/1?context=edit&_locale=user HTTP/1.1" 200 5585 "http://aranda.devuocloud.com/wp-admin/post.php?post=1283&action=edit" "Mozilla/5.0 (Windows NT 10.0; Win64; x64) AppleWebKit/537.36 (KHTML, like Gecko) Chrome/131.0.0.0 Safari/537.36"
191.80.140.62 - - [12/Dec/2024:18:21:46 +0000] "POST /wp-json/wp/v2/pages/1283?_locale=user HTTP/1.1" 200 22874 "http://aranda.devuocloud.com/wp-admin/post.php?post=1283&action=edit" "Mozilla/5.0 (Windows NT 10.0; Win64; x64) AppleWebKit/537.36 (KHTML, like Gecko) Chrome/131.0.0.0 Safari/537.36"
191.80.140.62 - - [12/Dec/2024:18:21:48 +0000] "POST /wp-admin/post.php?post=1283&action=edit&meta-box-loader=1&meta-box-loader-nonce=bc864fd4d2&_locale=user HTTP/1.1" 302 512 "http://aranda.devuocloud.com/wp-admin/post.php?post=1283&action=edit" "Mozilla/5.0 (Windows NT 10.0; Win64; x64) AppleWebKit/537.36 (KHTML, like Gecko) Chrome/131.0.0.0 Safari/537.36"
191.80.140.62 - - [12/Dec/2024:18:21:49 +0000] "GET /wp-admin/post.php?post=1283&action=edit&message=4 HTTP/1.1" 200 158886 "http://aranda.devuocloud.com/wp-admin/post.php?post=1283&action=edit" "Mozilla/5.0 (Windows NT 10.0; Win64; x64) AppleWebKit/537.36 (KHTML, like Gecko) Chrome/131.0.0.0 Safari/537.36"
191.80.140.62 - - [12/Dec/2024:18:21:52 +0000] "POST /wp-admin/admin-ajax.php HTTP/1.1" 200 549 "http://aranda.devuocloud.com/wp-admin/post.php?post=1283&action=edit" "Mozilla/5.0 (Windows NT 10.0; Win64; x64) AppleWebKit/537.36 (KHTML, like Gecko) Chrome/131.0.0.0 Safari/537.36"
191.80.140.62 - - [12/Dec/2024:18:21:52 +0000] "GET /wp-admin/edit.php?post_type=page HTTP/1.1" 200 22869 "http://aranda.devuocloud.com/wp-admin/post.php?post=1283&action=edit" "Mozilla/5.0 (Windows NT 10.0; Win64; x64) AppleWebKit/537.36 (KHTML, like Gecko) Chrome/131.0.0.0 Safari/537.36"
191.80.140.62 - - [12/Dec/2024:18:21:57 +0000] "GET /politica-de-cookies/?et_fb=1&PageSpeed=off HTTP/1.1" 200 78605 "http://aranda.devuocloud.com/wp-admin/edit.php?post_type=page" "Mozilla/5.0 (Windows NT 10.0; Win64; x64) AppleWebKit/537.36 (KHTML, like Gecko) Chrome/131.0.0.0 Safari/537.36"
146.190.157.162 - - [12/Dec/2024:18:21:57 +0000] "POST /wp-cron.php?doing_wp_cron=1734027717.7313199043273925781250 HTTP/1.1" 200 259 "-" "WordPress/6.7.1; http://aranda.devuocloud.com"
191.80.140.62 - - [12/Dec/2024:18:21:57 +0000] "POST /wp-admin/admin-ajax.php HTTP/1.1" 200 603 "http://aranda.devuocloud.com/wp-admin/edit.php?post_type=page" "Mozilla/5.0 (Windows NT 10.0; Win64; x64) AppleWebKit/537.36 (KHTML, like Gecko) Chrome/131.0.0.0 Safari/537.36"
191.80.140.62 - - [12/Dec/2024:18:22:00 +0000] "POST /wp-admin/admin-ajax.php?lang=es_ES HTTP/1.1" 200 755 "-" "Mozilla/5.0 (Windows NT 10.0; Win64; x64) AppleWebKit/537.36 (KHTML, like Gecko) Chrome/131.0.0.0 Safari/537.36"
146.190.157.162 - - [12/Dec/2024:18:23:01 +0000] "POST /wp-cron.php?doing_wp_cron=1734027781.2062840461730957031250 HTTP/1.1" 200 259 "-" "WordPress/6.7.1; http://aranda.devuocloud.com"
191.80.140.62 - - [12/Dec/2024:18:23:00 +0000] "POST /wp-admin/admin-ajax.php HTTP/1.1" 200 1044 "-" "Mozilla/5.0 (Windows NT 10.0; Win64; x64) AppleWebKit/537.36 (KHTML, like Gecko) Chrome/131.0.0.0 Safari/537.36"
146.190.157.162 - - [12/Dec/2024:18:23:55 +0000] "POST /wp-cron.php?doing_wp_cron=1734027835.7354369163513183593750 HTTP/1.1" 200 259 "-" "WordPress/6.7.1; http://aranda.devuocloud.com"
191.80.140.62 - - [12/Dec/2024:18:23:55 +0000] "POST /wp-admin/admin-ajax.php HTTP/1.1" 200 604 "http://aranda.devuocloud.com/wp-admin/edit.php?post_type=page" "Mozilla/5.0 (Windows NT 10.0; Win64; x64) AppleWebKit/537.36 (KHTML, like Gecko) Chrome/131.0.0.0 Safari/537.36"
191.80.140.62 - - [12/Dec/2024:18:24:00 +0000] "POST /wp-admin/admin-ajax.php HTTP/1.1" 200 1043 "-" "Mozilla/5.0 (Windows NT 10.0; Win64; x64) AppleWebKit/537.36 (KHTML, like Gecko) Chrome/131.0.0.0 Safari/537.36"
191.80.140.62 - - [12/Dec/2024:18:24:29 +0000] "POST /wp-admin/admin-ajax.php HTTP/1.1" 200 648 "-" "Mozilla/5.0 (Windows NT 10.0; Win64; x64) AppleWebKit/537.36 (KHTML, like Gecko) Chrome/131.0.0.0 Safari/537.36"
146.190.157.162 - - [12/Dec/2024:18:25:00 +0000] "POST /wp-cron.php?doing_wp_cron=1734027900.0102078914642333984375 HTTP/1.1" 200 259 "-" "WordPress/6.7.1; http://aranda.devuocloud.com"
191.80.140.62 - - [12/Dec/2024:18:24:59 +0000] "GET /politica-de-cookies HTTP/1.1" 301 417 "http://aranda.devuocloud.com/accesibilidad/" "Mozilla/5.0 (Windows NT 10.0; Win64; x64) AppleWebKit/537.36 (KHTML, like Gecko) Chrome/131.0.0.0 Safari/537.36"
191.80.140.62 - - [12/Dec/2024:18:25:01 +0000] "POST /wp-admin/admin-ajax.php HTTP/1.1" 200 13776 "-" "Mozilla/5.0 (Windows NT 10.0; Win64; x64) AppleWebKit/537.36 (KHTML, like Gecko) Chrome/131.0.0.0 Safari/537.36"
191.80.140.62 - - [12/Dec/2024:18:25:01 +0000] "GET /politica-de-cookies/ HTTP/1.1" 200 17208 "http://aranda.devuocloud.com/accesibilidad/" "Mozilla/5.0 (Windows NT 10.0; Win64; x64) AppleWebKit/537.36 (KHTML, like Gecko) Chrome/131.0.0.0 Safari/537.36"
191.80.140.62 - - [12/Dec/2024:18:25:30 +0000] "GET /wp-content/uploads/2024/12/Logo-blanco.png HTTP/1.1" 200 7626 "http://aranda.devuocloud.com/politica-de-cookies/" "Mozilla/5.0 (iPhone; CPU iPhone OS 16_6 like Mac OS X) AppleWebKit/605.1.15 (KHTML, like Gecko) Version/16.6 Mobile/15E148 Safari/604.1"
191.80.140.62 - - [12/Dec/2024:18:25:30 +0000] "GET /wp-content/themes/Divi/js/custom.unified.js.map HTTP/1.1" 404 47212 "-" "Mozilla/5.0 (Windows NT 10.0; Win64; x64) AppleWebKit/537.36 (KHTML, like Gecko) Chrome/131.0.0.0 Safari/537.36"
191.80.140.62 - - [12/Dec/2024:18:25:33 +0000] "GET /wp-content/uploads/2024/12/Logo-blanco.png HTTP/1.1" 200 7625 "http://aranda.devuocloud.com/politica-de-cookies/" "Mozilla/5.0 (iPhone; CPU iPhone OS 16_6 like Mac OS X) AppleWebKit/605.1.15 (KHTML, like Gecko) Version/16.6 Mobile/15E148 Safari/604.1"
146.190.157.162 - - [12/Dec/2024:18:25:56 +0000] "POST /wp-cron.php?doing_wp_cron=1734027956.6801459789276123046875 HTTP/1.1" 200 259 "-" "WordPress/6.7.1; http://aranda.devuocloud.com"
191.80.140.62 - - [12/Dec/2024:18:25:56 +0000] "POST /wp-admin/admin-ajax.php HTTP/1.1" 200 604 "http://aranda.devuocloud.com/wp-admin/edit.php?post_type=page" "Mozilla/5.0 (Windows NT 10.0; Win64; x64) AppleWebKit/537.36 (KHTML, like Gecko) Chrome/131.0.0.0 Safari/537.36"
191.80.140.62 - - [12/Dec/2024:18:26:37 +0000] "GET /wp-content/uploads/2024/12/Logo-blanco.png HTTP/1.1" 200 7626 "http://aranda.devuocloud.com/politica-de-cookies/" "Mozilla/5.0 (iPhone; CPU iPhone OS 16_6 like Mac OS X) AppleWebKit/605.1.15 (KHTML, like Gecko) Version/16.6 Mobile/15E148 Safari/604.1"
191.80.140.62 - - [12/Dec/2024:18:26:52 +0000] "GET /wp-content/uploads/2024/12/Logo-blanco.png HTTP/1.1" 200 7626 "http://aranda.devuocloud.com/politica-de-cookies/" "Mozilla/5.0 (iPhone; CPU iPhone OS 16_6 like Mac OS X) AppleWebKit/605.1.15 (KHTML, like Gecko) Version/16.6 Mobile/15E148 Safari/604.1"
146.190.157.162 - - [12/Dec/2024:18:27:02 +0000] "POST /wp-cron.php?doing_wp_cron=1734028022.9068338871002197265625 HTTP/1.1" 200 259 "-" "WordPress/6.7.1; http://aranda.devuocloud.com"
191.80.140.62 - - [12/Dec/2024:18:27:02 +0000] "POST /wp-admin/admin-ajax.php HTTP/1.1" 200 929 "-" "Mozilla/5.0 (Windows NT 10.0; Win64; x64) AppleWebKit/537.36 (KHTML, like Gecko) Chrome/131.0.0.0 Safari/537.36"
146.190.157.162 - - [12/Dec/2024:18:27:57 +0000] "POST /wp-cron.php?doing_wp_cron=1734028077.6214110851287841796875 HTTP/1.1" 200 259 "-" "WordPress/6.7.1; http://aranda.devuocloud.com"
191.80.140.62 - - [12/Dec/2024:18:27:57 +0000] "POST /wp-admin/admin-ajax.php HTTP/1.1" 200 604 "http://aranda.devuocloud.com/wp-admin/edit.php?post_type=page" "Mozilla/5.0 (Windows NT 10.0; Win64; x64) AppleWebKit/537.36 (KHTML, like Gecko) Chrome/131.0.0.0 Safari/537.36"
191.80.140.62 - - [12/Dec/2024:18:28:01 +0000] "POST /wp-admin/admin-ajax.php HTTP/1.1" 200 1043 "-" "Mozilla/5.0 (Windows NT 10.0; Win64; x64) AppleWebKit/537.36 (KHTML, like Gecko) Chrome/131.0.0.0 Safari/537.36"
191.80.140.62 - - [12/Dec/2024:18:28:08 +0000] "POST /wp-admin/admin-ajax.php HTTP/1.1" 200 648 "-" "Mozilla/5.0 (Windows NT 10.0; Win64; x64) AppleWebKit/537.36 (KHTML, like Gecko) Chrome/131.0.0.0 Safari/537.36"
191.80.140.62 - - [12/Dec/2024:18:28:13 +0000] "POST /wp-admin/admin-ajax.php HTTP/1.1" 200 572 "-" "Mozilla/5.0 (Windows NT 10.0; Win64; x64) AppleWebKit/537.36 (KHTML, like Gecko) Chrome/131.0.0.0 Safari/537.36"
191.80.140.62 - - [12/Dec/2024:18:28:14 +0000] "POST /wp-admin/admin-ajax.php HTTP/1.1" 200 604 "http://aranda.devuocloud.com/wp-admin/edit.php?post_type=page" "Mozilla/5.0 (Windows NT 10.0; Win64; x64) AppleWebKit/537.36 (KHTML, like Gecko) Chrome/131.0.0.0 Safari/537.36"
191.80.140.62 - - [12/Dec/2024:18:28:16 +0000] "GET /accesibilidad/?et_fb=1&PageSpeed=off HTTP/1.1" 200 78785 "http://aranda.devuocloud.com/wp-admin/edit.php?post_type=page" "Mozilla/5.0 (Windows NT 10.0; Win64; x64) AppleWebKit/537.36 (KHTML, like Gecko) Chrome/131.0.0.0 Safari/537.36"
191.80.140.62 - - [12/Dec/2024:18:28:20 +0000] "POST /wp-admin/admin-ajax.php?lang=es_ES HTTP/1.1" 200 755 "-" "Mozilla/5.0 (Windows NT 10.0; Win64; x64) AppleWebKit/537.36 (KHTML, like Gecko) Chrome/131.0.0.0 Safari/537.36"
191.80.140.62 - - [12/Dec/2024:18:28:24 +0000] "POST /wp-admin/admin-ajax.php HTTP/1.1" 200 603 "http://aranda.devuocloud.com/wp-admin/edit.php?post_type=page" "Mozilla/5.0 (Windows NT 10.0; Win64; x64) AppleWebKit/537.36 (KHTML, like Gecko) Chrome/131.0.0.0 Safari/537.36"
191.80.140.62 - - [12/Dec/2024:18:28:25 +0000] "POST /wp-admin/admin-ajax.php HTTP/1.1" 200 572 "-" "Mozilla/5.0 (Windows NT 10.0; Win64; x64) AppleWebKit/537.36 (KHTML, like Gecko) Chrome/131.0.0.0 Safari/537.36"
191.80.140.62 - - [12/Dec/2024:18:28:46 +0000] "POST /wp-admin/admin-ajax.php HTTP/1.1" 200 648 "-" "Mozilla/5.0 (Windows NT 10.0; Win64; x64) AppleWebKit/537.36 (KHTML, like Gecko) Chrome/131.0.0.0 Safari/537.36"
191.80.140.62 - - [12/Dec/2024:18:28:52 +0000] "POST /wp-admin/admin-ajax.php HTTP/1.1" 200 572 "-" "Mozilla/5.0 (Windows NT 10.0; Win64; x64) AppleWebKit/537.36 (KHTML, like Gecko) Chrome/131.0.0.0 Safari/537.36"
191.80.140.62 - - [12/Dec/2024:18:28:53 +0000] "POST /wp-admin/admin-ajax.php HTTP/1.1" 200 604 "http://aranda.devuocloud.com/wp-admin/edit.php?post_type=page" "Mozilla/5.0 (Windows NT 10.0; Win64; x64) AppleWebKit/537.36 (KHTML, like Gecko) Chrome/131.0.0.0 Safari/537.36"
146.190.157.162 - - [12/Dec/2024:18:29:03 +0000] "POST /wp-cron.php?doing_wp_cron=1734028143.7359640598297119140625 HTTP/1.1" 200 259 "-" "WordPress/6.7.1; http://aranda.devuocloud.com"
191.80.140.62 - - [12/Dec/2024:18:29:03 +0000] "POST /wp-admin/admin-ajax.php HTTP/1.1" 200 604 "http://aranda.devuocloud.com/wp-admin/edit.php?post_type=page" "Mozilla/5.0 (Windows NT 10.0; Win64; x64) AppleWebKit/537.36 (KHTML, like Gecko) Chrome/131.0.0.0 Safari/537.36"
191.80.140.62 - - [12/Dec/2024:18:29:04 +0000] "GET /gutters/ HTTP/1.1" 200 21080 "http://aranda.devuocloud.com/wp-admin/edit.php?post_type=page" "Mozilla/5.0 (Windows NT 10.0; Win64; x64) AppleWebKit/537.36 (KHTML, like Gecko) Chrome/131.0.0.0 Safari/537.36"
191.80.140.62 - - [12/Dec/2024:18:29:07 +0000] "GET /wp-content/uploads/2024/12/Logo-vertical.png HTTP/1.1" 304 249 "http://aranda.devuocloud.com/gutters/" "Mozilla/5.0 (Windows NT 10.0; Win64; x64) AppleWebKit/537.36 (KHTML, like Gecko) Chrome/131.0.0.0 Safari/537.36"
191.80.140.62 - - [12/Dec/2024:18:29:07 +0000] "GET /wp-content/uploads/2024/12/favicon-150x150.jpg HTTP/1.1" 304 248 "http://aranda.devuocloud.com/gutters/" "Mozilla/5.0 (Windows NT 10.0; Win64; x64) AppleWebKit/537.36 (KHTML, like Gecko) Chrome/131.0.0.0 Safari/537.36"
191.80.140.62 - - [12/Dec/2024:18:29:07 +0000] "GET /wp-json/contact-form-7/v1/contact-forms/179/feedback/schema HTTP/1.1" 200 1984 "http://aranda.devuocloud.com/gutters/" "Mozilla/5.0 (Windows NT 10.0; Win64; x64) AppleWebKit/537.36 (KHTML, like Gecko) Chrome/131.0.0.0 Safari/537.36"
191.80.140.62 - - [12/Dec/2024:18:29:19 +0000] "POST /wp-admin/admin-ajax.php HTTP/1.1" 200 604 "http://aranda.devuocloud.com/wp-admin/edit.php?post_type=page" "Mozilla/5.0 (Windows NT 10.0; Win64; x64) AppleWebKit/537.36 (KHTML, like Gecko) Chrome/131.0.0.0 Safari/537.36"
191.80.140.62 - - [12/Dec/2024:18:29:23 +0000] "POST /wp-admin/admin-ajax.php HTTP/1.1" 200 603 "http://aranda.devuocloud.com/wp-admin/edit.php?post_type=page" "Mozilla/5.0 (Windows NT 10.0; Win64; x64) AppleWebKit/537.36 (KHTML, like Gecko) Chrome/131.0.0.0 Safari/537.36"
191.80.140.62 - - [12/Dec/2024:18:29:24 +0000] "GET /wp-admin/post.php?post=1243&action=trash&_wpnonce=4edc98ba56 HTTP/1.1" 302 514 "http://aranda.devuocloud.com/wp-admin/edit.php?post_type=page" "Mozilla/5.0 (Windows NT 10.0; Win64; x64) AppleWebKit/537.36 (KHTML, like Gecko) Chrome/131.0.0.0 Safari/537.36"
191.80.140.62 - - [12/Dec/2024:18:29:25 +0000] "GET /wp-admin/edit.php?post_type=page&trashed=1&ids=1243 HTTP/1.1" 200 22313 "http://aranda.devuocloud.com/wp-admin/edit.php?post_type=page" "Mozilla/5.0 (Windows NT 10.0; Win64; x64) AppleWebKit/537.36 (KHTML, like Gecko) Chrome/131.0.0.0 Safari/537.36"
191.80.140.62 - - [12/Dec/2024:18:29:26 +0000] "POST /wp-admin/admin-ajax.php HTTP/1.1" 200 603 "http://aranda.devuocloud.com/wp-admin/edit.php?post_type=page" "Mozilla/5.0 (Windows NT 10.0; Win64; x64) AppleWebKit/537.36 (KHTML, like Gecko) Chrome/131.0.0.0 Safari/537.36"
191.80.140.62 - - [12/Dec/2024:18:29:29 +0000] "GET /wp-admin/post.php?post=862&action=edit HTTP/1.1" 200 164671 "http://aranda.devuocloud.com/wp-admin/edit.php?post_type=page" "Mozilla/5.0 (Windows NT 10.0; Win64; x64) AppleWebKit/537.36 (KHTML, like Gecko) Chrome/131.0.0.0 Safari/537.36"
191.80.140.62 - - [12/Dec/2024:18:29:31 +0000] "GET /wp-content/uploads/2024/12/favicon.jpg HTTP/1.1" 304 249 "http://aranda.devuocloud.com/wp-admin/post.php?post=862&action=edit" "Mozilla/5.0 (Windows NT 10.0; Win64; x64) AppleWebKit/537.36 (KHTML, like Gecko) Chrome/131.0.0.0 Safari/537.36"
191.80.140.62 - - [12/Dec/2024:18:29:31 +0000] "OPTIONS /wp-json/wp/v2/settings?_locale=user HTTP/1.1" 200 6762 "http://aranda.devuocloud.com/wp-admin/post.php?post=862&action=edit" "Mozilla/5.0 (Windows NT 10.0; Win64; x64) AppleWebKit/537.36 (KHTML, like Gecko) Chrome/131.0.0.0 Safari/537.36"
191.80.140.62 - - [12/Dec/2024:18:29:31 +0000] "GET /wp-json/?_fields=description%2Cgmt_offset%2Chome%2Cname%2Csite_icon%2Csite_icon_url%2Csite_logo%2Ctimezone_string%2Curl&_locale=user HTTP/1.1" 200 1203 "http://aranda.devuocloud.com/wp-admin/post.php?post=862&action=edit" "Mozilla/5.0 (Windows NT 10.0; Win64; x64) AppleWebKit/537.36 (KHTML, like Gecko) Chrome/131.0.0.0 Safari/537.36"
191.80.140.62 - - [12/Dec/2024:18:29:31 +0000] "GET /wp-json/wp/v2/wp_pattern_category?context=view&per_page=100&_fields=id%2Cname%2Cdescription%2Cslug&_locale=user HTTP/1.1" 200 701 "http://aranda.devuocloud.com/wp-admin/post.php?post=862&action=edit" "Mozilla/5.0 (Windows NT 10.0; Win64; x64) AppleWebKit/537.36 (KHTML, like Gecko) Chrome/131.0.0.0 Safari/537.36"
191.80.140.62 - - [12/Dec/2024:18:29:31 +0000] "GET /wp-json/wp/v2/block-patterns/categories?_locale=user HTTP/1.1" 200 2960 "http://aranda.devuocloud.com/wp-admin/post.php?post=862&action=edit" "Mozilla/5.0 (Windows NT 10.0; Win64; x64) AppleWebKit/537.36 (KHTML, like Gecko) Chrome/131.0.0.0 Safari/537.36"
191.80.140.62 - - [12/Dec/2024:18:29:31 +0000] "GET /wp-json/wp/v2/users?context=view&who=authors&per_page=50&_fields=id%2Cname&_locale=user HTTP/1.1" 200 758 "http://aranda.devuocloud.com/wp-admin/post.php?post=862&action=edit" "Mozilla/5.0 (Windows NT 10.0; Win64; x64) AppleWebKit/537.36 (KHTML, like Gecko) Chrome/131.0.0.0 Safari/537.36"
191.80.140.62 - - [12/Dec/2024:18:29:31 +0000] "GET /wp-json/wp/v2/blocks?context=edit&per_page=100&_locale=user HTTP/1.1" 200 701 "http://aranda.devuocloud.com/wp-admin/post.php?post=862&action=edit" "Mozilla/5.0 (Windows NT 10.0; Win64; x64) AppleWebKit/537.36 (KHTML, like Gecko) Chrome/131.0.0.0 Safari/537.36"
191.80.140.62 - - [12/Dec/2024:18:29:32 +0000] "GET /wp-json/wp/v2/taxonomies?context=edit&per_page=100&_locale=user HTTP/1.1" 200 15314 "http://aranda.devuocloud.com/wp-admin/post.php?post=862&action=edit" "Mozilla/5.0 (Windows NT 10.0; Win64; x64) AppleWebKit/537.36 (KHTML, like Gecko) Chrome/131.0.0.0 Safari/537.36"
191.80.140.62 - - [12/Dec/2024:18:29:32 +0000] "GET /wp-json/wp/v2/users/1?context=view&_fields=id%2Cname&_locale=user HTTP/1.1" 200 715 "http://aranda.devuocloud.com/wp-admin/post.php?post=862&action=edit" "Mozilla/5.0 (Windows NT 10.0; Win64; x64) AppleWebKit/537.36 (KHTML, like Gecko) Chrome/131.0.0.0 Safari/537.36"
191.80.140.62 - - [12/Dec/2024:18:29:32 +0000] "GET /wp-admin/%22/wp-content/uploads/2023/04/call-banner.png%22 HTTP/1.1" 301 451 "http://aranda.devuocloud.com/wp-admin/post.php?post=862&action=edit" "Mozilla/5.0 (Windows NT 10.0; Win64; x64) AppleWebKit/537.36 (KHTML, like Gecko) Chrome/131.0.0.0 Safari/537.36"
191.80.140.62 - - [12/Dec/2024:18:29:33 +0000] "GET /wp-admin/%22/wp-content/uploads/2023/04/call-banner.png HTTP/1.1" 404 47225 "http://aranda.devuocloud.com/wp-admin/post.php?post=862&action=edit" "Mozilla/5.0 (Windows NT 10.0; Win64; x64) AppleWebKit/537.36 (KHTML, like Gecko) Chrome/131.0.0.0 Safari/537.36"
191.80.140.62 - - [12/Dec/2024:18:29:41 +0000] "POST /wp-admin/admin-ajax.php HTTP/1.1" 200 655 "http://aranda.devuocloud.com/wp-admin/post.php?post=862&action=edit" "Mozilla/5.0 (Windows NT 10.0; Win64; x64) AppleWebKit/537.36 (KHTML, like Gecko) Chrome/131.0.0.0 Safari/537.36"
191.80.140.62 - - [12/Dec/2024:18:29:42 +0000] "POST /wp-admin/admin-ajax.php HTTP/1.1" 200 114450 "http://aranda.devuocloud.com/wp-admin/post.php?post=862&action=edit" "Mozilla/5.0 (Windows NT 10.0; Win64; x64) AppleWebKit/537.36 (KHTML, like Gecko) Chrome/131.0.0.0 Safari/537.36"
191.80.140.62 - - [12/Dec/2024:18:29:44 +0000] "GET /wp-content/uploads/2024/12/home-vertical_02-300x264.jpg HTTP/1.1" 304 249 "http://aranda.devuocloud.com/wp-admin/post.php?post=862&action=edit" "Mozilla/5.0 (Windows NT 10.0; Win64; x64) AppleWebKit/537.36 (KHTML, like Gecko) Chrome/131.0.0.0 Safari/537.36"
191.80.140.62 - - [12/Dec/2024:18:29:44 +0000] "GET /wp-content/uploads/2024/12/architect-1073607_1920-300x223.jpg HTTP/1.1" 304 250 "http://aranda.devuocloud.com/wp-admin/post.php?post=862&action=edit" "Mozilla/5.0 (Windows NT 10.0; Win64; x64) AppleWebKit/537.36 (KHTML, like Gecko) Chrome/131.0.0.0 Safari/537.36"
191.80.140.62 - - [12/Dec/2024:18:29:44 +0000] "GET /wp-content/uploads/2024/12/tasacion-300x202.jpg HTTP/1.1" 304 250 "http://aranda.devuocloud.com/wp-admin/post.php?post=862&action=edit" "Mozilla/5.0 (Windows NT 10.0; Win64; x64) AppleWebKit/537.36 (KHTML, like Gecko) Chrome/131.0.0.0 Safari/537.36"
