191.80.140.62 - - [11/Dec/2024:22:17:27 +0000] "GET /wp-content/uploads/2023/03/ban-300x54.png HTTP/1.1" 200 26337 "http://aranda.devuocloud.com/wp-admin/upload.php" "Mozilla/5.0 (Windows NT 10.0; Win64; x64) AppleWebKit/537.36 (KHTML, like Gecko) Chrome/131.0.0.0 Safari/537.36"
191.80.140.62 - - [11/Dec/2024:22:17:35 +0000] "POST /wp-admin/admin-ajax.php HTTP/1.1" 200 22010 "http://aranda.devuocloud.com/wp-admin/upload.php" "Mozilla/5.0 (Windows NT 10.0; Win64; x64) AppleWebKit/537.36 (KHTML, like Gecko) Chrome/131.0.0.0 Safari/537.36"
191.80.140.62 - - [11/Dec/2024:22:17:36 +0000] "GET /wp-content/uploads/2023/03/del4-300x126.png HTTP/1.1" 200 36890 "http://aranda.devuocloud.com/wp-admin/upload.php" "Mozilla/5.0 (Windows NT 10.0; Win64; x64) AppleWebKit/537.36 (KHTML, like Gecko) Chrome/131.0.0.0 Safari/537.36"
191.80.140.62 - - [11/Dec/2024:22:17:39 +0000] "GET /wp-content/uploads/2023/03/bg2-300x69.png HTTP/1.1" 200 2033 "http://aranda.devuocloud.com/wp-admin/upload.php" "Mozilla/5.0 (Windows NT 10.0; Win64; x64) AppleWebKit/537.36 (KHTML, like Gecko) Chrome/131.0.0.0 Safari/537.36"
191.80.140.62 - - [11/Dec/2024:22:17:39 +0000] "GET /wp-content/uploads/2023/03/serv2-300x264.png HTTP/1.1" 200 163345 "http://aranda.devuocloud.com/wp-admin/upload.php" "Mozilla/5.0 (Windows NT 10.0; Win64; x64) AppleWebKit/537.36 (KHTML, like Gecko) Chrome/131.0.0.0 Safari/537.36"
191.80.140.62 - - [11/Dec/2024:22:17:39 +0000] "GET /wp-content/uploads/2023/03/label-262x300.png HTTP/1.1" 200 105040 "http://aranda.devuocloud.com/wp-admin/upload.php" "Mozilla/5.0 (Windows NT 10.0; Win64; x64) AppleWebKit/537.36 (KHTML, like Gecko) Chrome/131.0.0.0 Safari/537.36"
191.80.140.62 - - [11/Dec/2024:22:17:39 +0000] "GET /wp-content/uploads/2023/03/hero-home-300x117.png HTTP/1.1" 200 50639 "http://aranda.devuocloud.com/wp-admin/upload.php" "Mozilla/5.0 (Windows NT 10.0; Win64; x64) AppleWebKit/537.36 (KHTML, like Gecko) Chrome/131.0.0.0 Safari/537.36"
191.80.140.62 - - [11/Dec/2024:22:17:39 +0000] "GET /wp-content/uploads/2023/03/image-1-1-150x56.png HTTP/1.1" 200 2112 "http://aranda.devuocloud.com/wp-admin/upload.php" "Mozilla/5.0 (Windows NT 10.0; Win64; x64) AppleWebKit/537.36 (KHTML, like Gecko) Chrome/131.0.0.0 Safari/537.36"
191.80.140.62 - - [11/Dec/2024:22:17:39 +0000] "GET /wp-content/uploads/2023/03/image-1-300x96.png HTTP/1.1" 200 8064 "http://aranda.devuocloud.com/wp-admin/upload.php" "Mozilla/5.0 (Windows NT 10.0; Win64; x64) AppleWebKit/537.36 (KHTML, like Gecko) Chrome/131.0.0.0 Safari/537.36"
191.80.140.62 - - [11/Dec/2024:22:17:40 +0000] "GET /wp-content/uploads/2023/03/serv3-300x264.png HTTP/1.1" 200 131872 "http://aranda.devuocloud.com/wp-admin/upload.php" "Mozilla/5.0 (Windows NT 10.0; Win64; x64) AppleWebKit/537.36 (KHTML, like Gecko) Chrome/131.0.0.0 Safari/537.36"
191.80.140.62 - - [11/Dec/2024:22:17:40 +0000] "GET /wp-content/uploads/2023/03/logo-300x96.png HTTP/1.1" 200 11611 "http://aranda.devuocloud.com/wp-admin/upload.php" "Mozilla/5.0 (Windows NT 10.0; Win64; x64) AppleWebKit/537.36 (KHTML, like Gecko) Chrome/131.0.0.0 Safari/537.36"
191.80.140.62 - - [11/Dec/2024:22:17:40 +0000] "GET /wp-content/uploads/2023/03/serv1-300x264.png HTTP/1.1" 200 105318 "http://aranda.devuocloud.com/wp-admin/upload.php" "Mozilla/5.0 (Windows NT 10.0; Win64; x64) AppleWebKit/537.36 (KHTML, like Gecko) Chrome/131.0.0.0 Safari/537.36"
191.80.140.62 - - [11/Dec/2024:22:17:40 +0000] "GET /wp-content/uploads/2023/03/del3-300x127.png HTTP/1.1" 200 38096 "http://aranda.devuocloud.com/wp-admin/upload.php" "Mozilla/5.0 (Windows NT 10.0; Win64; x64) AppleWebKit/537.36 (KHTML, like Gecko) Chrome/131.0.0.0 Safari/537.36"
191.80.140.62 - - [11/Dec/2024:22:17:40 +0000] "GET /wp-content/uploads/2023/03/del2-300x127.png HTTP/1.1" 200 40567 "http://aranda.devuocloud.com/wp-admin/upload.php" "Mozilla/5.0 (Windows NT 10.0; Win64; x64) AppleWebKit/537.36 (KHTML, like Gecko) Chrome/131.0.0.0 Safari/537.36"
191.80.140.62 - - [11/Dec/2024:22:17:41 +0000] "GET /wp-content/uploads/2023/03/del1-300x126.png HTTP/1.1" 200 37698 "http://aranda.devuocloud.com/wp-admin/upload.php" "Mozilla/5.0 (Windows NT 10.0; Win64; x64) AppleWebKit/537.36 (KHTML, like Gecko) Chrome/131.0.0.0 Safari/537.36"
191.80.140.62 - - [11/Dec/2024:22:17:41 +0000] "GET /wp-content/uploads/2023/03/banner-300x50.png HTTP/1.1" 200 23193 "http://aranda.devuocloud.com/wp-admin/upload.php" "Mozilla/5.0 (Windows NT 10.0; Win64; x64) AppleWebKit/537.36 (KHTML, like Gecko) Chrome/131.0.0.0 Safari/537.36"
191.80.140.62 - - [11/Dec/2024:22:17:41 +0000] "GET /wp-content/uploads/2023/03/exper-portrait-300x244.png HTTP/1.1" 200 119533 "http://aranda.devuocloud.com/wp-admin/upload.php" "Mozilla/5.0 (Windows NT 10.0; Win64; x64) AppleWebKit/537.36 (KHTML, like Gecko) Chrome/131.0.0.0 Safari/537.36"
191.80.140.62 - - [11/Dec/2024:22:17:46 +0000] "GET /wp-content/uploads/2023/03/logo.png HTTP/1.1" 200 9720 "http://aranda.devuocloud.com/wp-admin/upload.php?item=40" "Mozilla/5.0 (Windows NT 10.0; Win64; x64) AppleWebKit/537.36 (KHTML, like Gecko) Chrome/131.0.0.0 Safari/537.36"
146.190.157.162 - - [11/Dec/2024:22:18:16 +0000] "POST /wp-cron.php?doing_wp_cron=1733955496.5579409599304199218750 HTTP/1.1" 200 259 "-" "WordPress/6.7.1; http://aranda.devuocloud.com"
191.80.140.62 - - [11/Dec/2024:22:18:16 +0000] "POST /wp-admin/admin-ajax.php HTTP/1.1" 200 604 "http://aranda.devuocloud.com/wp-admin/upload.php" "Mozilla/5.0 (Windows NT 10.0; Win64; x64) AppleWebKit/537.36 (KHTML, like Gecko) Chrome/131.0.0.0 Safari/537.36"
146.190.157.162 - - [11/Dec/2024:22:19:16 +0000] "POST /wp-cron.php?doing_wp_cron=1733955556.6315209865570068359375 HTTP/1.1" 200 259 "-" "WordPress/6.7.1; http://aranda.devuocloud.com"
191.80.140.62 - - [11/Dec/2024:22:19:16 +0000] "POST /wp-admin/admin-ajax.php HTTP/1.1" 200 604 "http://aranda.devuocloud.com/wp-admin/upload.php" "Mozilla/5.0 (Windows NT 10.0; Win64; x64) AppleWebKit/537.36 (KHTML, like Gecko) Chrome/131.0.0.0 Safari/537.36"
146.190.157.162 - - [11/Dec/2024:22:20:16 +0000] "POST /wp-cron.php?doing_wp_cron=1733955616.6794769763946533203125 HTTP/1.1" 200 259 "-" "WordPress/6.7.1; http://aranda.devuocloud.com"
191.80.140.62 - - [11/Dec/2024:22:20:16 +0000] "POST /wp-admin/admin-ajax.php HTTP/1.1" 200 604 "http://aranda.devuocloud.com/wp-admin/upload.php" "Mozilla/5.0 (Windows NT 10.0; Win64; x64) AppleWebKit/537.36 (KHTML, like Gecko) Chrome/131.0.0.0 Safari/537.36"
146.190.157.162 - - [11/Dec/2024:22:21:19 +0000] "POST /wp-cron.php?doing_wp_cron=1733955679.0533440113067626953125 HTTP/1.1" 200 259 "-" "WordPress/6.7.1; http://aranda.devuocloud.com"
191.80.140.62 - - [11/Dec/2024:22:21:18 +0000] "POST /wp-admin/admin-ajax.php HTTP/1.1" 200 604 "http://aranda.devuocloud.com/wp-admin/upload.php" "Mozilla/5.0 (Windows NT 10.0; Win64; x64) AppleWebKit/537.36 (KHTML, like Gecko) Chrome/131.0.0.0 Safari/537.36"
146.190.157.162 - - [11/Dec/2024:22:23:18 +0000] "POST /wp-cron.php?doing_wp_cron=1733955798.6850678920745849609375 HTTP/1.1" 200 259 "-" "WordPress/6.7.1; http://aranda.devuocloud.com"
191.80.140.62 - - [11/Dec/2024:22:23:18 +0000] "POST /wp-admin/admin-ajax.php HTTP/1.1" 200 604 "http://aranda.devuocloud.com/wp-admin/upload.php" "Mozilla/5.0 (Windows NT 10.0; Win64; x64) AppleWebKit/537.36 (KHTML, like Gecko) Chrome/131.0.0.0 Safari/537.36"
146.190.157.162 - - [11/Dec/2024:22:25:19 +0000] "POST /wp-cron.php?doing_wp_cron=1733955919.6361548900604248046875 HTTP/1.1" 200 259 "-" "WordPress/6.7.1; http://aranda.devuocloud.com"
191.80.140.62 - - [11/Dec/2024:22:25:19 +0000] "POST /wp-admin/admin-ajax.php HTTP/1.1" 200 604 "http://aranda.devuocloud.com/wp-admin/upload.php" "Mozilla/5.0 (Windows NT 10.0; Win64; x64) AppleWebKit/537.36 (KHTML, like Gecko) Chrome/131.0.0.0 Safari/537.36"
146.190.157.162 - - [11/Dec/2024:22:27:10 +0000] "POST /wp-cron.php?doing_wp_cron=1733956030.4900450706481933593750 HTTP/1.1" 200 259 "-" "WordPress/6.7.1; http://aranda.devuocloud.com"
191.80.140.62 - - [11/Dec/2024:22:27:10 +0000] "POST /wp-admin/admin-ajax.php HTTP/1.1" 200 604 "http://aranda.devuocloud.com/wp-admin/upload.php" "Mozilla/5.0 (Windows NT 10.0; Win64; x64) AppleWebKit/537.36 (KHTML, like Gecko) Chrome/131.0.0.0 Safari/537.36"
146.190.157.162 - - [11/Dec/2024:22:28:14 +0000] "POST /wp-cron.php?doing_wp_cron=1733956094.3774158954620361328125 HTTP/1.1" 200 259 "-" "WordPress/6.7.1; http://aranda.devuocloud.com"
191.80.140.62 - - [11/Dec/2024:22:28:14 +0000] "POST /wp-admin/admin-ajax.php HTTP/1.1" 200 604 "http://aranda.devuocloud.com/wp-admin/upload.php" "Mozilla/5.0 (Windows NT 10.0; Win64; x64) AppleWebKit/537.36 (KHTML, like Gecko) Chrome/131.0.0.0 Safari/537.36"
146.190.157.162 - - [11/Dec/2024:22:29:14 +0000] "POST /wp-cron.php?doing_wp_cron=1733956154.6496129035949707031250 HTTP/1.1" 200 259 "-" "WordPress/6.7.1; http://aranda.devuocloud.com"
191.80.140.62 - - [11/Dec/2024:22:29:14 +0000] "POST /wp-admin/admin-ajax.php HTTP/1.1" 200 604 "http://aranda.devuocloud.com/wp-admin/upload.php" "Mozilla/5.0 (Windows NT 10.0; Win64; x64) AppleWebKit/537.36 (KHTML, like Gecko) Chrome/131.0.0.0 Safari/537.36"
146.190.157.162 - - [11/Dec/2024:22:31:15 +0000] "POST /wp-cron.php?doing_wp_cron=1733956275.6207549571990966796875 HTTP/1.1" 200 259 "-" "WordPress/6.7.1; http://aranda.devuocloud.com"
191.80.140.62 - - [11/Dec/2024:22:31:15 +0000] "POST /wp-admin/admin-ajax.php HTTP/1.1" 200 604 "http://aranda.devuocloud.com/wp-admin/upload.php" "Mozilla/5.0 (Windows NT 10.0; Win64; x64) AppleWebKit/537.36 (KHTML, like Gecko) Chrome/131.0.0.0 Safari/537.36"
146.190.157.162 - - [11/Dec/2024:22:33:16 +0000] "POST /wp-cron.php?doing_wp_cron=1733956396.7659559249877929687500 HTTP/1.1" 200 259 "-" "WordPress/6.7.1; http://aranda.devuocloud.com"
191.80.140.62 - - [11/Dec/2024:22:33:16 +0000] "POST /wp-admin/admin-ajax.php HTTP/1.1" 200 604 "http://aranda.devuocloud.com/wp-admin/upload.php" "Mozilla/5.0 (Windows NT 10.0; Win64; x64) AppleWebKit/537.36 (KHTML, like Gecko) Chrome/131.0.0.0 Safari/537.36"
146.190.157.162 - - [11/Dec/2024:22:35:17 +0000] "POST /wp-cron.php?doing_wp_cron=1733956517.7098100185394287109375 HTTP/1.1" 200 259 "-" "WordPress/6.7.1; http://aranda.devuocloud.com"
191.80.140.62 - - [11/Dec/2024:22:35:17 +0000] "POST /wp-admin/admin-ajax.php HTTP/1.1" 200 604 "http://aranda.devuocloud.com/wp-admin/upload.php" "Mozilla/5.0 (Windows NT 10.0; Win64; x64) AppleWebKit/537.36 (KHTML, like Gecko) Chrome/131.0.0.0 Safari/537.36"
146.190.157.162 - - [11/Dec/2024:22:37:18 +0000] "POST /wp-cron.php?doing_wp_cron=1733956638.6170749664306640625000 HTTP/1.1" 200 259 "-" "WordPress/6.7.1; http://aranda.devuocloud.com"
191.80.140.62 - - [11/Dec/2024:22:37:18 +0000] "POST /wp-admin/admin-ajax.php HTTP/1.1" 200 604 "http://aranda.devuocloud.com/wp-admin/upload.php" "Mozilla/5.0 (Windows NT 10.0; Win64; x64) AppleWebKit/537.36 (KHTML, like Gecko) Chrome/131.0.0.0 Safari/537.36"
146.190.157.162 - - [11/Dec/2024:22:39:19 +0000] "POST /wp-cron.php?doing_wp_cron=1733956759.6771440505981445312500 HTTP/1.1" 200 259 "-" "WordPress/6.7.1; http://aranda.devuocloud.com"
191.80.140.62 - - [11/Dec/2024:22:39:19 +0000] "POST /wp-admin/admin-ajax.php HTTP/1.1" 200 604 "http://aranda.devuocloud.com/wp-admin/upload.php" "Mozilla/5.0 (Windows NT 10.0; Win64; x64) AppleWebKit/537.36 (KHTML, like Gecko) Chrome/131.0.0.0 Safari/537.36"
191.80.140.62 - - [11/Dec/2024:23:53:50 +0000] "POST /wp-admin/admin-ajax.php HTTP/1.1" 200 604 "http://aranda.devuocloud.com/wp-admin/upload.php" "Mozilla/5.0 (Windows NT 10.0; Win64; x64) AppleWebKit/537.36 (KHTML, like Gecko) Chrome/131.0.0.0 Safari/537.36"
146.190.157.162 - - [11/Dec/2024:23:53:51 +0000] "POST /wp-cron.php?doing_wp_cron=1733961230.9962360858917236328125 HTTP/1.1" 200 259 "-" "WordPress/6.7.1; http://aranda.devuocloud.com"
146.190.157.162 - - [11/Dec/2024:23:55:51 +0000] "POST /wp-cron.php?doing_wp_cron=1733961351.6695129871368408203125 HTTP/1.1" 200 259 "-" "WordPress/6.7.1; http://aranda.devuocloud.com"
191.80.140.62 - - [11/Dec/2024:23:55:51 +0000] "POST /wp-admin/admin-ajax.php HTTP/1.1" 200 604 "http://aranda.devuocloud.com/wp-admin/upload.php" "Mozilla/5.0 (Windows NT 10.0; Win64; x64) AppleWebKit/537.36 (KHTML, like Gecko) Chrome/131.0.0.0 Safari/537.36"
146.190.157.162 - - [11/Dec/2024:23:57:52 +0000] "POST /wp-cron.php?doing_wp_cron=1733961472.6545820236206054687500 HTTP/1.1" 200 259 "-" "WordPress/6.7.1; http://aranda.devuocloud.com"
191.80.140.62 - - [11/Dec/2024:23:57:52 +0000] "POST /wp-admin/admin-ajax.php HTTP/1.1" 200 604 "http://aranda.devuocloud.com/wp-admin/upload.php" "Mozilla/5.0 (Windows NT 10.0; Win64; x64) AppleWebKit/537.36 (KHTML, like Gecko) Chrome/131.0.0.0 Safari/537.36"
146.190.157.162 - - [11/Dec/2024:23:59:53 +0000] "POST /wp-cron.php?doing_wp_cron=1733961593.6256690025329589843750 HTTP/1.1" 200 259 "-" "WordPress/6.7.1; http://aranda.devuocloud.com"
191.80.140.62 - - [11/Dec/2024:23:59:53 +0000] "POST /wp-admin/admin-ajax.php HTTP/1.1" 200 604 "http://aranda.devuocloud.com/wp-admin/upload.php" "Mozilla/5.0 (Windows NT 10.0; Win64; x64) AppleWebKit/537.36 (KHTML, like Gecko) Chrome/131.0.0.0 Safari/537.36"
146.190.157.162 - - [12/Dec/2024:00:01:54 +0000] "POST /wp-cron.php?doing_wp_cron=1733961714.9257109165191650390625 HTTP/1.1" 200 259 "-" "WordPress/6.7.1; http://aranda.devuocloud.com"
191.80.140.62 - - [12/Dec/2024:00:01:54 +0000] "POST /wp-admin/admin-ajax.php HTTP/1.1" 200 662 "http://aranda.devuocloud.com/wp-admin/upload.php" "Mozilla/5.0 (Windows NT 10.0; Win64; x64) AppleWebKit/537.36 (KHTML, like Gecko) Chrome/131.0.0.0 Safari/537.36"
146.190.157.162 - - [12/Dec/2024:00:02:55 +0000] "POST /wp-cron.php?doing_wp_cron=1733961775.9154779911041259765625 HTTP/1.1" 200 259 "-" "WordPress/6.7.1; http://aranda.devuocloud.com"
191.80.140.62 - - [12/Dec/2024:00:02:55 +0000] "POST /wp-admin/admin-ajax.php HTTP/1.1" 200 604 "http://aranda.devuocloud.com/wp-admin/upload.php" "Mozilla/5.0 (Windows NT 10.0; Win64; x64) AppleWebKit/537.36 (KHTML, like Gecko) Chrome/131.0.0.0 Safari/537.36"
146.190.157.162 - - [12/Dec/2024:00:04:56 +0000] "POST /wp-cron.php?doing_wp_cron=1733961896.9514639377593994140625 HTTP/1.1" 200 259 "-" "WordPress/6.7.1; http://aranda.devuocloud.com"
191.80.140.62 - - [12/Dec/2024:00:04:56 +0000] "POST /wp-admin/admin-ajax.php HTTP/1.1" 200 604 "http://aranda.devuocloud.com/wp-admin/upload.php" "Mozilla/5.0 (Windows NT 10.0; Win64; x64) AppleWebKit/537.36 (KHTML, like Gecko) Chrome/131.0.0.0 Safari/537.36"
146.190.157.162 - - [12/Dec/2024:00:06:57 +0000] "POST /wp-cron.php?doing_wp_cron=1733962017.8998999595642089843750 HTTP/1.1" 200 259 "-" "WordPress/6.7.1; http://aranda.devuocloud.com"
191.80.140.62 - - [12/Dec/2024:00:06:57 +0000] "POST /wp-admin/admin-ajax.php HTTP/1.1" 200 604 "http://aranda.devuocloud.com/wp-admin/upload.php" "Mozilla/5.0 (Windows NT 10.0; Win64; x64) AppleWebKit/537.36 (KHTML, like Gecko) Chrome/131.0.0.0 Safari/537.36"
146.190.157.162 - - [12/Dec/2024:00:08:59 +0000] "POST /wp-cron.php?doing_wp_cron=1733962139.1057660579681396484375 HTTP/1.1" 200 259 "-" "WordPress/6.7.1; http://aranda.devuocloud.com"
191.80.140.62 - - [12/Dec/2024:00:08:58 +0000] "POST /wp-admin/admin-ajax.php HTTP/1.1" 200 604 "http://aranda.devuocloud.com/wp-admin/upload.php" "Mozilla/5.0 (Windows NT 10.0; Win64; x64) AppleWebKit/537.36 (KHTML, like Gecko) Chrome/131.0.0.0 Safari/537.36"
146.190.157.162 - - [12/Dec/2024:00:10:59 +0000] "POST /wp-cron.php?doing_wp_cron=1733962259.8850080966949462890625 HTTP/1.1" 200 259 "-" "WordPress/6.7.1; http://aranda.devuocloud.com"
191.80.140.62 - - [12/Dec/2024:00:10:59 +0000] "POST /wp-admin/admin-ajax.php HTTP/1.1" 200 604 "http://aranda.devuocloud.com/wp-admin/upload.php" "Mozilla/5.0 (Windows NT 10.0; Win64; x64) AppleWebKit/537.36 (KHTML, like Gecko) Chrome/131.0.0.0 Safari/537.36"
146.190.157.162 - - [12/Dec/2024:00:13:00 +0000] "POST /wp-cron.php?doing_wp_cron=1733962380.9674100875854492187500 HTTP/1.1" 200 259 "-" "WordPress/6.7.1; http://aranda.devuocloud.com"
191.80.140.62 - - [12/Dec/2024:00:13:00 +0000] "POST /wp-admin/admin-ajax.php HTTP/1.1" 200 604 "http://aranda.devuocloud.com/wp-admin/upload.php" "Mozilla/5.0 (Windows NT 10.0; Win64; x64) AppleWebKit/537.36 (KHTML, like Gecko) Chrome/131.0.0.0 Safari/537.36"
146.190.157.162 - - [12/Dec/2024:00:51:52 +0000] "POST /wp-cron.php?doing_wp_cron=1733964712.4049520492553710937500 HTTP/1.1" 200 259 "-" "WordPress/6.7.1; http://aranda.devuocloud.com"
191.80.140.62 - - [12/Dec/2024:00:51:51 +0000] "POST /wp-admin/admin-ajax.php HTTP/1.1" 200 604 "http://aranda.devuocloud.com/wp-admin/upload.php" "Mozilla/5.0 (Windows NT 10.0; Win64; x64) AppleWebKit/537.36 (KHTML, like Gecko) Chrome/131.0.0.0 Safari/537.36"
146.190.157.162 - - [12/Dec/2024:00:51:56 +0000] "POST /wp-cron.php?doing_wp_cron=1733964716.9598739147186279296875 HTTP/1.1" 200 259 "-" "WordPress/6.7.1; http://aranda.devuocloud.com"
191.80.140.62 - - [12/Dec/2024:00:51:56 +0000] "GET /wp-login.php?action=logout&_wpnonce=da75092a91 HTTP/1.1" 302 2576 "http://aranda.devuocloud.com/wp-admin/upload.php" "Mozilla/5.0 (Windows NT 10.0; Win64; x64) AppleWebKit/537.36 (KHTML, like Gecko) Chrome/131.0.0.0 Safari/537.36"
191.80.140.62 - - [12/Dec/2024:00:51:57 +0000] "GET /wp-login.php?loggedout=true&wp_lang=es_ES HTTP/1.1" 200 3580 "http://aranda.devuocloud.com/wp-admin/upload.php" "Mozilla/5.0 (Windows NT 10.0; Win64; x64) AppleWebKit/537.36 (KHTML, like Gecko) Chrome/131.0.0.0 Safari/537.36"
191.80.140.62 - - [12/Dec/2024:00:51:58 +0000] "GET /wp-includes/css/dashicons.min.css?ver=6.7.1 HTTP/1.1" 200 36068 "http://aranda.devuocloud.com/wp-login.php?loggedout=true&wp_lang=es_ES" "Mozilla/5.0 (Windows NT 10.0; Win64; x64) AppleWebKit/537.36 (KHTML, like Gecko) Chrome/131.0.0.0 Safari/537.36"
191.80.140.62 - - [12/Dec/2024:00:51:58 +0000] "GET /wp-includes/css/buttons.min.css?ver=6.7.1 HTTP/1.1" 200 1808 "http://aranda.devuocloud.com/wp-login.php?loggedout=true&wp_lang=es_ES" "Mozilla/5.0 (Windows NT 10.0; Win64; x64) AppleWebKit/537.36 (KHTML, like Gecko) Chrome/131.0.0.0 Safari/537.36"
191.80.140.62 - - [12/Dec/2024:00:51:59 +0000] "GET /wp-admin/css/forms.min.css?ver=6.7.1 HTTP/1.1" 200 7032 "http://aranda.devuocloud.com/wp-login.php?loggedout=true&wp_lang=es_ES" "Mozilla/5.0 (Windows NT 10.0; Win64; x64) AppleWebKit/537.36 (KHTML, like Gecko) Chrome/131.0.0.0 Safari/537.36"
191.80.140.62 - - [12/Dec/2024:00:51:59 +0000] "GET /wp-admin/css/l10n.min.css?ver=6.7.1 HTTP/1.1" 200 1102 "http://aranda.devuocloud.com/wp-login.php?loggedout=true&wp_lang=es_ES" "Mozilla/5.0 (Windows NT 10.0; Win64; x64) AppleWebKit/537.36 (KHTML, like Gecko) Chrome/131.0.0.0 Safari/537.36"
191.80.140.62 - - [12/Dec/2024:00:51:59 +0000] "GET /wp-admin/css/login.min.css?ver=6.7.1 HTTP/1.1" 200 2526 "http://aranda.devuocloud.com/wp-login.php?loggedout=true&wp_lang=es_ES" "Mozilla/5.0 (Windows NT 10.0; Win64; x64) AppleWebKit/537.36 (KHTML, like Gecko) Chrome/131.0.0.0 Safari/537.36"
191.80.140.62 - - [12/Dec/2024:00:51:59 +0000] "GET /wp-includes/js/clipboard.min.js?ver=2.0.11 HTTP/1.1" 200 3494 "http://aranda.devuocloud.com/wp-login.php?loggedout=true&wp_lang=es_ES" "Mozilla/5.0 (Windows NT 10.0; Win64; x64) AppleWebKit/537.36 (KHTML, like Gecko) Chrome/131.0.0.0 Safari/537.36"
191.80.140.62 - - [12/Dec/2024:00:52:00 +0000] "GET /wp-includes/js/zxcvbn-async.min.js?ver=1.0 HTTP/1.1" 200 598 "http://aranda.devuocloud.com/wp-login.php?loggedout=true&wp_lang=es_ES" "Mozilla/5.0 (Windows NT 10.0; Win64; x64) AppleWebKit/537.36 (KHTML, like Gecko) Chrome/131.0.0.0 Safari/537.36"
191.80.140.62 - - [12/Dec/2024:00:52:00 +0000] "GET /wp-includes/js/jquery/jquery.min.js?ver=3.7.1 HTTP/1.1" 200 30714 "http://aranda.devuocloud.com/wp-login.php?loggedout=true&wp_lang=es_ES" "Mozilla/5.0 (Windows NT 10.0; Win64; x64) AppleWebKit/537.36 (KHTML, like Gecko) Chrome/131.0.0.0 Safari/537.36"
191.80.140.62 - - [12/Dec/2024:00:52:00 +0000] "GET /wp-includes/js/jquery/jquery-migrate.min.js?ver=3.4.1 HTTP/1.1" 200 5217 "http://aranda.devuocloud.com/wp-login.php?loggedout=true&wp_lang=es_ES" "Mozilla/5.0 (Windows NT 10.0; Win64; x64) AppleWebKit/537.36 (KHTML, like Gecko) Chrome/131.0.0.0 Safari/537.36"
191.80.140.62 - - [12/Dec/2024:00:52:00 +0000] "GET /wp-admin/js/password-strength-meter.min.js?ver=6.7.1 HTTP/1.1" 200 964 "http://aranda.devuocloud.com/wp-login.php?loggedout=true&wp_lang=es_ES" "Mozilla/5.0 (Windows NT 10.0; Win64; x64) AppleWebKit/537.36 (KHTML, like Gecko) Chrome/131.0.0.0 Safari/537.36"
191.80.140.62 - - [12/Dec/2024:00:52:00 +0000] "GET /wp-includes/js/underscore.min.js?ver=1.13.7 HTTP/1.1" 200 7681 "http://aranda.devuocloud.com/wp-login.php?loggedout=true&wp_lang=es_ES" "Mozilla/5.0 (Windows NT 10.0; Win64; x64) AppleWebKit/537.36 (KHTML, like Gecko) Chrome/131.0.0.0 Safari/537.36"
191.80.140.62 - - [12/Dec/2024:00:52:00 +0000] "GET /wp-includes/js/wp-util.min.js?ver=6.7.1 HTTP/1.1" 200 1098 "http://aranda.devuocloud.com/wp-login.php?loggedout=true&wp_lang=es_ES" "Mozilla/5.0 (Windows NT 10.0; Win64; x64) AppleWebKit/537.36 (KHTML, like Gecko) Chrome/131.0.0.0 Safari/537.36"
191.80.140.62 - - [12/Dec/2024:00:52:00 +0000] "GET /wp-includes/js/dist/dom-ready.min.js?ver=f77871ff7694fffea381 HTTP/1.1" 200 662 "http://aranda.devuocloud.com/wp-login.php?loggedout=true&wp_lang=es_ES" "Mozilla/5.0 (Windows NT 10.0; Win64; x64) AppleWebKit/537.36 (KHTML, like Gecko) Chrome/131.0.0.0 Safari/537.36"
191.80.140.62 - - [12/Dec/2024:00:52:00 +0000] "GET /wp-includes/js/dist/a11y.min.js?ver=3156534cc54473497e14 HTTP/1.1" 200 1298 "http://aranda.devuocloud.com/wp-login.php?loggedout=true&wp_lang=es_ES" "Mozilla/5.0 (Windows NT 10.0; Win64; x64) AppleWebKit/537.36 (KHTML, like Gecko) Chrome/131.0.0.0 Safari/537.36"
191.80.140.62 - - [12/Dec/2024:00:52:00 +0000] "GET /wp-admin/js/user-profile.min.js?ver=6.7.1 HTTP/1.1" 200 2954 "http://aranda.devuocloud.com/wp-login.php?loggedout=true&wp_lang=es_ES" "Mozilla/5.0 (Windows NT 10.0; Win64; x64) AppleWebKit/537.36 (KHTML, like Gecko) Chrome/131.0.0.0 Safari/537.36"
191.80.140.62 - - [12/Dec/2024:00:52:00 +0000] "GET /wp-includes/js/dist/hooks.min.js?ver=4d63a3d491d11ffd8ac6 HTTP/1.1" 200 1992 "http://aranda.devuocloud.com/wp-login.php?loggedout=true&wp_lang=es_ES" "Mozilla/5.0 (Windows NT 10.0; Win64; x64) AppleWebKit/537.36 (KHTML, like Gecko) Chrome/131.0.0.0 Safari/537.36"
191.80.140.62 - - [12/Dec/2024:00:52:00 +0000] "GET /wp-includes/js/dist/i18n.min.js?ver=5e580eb46a90c2b997e6 HTTP/1.1" 200 4011 "http://aranda.devuocloud.com/wp-login.php?loggedout=true&wp_lang=es_ES" "Mozilla/5.0 (Windows NT 10.0; Win64; x64) AppleWebKit/537.36 (KHTML, like Gecko) Chrome/131.0.0.0 Safari/537.36"
191.80.140.62 - - [12/Dec/2024:00:52:00 +0000] "GET /wp-admin/images/wordpress-logo.svg?ver=20131107 HTTP/1.1" 200 1810 "http://aranda.devuocloud.com/wp-admin/css/login.min.css?ver=6.7.1" "Mozilla/5.0 (Windows NT 10.0; Win64; x64) AppleWebKit/537.36 (KHTML, like Gecko) Chrome/131.0.0.0 Safari/537.36"
191.80.140.62 - - [12/Dec/2024:00:52:00 +0000] "GET /wp-content/uploads/2023/03/cropped-image-1-32x32.png HTTP/1.1" 304 248 "http://aranda.devuocloud.com/wp-login.php?loggedout=true&wp_lang=es_ES" "Mozilla/5.0 (Windows NT 10.0; Win64; x64) AppleWebKit/537.36 (KHTML, like Gecko) Chrome/131.0.0.0 Safari/537.36"
191.80.140.62 - - [12/Dec/2024:00:52:00 +0000] "GET /wp-includes/js/zxcvbn.min.js HTTP/1.1" 200 400393 "http://aranda.devuocloud.com/wp-login.php?loggedout=true&wp_lang=es_ES" "Mozilla/5.0 (Windows NT 10.0; Win64; x64) AppleWebKit/537.36 (KHTML, like Gecko) Chrome/131.0.0.0 Safari/537.36"
191.80.140.62 - - [12/Dec/2024:14:20:01 +0000] "GET /wp-login.php?redirect_to=http%3A%2F%2Faranda.devuocloud.com%2Fwp-admin%2F&reauth=1 HTTP/1.1" 200 5460 "-" "Mozilla/5.0 (Windows NT 10.0; Win64; x64) AppleWebKit/537.36 (KHTML, like Gecko) Chrome/131.0.0.0 Safari/537.36"
191.80.140.62 - - [12/Dec/2024:14:20:05 +0000] "GET /wp-includes/css/buttons.min.css?ver=6.7.1 HTTP/1.1" 200 1808 "http://aranda.devuocloud.com/wp-login.php?redirect_to=http%3A%2F%2Faranda.devuocloud.com%2Fwp-admin%2F&reauth=1" "Mozilla/5.0 (Windows NT 10.0; Win64; x64) AppleWebKit/537.36 (KHTML, like Gecko) Chrome/131.0.0.0 Safari/537.36"
191.80.140.62 - - [12/Dec/2024:14:20:05 +0000] "GET /wp-includes/css/dashicons.min.css?ver=6.7.1 HTTP/1.1" 200 36068 "http://aranda.devuocloud.com/wp-login.php?redirect_to=http%3A%2F%2Faranda.devuocloud.com%2Fwp-admin%2F&reauth=1" "Mozilla/5.0 (Windows NT 10.0; Win64; x64) AppleWebKit/537.36 (KHTML, like Gecko) Chrome/131.0.0.0 Safari/537.36"
191.80.140.62 - - [12/Dec/2024:14:20:05 +0000] "GET /wp-admin/css/l10n.min.css?ver=6.7.1 HTTP/1.1" 200 1103 "http://aranda.devuocloud.com/wp-login.php?redirect_to=http%3A%2F%2Faranda.devuocloud.com%2Fwp-admin%2F&reauth=1" "Mozilla/5.0 (Windows NT 10.0; Win64; x64) AppleWebKit/537.36 (KHTML, like Gecko) Chrome/131.0.0.0 Safari/537.36"
191.80.140.62 - - [12/Dec/2024:14:20:05 +0000] "GET /wp-admin/css/forms.min.css?ver=6.7.1 HTTP/1.1" 200 7032 "http://aranda.devuocloud.com/wp-login.php?redirect_to=http%3A%2F%2Faranda.devuocloud.com%2Fwp-admin%2F&reauth=1" "Mozilla/5.0 (Windows NT 10.0; Win64; x64) AppleWebKit/537.36 (KHTML, like Gecko) Chrome/131.0.0.0 Safari/537.36"
191.80.140.62 - - [12/Dec/2024:14:20:05 +0000] "GET /wp-admin/css/login.min.css?ver=6.7.1 HTTP/1.1" 200 2526 "http://aranda.devuocloud.com/wp-login.php?redirect_to=http%3A%2F%2Faranda.devuocloud.com%2Fwp-admin%2F&reauth=1" "Mozilla/5.0 (Windows NT 10.0; Win64; x64) AppleWebKit/537.36 (KHTML, like Gecko) Chrome/131.0.0.0 Safari/537.36"
191.80.140.62 - - [12/Dec/2024:14:20:05 +0000] "GET /wp-includes/js/clipboard.min.js?ver=2.0.11 HTTP/1.1" 200 3495 "http://aranda.devuocloud.com/wp-login.php?redirect_to=http%3A%2F%2Faranda.devuocloud.com%2Fwp-admin%2F&reauth=1" "Mozilla/5.0 (Windows NT 10.0; Win64; x64) AppleWebKit/537.36 (KHTML, like Gecko) Chrome/131.0.0.0 Safari/537.36"
191.80.140.62 - - [12/Dec/2024:14:20:05 +0000] "GET /wp-includes/js/jquery/jquery.min.js?ver=3.7.1 HTTP/1.1" 200 30715 "http://aranda.devuocloud.com/wp-login.php?redirect_to=http%3A%2F%2Faranda.devuocloud.com%2Fwp-admin%2F&reauth=1" "Mozilla/5.0 (Windows NT 10.0; Win64; x64) AppleWebKit/537.36 (KHTML, like Gecko) Chrome/131.0.0.0 Safari/537.36"
191.80.140.62 - - [12/Dec/2024:14:20:05 +0000] "GET /wp-includes/js/zxcvbn-async.min.js?ver=1.0 HTTP/1.1" 200 598 "http://aranda.devuocloud.com/wp-login.php?redirect_to=http%3A%2F%2Faranda.devuocloud.com%2Fwp-admin%2F&reauth=1" "Mozilla/5.0 (Windows NT 10.0; Win64; x64) AppleWebKit/537.36 (KHTML, like Gecko) Chrome/131.0.0.0 Safari/537.36"
191.80.140.62 - - [12/Dec/2024:14:20:05 +0000] "GET /wp-includes/js/jquery/jquery-migrate.min.js?ver=3.4.1 HTTP/1.1" 200 5216 "http://aranda.devuocloud.com/wp-login.php?redirect_to=http%3A%2F%2Faranda.devuocloud.com%2Fwp-admin%2F&reauth=1" "Mozilla/5.0 (Windows NT 10.0; Win64; x64) AppleWebKit/537.36 (KHTML, like Gecko) Chrome/131.0.0.0 Safari/537.36"
191.80.140.62 - - [12/Dec/2024:14:20:05 +0000] "GET /wp-includes/js/dist/hooks.min.js?ver=4d63a3d491d11ffd8ac6 HTTP/1.1" 200 1992 "http://aranda.devuocloud.com/wp-login.php?redirect_to=http%3A%2F%2Faranda.devuocloud.com%2Fwp-admin%2F&reauth=1" "Mozilla/5.0 (Windows NT 10.0; Win64; x64) AppleWebKit/537.36 (KHTML, like Gecko) Chrome/131.0.0.0 Safari/537.36"
191.80.140.62 - - [12/Dec/2024:14:20:05 +0000] "GET /wp-includes/js/dist/i18n.min.js?ver=5e580eb46a90c2b997e6 HTTP/1.1" 200 4011 "http://aranda.devuocloud.com/wp-login.php?redirect_to=http%3A%2F%2Faranda.devuocloud.com%2Fwp-admin%2F&reauth=1" "Mozilla/5.0 (Windows NT 10.0; Win64; x64) AppleWebKit/537.36 (KHTML, like Gecko) Chrome/131.0.0.0 Safari/537.36"
191.80.140.62 - - [12/Dec/2024:14:20:05 +0000] "GET /wp-admin/js/password-strength-meter.min.js?ver=6.7.1 HTTP/1.1" 200 963 "http://aranda.devuocloud.com/wp-login.php?redirect_to=http%3A%2F%2Faranda.devuocloud.com%2Fwp-admin%2F&reauth=1" "Mozilla/5.0 (Windows NT 10.0; Win64; x64) AppleWebKit/537.36 (KHTML, like Gecko) Chrome/131.0.0.0 Safari/537.36"
191.80.140.62 - - [12/Dec/2024:14:20:05 +0000] "GET /wp-includes/js/wp-util.min.js?ver=6.7.1 HTTP/1.1" 200 1098 "http://aranda.devuocloud.com/wp-login.php?redirect_to=http%3A%2F%2Faranda.devuocloud.com%2Fwp-admin%2F&reauth=1" "Mozilla/5.0 (Windows NT 10.0; Win64; x64) AppleWebKit/537.36 (KHTML, like Gecko) Chrome/131.0.0.0 Safari/537.36"
191.80.140.62 - - [12/Dec/2024:14:20:05 +0000] "GET /wp-includes/js/underscore.min.js?ver=1.13.7 HTTP/1.1" 200 7680 "http://aranda.devuocloud.com/wp-login.php?redirect_to=http%3A%2F%2Faranda.devuocloud.com%2Fwp-admin%2F&reauth=1" "Mozilla/5.0 (Windows NT 10.0; Win64; x64) AppleWebKit/537.36 (KHTML, like Gecko) Chrome/131.0.0.0 Safari/537.36"
191.80.140.62 - - [12/Dec/2024:14:20:05 +0000] "GET /wp-includes/js/dist/dom-ready.min.js?ver=f77871ff7694fffea381 HTTP/1.1" 200 662 "http://aranda.devuocloud.com/wp-login.php?redirect_to=http%3A%2F%2Faranda.devuocloud.com%2Fwp-admin%2F&reauth=1" "Mozilla/5.0 (Windows NT 10.0; Win64; x64) AppleWebKit/537.36 (KHTML, like Gecko) Chrome/131.0.0.0 Safari/537.36"
191.80.140.62 - - [12/Dec/2024:14:20:05 +0000] "GET /wp-includes/js/dist/a11y.min.js?ver=3156534cc54473497e14 HTTP/1.1" 200 1298 "http://aranda.devuocloud.com/wp-login.php?redirect_to=http%3A%2F%2Faranda.devuocloud.com%2Fwp-admin%2F&reauth=1" "Mozilla/5.0 (Windows NT 10.0; Win64; x64) AppleWebKit/537.36 (KHTML, like Gecko) Chrome/131.0.0.0 Safari/537.36"
191.80.140.62 - - [12/Dec/2024:14:20:06 +0000] "GET /wp-admin/js/user-profile.min.js?ver=6.7.1 HTTP/1.1" 200 2954 "http://aranda.devuocloud.com/wp-login.php?redirect_to=http%3A%2F%2Faranda.devuocloud.com%2Fwp-admin%2F&reauth=1" "Mozilla/5.0 (Windows NT 10.0; Win64; x64) AppleWebKit/537.36 (KHTML, like Gecko) Chrome/131.0.0.0 Safari/537.36"
191.80.140.62 - - [12/Dec/2024:14:20:06 +0000] "GET /wp-admin/images/wordpress-logo.svg?ver=20131107 HTTP/1.1" 304 248 "http://aranda.devuocloud.com/wp-admin/css/login.min.css?ver=6.7.1" "Mozilla/5.0 (Windows NT 10.0; Win64; x64) AppleWebKit/537.36 (KHTML, like Gecko) Chrome/131.0.0.0 Safari/537.36"
191.80.140.62 - - [12/Dec/2024:14:20:06 +0000] "GET /wp-content/uploads/2023/03/cropped-image-1-32x32.png HTTP/1.1" 304 248 "http://aranda.devuocloud.com/wp-login.php?redirect_to=http%3A%2F%2Faranda.devuocloud.com%2Fwp-admin%2F&reauth=1" "Mozilla/5.0 (Windows NT 10.0; Win64; x64) AppleWebKit/537.36 (KHTML, like Gecko) Chrome/131.0.0.0 Safari/537.36"
146.190.157.162 - - [12/Dec/2024:14:20:03 +0000] "POST /wp-cron.php?doing_wp_cron=1734013203.6370480060577392578125 HTTP/1.1" 200 259 "-" "WordPress/6.7.1; http://aranda.devuocloud.com"
191.80.140.62 - - [12/Dec/2024:14:20:06 +0000] "GET /wp-includes/js/zxcvbn.min.js HTTP/1.1" 200 400393 "http://aranda.devuocloud.com/wp-login.php?redirect_to=http%3A%2F%2Faranda.devuocloud.com%2Fwp-admin%2F&reauth=1" "Mozilla/5.0 (Windows NT 10.0; Win64; x64) AppleWebKit/537.36 (KHTML, like Gecko) Chrome/131.0.0.0 Safari/537.36"
191.80.140.62 - - [12/Dec/2024:14:20:08 +0000] "POST /wp-login.php HTTP/1.1" 302 1144 "http://aranda.devuocloud.com/wp-login.php?redirect_to=http%3A%2F%2Faranda.devuocloud.com%2Fwp-admin%2F&reauth=1" "Mozilla/5.0 (Windows NT 10.0; Win64; x64) AppleWebKit/537.36 (KHTML, like Gecko) Chrome/131.0.0.0 Safari/537.36"
191.80.140.62 - - [12/Dec/2024:14:20:09 +0000] "GET /wp-admin/ HTTP/1.1" 200 30426 "http://aranda.devuocloud.com/wp-login.php?redirect_to=http%3A%2F%2Faranda.devuocloud.com%2Fwp-admin%2F&reauth=1" "Mozilla/5.0 (Windows NT 10.0; Win64; x64) AppleWebKit/537.36 (KHTML, like Gecko) Chrome/131.0.0.0 Safari/537.36"
191.80.140.62 - - [12/Dec/2024:14:20:10 +0000] "GET /wp-content/plugins/wp-file-manager/css/fm_common.css?ver=6.7.1 HTTP/1.1" 200 518 "http://aranda.devuocloud.com/wp-admin/" "Mozilla/5.0 (Windows NT 10.0; Win64; x64) AppleWebKit/537.36 (KHTML, like Gecko) Chrome/131.0.0.0 Safari/537.36"
191.80.140.62 - - [12/Dec/2024:14:20:10 +0000] "GET /wp-content/plugins/wordpress-seo/css/dist/dashboard-2400.css HTTP/1.1" 200 728 "http://aranda.devuocloud.com/wp-admin/" "Mozilla/5.0 (Windows NT 10.0; Win64; x64) AppleWebKit/537.36 (KHTML, like Gecko) Chrome/131.0.0.0 Safari/537.36"
191.80.140.62 - - [12/Dec/2024:14:20:10 +0000] "GET /wp-includes/js/thickbox/thickbox.css?ver=6.7.1 HTTP/1.1" 200 1274 "http://aranda.devuocloud.com/wp-admin/" "Mozilla/5.0 (Windows NT 10.0; Win64; x64) AppleWebKit/537.36 (KHTML, like Gecko) Chrome/131.0.0.0 Safari/537.36"
191.80.140.62 - - [12/Dec/2024:14:20:10 +0000] "GET /wp-content/plugins/wordpress-seo/css/dist/monorepo-2400.css HTTP/1.1" 200 7960 "http://aranda.devuocloud.com/wp-admin/" "Mozilla/5.0 (Windows NT 10.0; Win64; x64) AppleWebKit/537.36 (KHTML, like Gecko) Chrome/131.0.0.0 Safari/537.36"
191.80.140.62 - - [12/Dec/2024:14:20:10 +0000] "GET /wp-admin/load-styles.php?c=0&dir=ltr&load%5Bchunk_0%5D=dashicons,admin-bar,site-health,common,forms,admin-menu,dashboard,list-tables,edit,revisions,media,themes,about,nav-menus,wp-poi&load%5Bchunk_1%5D=nter,widgets,site-icon,l10n,buttons,wp-auth-check,wp-jquery-ui-dialog&ver=6.7.1 HTTP/1.1" 200 103726 "http://aranda.devuocloud.com/wp-admin/" "Mozilla/5.0 (Windows NT 10.0; Win64; x64) AppleWebKit/537.36 (KHTML, like Gecko) Chrome/131.0.0.0 Safari/537.36"
191.80.140.62 - - [12/Dec/2024:14:20:10 +0000] "GET /wp-content/themes/Divi/core/admin/css/core.css?ver=4.9.1 HTTP/1.1" 200 4754 "http://aranda.devuocloud.com/wp-admin/" "Mozilla/5.0 (Windows NT 10.0; Win64; x64) AppleWebKit/537.36 (KHTML, like Gecko) Chrome/131.0.0.0 Safari/537.36"
191.80.140.62 - - [12/Dec/2024:14:20:10 +0000] "GET /wp-content/themes/Divi/includes/builder/styles/library_menu.css?ver=4.9.1 HTTP/1.1" 200 835 "http://aranda.devuocloud.com/wp-admin/" "Mozilla/5.0 (Windows NT 10.0; Win64; x64) AppleWebKit/537.36 (KHTML, like Gecko) Chrome/131.0.0.0 Safari/537.36"
191.80.140.62 - - [12/Dec/2024:14:20:10 +0000] "GET /wp-content/themes/Divi/core/admin/css/version-rollback.css?ver=4.9.1 HTTP/1.1" 200 537 "http://aranda.devuocloud.com/wp-admin/" "Mozilla/5.0 (Windows NT 10.0; Win64; x64) AppleWebKit/537.36 (KHTML, like Gecko) Chrome/131.0.0.0 Safari/537.36"
191.80.140.62 - - [12/Dec/2024:14:20:10 +0000] "GET /wp-content/plugins/easy-wp-smtp/assets/css/dashboard-widget.min.css?ver=2.7.0 HTTP/1.1" 200 2500 "http://aranda.devuocloud.com/wp-admin/" "Mozilla/5.0 (Windows NT 10.0; Win64; x64) AppleWebKit/537.36 (KHTML, like Gecko) Chrome/131.0.0.0 Safari/537.36"
191.80.140.62 - - [12/Dec/2024:14:20:10 +0000] "GET /wp-content/plugins/slide-anything/css/tinymce_style.css?ver=2.4.7 HTTP/1.1" 200 582 "http://aranda.devuocloud.com/wp-admin/" "Mozilla/5.0 (Windows NT 10.0; Win64; x64) AppleWebKit/537.36 (KHTML, like Gecko) Chrome/131.0.0.0 Safari/537.36"
191.80.140.62 - - [12/Dec/2024:14:20:10 +0000] "GET /wp-content/plugins/polylang/css/build/admin.min.css?ver=3.6.5 HTTP/1.1" 200 1911 "http://aranda.devuocloud.com/wp-admin/" "Mozilla/5.0 (Windows NT 10.0; Win64; x64) AppleWebKit/537.36 (KHTML, like Gecko) Chrome/131.0.0.0 Safari/537.36"
191.80.140.62 - - [12/Dec/2024:14:20:10 +0000] "GET /wp-content/plugins/wordpress-seo/css/dist/wpseo-dismissible-2400.css HTTP/1.1" 200 694 "http://aranda.devuocloud.com/wp-admin/" "Mozilla/5.0 (Windows NT 10.0; Win64; x64) AppleWebKit/537.36 (KHTML, like Gecko) Chrome/131.0.0.0 Safari/537.36"
191.80.140.62 - - [12/Dec/2024:14:20:10 +0000] "GET /wp-content/plugins/polylang/css/build/dialog.min.css?ver=3.6.5 HTTP/1.1" 200 884 "http://aranda.devuocloud.com/wp-admin/" "Mozilla/5.0 (Windows NT 10.0; Win64; x64) AppleWebKit/537.36 (KHTML, like Gecko) Chrome/131.0.0.0 Safari/537.36"
191.80.140.62 - - [12/Dec/2024:14:20:11 +0000] "GET /wp-content/plugins/wordpress-seo/css/dist/admin-global-2400.css HTTP/1.1" 200 6753 "http://aranda.devuocloud.com/wp-admin/" "Mozilla/5.0 (Windows NT 10.0; Win64; x64) AppleWebKit/537.36 (KHTML, like Gecko) Chrome/131.0.0.0 Safari/537.36"
191.80.140.62 - - [12/Dec/2024:14:20:11 +0000] "GET /wp-content/plugins/wordpress-seo/css/dist/adminbar-2400.css HTTP/1.1" 200 1973 "http://aranda.devuocloud.com/wp-admin/" "Mozilla/5.0 (Windows NT 10.0; Win64; x64) AppleWebKit/537.36 (KHTML, like Gecko) Chrome/131.0.0.0 Safari/537.36"
191.80.140.62 - - [12/Dec/2024:14:20:11 +0000] "GET /wp-content/plugins/easy-wp-smtp/assets/css/vendor/apexcharts.css?ver=3.35.1 HTTP/1.1" 200 2953 "http://aranda.devuocloud.com/wp-admin/" "Mozilla/5.0 (Windows NT 10.0; Win64; x64) AppleWebKit/537.36 (KHTML, like Gecko) Chrome/131.0.0.0 Safari/537.36"
191.80.140.62 - - [12/Dec/2024:14:20:11 +0000] "GET /wp-content/plugins/wordpress-seo/js/dist/admin-global.js?ver=ee3745f3fdc45e43fb51 HTTP/1.1" 200 2245 "http://aranda.devuocloud.com/wp-admin/" "Mozilla/5.0 (Windows NT 10.0; Win64; x64) AppleWebKit/537.36 (KHTML, like Gecko) Chrome/131.0.0.0 Safari/537.36"
191.80.140.62 - - [12/Dec/2024:14:20:11 +0000] "GET /wp-content/plugins/wp-file-manager/images/wp_file_manager.svg HTTP/1.1" 200 2937 "http://aranda.devuocloud.com/wp-admin/" "Mozilla/5.0 (Windows NT 10.0; Win64; x64) AppleWebKit/537.36 (KHTML, like Gecko) Chrome/131.0.0.0 Safari/537.36"
191.80.140.62 - - [12/Dec/2024:14:20:11 +0000] "GET /wp-admin/load-scripts.php?c=0&load%5Bchunk_0%5D=jquery-core,jquery-migrate,utils,wp-polyfill&ver=6.7.1 HTTP/1.1" 200 48589 "http://aranda.devuocloud.com/wp-admin/" "Mozilla/5.0 (Windows NT 10.0; Win64; x64) AppleWebKit/537.36 (KHTML, like Gecko) Chrome/131.0.0.0 Safari/537.36"
191.80.140.62 - - [12/Dec/2024:14:20:11 +0000] "GET /wp-content/plugins/wordpress-seo/css/dist/notifications-2400.css HTTP/1.1" 200 3266 "http://aranda.devuocloud.com/wp-admin/" "Mozilla/5.0 (Windows NT 10.0; Win64; x64) AppleWebKit/537.36 (KHTML, like Gecko) Chrome/131.0.0.0 Safari/537.36"
191.80.140.62 - - [12/Dec/2024:14:20:11 +0000] "GET /wp-admin/js/common.min.js?ver=6.7.1 HTTP/1.1" 200 8085 "http://aranda.devuocloud.com/wp-admin/" "Mozilla/5.0 (Windows NT 10.0; Win64; x64) AppleWebKit/537.36 (KHTML, like Gecko) Chrome/131.0.0.0 Safari/537.36"
191.80.140.62 - - [12/Dec/2024:14:20:11 +0000] "GET /wp-includes/js/hoverintent-js.min.js?ver=2.2.1 HTTP/1.1" 200 1060 "http://aranda.devuocloud.com/wp-admin/" "Mozilla/5.0 (Windows NT 10.0; Win64; x64) AppleWebKit/537.36 (KHTML, like Gecko) Chrome/131.0.0.0 Safari/537.36"
191.80.140.62 - - [12/Dec/2024:14:20:11 +0000] "GET /wp-includes/js/admin-bar.min.js?ver=6.7.1 HTTP/1.1" 200 1700 "http://aranda.devuocloud.com/wp-admin/" "Mozilla/5.0 (Windows NT 10.0; Win64; x64) AppleWebKit/537.36 (KHTML, like Gecko) Chrome/131.0.0.0 Safari/537.36"
191.80.140.62 - - [12/Dec/2024:14:20:11 +0000] "GET /wp-includes/js/api-request.min.js?ver=6.7.1 HTTP/1.1" 200 932 "http://aranda.devuocloud.com/wp-admin/" "Mozilla/5.0 (Windows NT 10.0; Win64; x64) AppleWebKit/537.36 (KHTML, like Gecko) Chrome/131.0.0.0 Safari/537.36"
191.80.140.62 - - [12/Dec/2024:14:20:11 +0000] "GET /wp-includes/js/dist/url.min.js?ver=e87eb76272a3a08402d2 HTTP/1.1" 200 4139 "http://aranda.devuocloud.com/wp-admin/" "Mozilla/5.0 (Windows NT 10.0; Win64; x64) AppleWebKit/537.36 (KHTML, like Gecko) Chrome/131.0.0.0 Safari/537.36"
191.80.140.62 - - [12/Dec/2024:14:20:11 +0000] "GET /wp-includes/js/wp-lists.min.js?ver=6.7.1 HTTP/1.1" 200 2878 "http://aranda.devuocloud.com/wp-admin/" "Mozilla/5.0 (Windows NT 10.0; Win64; x64) AppleWebKit/537.36 (KHTML, like Gecko) Chrome/131.0.0.0 Safari/537.36"
191.80.140.62 - - [12/Dec/2024:14:20:11 +0000] "GET /wp-includes/js/jquery/jquery.color.min.js?ver=3.0.0 HTTP/1.1" 200 3068 "http://aranda.devuocloud.com/wp-admin/" "Mozilla/5.0 (Windows NT 10.0; Win64; x64) AppleWebKit/537.36 (KHTML, like Gecko) Chrome/131.0.0.0 Safari/537.36"
191.80.140.62 - - [12/Dec/2024:14:20:11 +0000] "GET /wp-admin/js/site-health.min.js?ver=6.7.1 HTTP/1.1" 200 2540 "http://aranda.devuocloud.com/wp-admin/" "Mozilla/5.0 (Windows NT 10.0; Win64; x64) AppleWebKit/537.36 (KHTML, like Gecko) Chrome/131.0.0.0 Safari/537.36"
191.80.140.62 - - [12/Dec/2024:14:20:11 +0000] "GET /wp-includes/js/wp-ajax-response.min.js?ver=6.7.1 HTTP/1.1" 200 1434 "http://aranda.devuocloud.com/wp-admin/" "Mozilla/5.0 (Windows NT 10.0; Win64; x64) AppleWebKit/537.36 (KHTML, like Gecko) Chrome/131.0.0.0 Safari/537.36"
191.80.140.62 - - [12/Dec/2024:14:20:12 +0000] "GET /wp-content/themes/Divi/core/admin/fonts/modules.ttf HTTP/1.1" 304 250 "http://aranda.devuocloud.com/wp-content/themes/Divi/core/admin/css/core.css?ver=4.9.1" "Mozilla/5.0 (Windows NT 10.0; Win64; x64) AppleWebKit/537.36 (KHTML, like Gecko) Chrome/131.0.0.0 Safari/537.36"
191.80.140.62 - - [12/Dec/2024:14:20:12 +0000] "GET /wp-content/plugins/wordpress-seo/images/mirrored_fit_bubble_woman_1_optim.svg HTTP/1.1" 200 7098 "http://aranda.devuocloud.com/wp-admin/" "Mozilla/5.0 (Windows NT 10.0; Win64; x64) AppleWebKit/537.36 (KHTML, like Gecko) Chrome/131.0.0.0 Safari/537.36"
191.80.140.62 - - [12/Dec/2024:14:20:12 +0000] "GET /wp-content/plugins/easy-wp-smtp/assets/images/wp-spinner.gif HTTP/1.1" 200 3941 "http://aranda.devuocloud.com/wp-content/plugins/easy-wp-smtp/assets/css/dashboard-widget.min.css?ver=2.7.0" "Mozilla/5.0 (Windows NT 10.0; Win64; x64) AppleWebKit/537.36 (KHTML, like Gecko) Chrome/131.0.0.0 Safari/537.36"
191.80.140.62 - - [12/Dec/2024:14:20:12 +0000] "GET /wp-includes/js/quicktags.min.js?ver=6.7.1 HTTP/1.1" 200 3853 "http://aranda.devuocloud.com/wp-admin/" "Mozilla/5.0 (Windows NT 10.0; Win64; x64) AppleWebKit/537.36 (KHTML, like Gecko) Chrome/131.0.0.0 Safari/537.36"
191.80.140.62 - - [12/Dec/2024:14:20:12 +0000] "GET /wp-includes/js/jquery/jquery.query.js?ver=2.2.3 HTTP/1.1" 200 1970 "http://aranda.devuocloud.com/wp-admin/" "Mozilla/5.0 (Windows NT 10.0; Win64; x64) AppleWebKit/537.36 (KHTML, like Gecko) Chrome/131.0.0.0 Safari/537.36"
191.80.140.62 - - [12/Dec/2024:14:20:12 +0000] "GET /wp-admin/js/edit-comments.min.js?ver=6.7.1 HTTP/1.1" 200 5467 "http://aranda.devuocloud.com/wp-admin/" "Mozilla/5.0 (Windows NT 10.0; Win64; x64) AppleWebKit/537.36 (KHTML, like Gecko) Chrome/131.0.0.0 Safari/537.36"
191.80.140.62 - - [12/Dec/2024:14:20:12 +0000] "GET /wp-includes/js/jquery/ui/core.min.js?ver=1.13.3 HTTP/1.1" 200 7450 "http://aranda.devuocloud.com/wp-admin/" "Mozilla/5.0 (Windows NT 10.0; Win64; x64) AppleWebKit/537.36 (KHTML, like Gecko) Chrome/131.0.0.0 Safari/537.36"
191.80.140.62 - - [12/Dec/2024:14:20:12 +0000] "GET /wp-includes/js/jquery/ui/mouse.min.js?ver=1.13.3 HTTP/1.1" 200 1441 "http://aranda.devuocloud.com/wp-admin/" "Mozilla/5.0 (Windows NT 10.0; Win64; x64) AppleWebKit/537.36 (KHTML, like Gecko) Chrome/131.0.0.0 Safari/537.36"
191.80.140.62 - - [12/Dec/2024:14:20:12 +0000] "GET /wp-includes/js/jquery/ui/sortable.min.js?ver=1.13.3 HTTP/1.1" 200 6930 "http://aranda.devuocloud.com/wp-admin/" "Mozilla/5.0 (Windows NT 10.0; Win64; x64) AppleWebKit/537.36 (KHTML, like Gecko) Chrome/131.0.0.0 Safari/537.36"
191.80.140.62 - - [12/Dec/2024:14:20:12 +0000] "GET /wp-admin/js/postbox.min.js?ver=6.7.1 HTTP/1.1" 200 2565 "http://aranda.devuocloud.com/wp-admin/" "Mozilla/5.0 (Windows NT 10.0; Win64; x64) AppleWebKit/537.36 (KHTML, like Gecko) Chrome/131.0.0.0 Safari/537.36"
191.80.140.62 - - [12/Dec/2024:14:20:12 +0000] "GET /wp-includes/js/dist/vendor/moment.min.js?ver=2.30.1 HTTP/1.1" 200 19099 "http://aranda.devuocloud.com/wp-admin/" "Mozilla/5.0 (Windows NT 10.0; Win64; x64) AppleWebKit/537.36 (KHTML, like Gecko) Chrome/131.0.0.0 Safari/537.36"
191.80.140.62 - - [12/Dec/2024:14:20:12 +0000] "GET /wp-includes/js/dist/deprecated.min.js?ver=e1f84915c5e8ae38964c HTTP/1.1" 200 788 "http://aranda.devuocloud.com/wp-admin/" "Mozilla/5.0 (Windows NT 10.0; Win64; x64) AppleWebKit/537.36 (KHTML, like Gecko) Chrome/131.0.0.0 Safari/537.36"
191.80.140.62 - - [12/Dec/2024:14:20:12 +0000] "GET /wp-includes/js/dist/date.min.js?ver=aaca6387d1cf924acc51 HTTP/1.1" 200 43919 "http://aranda.devuocloud.com/wp-admin/" "Mozilla/5.0 (Windows NT 10.0; Win64; x64) AppleWebKit/537.36 (KHTML, like Gecko) Chrome/131.0.0.0 Safari/537.36"
191.80.140.62 - - [12/Dec/2024:14:20:12 +0000] "GET /wp-admin/js/dashboard.min.js?ver=6.7.1 HTTP/1.1" 200 3406 "http://aranda.devuocloud.com/wp-admin/" "Mozilla/5.0 (Windows NT 10.0; Win64; x64) AppleWebKit/537.36 (KHTML, like Gecko) Chrome/131.0.0.0 Safari/537.36"
191.80.140.62 - - [12/Dec/2024:14:20:12 +0000] "GET /wp-includes/js/thickbox/thickbox.js?ver=3.1-20121105 HTTP/1.1" 200 4376 "http://aranda.devuocloud.com/wp-admin/" "Mozilla/5.0 (Windows NT 10.0; Win64; x64) AppleWebKit/537.36 (KHTML, like Gecko) Chrome/131.0.0.0 Safari/537.36"
191.80.140.62 - - [12/Dec/2024:14:20:12 +0000] "GET /wp-admin/js/plugin-install.min.js?ver=6.7.1 HTTP/1.1" 200 1364 "http://aranda.devuocloud.com/wp-admin/" "Mozilla/5.0 (Windows NT 10.0; Win64; x64) AppleWebKit/537.36 (KHTML, like Gecko) Chrome/131.0.0.0 Safari/537.36"
191.80.140.62 - - [12/Dec/2024:14:20:12 +0000] "GET /wp-includes/js/wp-sanitize.min.js?ver=6.7.1 HTTP/1.1" 200 626 "http://aranda.devuocloud.com/wp-admin/" "Mozilla/5.0 (Windows NT 10.0; Win64; x64) AppleWebKit/537.36 (KHTML, like Gecko) Chrome/131.0.0.0 Safari/537.36"
191.80.140.62 - - [12/Dec/2024:14:20:12 +0000] "GET /wp-admin/js/updates.min.js?ver=6.7.1 HTTP/1.1" 200 10774 "http://aranda.devuocloud.com/wp-admin/" "Mozilla/5.0 (Windows NT 10.0; Win64; x64) AppleWebKit/537.36 (KHTML, like Gecko) Chrome/131.0.0.0 Safari/537.36"
191.80.140.62 - - [12/Dec/2024:14:20:12 +0000] "GET /wp-includes/js/shortcode.min.js?ver=6.7.1 HTTP/1.1" 200 1488 "http://aranda.devuocloud.com/wp-admin/" "Mozilla/5.0 (Windows NT 10.0; Win64; x64) AppleWebKit/537.36 (KHTML, like Gecko) Chrome/131.0.0.0 Safari/537.36"
191.80.140.62 - - [12/Dec/2024:14:20:12 +0000] "GET /wp-admin/js/svg-painter.js?ver=6.7.1 HTTP/1.1" 200 1561 "http://aranda.devuocloud.com/wp-admin/" "Mozilla/5.0 (Windows NT 10.0; Win64; x64) AppleWebKit/537.36 (KHTML, like Gecko) Chrome/131.0.0.0 Safari/537.36"
191.80.140.62 - - [12/Dec/2024:14:20:12 +0000] "GET /wp-admin/js/media-upload.min.js?ver=6.7.1 HTTP/1.1" 200 955 "http://aranda.devuocloud.com/wp-admin/" "Mozilla/5.0 (Windows NT 10.0; Win64; x64) AppleWebKit/537.36 (KHTML, like Gecko) Chrome/131.0.0.0 Safari/537.36"
191.80.140.62 - - [12/Dec/2024:14:20:12 +0000] "GET /wp-includes/js/heartbeat.min.js?ver=6.7.1 HTTP/1.1" 200 2385 "http://aranda.devuocloud.com/wp-admin/" "Mozilla/5.0 (Windows NT 10.0; Win64; x64) AppleWebKit/537.36 (KHTML, like Gecko) Chrome/131.0.0.0 Safari/537.36"
191.80.140.62 - - [12/Dec/2024:14:20:12 +0000] "GET /wp-includes/js/wp-auth-check.min.js?ver=6.7.1 HTTP/1.1" 200 1115 "http://aranda.devuocloud.com/wp-admin/" "Mozilla/5.0 (Windows NT 10.0; Win64; x64) AppleWebKit/537.36 (KHTML, like Gecko) Chrome/131.0.0.0 Safari/537.36"
191.80.140.62 - - [12/Dec/2024:14:20:12 +0000] "GET /wp-includes/js/dist/vendor/react.min.js?ver=18.3.1 HTTP/1.1" 200 4509 "http://aranda.devuocloud.com/wp-admin/" "Mozilla/5.0 (Windows NT 10.0; Win64; x64) AppleWebKit/537.36 (KHTML, like Gecko) Chrome/131.0.0.0 Safari/537.36"
191.80.140.62 - - [12/Dec/2024:14:20:13 +0000] "GET /wp-includes/js/dist/vendor/react-dom.min.js?ver=18.3.1 HTTP/1.1" 200 42293 "http://aranda.devuocloud.com/wp-admin/" "Mozilla/5.0 (Windows NT 10.0; Win64; x64) AppleWebKit/537.36 (KHTML, like Gecko) Chrome/131.0.0.0 Safari/537.36"
191.80.140.62 - - [12/Dec/2024:14:20:13 +0000] "GET /wp-includes/js/dist/escape-html.min.js?ver=6561a406d2d232a6fbd2 HTTP/1.1" 200 874 "http://aranda.devuocloud.com/wp-admin/" "Mozilla/5.0 (Windows NT 10.0; Win64; x64) AppleWebKit/537.36 (KHTML, like Gecko) Chrome/131.0.0.0 Safari/537.36"
191.80.140.62 - - [12/Dec/2024:14:20:13 +0000] "GET /wp-includes/js/dist/element.min.js?ver=cb762d190aebbec25b27 HTTP/1.1" 200 5303 "http://aranda.devuocloud.com/wp-admin/" "Mozilla/5.0 (Windows NT 10.0; Win64; x64) AppleWebKit/537.36 (KHTML, like Gecko) Chrome/131.0.0.0 Safari/537.36"
191.80.140.62 - - [12/Dec/2024:14:20:13 +0000] "GET /wp-includes/js/dist/vendor/lodash.min.js?ver=4.17.21 HTTP/1.1" 200 25248 "http://aranda.devuocloud.com/wp-admin/" "Mozilla/5.0 (Windows NT 10.0; Win64; x64) AppleWebKit/537.36 (KHTML, like Gecko) Chrome/131.0.0.0 Safari/537.36"
191.80.140.62 - - [12/Dec/2024:14:20:13 +0000] "GET /wp-content/plugins/wordpress-seo/js/dist/externals/propTypes.js?ver=4c546a0c9e97b70d3fe0 HTTP/1.1" 200 917 "http://aranda.devuocloud.com/wp-admin/" "Mozilla/5.0 (Windows NT 10.0; Win64; x64) AppleWebKit/537.36 (KHTML, like Gecko) Chrome/131.0.0.0 Safari/537.36"
191.80.140.62 - - [12/Dec/2024:14:20:13 +0000] "GET /wp-content/plugins/wordpress-seo/js/dist/externals/styledComponents.js?ver=f030a78c47ee9be46c07 HTTP/1.1" 200 14144 "http://aranda.devuocloud.com/wp-admin/" "Mozilla/5.0 (Windows NT 10.0; Win64; x64) AppleWebKit/537.36 (KHTML, like Gecko) Chrome/131.0.0.0 Safari/537.36"
191.80.140.62 - - [12/Dec/2024:14:20:13 +0000] "GET /wp-content/plugins/wordpress-seo/js/dist/externals/helpers.js?ver=f38a5f8b9a9ba801e722 HTTP/1.1" 200 17670 "http://aranda.devuocloud.com/wp-admin/" "Mozilla/5.0 (Windows NT 10.0; Win64; x64) AppleWebKit/537.36 (KHTML, like Gecko) Chrome/131.0.0.0 Safari/537.36"
191.80.140.62 - - [12/Dec/2024:14:20:13 +0000] "GET /wp-content/plugins/wordpress-seo/js/dist/react-select.js?ver=016b19f563b56deb8ad5 HTTP/1.1" 200 27980 "http://aranda.devuocloud.com/wp-admin/" "Mozilla/5.0 (Windows NT 10.0; Win64; x64) AppleWebKit/537.36 (KHTML, like Gecko) Chrome/131.0.0.0 Safari/537.36"
191.80.140.62 - - [12/Dec/2024:14:20:13 +0000] "GET /wp-content/plugins/wordpress-seo/js/dist/externals/styleGuide.js?ver=a65ddb8de826da5fea4d HTTP/1.1" 200 2552 "http://aranda.devuocloud.com/wp-admin/" "Mozilla/5.0 (Windows NT 10.0; Win64; x64) AppleWebKit/537.36 (KHTML, like Gecko) Chrome/131.0.0.0 Safari/537.36"
191.80.140.62 - - [12/Dec/2024:14:20:13 +0000] "GET /wp-content/plugins/wordpress-seo/js/dist/externals/componentsNew.js?ver=898e7a63226507fb9afc HTTP/1.1" 200 46223 "http://aranda.devuocloud.com/wp-admin/" "Mozilla/5.0 (Windows NT 10.0; Win64; x64) AppleWebKit/537.36 (KHTML, like Gecko) Chrome/131.0.0.0 Safari/537.36"
