146.70.74.120 - - [13/Dec/2024:23:51:31 +0000] "GET /wp-content/uploads/2024/12/Logo-blanco.png HTTP/1.1" 200 7647 "https://placidoarandaarquitectotecnico.es/" "Mozilla/5.0 (X11; Linux x86_64) AppleWebKit/537.36 (KHTML, like Gecko) Chrome/131.0.0.0 Safari/537.36"
146.70.74.120 - - [13/Dec/2024:23:51:31 +0000] "GET /wp-content/themes/Divi/core/admin/fonts/modules.ttf HTTP/1.1" 200 95631 "https://placidoarandaarquitectotecnico.es/" "Mozilla/5.0 (X11; Linux x86_64) AppleWebKit/537.36 (KHTML, like Gecko) Chrome/131.0.0.0 Safari/537.36"
146.70.74.120 - - [13/Dec/2024:23:51:31 +0000] "GET /wp-content/themes/Divi/style.css?ver=4.9.1 HTTP/1.1" 200 83869 "https://placidoarandaarquitectotecnico.es/" "Mozilla/5.0 (X11; Linux x86_64) AppleWebKit/537.36 (KHTML, like Gecko) Chrome/131.0.0.0 Safari/537.36"
146.70.74.120 - - [13/Dec/2024:23:51:31 +0000] "GET /wp-content/uploads/2024/12/Logo-vertical.png HTTP/1.1" 200 6226 "https://placidoarandaarquitectotecnico.es/" "Mozilla/5.0 (X11; Linux x86_64) AppleWebKit/537.36 (KHTML, like Gecko) Chrome/131.0.0.0 Safari/537.36"
146.70.74.120 - - [13/Dec/2024:23:51:32 +0000] "GET /wp-content/uploads/2024/12/kit_digital-1024x61-1.png HTTP/1.1" 200 63167 "https://placidoarandaarquitectotecnico.es/" "Mozilla/5.0 (X11; Linux x86_64) AppleWebKit/537.36 (KHTML, like Gecko) Chrome/131.0.0.0 Safari/537.36"
146.70.74.120 - - [13/Dec/2024:23:51:32 +0000] "GET /wp-includes/js/dist/hooks.min.js?ver=4d63a3d491d11ffd8ac6 HTTP/1.1" 200 2014 "https://placidoarandaarquitectotecnico.es/" "Mozilla/5.0 (X11; Linux x86_64) AppleWebKit/537.36 (KHTML, like Gecko) Chrome/131.0.0.0 Safari/537.36"
146.70.74.120 - - [13/Dec/2024:23:51:32 +0000] "GET /wp-content/plugins/contact-form-7/includes/js/index.js?ver=6.0.1 HTTP/1.1" 200 4631 "https://placidoarandaarquitectotecnico.es/" "Mozilla/5.0 (X11; Linux x86_64) AppleWebKit/537.36 (KHTML, like Gecko) Chrome/131.0.0.0 Safari/537.36"
146.70.74.120 - - [13/Dec/2024:23:51:32 +0000] "GET /wp-content/plugins/contact-form-7/includes/swv/js/index.js?ver=6.0.1 HTTP/1.1" 200 3868 "https://placidoarandaarquitectotecnico.es/" "Mozilla/5.0 (X11; Linux x86_64) AppleWebKit/537.36 (KHTML, like Gecko) Chrome/131.0.0.0 Safari/537.36"
146.70.74.120 - - [13/Dec/2024:23:51:32 +0000] "GET /wp-includes/js/dist/i18n.min.js?ver=5e580eb46a90c2b997e6 HTTP/1.1" 200 4033 "https://placidoarandaarquitectotecnico.es/" "Mozilla/5.0 (X11; Linux x86_64) AppleWebKit/537.36 (KHTML, like Gecko) Chrome/131.0.0.0 Safari/537.36"
146.70.74.120 - - [13/Dec/2024:23:51:32 +0000] "GET /wp-content/uploads/2024/12/hero-home.jpg HTTP/1.1" 200 175209 "https://placidoarandaarquitectotecnico.es/" "Mozilla/5.0 (X11; Linux x86_64) AppleWebKit/537.36 (KHTML, like Gecko) Chrome/131.0.0.0 Safari/537.36"
146.70.74.120 - - [13/Dec/2024:23:51:32 +0000] "GET /wp-content/themes/Divi/core/admin/js/common.js?ver=4.9.1 HTTP/1.1" 200 930 "https://placidoarandaarquitectotecnico.es/" "Mozilla/5.0 (X11; Linux x86_64) AppleWebKit/537.36 (KHTML, like Gecko) Chrome/131.0.0.0 Safari/537.36"
146.70.74.120 - - [13/Dec/2024:23:51:31 +0000] "GET /wp-content/uploads/2024/12/home-vertical_02.jpg HTTP/1.1" 200 747210 "https://placidoarandaarquitectotecnico.es/" "Mozilla/5.0 (X11; Linux x86_64) AppleWebKit/537.36 (KHTML, like Gecko) Chrome/131.0.0.0 Safari/537.36"
146.70.74.120 - - [13/Dec/2024:23:51:32 +0000] "GET /wp-content/themes/Divi/js/custom.unified.js?ver=4.9.1 HTTP/1.1" 200 139339 "https://placidoarandaarquitectotecnico.es/" "Mozilla/5.0 (X11; Linux x86_64) AppleWebKit/537.36 (KHTML, like Gecko) Chrome/131.0.0.0 Safari/537.36"
146.70.74.120 - - [13/Dec/2024:23:51:32 +0000] "GET /wp-includes/js/wp-emoji-release.min.js?ver=6.7.1 HTTP/1.1" 200 5428 "https://placidoarandaarquitectotecnico.es/" "Mozilla/5.0 (X11; Linux x86_64) AppleWebKit/537.36 (KHTML, like Gecko) Chrome/131.0.0.0 Safari/537.36"
146.70.74.120 - - [13/Dec/2024:23:51:32 +0000] "GET /wp-content/uploads/2024/12/home-back.jpg HTTP/1.1" 200 133768 "https://placidoarandaarquitectotecnico.es/" "Mozilla/5.0 (X11; Linux x86_64) AppleWebKit/537.36 (KHTML, like Gecko) Chrome/131.0.0.0 Safari/537.36"
146.70.74.120 - - [13/Dec/2024:23:51:32 +0000] "GET /wp-content/uploads/2024/12/plan.jpg HTTP/1.1" 200 46947 "https://placidoarandaarquitectotecnico.es/" "Mozilla/5.0 (X11; Linux x86_64) AppleWebKit/537.36 (KHTML, like Gecko) Chrome/131.0.0.0 Safari/537.36"
146.70.74.120 - - [13/Dec/2024:23:51:32 +0000] "GET /wp-content/uploads/2024/12/cedula.jpg HTTP/1.1" 200 61863 "https://placidoarandaarquitectotecnico.es/" "Mozilla/5.0 (X11; Linux x86_64) AppleWebKit/537.36 (KHTML, like Gecko) Chrome/131.0.0.0 Safari/537.36"
146.70.74.120 - - [13/Dec/2024:23:51:32 +0000] "GET /wp-content/uploads/2024/12/certificado_energetico.png HTTP/1.1" 200 310606 "https://placidoarandaarquitectotecnico.es/" "Mozilla/5.0 (X11; Linux x86_64) AppleWebKit/537.36 (KHTML, like Gecko) Chrome/131.0.0.0 Safari/537.36"
146.70.74.120 - - [13/Dec/2024:23:51:33 +0000] "GET /wp-content/uploads/2024/12/favicon-150x150.jpg HTTP/1.1" 200 4124 "https://placidoarandaarquitectotecnico.es/" "Mozilla/5.0 (X11; Linux x86_64) AppleWebKit/537.36 (KHTML, like Gecko) Chrome/131.0.0.0 Safari/537.36"
146.190.157.162 - - [13/Dec/2024:23:59:58 +0000] "POST /wp-cron.php?doing_wp_cron=1734134398.3761129379272460937500 HTTP/1.1" 200 2977 "-" "WordPress/6.7.1; https://placidoarandaarquitectotecnico.es"
66.249.70.108 - - [13/Dec/2024:23:59:57 +0000] "GET /contacto/ HTTP/1.1" 200 16643 "-" "Mozilla/5.0 (Linux; Android 6.0.1; Nexus 5X Build/MMB29P) AppleWebKit/537.36 (KHTML, like Gecko) Chrome/131.0.6778.108 Mobile Safari/537.36 (compatible; Googlebot/2.1; +http://www.google.com/bot.html)"
146.190.157.162 - - [14/Dec/2024:00:20:58 +0000] "POST /wp-cron.php?doing_wp_cron=1734135658.7313790321350097656250 HTTP/1.1" 200 2976 "-" "WordPress/6.7.1; https://placidoarandaarquitectotecnico.es"
66.249.70.109 - - [14/Dec/2024:00:20:58 +0000] "GET /contacto HTTP/1.1" 301 2993 "-" "Mozilla/5.0 (Linux; Android 6.0.1; Nexus 5X Build/MMB29P) AppleWebKit/537.36 (KHTML, like Gecko) Chrome/131.0.6778.108 Mobile Safari/537.36 (compatible; Googlebot/2.1; +http://www.google.com/bot.html)"
205.169.39.24 - - [14/Dec/2024:01:23:57 +0000] "GET / HTTP/1.1" 301 628 "-" "Mozilla/5.0 (Windows NT 10.0; Win64; x64) AppleWebKit/537.36 (KHTML, like Gecko) Chrome/117.0.5938.132 Safari/537.36"
66.249.70.108 - - [14/Dec/2024:01:23:58 +0000] "GET /servicios HTTP/1.1" 301 2994 "-" "Mozilla/5.0 (Linux; Android 6.0.1; Nexus 5X Build/MMB29P) AppleWebKit/537.36 (KHTML, like Gecko) Chrome/131.0.6778.108 Mobile Safari/537.36 (compatible; Googlebot/2.1; +http://www.google.com/bot.html)"
146.190.157.162 - - [14/Dec/2024:01:23:59 +0000] "POST /wp-cron.php?doing_wp_cron=1734139439.2103040218353271484375 HTTP/1.1" 200 2976 "-" "WordPress/6.7.1; https://placidoarandaarquitectotecnico.es"
205.169.39.24 - - [14/Dec/2024:01:23:57 +0000] "GET / HTTP/1.1" 200 17025 "-" "Mozilla/5.0 (Windows NT 10.0; Win64; x64) AppleWebKit/537.36 (KHTML, like Gecko) Chrome/117.0.5938.132 Safari/537.36"
205.169.39.24 - - [14/Dec/2024:01:24:01 +0000] "GET /wp-includes/css/dist/block-library/style.min.css?ver=6.7.1 HTTP/1.1" 200 15604 "https://placidoarandaarquitectotecnico.es/" "Mozilla/5.0 (Windows NT 10.0; Win64; x64) AppleWebKit/537.36 (KHTML, like Gecko) Chrome/117.0.5938.132 Safari/537.36"
205.169.39.24 - - [14/Dec/2024:01:24:01 +0000] "GET /wp-content/plugins/contact-form-7/includes/css/styles.css?ver=6.0.1 HTTP/1.1" 200 1373 "https://placidoarandaarquitectotecnico.es/" "Mozilla/5.0 (Windows NT 10.0; Win64; x64) AppleWebKit/537.36 (KHTML, like Gecko) Chrome/117.0.5938.132 Safari/537.36"
205.169.39.24 - - [14/Dec/2024:01:24:01 +0000] "GET /wp-includes/css/dashicons.min.css?ver=6.7.1 HTTP/1.1" 200 36222 "https://placidoarandaarquitectotecnico.es/" "Mozilla/5.0 (Windows NT 10.0; Win64; x64) AppleWebKit/537.36 (KHTML, like Gecko) Chrome/117.0.5938.132 Safari/537.36"
205.169.39.24 - - [14/Dec/2024:01:24:01 +0000] "GET /wp-content/themes/Divi/style.css?ver=4.9.1 HTTP/1.1" 200 83869 "https://placidoarandaarquitectotecnico.es/" "Mozilla/5.0 (Windows NT 10.0; Win64; x64) AppleWebKit/537.36 (KHTML, like Gecko) Chrome/117.0.5938.132 Safari/537.36"
205.169.39.24 - - [14/Dec/2024:01:24:01 +0000] "GET /wp-includes/js/jquery/jquery.min.js?ver=3.7.1 HTTP/1.1" 200 30846 "https://placidoarandaarquitectotecnico.es/" "Mozilla/5.0 (Windows NT 10.0; Win64; x64) AppleWebKit/537.36 (KHTML, like Gecko) Chrome/117.0.5938.132 Safari/537.36"
205.169.39.24 - - [14/Dec/2024:01:24:01 +0000] "GET /wp-includes/js/jquery/jquery-migrate.min.js?ver=3.4.1 HTTP/1.1" 200 5238 "https://placidoarandaarquitectotecnico.es/" "Mozilla/5.0 (Windows NT 10.0; Win64; x64) AppleWebKit/537.36 (KHTML, like Gecko) Chrome/117.0.5938.132 Safari/537.36"
205.169.39.24 - - [14/Dec/2024:01:24:01 +0000] "GET /wp-content/themes/Divi/core/admin/fonts/modules.ttf HTTP/1.1" 200 92951 "https://placidoarandaarquitectotecnico.es/" "Mozilla/5.0 (Windows NT 10.0; Win64; x64) AppleWebKit/537.36 (KHTML, like Gecko) Chrome/117.0.5938.132 Safari/537.36"
205.169.39.24 - - [14/Dec/2024:01:24:01 +0000] "GET /wp-content/uploads/2024/12/Logo-blanco.png HTTP/1.1" 200 7647 "https://placidoarandaarquitectotecnico.es/" "Mozilla/5.0 (Windows NT 10.0; Win64; x64) AppleWebKit/537.36 (KHTML, like Gecko) Chrome/117.0.5938.132 Safari/537.36"
205.169.39.24 - - [14/Dec/2024:01:24:01 +0000] "GET /wp-content/uploads/2024/12/hero-home.jpg HTTP/1.1" 200 175209 "https://placidoarandaarquitectotecnico.es/" "Mozilla/5.0 (Windows NT 10.0; Win64; x64) AppleWebKit/537.36 (KHTML, like Gecko) Chrome/117.0.5938.132 Safari/537.36"
205.169.39.24 - - [14/Dec/2024:01:24:01 +0000] "GET /wp-content/uploads/2024/12/home-vertical_02.jpg HTTP/1.1" 200 747210 "https://placidoarandaarquitectotecnico.es/" "Mozilla/5.0 (Windows NT 10.0; Win64; x64) AppleWebKit/537.36 (KHTML, like Gecko) Chrome/117.0.5938.132 Safari/537.36"
205.169.39.24 - - [14/Dec/2024:01:24:01 +0000] "GET /wp-content/uploads/2024/12/Logo-vertical.png HTTP/1.1" 200 6550 "https://placidoarandaarquitectotecnico.es/" "Mozilla/5.0 (Windows NT 10.0; Win64; x64) AppleWebKit/537.36 (KHTML, like Gecko) Chrome/117.0.5938.132 Safari/537.36"
205.169.39.24 - - [14/Dec/2024:01:24:01 +0000] "GET /wp-includes/js/dist/hooks.min.js?ver=4d63a3d491d11ffd8ac6 HTTP/1.1" 200 4694 "https://placidoarandaarquitectotecnico.es/" "Mozilla/5.0 (Windows NT 10.0; Win64; x64) AppleWebKit/537.36 (KHTML, like Gecko) Chrome/117.0.5938.132 Safari/537.36"
205.169.39.24 - - [14/Dec/2024:01:24:01 +0000] "GET /wp-content/uploads/2024/12/kit_digital-1024x61-1.png HTTP/1.1" 200 65847 "https://placidoarandaarquitectotecnico.es/" "Mozilla/5.0 (Windows NT 10.0; Win64; x64) AppleWebKit/537.36 (KHTML, like Gecko) Chrome/117.0.5938.132 Safari/537.36"
205.169.39.24 - - [14/Dec/2024:01:24:01 +0000] "GET /wp-includes/js/dist/i18n.min.js?ver=5e580eb46a90c2b997e6 HTTP/1.1" 200 6713 "https://placidoarandaarquitectotecnico.es/" "Mozilla/5.0 (Windows NT 10.0; Win64; x64) AppleWebKit/537.36 (KHTML, like Gecko) Chrome/117.0.5938.132 Safari/537.36"
205.169.39.24 - - [14/Dec/2024:01:24:01 +0000] "GET /wp-content/plugins/contact-form-7/includes/swv/js/index.js?ver=6.0.1 HTTP/1.1" 200 3868 "https://placidoarandaarquitectotecnico.es/" "Mozilla/5.0 (Windows NT 10.0; Win64; x64) AppleWebKit/537.36 (KHTML, like Gecko) Chrome/117.0.5938.132 Safari/537.36"
205.169.39.24 - - [14/Dec/2024:01:24:01 +0000] "GET /wp-content/plugins/contact-form-7/includes/js/index.js?ver=6.0.1 HTTP/1.1" 200 4631 "https://placidoarandaarquitectotecnico.es/" "Mozilla/5.0 (Windows NT 10.0; Win64; x64) AppleWebKit/537.36 (KHTML, like Gecko) Chrome/117.0.5938.132 Safari/537.36"
205.169.39.24 - - [14/Dec/2024:01:24:01 +0000] "GET /wp-content/themes/Divi/core/admin/js/common.js?ver=4.9.1 HTTP/1.1" 200 930 "https://placidoarandaarquitectotecnico.es/" "Mozilla/5.0 (Windows NT 10.0; Win64; x64) AppleWebKit/537.36 (KHTML, like Gecko) Chrome/117.0.5938.132 Safari/537.36"
205.169.39.24 - - [14/Dec/2024:01:24:01 +0000] "GET /wp-content/themes/Divi/js/custom.unified.js?ver=4.9.1 HTTP/1.1" 200 139339 "https://placidoarandaarquitectotecnico.es/" "Mozilla/5.0 (Windows NT 10.0; Win64; x64) AppleWebKit/537.36 (KHTML, like Gecko) Chrome/117.0.5938.132 Safari/537.36"
205.169.39.24 - - [14/Dec/2024:01:24:02 +0000] "GET /wp-includes/js/wp-emoji-release.min.js?ver=6.7.1 HTTP/1.1" 200 5428 "https://placidoarandaarquitectotecnico.es/" "Mozilla/5.0 (Windows NT 10.0; Win64; x64) AppleWebKit/537.36 (KHTML, like Gecko) Chrome/117.0.5938.132 Safari/537.36"
205.169.39.24 - - [14/Dec/2024:01:24:02 +0000] "GET /wp-content/uploads/2024/12/cedula.jpg HTTP/1.1" 200 61863 "https://placidoarandaarquitectotecnico.es/" "Mozilla/5.0 (Windows NT 10.0; Win64; x64) AppleWebKit/537.36 (KHTML, like Gecko) Chrome/117.0.5938.132 Safari/537.36"
205.169.39.24 - - [14/Dec/2024:01:24:02 +0000] "GET /wp-content/uploads/2024/12/plan.jpg HTTP/1.1" 200 46947 "https://placidoarandaarquitectotecnico.es/" "Mozilla/5.0 (Windows NT 10.0; Win64; x64) AppleWebKit/537.36 (KHTML, like Gecko) Chrome/117.0.5938.132 Safari/537.36"
205.169.39.24 - - [14/Dec/2024:01:24:02 +0000] "GET /wp-content/uploads/2024/12/home-back.jpg HTTP/1.1" 200 133768 "https://placidoarandaarquitectotecnico.es/" "Mozilla/5.0 (Windows NT 10.0; Win64; x64) AppleWebKit/537.36 (KHTML, like Gecko) Chrome/117.0.5938.132 Safari/537.36"
205.169.39.24 - - [14/Dec/2024:01:24:02 +0000] "GET /wp-content/uploads/2024/12/certificado_energetico.png HTTP/1.1" 200 310606 "https://placidoarandaarquitectotecnico.es/" "Mozilla/5.0 (Windows NT 10.0; Win64; x64) AppleWebKit/537.36 (KHTML, like Gecko) Chrome/117.0.5938.132 Safari/537.36"
205.169.39.24 - - [14/Dec/2024:01:24:03 +0000] "GET /wp-content/uploads/2024/12/Logo-blanco.png HTTP/1.1" 200 7647 "https://placidoarandaarquitectotecnico.es/" "Mozilla/5.0 (Windows NT 10.0; Win64; x64) AppleWebKit/537.36 (KHTML, like Gecko) Chrome/117.0.5938.132 Safari/537.36"
205.169.39.24 - - [14/Dec/2024:01:24:03 +0000] "GET /wp-content/uploads/2024/12/Logo-blanco.png HTTP/1.1" 200 7647 "https://placidoarandaarquitectotecnico.es/" "Mozilla/5.0 (Windows NT 10.0; Win64; x64) AppleWebKit/537.36 (KHTML, like Gecko) Chrome/117.0.5938.132 Safari/537.36"
205.169.39.24 - - [14/Dec/2024:01:24:03 +0000] "GET /wp-content/uploads/2024/12/Logo-blanco.png HTTP/1.1" 200 7647 "https://placidoarandaarquitectotecnico.es/" "Mozilla/5.0 (Windows NT 10.0; Win64; x64) AppleWebKit/537.36 (KHTML, like Gecko) Chrome/117.0.5938.132 Safari/537.36"
146.190.157.162 - - [14/Dec/2024:01:37:45 +0000] "POST /wp-cron.php?doing_wp_cron=1734140265.2580020427703857421875 HTTP/1.1" 200 2976 "-" "WordPress/6.7.1; https://placidoarandaarquitectotecnico.es"
45.139.66.118 - - [14/Dec/2024:01:37:44 +0000] "GET / HTTP/1.1" 200 17025 "-" "Apache-HttpClient/5.1.4 (Java/11.0.18)"
45.139.66.70 - - [14/Dec/2024:01:37:47 +0000] "HEAD / HTTP/1.1" 301 221 "-" "Mozilla/5.0 (Macintosh; Intel Mac OS X 10_15_7) AppleWebKit/537.36 (KHTML, like Gecko) Chrome/107.0.0.0 Safari/537.36"
45.139.66.189 - - [14/Dec/2024:01:37:47 +0000] "GET / HTTP/1.1" 301 591 "-" "Mozilla/5.0 (Macintosh; Intel Mac OS X 10_15_7) AppleWebKit/537.36 (KHTML, like Gecko) Chrome/107.0.0.0 Safari/537.36"
45.139.66.118 - - [14/Dec/2024:01:37:47 +0000] "GET / HTTP/1.1" 200 17027 "-" "Mozilla/5.0 (Macintosh; Intel Mac OS X 10_15_7) AppleWebKit/537.36 (KHTML, like Gecko) Chrome/107.0.0.0 Safari/537.36"
191.102.174.51 - - [14/Dec/2024:01:37:49 +0000] "GET /wp-content/uploads/2024/12/favicon-150x150.jpg HTTP/1.1" 200 6805 "-" "Mozilla/5.0 (Macintosh; Intel Mac OS X 10_15_7) AppleWebKit/537.36 (KHTML, like Gecko) Chrome/107.0.0.0 Safari/537.36"
209.127.106.113 - - [14/Dec/2024:01:37:50 +0000] "GET /wp-content/uploads/2024/12/favicon-300x300.jpg HTTP/1.1" 200 10729 "-" "Mozilla/5.0 (Macintosh; Intel Mac OS X 10_15_7) AppleWebKit/537.36 (KHTML, like Gecko) Chrome/107.0.0.0 Safari/537.36"
176.103.241.185 - - [14/Dec/2024:01:37:50 +0000] "GET /wp-content/uploads/2024/12/favicon-300x300.jpg HTTP/1.1" 200 10728 "-" "Mozilla/5.0 (Macintosh; Intel Mac OS X 10_15_7) AppleWebKit/537.36 (KHTML, like Gecko) Chrome/107.0.0.0 Safari/537.36"
38.154.198.24 - - [14/Dec/2024:04:18:40 +0000] "GET /wp-content/uploads/2024/12/Logo-blanco.png HTTP/1.1" 200 10328 "-" "Mozilla/5.0 (X11; Linux x86_64) AppleWebKit/537.36 (KHTML, like Gecko) Chrome/108.0.0.0 Safari/537.36"
45.139.36.55 - - [14/Dec/2024:04:18:41 +0000] "GET /wp-content/uploads/2024/12/home-vertical_02.jpg HTTP/1.1" 200 749891 "-" "Mozilla/5.0 (Windows NT 10.0; Win64; x64) AppleWebKit/537.36 (KHTML, like Gecko) Chrome/108.0.0.0 Safari/537.36"
45.139.66.24 - - [14/Dec/2024:04:18:56 +0000] "GET /wp-content/uploads/2024/12/Logo-vertical.png HTTP/1.1" 200 8906 "-" "Mozilla/5.0 (X11; Linux x86_64) AppleWebKit/537.36 (KHTML, like Gecko) Chrome/108.0.0.0 Safari/537.36"
132.255.133.242 - - [14/Dec/2024:04:18:56 +0000] "GET /wp-content/uploads/2024/12/kit_digital-1024x61-1.png HTTP/1.1" 200 65848 "-" "Mozilla/5.0 (Macintosh; Intel Mac OS X 13_0_1) AppleWebKit/537.36 (KHTML, like Gecko) Chrome/108.0.0.0 Safari/537.36"
66.81.174.27 - - [14/Dec/2024:06:26:16 +0000] "GET /wp-admin HTTP/1.1" 301 3349 "-" "Mozilla/5.0 (Macintosh; Intel Mac OS X 10_15_7) AppleWebKit/537.36 (KHTML, like Gecko) Chrome/131.0.0.0 Safari/537.36"
146.190.157.162 - - [14/Dec/2024:06:26:18 +0000] "POST /wp-cron.php?doing_wp_cron=1734157578.0492808818817138671875 HTTP/1.1" 200 2976 "-" "WordPress/6.7.1; https://placidoarandaarquitectotecnico.es"
66.81.174.27 - - [14/Dec/2024:06:26:16 +0000] "GET /wp-admin/ HTTP/1.1" 302 495 "-" "Mozilla/5.0 (Macintosh; Intel Mac OS X 10_15_7) AppleWebKit/537.36 (KHTML, like Gecko) Chrome/131.0.0.0 Safari/537.36"
66.81.174.27 - - [14/Dec/2024:06:26:19 +0000] "GET /wp-login.php?redirect_to=https%3A%2F%2Fplacidoarandaarquitectotecnico.es%2Fwp-admin%2F&reauth=1 HTTP/1.1" 200 5715 "-" "Mozilla/5.0 (Macintosh; Intel Mac OS X 10_15_7) AppleWebKit/537.36 (KHTML, like Gecko) Chrome/131.0.0.0 Safari/537.36"
66.81.174.27 - - [14/Dec/2024:06:26:20 +0000] "GET /wp-includes/css/dashicons.min.css?ver=6.7.1 HTTP/1.1" 200 36222 "https://placidoarandaarquitectotecnico.es/wp-login.php?redirect_to=https%3A%2F%2Fplacidoarandaarquitectotecnico.es%2Fwp-admin%2F&reauth=1" "Mozilla/5.0 (Macintosh; Intel Mac OS X 10_15_7) AppleWebKit/537.36 (KHTML, like Gecko) Chrome/131.0.0.0 Safari/537.36"
66.81.174.27 - - [14/Dec/2024:06:26:20 +0000] "GET /wp-includes/css/buttons.min.css?ver=6.7.1 HTTP/1.1" 200 4509 "https://placidoarandaarquitectotecnico.es/wp-login.php?redirect_to=https%3A%2F%2Fplacidoarandaarquitectotecnico.es%2Fwp-admin%2F&reauth=1" "Mozilla/5.0 (Macintosh; Intel Mac OS X 10_15_7) AppleWebKit/537.36 (KHTML, like Gecko) Chrome/131.0.0.0 Safari/537.36"
66.81.174.27 - - [14/Dec/2024:06:26:20 +0000] "GET /wp-admin/css/forms.min.css?ver=6.7.1 HTTP/1.1" 200 7053 "https://placidoarandaarquitectotecnico.es/wp-login.php?redirect_to=https%3A%2F%2Fplacidoarandaarquitectotecnico.es%2Fwp-admin%2F&reauth=1" "Mozilla/5.0 (Macintosh; Intel Mac OS X 10_15_7) AppleWebKit/537.36 (KHTML, like Gecko) Chrome/131.0.0.0 Safari/537.36"
66.81.174.27 - - [14/Dec/2024:06:26:20 +0000] "GET /wp-admin/css/l10n.min.css?ver=6.7.1 HTTP/1.1" 200 1448 "https://placidoarandaarquitectotecnico.es/wp-login.php?redirect_to=https%3A%2F%2Fplacidoarandaarquitectotecnico.es%2Fwp-admin%2F&reauth=1" "Mozilla/5.0 (Macintosh; Intel Mac OS X 10_15_7) AppleWebKit/537.36 (KHTML, like Gecko) Chrome/131.0.0.0 Safari/537.36"
66.81.174.27 - - [14/Dec/2024:06:26:20 +0000] "GET /wp-admin/css/login.min.css?ver=6.7.1 HTTP/1.1" 200 2872 "https://placidoarandaarquitectotecnico.es/wp-login.php?redirect_to=https%3A%2F%2Fplacidoarandaarquitectotecnico.es%2Fwp-admin%2F&reauth=1" "Mozilla/5.0 (Macintosh; Intel Mac OS X 10_15_7) AppleWebKit/537.36 (KHTML, like Gecko) Chrome/131.0.0.0 Safari/537.36"
66.81.174.27 - - [14/Dec/2024:06:26:20 +0000] "GET /wp-includes/js/clipboard.min.js?ver=2.0.11 HTTP/1.1" 200 3516 "https://placidoarandaarquitectotecnico.es/wp-login.php?redirect_to=https%3A%2F%2Fplacidoarandaarquitectotecnico.es%2Fwp-admin%2F&reauth=1" "Mozilla/5.0 (Macintosh; Intel Mac OS X 10_15_7) AppleWebKit/537.36 (KHTML, like Gecko) Chrome/131.0.0.0 Safari/537.36"
66.81.174.27 - - [14/Dec/2024:06:26:20 +0000] "GET /wp-includes/js/jquery/jquery-migrate.min.js?ver=3.4.1 HTTP/1.1" 200 7918 "https://placidoarandaarquitectotecnico.es/wp-login.php?redirect_to=https%3A%2F%2Fplacidoarandaarquitectotecnico.es%2Fwp-admin%2F&reauth=1" "Mozilla/5.0 (Macintosh; Intel Mac OS X 10_15_7) AppleWebKit/537.36 (KHTML, like Gecko) Chrome/131.0.0.0 Safari/537.36"
66.81.174.27 - - [14/Dec/2024:06:26:20 +0000] "GET /wp-includes/js/jquery/jquery.min.js?ver=3.7.1 HTTP/1.1" 200 33526 "https://placidoarandaarquitectotecnico.es/wp-login.php?redirect_to=https%3A%2F%2Fplacidoarandaarquitectotecnico.es%2Fwp-admin%2F&reauth=1" "Mozilla/5.0 (Macintosh; Intel Mac OS X 10_15_7) AppleWebKit/537.36 (KHTML, like Gecko) Chrome/131.0.0.0 Safari/537.36"
66.81.174.27 - - [14/Dec/2024:06:26:20 +0000] "GET /wp-includes/js/zxcvbn-async.min.js?ver=1.0 HTTP/1.1" 200 620 "https://placidoarandaarquitectotecnico.es/wp-login.php?redirect_to=https%3A%2F%2Fplacidoarandaarquitectotecnico.es%2Fwp-admin%2F&reauth=1" "Mozilla/5.0 (Macintosh; Intel Mac OS X 10_15_7) AppleWebKit/537.36 (KHTML, like Gecko) Chrome/131.0.0.0 Safari/537.36"
66.81.174.27 - - [14/Dec/2024:06:26:20 +0000] "GET /wp-includes/js/dist/i18n.min.js?ver=5e580eb46a90c2b997e6 HTTP/1.1" 200 4033 "https://placidoarandaarquitectotecnico.es/wp-login.php?redirect_to=https%3A%2F%2Fplacidoarandaarquitectotecnico.es%2Fwp-admin%2F&reauth=1" "Mozilla/5.0 (Macintosh; Intel Mac OS X 10_15_7) AppleWebKit/537.36 (KHTML, like Gecko) Chrome/131.0.0.0 Safari/537.36"
66.81.174.27 - - [14/Dec/2024:06:26:20 +0000] "GET /wp-includes/js/dist/hooks.min.js?ver=4d63a3d491d11ffd8ac6 HTTP/1.1" 200 2014 "https://placidoarandaarquitectotecnico.es/wp-login.php?redirect_to=https%3A%2F%2Fplacidoarandaarquitectotecnico.es%2Fwp-admin%2F&reauth=1" "Mozilla/5.0 (Macintosh; Intel Mac OS X 10_15_7) AppleWebKit/537.36 (KHTML, like Gecko) Chrome/131.0.0.0 Safari/537.36"
66.81.174.27 - - [14/Dec/2024:06:26:20 +0000] "GET /wp-admin/js/password-strength-meter.min.js?ver=6.7.1 HTTP/1.1" 200 985 "https://placidoarandaarquitectotecnico.es/wp-login.php?redirect_to=https%3A%2F%2Fplacidoarandaarquitectotecnico.es%2Fwp-admin%2F&reauth=1" "Mozilla/5.0 (Macintosh; Intel Mac OS X 10_15_7) AppleWebKit/537.36 (KHTML, like Gecko) Chrome/131.0.0.0 Safari/537.36"
66.81.174.27 - - [14/Dec/2024:06:26:20 +0000] "GET /wp-includes/js/wp-util.min.js?ver=6.7.1 HTTP/1.1" 200 1120 "https://placidoarandaarquitectotecnico.es/wp-login.php?redirect_to=https%3A%2F%2Fplacidoarandaarquitectotecnico.es%2Fwp-admin%2F&reauth=1" "Mozilla/5.0 (Macintosh; Intel Mac OS X 10_15_7) AppleWebKit/537.36 (KHTML, like Gecko) Chrome/131.0.0.0 Safari/537.36"
66.81.174.27 - - [14/Dec/2024:06:26:20 +0000] "GET /wp-includes/js/underscore.min.js?ver=1.13.7 HTTP/1.1" 200 7702 "https://placidoarandaarquitectotecnico.es/wp-login.php?redirect_to=https%3A%2F%2Fplacidoarandaarquitectotecnico.es%2Fwp-admin%2F&reauth=1" "Mozilla/5.0 (Macintosh; Intel Mac OS X 10_15_7) AppleWebKit/537.36 (KHTML, like Gecko) Chrome/131.0.0.0 Safari/537.36"
66.81.174.27 - - [14/Dec/2024:06:26:21 +0000] "GET /wp-includes/js/dist/dom-ready.min.js?ver=f77871ff7694fffea381 HTTP/1.1" 200 684 "https://placidoarandaarquitectotecnico.es/wp-login.php?redirect_to=https%3A%2F%2Fplacidoarandaarquitectotecnico.es%2Fwp-admin%2F&reauth=1" "Mozilla/5.0 (Macintosh; Intel Mac OS X 10_15_7) AppleWebKit/537.36 (KHTML, like Gecko) Chrome/131.0.0.0 Safari/537.36"
66.81.174.27 - - [14/Dec/2024:06:26:21 +0000] "GET /wp-admin/js/user-profile.min.js?ver=6.7.1 HTTP/1.1" 200 2976 "https://placidoarandaarquitectotecnico.es/wp-login.php?redirect_to=https%3A%2F%2Fplacidoarandaarquitectotecnico.es%2Fwp-admin%2F&reauth=1" "Mozilla/5.0 (Macintosh; Intel Mac OS X 10_15_7) AppleWebKit/537.36 (KHTML, like Gecko) Chrome/131.0.0.0 Safari/537.36"
66.81.174.27 - - [14/Dec/2024:06:26:21 +0000] "GET /wp-includes/js/dist/a11y.min.js?ver=3156534cc54473497e14 HTTP/1.1" 200 1320 "https://placidoarandaarquitectotecnico.es/wp-login.php?redirect_to=https%3A%2F%2Fplacidoarandaarquitectotecnico.es%2Fwp-admin%2F&reauth=1" "Mozilla/5.0 (Macintosh; Intel Mac OS X 10_15_7) AppleWebKit/537.36 (KHTML, like Gecko) Chrome/131.0.0.0 Safari/537.36"
66.81.174.27 - - [14/Dec/2024:06:26:21 +0000] "GET /wp-admin/images/wordpress-logo.svg?ver=20131107 HTTP/1.1" 200 1832 "https://placidoarandaarquitectotecnico.es/wp-admin/css/login.min.css?ver=6.7.1" "Mozilla/5.0 (Macintosh; Intel Mac OS X 10_15_7) AppleWebKit/537.36 (KHTML, like Gecko) Chrome/131.0.0.0 Safari/537.36"
66.81.174.27 - - [14/Dec/2024:06:26:21 +0000] "GET /wp-content/uploads/2024/12/favicon-150x150.jpg HTTP/1.1" 200 4124 "https://placidoarandaarquitectotecnico.es/wp-login.php?redirect_to=https%3A%2F%2Fplacidoarandaarquitectotecnico.es%2Fwp-admin%2F&reauth=1" "Mozilla/5.0 (Macintosh; Intel Mac OS X 10_15_7) AppleWebKit/537.36 (KHTML, like Gecko) Chrome/131.0.0.0 Safari/537.36"
66.81.174.27 - - [14/Dec/2024:06:26:21 +0000] "GET /wp-includes/js/zxcvbn.min.js HTTP/1.1" 200 402087 "https://placidoarandaarquitectotecnico.es/wp-login.php?redirect_to=https%3A%2F%2Fplacidoarandaarquitectotecnico.es%2Fwp-admin%2F&reauth=1" "Mozilla/5.0 (Macintosh; Intel Mac OS X 10_15_7) AppleWebKit/537.36 (KHTML, like Gecko) Chrome/131.0.0.0 Safari/537.36"
66.81.174.27 - - [14/Dec/2024:06:26:28 +0000] "GET / HTTP/1.1" 200 14670 "-" "Mozilla/5.0 (Macintosh; Intel Mac OS X 10_15_7) AppleWebKit/537.36 (KHTML, like Gecko) Chrome/131.0.0.0 Safari/537.36"
66.81.174.27 - - [14/Dec/2024:06:26:29 +0000] "GET /wp-includes/css/dist/block-library/style.min.css?ver=6.7.1 HTTP/1.1" 200 15604 "https://placidoarandaarquitectotecnico.es/" "Mozilla/5.0 (Macintosh; Intel Mac OS X 10_15_7) AppleWebKit/537.36 (KHTML, like Gecko) Chrome/131.0.0.0 Safari/537.36"
66.81.174.27 - - [14/Dec/2024:06:26:29 +0000] "GET /wp-content/plugins/contact-form-7/includes/css/styles.css?ver=6.0.1 HTTP/1.1" 200 1697 "https://placidoarandaarquitectotecnico.es/" "Mozilla/5.0 (Macintosh; Intel Mac OS X 10_15_7) AppleWebKit/537.36 (KHTML, like Gecko) Chrome/131.0.0.0 Safari/537.36"
66.81.174.27 - - [14/Dec/2024:06:26:30 +0000] "GET /wp-content/themes/Divi/core/admin/fonts/modules.ttf HTTP/1.1" 200 92951 "https://placidoarandaarquitectotecnico.es/" "Mozilla/5.0 (Macintosh; Intel Mac OS X 10_15_7) AppleWebKit/537.36 (KHTML, like Gecko) Chrome/131.0.0.0 Safari/537.36"
66.81.174.27 - - [14/Dec/2024:06:26:30 +0000] "GET /wp-content/themes/Divi/style.css?ver=4.9.1 HTTP/1.1" 200 83545 "https://placidoarandaarquitectotecnico.es/" "Mozilla/5.0 (Macintosh; Intel Mac OS X 10_15_7) AppleWebKit/537.36 (KHTML, like Gecko) Chrome/131.0.0.0 Safari/537.36"
66.81.174.27 - - [14/Dec/2024:06:26:30 +0000] "GET /wp-content/uploads/2024/12/Logo-blanco.png HTTP/1.1" 200 7971 "https://placidoarandaarquitectotecnico.es/" "Mozilla/5.0 (Macintosh; Intel Mac OS X 10_15_7) AppleWebKit/537.36 (KHTML, like Gecko) Chrome/131.0.0.0 Safari/537.36"
66.81.174.27 - - [14/Dec/2024:06:26:30 +0000] "GET /wp-content/uploads/2024/12/Logo-vertical.png HTTP/1.1" 200 6226 "https://placidoarandaarquitectotecnico.es/" "Mozilla/5.0 (Macintosh; Intel Mac OS X 10_15_7) AppleWebKit/537.36 (KHTML, like Gecko) Chrome/131.0.0.0 Safari/537.36"
66.81.174.27 - - [14/Dec/2024:06:26:30 +0000] "GET /wp-content/uploads/2024/12/kit_digital-1024x61-1.png HTTP/1.1" 200 63167 "https://placidoarandaarquitectotecnico.es/" "Mozilla/5.0 (Macintosh; Intel Mac OS X 10_15_7) AppleWebKit/537.36 (KHTML, like Gecko) Chrome/131.0.0.0 Safari/537.36"
66.81.174.27 - - [14/Dec/2024:06:26:30 +0000] "GET /wp-content/plugins/contact-form-7/includes/js/index.js?ver=6.0.1 HTTP/1.1" 200 4631 "https://placidoarandaarquitectotecnico.es/" "Mozilla/5.0 (Macintosh; Intel Mac OS X 10_15_7) AppleWebKit/537.36 (KHTML, like Gecko) Chrome/131.0.0.0 Safari/537.36"
66.81.174.27 - - [14/Dec/2024:06:26:30 +0000] "GET /wp-content/themes/Divi/core/admin/js/common.js?ver=4.9.1 HTTP/1.1" 200 3609 "https://placidoarandaarquitectotecnico.es/" "Mozilla/5.0 (Macintosh; Intel Mac OS X 10_15_7) AppleWebKit/537.36 (KHTML, like Gecko) Chrome/131.0.0.0 Safari/537.36"
66.81.174.27 - - [14/Dec/2024:06:26:30 +0000] "GET /wp-content/plugins/contact-form-7/includes/swv/js/index.js?ver=6.0.1 HTTP/1.1" 200 3868 "https://placidoarandaarquitectotecnico.es/" "Mozilla/5.0 (Macintosh; Intel Mac OS X 10_15_7) AppleWebKit/537.36 (KHTML, like Gecko) Chrome/131.0.0.0 Safari/537.36"
66.81.174.27 - - [14/Dec/2024:06:26:30 +0000] "GET /wp-content/themes/Divi/js/custom.unified.js?ver=4.9.1 HTTP/1.1" 200 142018 "https://placidoarandaarquitectotecnico.es/" "Mozilla/5.0 (Macintosh; Intel Mac OS X 10_15_7) AppleWebKit/537.36 (KHTML, like Gecko) Chrome/131.0.0.0 Safari/537.36"
66.81.174.27 - - [14/Dec/2024:06:26:30 +0000] "GET /wp-content/uploads/2024/12/home-vertical_02.jpg HTTP/1.1" 200 747534 "https://placidoarandaarquitectotecnico.es/" "Mozilla/5.0 (Macintosh; Intel Mac OS X 10_15_7) AppleWebKit/537.36 (KHTML, like Gecko) Chrome/131.0.0.0 Safari/537.36"
66.81.174.27 - - [14/Dec/2024:06:26:30 +0000] "GET /wp-content/uploads/2024/12/hero-home.jpg HTTP/1.1" 200 175209 "https://placidoarandaarquitectotecnico.es/" "Mozilla/5.0 (Macintosh; Intel Mac OS X 10_15_7) AppleWebKit/537.36 (KHTML, like Gecko) Chrome/131.0.0.0 Safari/537.36"
66.81.174.27 - - [14/Dec/2024:06:26:31 +0000] "GET /wp-content/uploads/2024/12/home-back.jpg HTTP/1.1" 200 133768 "https://placidoarandaarquitectotecnico.es/" "Mozilla/5.0 (Macintosh; Intel Mac OS X 10_15_7) AppleWebKit/537.36 (KHTML, like Gecko) Chrome/131.0.0.0 Safari/537.36"
66.81.174.27 - - [14/Dec/2024:06:26:31 +0000] "GET /wp-content/uploads/2024/12/cedula.jpg HTTP/1.1" 200 61863 "https://placidoarandaarquitectotecnico.es/" "Mozilla/5.0 (Macintosh; Intel Mac OS X 10_15_7) AppleWebKit/537.36 (KHTML, like Gecko) Chrome/131.0.0.0 Safari/537.36"
66.81.174.27 - - [14/Dec/2024:06:26:31 +0000] "GET /wp-content/uploads/2024/12/plan.jpg HTTP/1.1" 200 46947 "https://placidoarandaarquitectotecnico.es/" "Mozilla/5.0 (Macintosh; Intel Mac OS X 10_15_7) AppleWebKit/537.36 (KHTML, like Gecko) Chrome/131.0.0.0 Safari/537.36"
66.81.174.27 - - [14/Dec/2024:06:26:31 +0000] "GET /wp-includes/js/wp-emoji-release.min.js?ver=6.7.1 HTTP/1.1" 200 5428 "https://placidoarandaarquitectotecnico.es/" "Mozilla/5.0 (Macintosh; Intel Mac OS X 10_15_7) AppleWebKit/537.36 (KHTML, like Gecko) Chrome/131.0.0.0 Safari/537.36"
66.81.174.27 - - [14/Dec/2024:06:26:31 +0000] "GET /wp-content/uploads/2024/12/certificado_energetico.png HTTP/1.1" 200 310606 "https://placidoarandaarquitectotecnico.es/" "Mozilla/5.0 (Macintosh; Intel Mac OS X 10_15_7) AppleWebKit/537.36 (KHTML, like Gecko) Chrome/131.0.0.0 Safari/537.36"
146.190.157.162 - - [14/Dec/2024:06:27:38 +0000] "POST /wp-cron.php?doing_wp_cron=1734157658.3294630050659179687500 HTTP/1.1" 200 2976 "-" "WordPress/6.7.1; https://placidoarandaarquitectotecnico.es"
66.81.174.27 - - [14/Dec/2024:06:27:37 +0000] "GET /servicios/ HTTP/1.1" 200 15602 "https://placidoarandaarquitectotecnico.es/" "Mozilla/5.0 (Macintosh; Intel Mac OS X 10_15_7) AppleWebKit/537.36 (KHTML, like Gecko) Chrome/131.0.0.0 Safari/537.36"
66.81.174.27 - - [14/Dec/2024:06:27:39 +0000] "GET /wp-content/uploads/2024/12/3d.jpg HTTP/1.1" 200 54754 "https://placidoarandaarquitectotecnico.es/servicios/" "Mozilla/5.0 (Macintosh; Intel Mac OS X 10_15_7) AppleWebKit/537.36 (KHTML, like Gecko) Chrome/131.0.0.0 Safari/537.36"
66.81.174.27 - - [14/Dec/2024:06:27:39 +0000] "GET /wp-content/uploads/2024/12/ite.jpg HTTP/1.1" 200 32364 "https://placidoarandaarquitectotecnico.es/servicios/" "Mozilla/5.0 (Macintosh; Intel Mac OS X 10_15_7) AppleWebKit/537.36 (KHTML, like Gecko) Chrome/131.0.0.0 Safari/537.36"
66.81.174.27 - - [14/Dec/2024:06:27:40 +0000] "GET /wp-content/uploads/2024/12/servicios-tasa.jpg HTTP/1.1" 200 48043 "https://placidoarandaarquitectotecnico.es/servicios/" "Mozilla/5.0 (Macintosh; Intel Mac OS X 10_15_7) AppleWebKit/537.36 (KHTML, like Gecko) Chrome/131.0.0.0 Safari/537.36"
66.81.174.27 - - [14/Dec/2024:06:27:40 +0000] "GET /wp-content/uploads/2024/12/hero-servicios.jpg HTTP/1.1" 200 183615 "https://placidoarandaarquitectotecnico.es/servicios/" "Mozilla/5.0 (Macintosh; Intel Mac OS X 10_15_7) AppleWebKit/537.36 (KHTML, like Gecko) Chrome/131.0.0.0 Safari/537.36"
66.81.174.27 - - [14/Dec/2024:06:27:40 +0000] "GET /wp-content/uploads/2024/12/table-3311791_1920.jpg HTTP/1.1" 200 460325 "https://placidoarandaarquitectotecnico.es/servicios/" "Mozilla/5.0 (Macintosh; Intel Mac OS X 10_15_7) AppleWebKit/537.36 (KHTML, like Gecko) Chrome/131.0.0.0 Safari/537.36"
66.81.174.27 - - [14/Dec/2024:06:27:43 +0000] "GET /contacto/ HTTP/1.1" 200 13975 "https://placidoarandaarquitectotecnico.es/servicios/" "Mozilla/5.0 (Macintosh; Intel Mac OS X 10_15_7) AppleWebKit/537.36 (KHTML, like Gecko) Chrome/131.0.0.0 Safari/537.36"
66.81.174.27 - - [14/Dec/2024:06:27:44 +0000] "GET /wp-content/uploads/2024/12/hero-contacto.jpg HTTP/1.1" 200 188262 "https://placidoarandaarquitectotecnico.es/contacto/" "Mozilla/5.0 (Macintosh; Intel Mac OS X 10_15_7) AppleWebKit/537.36 (KHTML, like Gecko) Chrome/131.0.0.0 Safari/537.36"
66.81.174.27 - - [14/Dec/2024:06:27:44 +0000] "GET /wp-content/uploads/2024/12/business-2717427_1920.jpg HTTP/1.1" 200 341130 "https://placidoarandaarquitectotecnico.es/contacto/" "Mozilla/5.0 (Macintosh; Intel Mac OS X 10_15_7) AppleWebKit/537.36 (KHTML, like Gecko) Chrome/131.0.0.0 Safari/537.36"
66.81.174.27 - - [14/Dec/2024:06:27:44 +0000] "GET /wp-json/contact-form-7/v1/contact-forms/179/feedback/schema HTTP/1.1" 200 1734 "https://placidoarandaarquitectotecnico.es/contacto/" "Mozilla/5.0 (Macintosh; Intel Mac OS X 10_15_7) AppleWebKit/537.36 (KHTML, like Gecko) Chrome/131.0.0.0 Safari/537.36"
185.247.137.46 - - [14/Dec/2024:06:40:51 +0000] "GET / HTTP/1.1" 301 603 "-" "Mozilla/5.0 (compatible; InternetMeasurement/1.0; +https://internet-measurement.com/)"
146.190.157.162 - - [14/Dec/2024:06:40:52 +0000] "POST /wp-cron.php?doing_wp_cron=1734158452.5083971023559570312500 HTTP/1.1" 200 2975 "-" "WordPress/6.7.1; https://placidoarandaarquitectotecnico.es"
185.247.137.46 - - [14/Dec/2024:06:40:51 +0000] "GET / HTTP/1.1" 301 2947 "http://www.placidoarandaarquitectotecnico.es" "Mozilla/5.0 (compatible; InternetMeasurement/1.0; +https://internet-measurement.com/)"
146.190.157.162 - - [14/Dec/2024:06:40:54 +0000] "POST /wp-cron.php?doing_wp_cron=1734158454.9126279354095458984375 HTTP/1.1" 200 2975 "-" "WordPress/6.7.1; https://placidoarandaarquitectotecnico.es"
185.247.137.46 - - [14/Dec/2024:06:40:54 +0000] "GET / HTTP/1.1" 200 16970 "https://www.placidoarandaarquitectotecnico.es/" "Mozilla/5.0 (compatible; InternetMeasurement/1.0; +https://internet-measurement.com/)"
87.236.176.126 - - [14/Dec/2024:06:40:58 +0000] "GET /wp-content/uploads/2024/12/favicon-150x150.jpg HTTP/1.1" 200 6768 "-" "Mozilla/5.0 (compatible; InternetMeasurement/1.0; +https://internet-measurement.com/)"
185.247.137.221 - - [14/Dec/2024:06:40:58 +0000] "GET /wp-content/uploads/2024/12/favicon-300x300.jpg HTTP/1.1" 200 10691 "-" "Mozilla/5.0 (compatible; InternetMeasurement/1.0; +https://internet-measurement.com/)"
87.236.176.128 - - [14/Dec/2024:06:40:58 +0000] "GET /favicon.ico HTTP/1.1" 302 3082 "-" "Mozilla/5.0 (compatible; InternetMeasurement/1.0; +https://internet-measurement.com/)"
185.247.137.31 - - [14/Dec/2024:06:40:58 +0000] "GET /favicon.ico HTTP/1.1" 302 3083 "-" "Mozilla/5.0 (compatible; InternetMeasurement/1.0; +https://internet-measurement.com/)"
87.236.176.128 - - [14/Dec/2024:06:40:59 +0000] "GET /wp-content/uploads/2024/12/favicon-150x150.jpg HTTP/1.1" 200 6749 "https://www.placidoarandaarquitectotecnico.es/favicon.ico" "Mozilla/5.0 (compatible; InternetMeasurement/1.0; +https://internet-measurement.com/)"
185.247.137.31 - - [14/Dec/2024:06:40:59 +0000] "GET /wp-content/uploads/2024/12/favicon-150x150.jpg HTTP/1.1" 200 6748 "https://placidoarandaarquitectotecnico.es/favicon.ico" "Mozilla/5.0 (compatible; InternetMeasurement/1.0; +https://internet-measurement.com/)"
62.210.88.112 - - [14/Dec/2024:08:42:05 +0000] "HEAD / HTTP/1.1" 301 202 "-" "curl/7.81.0"
62.210.88.112 - - [14/Dec/2024:08:42:07 +0000] "GET / HTTP/1.1" 301 628 "-" "Mozilla/5.0 (Windows NT 10.0; Win64; x64) AppleWebKit/537.36 (KHTML, like Gecko) Chrome/124.0.0.0 Safari/537.3"
62.210.88.112 - - [14/Dec/2024:08:42:08 +0000] "GET / HTTP/1.1" 200 17043 "-" "Mozilla/5.0 (Windows NT 10.0; Win64; x64) AppleWebKit/537.36 (KHTML, like Gecko) Chrome/124.0.0.0 Safari/537.3"
62.210.88.112 - - [14/Dec/2024:08:42:11 +0000] "GET /wp-content/uploads/2024/12/favicon-150x150.jpg HTTP/1.1" 200 4124 "-" "Mozilla/5.0 (Windows NT 10.0; Win64; x64) AppleWebKit/537.36 (KHTML, like Gecko) Chrome/124.0.0.0 Safari/537.3"
146.190.157.162 - - [14/Dec/2024:08:42:08 +0000] "POST /wp-cron.php?doing_wp_cron=1734165728.8745939731597900390625 HTTP/1.1" 200 2977 "-" "WordPress/6.7.1; https://placidoarandaarquitectotecnico.es"
62.210.88.112 - - [14/Dec/2024:08:42:11 +0000] "GET /favicon.ico HTTP/1.1" 301 649 "-" "Mozilla/5.0 (Windows NT 10.0; Win64; x64) AppleWebKit/537.36 (KHTML, like Gecko) Chrome/124.0.0.0 Safari/537.3"
62.210.88.112 - - [14/Dec/2024:08:42:11 +0000] "GET /favicon.ico HTTP/1.1" 302 439 "-" "Mozilla/5.0 (Windows NT 10.0; Win64; x64) AppleWebKit/537.36 (KHTML, like Gecko) Chrome/124.0.0.0 Safari/537.3"
62.210.88.112 - - [14/Dec/2024:08:42:13 +0000] "GET /wp-content/uploads/2024/12/favicon-150x150.jpg HTTP/1.1" 200 4124 "-" "Mozilla/5.0 (Windows NT 10.0; Win64; x64) AppleWebKit/537.36 (KHTML, like Gecko) Chrome/124.0.0.0 Safari/537.3"
62.210.88.112 - - [14/Dec/2024:08:42:14 +0000] "GET /ads.txt HTTP/1.1" 301 642 "-" "Mozilla/5.0 (Windows NT 10.0; Win64; x64) AppleWebKit/537.36 (KHTML, like Gecko) Chrome/124.0.0.0 Safari/537.3"
62.210.88.112 - - [14/Dec/2024:08:42:14 +0000] "GET /ads.txt HTTP/1.1" 404 36968 "-" "Mozilla/5.0 (Windows NT 10.0; Win64; x64) AppleWebKit/537.36 (KHTML, like Gecko) Chrome/124.0.0.0 Safari/537.3"
62.210.88.112 - - [14/Dec/2024:08:42:16 +0000] "GET /app-ads.txt HTTP/1.1" 301 650 "-" "Mozilla/5.0 (Windows NT 10.0; Win64; x64) AppleWebKit/537.36 (KHTML, like Gecko) Chrome/124.0.0.0 Safari/537.3"
62.210.88.112 - - [14/Dec/2024:08:42:17 +0000] "GET /app-ads.txt HTTP/1.1" 404 36969 "-" "Mozilla/5.0 (Windows NT 10.0; Win64; x64) AppleWebKit/537.36 (KHTML, like Gecko) Chrome/124.0.0.0 Safari/537.3"
62.210.88.112 - - [14/Dec/2024:08:42:18 +0000] "GET /sellers.json HTTP/1.1" 301 652 "-" "Mozilla/5.0 (Windows NT 10.0; Win64; x64) AppleWebKit/537.36 (KHTML, like Gecko) Chrome/124.0.0.0 Safari/537.3"
62.210.88.112 - - [14/Dec/2024:08:42:19 +0000] "GET /sellers.json HTTP/1.1" 404 36970 "-" "Mozilla/5.0 (Windows NT 10.0; Win64; x64) AppleWebKit/537.36 (KHTML, like Gecko) Chrome/124.0.0.0 Safari/537.3"
62.210.88.112 - - [14/Dec/2024:08:42:22 +0000] "GET /wp-includes/js/jquery/jquery.min.js?ver=3.7.1 HTTP/1.1" 200 33542 "-" "Mozilla/5.0 (Windows NT 10.0; Win64; x64) AppleWebKit/537.36 (KHTML, like Gecko) Chrome/124.0.0.0 Safari/537.3"
62.210.88.112 - - [14/Dec/2024:08:42:23 +0000] "GET /wp-includes/js/jquery/jquery-migrate.min.js?ver=3.4.1 HTTP/1.1" 200 7935 "-" "Mozilla/5.0 (Windows NT 10.0; Win64; x64) AppleWebKit/537.36 (KHTML, like Gecko) Chrome/124.0.0.0 Safari/537.3"
62.210.88.112 - - [14/Dec/2024:08:42:23 +0000] "GET /wp-includes/js/dist/hooks.min.js?ver=4d63a3d491d11ffd8ac6 HTTP/1.1" 200 4710 "-" "Mozilla/5.0 (Windows NT 10.0; Win64; x64) AppleWebKit/537.36 (KHTML, like Gecko) Chrome/124.0.0.0 Safari/537.3"
62.210.88.112 - - [14/Dec/2024:08:42:24 +0000] "GET /wp-includes/js/dist/i18n.min.js?ver=5e580eb46a90c2b997e6 HTTP/1.1" 200 6729 "-" "Mozilla/5.0 (Windows NT 10.0; Win64; x64) AppleWebKit/537.36 (KHTML, like Gecko) Chrome/124.0.0.0 Safari/537.3"
62.210.88.112 - - [14/Dec/2024:08:42:24 +0000] "GET /wp-content/plugins/contact-form-7/includes/swv/js/index.js?ver=6.0.1 HTTP/1.1" 200 6564 "-" "Mozilla/5.0 (Windows NT 10.0; Win64; x64) AppleWebKit/537.36 (KHTML, like Gecko) Chrome/124.0.0.0 Safari/537.3"
62.210.88.112 - - [14/Dec/2024:08:42:25 +0000] "GET /wp-content/plugins/contact-form-7/includes/js/index.js?ver=6.0.1 HTTP/1.1" 200 7326 "-" "Mozilla/5.0 (Windows NT 10.0; Win64; x64) AppleWebKit/537.36 (KHTML, like Gecko) Chrome/124.0.0.0 Safari/537.3"
62.210.88.112 - - [14/Dec/2024:08:42:25 +0000] "GET /wp-content/themes/Divi/js/custom.unified.js?ver=4.9.1 HTTP/1.1" 200 142034 "-" "Mozilla/5.0 (Windows NT 10.0; Win64; x64) AppleWebKit/537.36 (KHTML, like Gecko) Chrome/124.0.0.0 Safari/537.3"
62.210.88.112 - - [14/Dec/2024:08:42:26 +0000] "GET /wp-content/themes/Divi/core/admin/js/common.js?ver=4.9.1 HTTP/1.1" 200 3625 "-" "Mozilla/5.0 (Windows NT 10.0; Win64; x64) AppleWebKit/537.36 (KHTML, like Gecko) Chrome/124.0.0.0 Safari/537.3"
62.210.90.211 - - [14/Dec/2024:08:53:41 +0000] "HEAD / HTTP/1.1" 301 202 "-" "curl/7.81.0"
62.210.90.211 - - [14/Dec/2024:08:53:42 +0000] "GET / HTTP/1.1" 301 628 "-" "Mozilla/5.0 (Windows NT 10.0; Win64; x64) AppleWebKit/537.36 (KHTML, like Gecko) Chrome/124.0.0.0 Safari/537.3"
146.190.157.162 - - [14/Dec/2024:08:53:43 +0000] "POST /wp-cron.php?doing_wp_cron=1734166423.4774250984191894531250 HTTP/1.1" 200 2975 "-" "WordPress/6.7.1; https://placidoarandaarquitectotecnico.es"
62.210.90.211 - - [14/Dec/2024:08:53:43 +0000] "GET / HTTP/1.1" 200 17042 "-" "Mozilla/5.0 (Windows NT 10.0; Win64; x64) AppleWebKit/537.36 (KHTML, like Gecko) Chrome/124.0.0.0 Safari/537.3"
62.210.90.211 - - [14/Dec/2024:08:53:45 +0000] "GET /wp-content/uploads/2024/12/favicon-150x150.jpg HTTP/1.1" 200 4124 "-" "Mozilla/5.0 (Windows NT 10.0; Win64; x64) AppleWebKit/537.36 (KHTML, like Gecko) Chrome/124.0.0.0 Safari/537.3"
62.210.90.211 - - [14/Dec/2024:08:53:45 +0000] "GET /favicon.ico HTTP/1.1" 301 649 "-" "Mozilla/5.0 (Windows NT 10.0; Win64; x64) AppleWebKit/537.36 (KHTML, like Gecko) Chrome/124.0.0.0 Safari/537.3"
62.210.90.211 - - [14/Dec/2024:08:53:45 +0000] "GET /favicon.ico HTTP/1.1" 302 439 "-" "Mozilla/5.0 (Windows NT 10.0; Win64; x64) AppleWebKit/537.36 (KHTML, like Gecko) Chrome/124.0.0.0 Safari/537.3"
62.210.90.211 - - [14/Dec/2024:08:53:46 +0000] "GET /wp-content/uploads/2024/12/favicon-150x150.jpg HTTP/1.1" 200 4124 "-" "Mozilla/5.0 (Windows NT 10.0; Win64; x64) AppleWebKit/537.36 (KHTML, like Gecko) Chrome/124.0.0.0 Safari/537.3"
62.210.90.211 - - [14/Dec/2024:08:53:47 +0000] "GET /ads.txt HTTP/1.1" 301 642 "-" "Mozilla/5.0 (Windows NT 10.0; Win64; x64) AppleWebKit/537.36 (KHTML, like Gecko) Chrome/124.0.0.0 Safari/537.3"
62.210.90.211 - - [14/Dec/2024:08:53:47 +0000] "GET /ads.txt HTTP/1.1" 404 36969 "-" "Mozilla/5.0 (Windows NT 10.0; Win64; x64) AppleWebKit/537.36 (KHTML, like Gecko) Chrome/124.0.0.0 Safari/537.3"
62.210.90.211 - - [14/Dec/2024:08:53:49 +0000] "GET /app-ads.txt HTTP/1.1" 301 650 "-" "Mozilla/5.0 (Windows NT 10.0; Win64; x64) AppleWebKit/537.36 (KHTML, like Gecko) Chrome/124.0.0.0 Safari/537.3"
62.210.90.211 - - [14/Dec/2024:08:53:49 +0000] "GET /app-ads.txt HTTP/1.1" 404 36970 "-" "Mozilla/5.0 (Windows NT 10.0; Win64; x64) AppleWebKit/537.36 (KHTML, like Gecko) Chrome/124.0.0.0 Safari/537.3"
62.210.90.211 - - [14/Dec/2024:08:53:51 +0000] "GET /sellers.json HTTP/1.1" 301 652 "-" "Mozilla/5.0 (Windows NT 10.0; Win64; x64) AppleWebKit/537.36 (KHTML, like Gecko) Chrome/124.0.0.0 Safari/537.3"
62.210.90.211 - - [14/Dec/2024:08:53:51 +0000] "GET /sellers.json HTTP/1.1" 404 36969 "-" "Mozilla/5.0 (Windows NT 10.0; Win64; x64) AppleWebKit/537.36 (KHTML, like Gecko) Chrome/124.0.0.0 Safari/537.3"
62.210.90.211 - - [14/Dec/2024:08:53:54 +0000] "GET /wp-includes/js/jquery/jquery.min.js?ver=3.7.1 HTTP/1.1" 200 33542 "-" "Mozilla/5.0 (Windows NT 10.0; Win64; x64) AppleWebKit/537.36 (KHTML, like Gecko) Chrome/124.0.0.0 Safari/537.3"
62.210.90.211 - - [14/Dec/2024:08:53:55 +0000] "GET /wp-includes/js/jquery/jquery-migrate.min.js?ver=3.4.1 HTTP/1.1" 200 7934 "-" "Mozilla/5.0 (Windows NT 10.0; Win64; x64) AppleWebKit/537.36 (KHTML, like Gecko) Chrome/124.0.0.0 Safari/537.3"
62.210.90.211 - - [14/Dec/2024:08:53:55 +0000] "GET /wp-includes/js/dist/hooks.min.js?ver=4d63a3d491d11ffd8ac6 HTTP/1.1" 200 4711 "-" "Mozilla/5.0 (Windows NT 10.0; Win64; x64) AppleWebKit/537.36 (KHTML, like Gecko) Chrome/124.0.0.0 Safari/537.3"
62.210.90.211 - - [14/Dec/2024:08:53:56 +0000] "GET /wp-includes/js/dist/i18n.min.js?ver=5e580eb46a90c2b997e6 HTTP/1.1" 200 6729 "-" "Mozilla/5.0 (Windows NT 10.0; Win64; x64) AppleWebKit/537.36 (KHTML, like Gecko) Chrome/124.0.0.0 Safari/537.3"
62.210.90.211 - - [14/Dec/2024:08:53:56 +0000] "GET /wp-content/plugins/contact-form-7/includes/swv/js/index.js?ver=6.0.1 HTTP/1.1" 200 6564 "-" "Mozilla/5.0 (Windows NT 10.0; Win64; x64) AppleWebKit/537.36 (KHTML, like Gecko) Chrome/124.0.0.0 Safari/537.3"
62.210.90.211 - - [14/Dec/2024:08:53:57 +0000] "GET /wp-content/plugins/contact-form-7/includes/js/index.js?ver=6.0.1 HTTP/1.1" 200 7326 "-" "Mozilla/5.0 (Windows NT 10.0; Win64; x64) AppleWebKit/537.36 (KHTML, like Gecko) Chrome/124.0.0.0 Safari/537.3"
62.210.90.211 - - [14/Dec/2024:08:53:57 +0000] "GET /wp-content/themes/Divi/js/custom.unified.js?ver=4.9.1 HTTP/1.1" 200 142036 "-" "Mozilla/5.0 (Windows NT 10.0; Win64; x64) AppleWebKit/537.36 (KHTML, like Gecko) Chrome/124.0.0.0 Safari/537.3"
62.210.90.211 - - [14/Dec/2024:08:53:58 +0000] "GET /wp-content/themes/Divi/core/admin/js/common.js?ver=4.9.1 HTTP/1.1" 200 3626 "-" "Mozilla/5.0 (Windows NT 10.0; Win64; x64) AppleWebKit/537.36 (KHTML, like Gecko) Chrome/124.0.0.0 Safari/537.3"
146.190.157.162 - - [14/Dec/2024:09:59:18 +0000] "POST /wp-cron.php?doing_wp_cron=1734170358.5457289218902587890625 HTTP/1.1" 200 2975 "-" "WordPress/6.7.1; https://placidoarandaarquitectotecnico.es"
35.204.141.29 - - [14/Dec/2024:09:59:17 +0000] "GET / HTTP/1.1" 200 16975 "-" "Mozilla/5.0 (Macintosh; Intel Mac OS X 10_15_7) AppleWebKit/605.1.15 (KHTML, like Gecko) Version/17.4.1 Safari/605.1.15 RDDocuments/8.10.9.1073"
146.190.157.162 - - [14/Dec/2024:12:29:02 +0000] "POST /wp-cron.php?doing_wp_cron=1734179342.3594748973846435546875 HTTP/1.1" 200 2976 "-" "WordPress/6.7.1; https://placidoarandaarquitectotecnico.es"
104.166.80.207 - - [14/Dec/2024:12:29:01 +0000] "GET / HTTP/1.1" 200 17045 "-" "Mozilla/5.0 (X11; Linux i686; rv:109.0) Gecko/20100101 Firefox/120.0"
66.249.70.108 - - [14/Dec/2024:13:10:19 +0000] "GET /wp-content/uploads/2024/12/planning-3536753_1920.jpg HTTP/1.1" 200 428775 "-" "Googlebot-Image/1.0"
146.190.157.162 - - [14/Dec/2024:15:35:56 +0000] "POST /wp-cron.php?doing_wp_cron=1734190556.4368960857391357421875 HTTP/1.1" 200 2976 "-" "WordPress/6.7.1; https://placidoarandaarquitectotecnico.es"
87.236.176.24 - - [14/Dec/2024:15:35:55 +0000] "GET / HTTP/1.1" 200 16971 "-" "Mozilla/5.0 (compatible; InternetMeasurement/1.0; +https://internet-measurement.com/)"
87.236.176.3 - - [14/Dec/2024:15:35:59 +0000] "GET /wp-content/uploads/2024/12/favicon-300x300.jpg HTTP/1.1" 200 10690 "-" "Mozilla/5.0 (compatible; InternetMeasurement/1.0; +https://internet-measurement.com/)"
185.247.137.205 - - [14/Dec/2024:15:35:59 +0000] "GET /wp-content/uploads/2024/12/favicon-150x150.jpg HTTP/1.1" 200 6766 "-" "Mozilla/5.0 (compatible; InternetMeasurement/1.0; +https://internet-measurement.com/)"
206.81.24.74 - - [14/Dec/2024:16:06:57 +0000] "GET / HTTP/1.1" 200 70304 "-" "Mozilla/5.0 (Linux; Android 6.0; HTC One M9 Build/MRA969164) AppleWebKit/537.36 (KHTML, like Gecko) Chrome/52.0.2461.98 Mobile Safari/537.3"
206.81.24.74 - - [14/Dec/2024:16:06:56 +0000] "GET / HTTP/1.1" 200 2664 "-" "-"
146.190.157.162 - - [14/Dec/2024:16:06:58 +0000] "POST /wp-cron.php?doing_wp_cron=1734192417.9996008872985839843750 HTTP/1.1" 200 2976 "-" "WordPress/6.7.1; https://placidoarandaarquitectotecnico.es"
206.81.24.74 - - [14/Dec/2024:16:07:01 +0000] "GET /server HTTP/1.1" 404 2663 "-" "Go-http-client/1.1"
206.81.24.74 - - [14/Dec/2024:16:07:04 +0000] "GET /.vscode/sftp.json HTTP/1.1" 404 308 "-" "Go-http-client/1.1"
206.81.24.74 - - [14/Dec/2024:16:07:07 +0000] "GET /about HTTP/1.1" 404 308 "-" "Go-http-client/1.1"
206.81.24.74 - - [14/Dec/2024:16:07:10 +0000] "GET /debug/default/view?panel=config HTTP/1.1" 404 308 "-" "Go-http-client/1.1"
206.81.24.74 - - [14/Dec/2024:16:07:13 +0000] "GET /v2/_catalog HTTP/1.1" 404 308 "-" "Go-http-client/1.1"
206.81.24.74 - - [14/Dec/2024:16:07:19 +0000] "GET /server-status HTTP/1.1" 403 809 "-" "Go-http-client/1.1"
206.81.24.74 - - [14/Dec/2024:16:07:16 +0000] "GET /ecp/Current/exporttool/microsoft.exchange.ediscovery.exporttool.application HTTP/1.1" 404 308 "-" "Go-http-client/1.1"
206.81.24.74 - - [14/Dec/2024:16:07:19 +0000] "GET /login.action HTTP/1.1" 404 308 "-" "Go-http-client/1.1"
206.81.24.74 - - [14/Dec/2024:16:07:22 +0000] "GET /_all_dbs HTTP/1.1" 404 308 "-" "Mozilla/5.0 (l9scan/2.0.236313e2735313e2039313e2634313; +https://leakix.net)"
206.81.24.74 - - [14/Dec/2024:16:07:25 +0000] "GET /.DS_Store HTTP/1.1" 404 308 "-" "Go-http-client/1.1"
206.81.24.74 - - [14/Dec/2024:16:07:28 +0000] "GET /.env HTTP/1.1" 404 308 "-" "Go-http-client/1.1"
206.81.24.74 - - [14/Dec/2024:16:07:31 +0000] "GET /.git/config HTTP/1.1" 404 308 "-" "Go-http-client/1.1"
206.81.24.74 - - [14/Dec/2024:16:07:34 +0000] "GET /s/236313e2735313e2039313e2634313/_/;/META-INF/maven/com.atlassian.jira/jira-webapp-dist/pom.properties HTTP/1.1" 404 308 "-" "Go-http-client/1.1"
206.81.24.74 - - [14/Dec/2024:16:07:37 +0000] "GET /config.json HTTP/1.1" 404 308 "-" "Go-http-client/1.1"
206.81.24.74 - - [14/Dec/2024:16:07:41 +0000] "GET /telescope/requests HTTP/1.1" 404 308 "-" "Go-http-client/1.1"
206.81.24.74 - - [14/Dec/2024:16:07:43 +0000] "GET /info.php HTTP/1.1" 404 308 "-" "Go-http-client/1.1"
206.81.24.74 - - [14/Dec/2024:16:07:46 +0000] "GET /?rest_route=/wp/v2/users/ HTTP/1.1" 200 2377 "-" "Go-http-client/1.1"
51.159.103.22 - - [14/Dec/2024:16:13:11 +0000] "HEAD / HTTP/1.1" 301 202 "-" "curl/7.81.0"
