54.169.240.154 - - [17/Dec/2024:01:28:31 +0000] "GET //placidoarandaarquitectotecnico.es/wp-includes/js/jquery/jquery.min.js HTTP/1.1" 301 3110 "-" "Mozilla/5.0 (Linux; Android 12; Pixel 6 Pro) AppleWebKit/537.36 (KHTML, like Gecko) Chrome/101.0.4951.41 Mobile Safari/537.36"
54.169.240.154 - - [17/Dec/2024:01:28:31 +0000] "GET //placidoarandaarquitectotecnico.es/wp-includes/js/dist/hooks.min.js HTTP/1.1" 301 3105 "-" "SonyEricssonK310iv/R4DA Browser/NetFront/3.3 Profile/MIDP-2.0 Configuration/CLDC-1.1 UP.Link/6.3.1.13.0"
146.190.157.162 - - [17/Dec/2024:01:28:33 +0000] "POST /wp-cron.php?doing_wp_cron=1734398913.8220129013061523437500 HTTP/1.1" 200 2975 "-" "WordPress/6.7.1; https://placidoarandaarquitectotecnico.es"
54.169.240.154 - - [17/Dec/2024:01:28:36 +0000] "GET //placidoarandaarquitectotecnico.es/wp-content/plugins/contact-form-7/includes/js/index.js HTTP/1.1" 301 767 "-" "Mozilla/5.0 (Macintosh; U; Intel Mac OS X; en-US) AppleWebKit/528.16 (KHTML, like Gecko, Safari/528.16) OmniWeb/v622.8.0.112941"
54.169.240.154 - - [17/Dec/2024:01:28:31 +0000] "GET /wp-emoji-release.min.js HTTP/1.1" 404 36892 "-" "Vodafone/1.0/V802SE/SEJ001 Browser/SEMC-Browser/4.1"
54.169.240.154 - - [17/Dec/2024:01:28:36 +0000] "GET //placidoarandaarquitectotecnico.es/wp-includes/js/dist/hooks.min.js HTTP/1.1" 301 723 "-" "Mozilla/5.0 (Macintosh; Intel Mac OS X 10_15_7) AppleWebKit/537.36 (KHTML, like Gecko) Chrome/100.0.4896.88 Safari/537.36"
54.169.240.154 - - [17/Dec/2024:01:28:36 +0000] "GET /wp-emoji-release.min.js HTTP/1.1" 301 637 "-" "Mozilla/5.0 (Linux; Android 12; KB2005) AppleWebKit/537.36 (KHTML, like Gecko) Chrome/101.0.4951.61 Mobile Safari/537.36"
54.169.240.154 - - [17/Dec/2024:01:28:32 +0000] "GET //placidoarandaarquitectotecnico.es/wp-content/plugins/contact-form-7/includes/js/index.js HTTP/1.1" 301 3129 "-" "Mozilla/5.0 (Linux; U; Android 1.5; en-us; htc_bahamas Build/CRB17) AppleWebKit/528.5 (KHTML, like Gecko) Version/3.1.2 Mobile Safari/525.20.1"
54.169.240.154 - - [17/Dec/2024:01:29:23 +0000] "GET //placidoarandaarquitectotecnico.es/wp-includes/js/jquery/jquery.min.js HTTP/1.1" 301 3109 "-" "SonyEricssonK750i/R1CA Browser/SEMC-Browser/4.2 Profile/MIDP-2.0 Configuration/CLDC-1.1"
54.169.240.154 - - [17/Dec/2024:01:29:23 +0000] "GET //placidoarandaarquitectotecnico.es/wp-content/themes/Divi/core/admin/js/common.js HTTP/1.1" 301 3120 "-" "Mozilla/5.0 (iPhone; CPU iPhone OS 15_4_1 like Mac OS X) AppleWebKit/605.1.15 (KHTML, like Gecko) Version/15.0 Mobile/15E148 Safari/605.1 NAVER(inapp; search; 1000; 11.5.7; XR)"
54.169.240.154 - - [17/Dec/2024:01:29:23 +0000] "GET //placidoarandaarquitectotecnico.es/wp-includes/js/dist/hooks.min.js HTTP/1.1" 301 3107 "-" "Mozilla/5.0 (Macintosh; Intel Mac OS X 10_15_7) AppleWebKit/537.36 (KHTML, like Gecko) Chrome/98.0.4758.141 YaBrowser/22.3.3.865 Yowser/2.5 Safari/537.36"
146.190.157.162 - - [17/Dec/2024:01:29:24 +0000] "POST /wp-cron.php?doing_wp_cron=1734398964.3731729984283447265625 HTTP/1.1" 200 2975 "-" "WordPress/6.7.1; https://placidoarandaarquitectotecnico.es"
54.169.240.154 - - [17/Dec/2024:01:29:23 +0000] "GET //placidoarandaarquitectotecnico.es/wp-includes/js/dist/i18n.min.js HTTP/1.1" 301 3104 "-" "Mozilla/5.0 (Linux; Android 12; SM-G991B) AppleWebKit/537.36 (KHTML, like Gecko) Chrome/101.0.4951.61 Mobile Safari/537.36"
54.169.240.154 - - [17/Dec/2024:01:29:23 +0000] "GET //placidoarandaarquitectotecnico.es/wp-content/plugins/contact-form-7/includes/swv/js/index.js HTTP/1.1" 301 3131 "-" "ELinks/0.9.3 (textmode; Linux 2.6.9-kanotix-8 i686; 127x41)"
54.169.240.154 - - [17/Dec/2024:01:29:23 +0000] "GET /index.js HTTP/1.1" 404 36897 "-" "Mozilla/5.0 (iPad; U; CPU OS 4_3 like Mac OS X; en-us) AppleWebKit/533.17.9 (KHTML, like Gecko) Version/5.0.2 Mobile/8F190 Safari/6533.18.5"
54.169.240.154 - - [17/Dec/2024:01:29:24 +0000] "GET //placidoarandaarquitectotecnico.es/wp-content/plugins/contact-form-7/includes/js/index.js HTTP/1.1" 301 3127 "-" "Midori/0.1.10 (X11; Linux i686; U; en-us) WebKit/(531).(2)"
54.169.240.154 - - [17/Dec/2024:01:29:24 +0000] "GET //placidoarandaarquitectotecnico.es/wp-includes/js/jquery/jquery-migrate.min.js HTTP/1.1" 301 3117 "-" "Mozilla/5.0 (X11; Linux x86_64) AppleWebKit/537.36 (KHTML, like Gecko) Chrome/96.0.4664.45 Safari/537.36"
54.169.240.154 - - [17/Dec/2024:01:29:27 +0000] "GET //placidoarandaarquitectotecnico.es/wp-content/plugins/contact-form-7/includes/js/index.js HTTP/1.1" 301 767 "-" "Mozilla/5.0 (iPod; CPU iPhone OS 8_4 like Mac OS X) AppleWebKit/600.1.4 (KHTML, like Gecko) CriOS/44.0.2403.67 Mobile/12H143 Safari/600.1.4"
54.169.240.154 - - [17/Dec/2024:01:29:27 +0000] "GET /wp-emoji-release.min.js HTTP/1.1" 301 637 "-" "Mozilla/5.0 (Linux; Android 9; VTR-L09) AppleWebKit/537.36 (KHTML, like Gecko) Chrome/101.0.4951.61 Mobile Safari/537.36"
54.169.240.154 - - [17/Dec/2024:01:29:27 +0000] "GET //placidoarandaarquitectotecnico.es/wp-content/themes/Divi/js/custom.unified.js HTTP/1.1" 301 745 "-" "Mozilla/5.0 (Windows NT 6.1; rv:21.0) Gecko/20130401 Firefox/21.0"
54.169.240.154 - - [17/Dec/2024:01:29:27 +0000] "GET //placidoarandaarquitectotecnico.es/wp-includes/js/jquery/jquery-migrate.min.js HTTP/1.1" 301 745 "-" "Mozilla/5.0 (X11; Linux x86_64) AppleWebKit/537.36 (KHTML, like Gecko) Chrome/100.0.4896.88 Safari/537.36"
54.169.240.154 - - [17/Dec/2024:01:29:24 +0000] "GET /wp-emoji-release.min.js HTTP/1.1" 404 36892 "-" "SonyEricssonT68/R201A"
54.169.240.154 - - [17/Dec/2024:01:29:25 +0000] "GET //placidoarandaarquitectotecnico.es/wp-content/themes/Divi/js/custom.unified.js HTTP/1.1" 301 3117 "-" "Mozilla/5.0 (Windows; U; Windows NT 5.2; en-US) AppleWebKit/532.9 (KHTML, like Gecko) Chrome/5.0.310.0 Safari/532.9"
146.190.157.162 - - [17/Dec/2024:01:38:27 +0000] "POST /wp-cron.php?doing_wp_cron=1734399507.4389560222625732421875 HTTP/1.1" 200 2976 "-" "WordPress/6.7.1; https://placidoarandaarquitectotecnico.es"
18.143.74.234 - - [17/Dec/2024:01:38:26 +0000] "GET / HTTP/1.1" 301 2947 "-" "Mozilla/5.0 (PLAYSTATION 3; 1.10)"
146.190.157.162 - - [17/Dec/2024:02:26:55 +0000] "POST /wp-cron.php?doing_wp_cron=1734402415.2352900505065917968750 HTTP/1.1" 200 2977 "-" "WordPress/6.7.1; https://placidoarandaarquitectotecnico.es"
66.249.70.109 - - [17/Dec/2024:02:26:54 +0000] "GET /robots.txt HTTP/1.1" 200 3198 "-" "Mozilla/5.0 (compatible; Googlebot/2.1; +http://www.google.com/bot.html)"
66.249.70.107 - - [17/Dec/2024:02:26:56 +0000] "GET /sitemap_index.xml HTTP/1.1" 200 3265 "-" "Mozilla/5.0 (compatible; Googlebot/2.1; +http://www.google.com/bot.html)"
146.190.157.162 - - [17/Dec/2024:02:29:01 +0000] "POST /wp-cron.php?doing_wp_cron=1734402541.6351900100708007812500 HTTP/1.1" 200 2977 "-" "WordPress/6.7.1; https://placidoarandaarquitectotecnico.es"
66.249.70.108 - - [17/Dec/2024:02:29:01 +0000] "GET /page-sitemap.xml HTTP/1.1" 200 3543 "-" "Mozilla/5.0 (compatible; Googlebot/2.1; +http://www.google.com/bot.html)"
17.241.219.45 - - [17/Dec/2024:11:40:24 +0000] "GET /robots.txt HTTP/1.1" 301 604 "-" "Mozilla/5.0 (Macintosh; Intel Mac OS X 10_15_7) AppleWebKit/605.1.15 (KHTML, like Gecko) Version/17.4 Safari/605.1.15 (Applebot/0.1; +http://www.apple.com/go/applebot)"
17.241.75.45 - - [17/Dec/2024:11:40:25 +0000] "GET /robots.txt HTTP/1.1" 301 2954 "-" "Mozilla/5.0 (Macintosh; Intel Mac OS X 10_15_7) AppleWebKit/605.1.15 (KHTML, like Gecko) Version/17.4 Safari/605.1.15 (Applebot/0.1; +http://www.apple.com/go/applebot)"
146.190.157.162 - - [17/Dec/2024:11:40:26 +0000] "POST /wp-cron.php?doing_wp_cron=1734435626.1966118812561035156250 HTTP/1.1" 200 2975 "-" "WordPress/6.7.1; https://placidoarandaarquitectotecnico.es"
17.241.219.226 - - [17/Dec/2024:11:40:28 +0000] "GET /robots.txt HTTP/1.1" 200 3158 "-" "Mozilla/5.0 (Macintosh; Intel Mac OS X 10_15_7) AppleWebKit/605.1.15 (KHTML, like Gecko) Version/17.4 Safari/605.1.15 (Applebot/0.1; +http://www.apple.com/go/applebot)"
17.241.219.45 - - [17/Dec/2024:11:40:29 +0000] "GET / HTTP/1.1" 301 584 "-" "Mozilla/5.0 (Macintosh; Intel Mac OS X 10_15_7) AppleWebKit/605.1.15 (KHTML, like Gecko) Version/17.4 Safari/605.1.15 (Applebot/0.1; +http://www.apple.com/go/applebot)"
17.241.75.45 - - [17/Dec/2024:11:40:29 +0000] "GET / HTTP/1.1" 301 264 "-" "Mozilla/5.0 (Macintosh; Intel Mac OS X 10_15_7) AppleWebKit/605.1.15 (KHTML, like Gecko) Version/17.4 Safari/605.1.15 (Applebot/0.1; +http://www.apple.com/go/applebot)"
17.241.219.226 - - [17/Dec/2024:11:40:30 +0000] "GET / HTTP/1.1" 200 14291 "-" "Mozilla/5.0 (Macintosh; Intel Mac OS X 10_15_7) AppleWebKit/605.1.15 (KHTML, like Gecko) Version/17.4 Safari/605.1.15 (Applebot/0.1; +http://www.apple.com/go/applebot)"
17.241.75.146 - - [17/Dec/2024:11:42:07 +0000] "GET /wp-content/themes/Divi/style.css?ver=4.9.1 HTTP/1.1" 200 86227 "https://placidoarandaarquitectotecnico.es/" "Mozilla/5.0 (Macintosh; Intel Mac OS X 10_15_7) AppleWebKit/605.1.15 (KHTML, like Gecko) Version/17.4 Safari/605.1.15 (Applebot/0.1; +http://www.apple.com/go/applebot)"
17.241.75.46 - - [17/Dec/2024:11:42:08 +0000] "GET /wp-includes/css/dist/block-library/style.min.css?ver=6.7.1 HTTP/1.1" 200 18284 "https://placidoarandaarquitectotecnico.es/" "Mozilla/5.0 (Macintosh; Intel Mac OS X 10_15_7) AppleWebKit/605.1.15 (KHTML, like Gecko) Version/17.4 Safari/605.1.15 (Applebot/0.1; +http://www.apple.com/go/applebot)"
17.241.75.163 - - [17/Dec/2024:11:42:08 +0000] "GET /wp-includes/css/dashicons.min.css?ver=6.7.1 HTTP/1.1" 200 38904 "https://placidoarandaarquitectotecnico.es/" "Mozilla/5.0 (Macintosh; Intel Mac OS X 10_15_7) AppleWebKit/605.1.15 (KHTML, like Gecko) Version/17.4 Safari/605.1.15 (Applebot/0.1; +http://www.apple.com/go/applebot)"
17.241.219.185 - - [17/Dec/2024:11:42:09 +0000] "GET /wp-content/plugins/contact-form-7/includes/css/styles.css?ver=6.0.1 HTTP/1.1" 200 4054 "https://placidoarandaarquitectotecnico.es/" "Mozilla/5.0 (Macintosh; Intel Mac OS X 10_15_7) AppleWebKit/605.1.15 (KHTML, like Gecko) Version/17.4 Safari/605.1.15 (Applebot/0.1; +http://www.apple.com/go/applebot)"
17.241.219.123 - - [17/Dec/2024:11:42:09 +0000] "GET /wp-includes/js/jquery/jquery.min.js?ver=3.7.1 HTTP/1.1" 200 33528 "https://placidoarandaarquitectotecnico.es/" "Mozilla/5.0 (Macintosh; Intel Mac OS X 10_15_7) AppleWebKit/605.1.15 (KHTML, like Gecko) Version/17.4 Safari/605.1.15 (Applebot/0.1; +http://www.apple.com/go/applebot)"
17.241.75.246 - - [17/Dec/2024:11:42:10 +0000] "GET /wp-includes/js/jquery/jquery-migrate.min.js?ver=3.4.1 HTTP/1.1" 200 7919 "https://placidoarandaarquitectotecnico.es/" "Mozilla/5.0 (Macintosh; Intel Mac OS X 10_15_7) AppleWebKit/605.1.15 (KHTML, like Gecko) Version/17.4 Safari/605.1.15 (Applebot/0.1; +http://www.apple.com/go/applebot)"
17.241.227.15 - - [17/Dec/2024:11:42:10 +0000] "GET /wp-includes/js/dist/hooks.min.js?ver=4d63a3d491d11ffd8ac6 HTTP/1.1" 200 4696 "https://placidoarandaarquitectotecnico.es/" "Mozilla/5.0 (Macintosh; Intel Mac OS X 10_15_7) AppleWebKit/605.1.15 (KHTML, like Gecko) Version/17.4 Safari/605.1.15 (Applebot/0.1; +http://www.apple.com/go/applebot)"
17.241.75.46 - - [17/Dec/2024:11:42:11 +0000] "GET /wp-includes/js/dist/i18n.min.js?ver=5e580eb46a90c2b997e6 HTTP/1.1" 200 4033 "https://placidoarandaarquitectotecnico.es/" "Mozilla/5.0 (Macintosh; Intel Mac OS X 10_15_7) AppleWebKit/605.1.15 (KHTML, like Gecko) Version/17.4 Safari/605.1.15 (Applebot/0.1; +http://www.apple.com/go/applebot)"
17.241.75.215 - - [17/Dec/2024:11:42:11 +0000] "GET /wp-content/plugins/contact-form-7/includes/swv/js/index.js?ver=6.0.1 HTTP/1.1" 200 6550 "https://placidoarandaarquitectotecnico.es/" "Mozilla/5.0 (Macintosh; Intel Mac OS X 10_15_7) AppleWebKit/605.1.15 (KHTML, like Gecko) Version/17.4 Safari/605.1.15 (Applebot/0.1; +http://www.apple.com/go/applebot)"
17.241.227.207 - - [17/Dec/2024:11:42:12 +0000] "GET /wp-content/plugins/contact-form-7/includes/js/index.js?ver=6.0.1 HTTP/1.1" 200 7312 "https://placidoarandaarquitectotecnico.es/" "Mozilla/5.0 (Macintosh; Intel Mac OS X 10_15_7) AppleWebKit/605.1.15 (KHTML, like Gecko) Version/17.4 Safari/605.1.15 (Applebot/0.1; +http://www.apple.com/go/applebot)"
17.241.75.58 - - [17/Dec/2024:11:42:12 +0000] "GET /wp-content/themes/Divi/js/custom.unified.js?ver=4.9.1 HTTP/1.1" 200 142021 "https://placidoarandaarquitectotecnico.es/" "Mozilla/5.0 (Macintosh; Intel Mac OS X 10_15_7) AppleWebKit/605.1.15 (KHTML, like Gecko) Version/17.4 Safari/605.1.15 (Applebot/0.1; +http://www.apple.com/go/applebot)"
17.241.227.112 - - [17/Dec/2024:11:42:13 +0000] "GET /wp-content/themes/Divi/core/admin/js/common.js?ver=4.9.1 HTTP/1.1" 200 3611 "https://placidoarandaarquitectotecnico.es/" "Mozilla/5.0 (Macintosh; Intel Mac OS X 10_15_7) AppleWebKit/605.1.15 (KHTML, like Gecko) Version/17.4 Safari/605.1.15 (Applebot/0.1; +http://www.apple.com/go/applebot)"
17.241.227.112 - - [17/Dec/2024:11:42:13 +0000] "GET /wp-includes/js/wp-emoji-release.min.js?ver=6.7.1 HTTP/1.1" 200 5428 "https://placidoarandaarquitectotecnico.es/" "Mozilla/5.0 (Macintosh; Intel Mac OS X 10_15_7) AppleWebKit/605.1.15 (KHTML, like Gecko) Version/17.4 Safari/605.1.15 (Applebot/0.1; +http://www.apple.com/go/applebot)"
17.241.219.157 - - [17/Dec/2024:11:52:30 +0000] "GET /robots.txt HTTP/1.1" 301 592 "-" "Mozilla/5.0 (Macintosh; Intel Mac OS X 10_15_7) AppleWebKit/605.1.15 (KHTML, like Gecko) Version/17.4 Safari/605.1.15 (Applebot/0.1; +http://www.apple.com/go/applebot)"
17.241.219.157 - - [17/Dec/2024:11:52:31 +0000] "GET / HTTP/1.1" 301 572 "-" "Mozilla/5.0 (Macintosh; Intel Mac OS X 10_15_7) AppleWebKit/605.1.15 (KHTML, like Gecko) Version/17.4 Safari/605.1.15 (Applebot/0.1; +http://www.apple.com/go/applebot)"
146.190.157.162 - - [17/Dec/2024:12:24:24 +0000] "POST /wp-cron.php?doing_wp_cron=1734438264.7931640148162841796875 HTTP/1.1" 200 2976 "-" "WordPress/6.7.1; https://placidoarandaarquitectotecnico.es"
45.148.10.80 - - [17/Dec/2024:12:24:24 +0000] "GET /.git/config HTTP/1.1" 404 36896 "-" "Opera/9.20 (Macintosh; Intel Mac OS X; U; en)"
205.185.125.63 - - [17/Dec/2024:12:51:16 +0000] "GET / HTTP/1.1" 301 584 "-" "Mozilla/5.0 (Windows NT 10.0; Win64; x64) AppleWebKit/537.36 (KHTML, like Gecko) Chrome/131.0.0.0 Safari/537.36"
146.190.157.162 - - [17/Dec/2024:12:51:17 +0000] "POST /wp-cron.php?doing_wp_cron=1734439877.4767990112304687500000 HTTP/1.1" 200 2977 "-" "WordPress/6.7.1; https://placidoarandaarquitectotecnico.es"
205.185.125.63 - - [17/Dec/2024:12:51:16 +0000] "GET / HTTP/1.1" 301 2929 "http://www.placidoarandaarquitectotecnico.es" "Mozilla/5.0 (Windows NT 10.0; Win64; x64) AppleWebKit/537.36 (KHTML, like Gecko) Chrome/131.0.0.0 Safari/537.36"
205.185.125.63 - - [17/Dec/2024:12:51:18 +0000] "GET / HTTP/1.1" 200 16956 "https://www.placidoarandaarquitectotecnico.es/" "Mozilla/5.0 (Windows NT 10.0; Win64; x64) AppleWebKit/537.36 (KHTML, like Gecko) Chrome/131.0.0.0 Safari/537.36"
205.185.125.63 - - [17/Dec/2024:12:51:20 +0000] "GET /ads.txt HTTP/1.1" 301 586 "-" "Mozilla/5.0 (Windows NT 10.0; Win64; x64) AppleWebKit/537.36 (KHTML, like Gecko) Chrome/131.0.0.0 Safari/537.36"
205.185.125.63 - - [17/Dec/2024:12:51:20 +0000] "GET /ads.txt HTTP/1.1" 404 34218 "http://placidoarandaarquitectotecnico.es/ads.txt" "Mozilla/5.0 (Windows NT 10.0; Win64; x64) AppleWebKit/537.36 (KHTML, like Gecko) Chrome/131.0.0.0 Safari/537.36"
188.166.125.55 - - [17/Dec/2024:14:29:29 +0000] "GET / HTTP/1.1" 301 572 "-" "Mozilla/5.0 (compatible)"
146.190.157.162 - - [17/Dec/2024:14:29:32 +0000] "POST /wp-cron.php?doing_wp_cron=1734445771.9440889358520507812500 HTTP/1.1" 200 2976 "-" "WordPress/6.7.1; https://placidoarandaarquitectotecnico.es"
188.166.125.55 - - [17/Dec/2024:14:29:30 +0000] "GET / HTTP/1.1" 200 16968 "-" "Mozilla/5.0 (compatible)"
188.166.125.55 - - [17/Dec/2024:14:29:40 +0000] "GET /wp-content/uploads/2024/12/favicon-150x150.jpg HTTP/1.1" 200 6749 "https://placidoarandaarquitectotecnico.es/" "Mozilla/5.0 (compatible)"
146.190.157.162 - - [17/Dec/2024:15:35:03 +0000] "POST /wp-cron.php?doing_wp_cron=1734449702.9727990627288818359375 HTTP/1.1" 200 2976 "-" "WordPress/6.7.1; https://placidoarandaarquitectotecnico.es"
45.148.10.80 - - [17/Dec/2024:15:35:01 +0000] "GET /.git/config HTTP/1.1" 301 3050 "-" "Mozilla/5.0 (Macintosh; Intel Mac OS X 10_12_6) AppleWebKit/537.36 (KHTML, like Gecko) Chrome/75.0.3770.142 Safari/537.36"
146.190.157.162 - - [17/Dec/2024:15:41:26 +0000] "POST /wp-cron.php?doing_wp_cron=1734450086.8699169158935546875000 HTTP/1.1" 200 2975 "-" "WordPress/6.7.1; https://placidoarandaarquitectotecnico.es"
162.33.177.92 - - [17/Dec/2024:15:41:26 +0000] "GET /.env HTTP/1.1" 404 36969 "-" "Mozilla/5.0 (Windows NT 10.0; Win64; x64; rv:132.0) Gecko/20100101 Firefox/132.0"
162.33.177.92 - - [17/Dec/2024:15:41:28 +0000] "POST / HTTP/1.1" 200 17043 "-" "Mozilla/5.0 (Windows NT 10.0; Win64; x64; rv:132.0) Gecko/20100101 Firefox/132.0"
93.158.90.52 - - [17/Dec/2024:17:22:32 +0000] "GET /robots.txt HTTP/1.1" 301 611 "-" "Mozilla/5.0 (Windows NT 10.0; Win64; x64; rv:123.0) Gecko/20100101 Firefox/123"
146.190.157.162 - - [17/Dec/2024:17:22:34 +0000] "POST /wp-cron.php?doing_wp_cron=1734456154.2256500720977783203125 HTTP/1.1" 200 2975 "-" "WordPress/6.7.1; https://placidoarandaarquitectotecnico.es"
93.158.90.41 - - [17/Dec/2024:17:22:32 +0000] "GET /robots.txt HTTP/1.1" 200 3160 "http://placidoarandaarquitectotecnico.es/robots.txt" "Mozilla/5.0 (Windows NT 10.0; Win64; x64; rv:123.0) Gecko/20100101 Firefox/123"
93.158.90.34 - - [17/Dec/2024:17:22:36 +0000] "GET / HTTP/1.1" 301 591 "-" "Mozilla/5.0 (Windows NT 10.0; Win64; x64; rv:123.0) Gecko/20100101 Firefox/123"
93.158.90.42 - - [17/Dec/2024:17:22:37 +0000] "GET / HTTP/1.1" 200 16976 "http://placidoarandaarquitectotecnico.es/" "Mozilla/5.0 (Windows NT 10.0; Win64; x64; rv:123.0) Gecko/20100101 Firefox/123"
146.190.157.162 - - [17/Dec/2024:17:51:10 +0000] "POST /wp-cron.php?doing_wp_cron=1734457870.5198299884796142578125 HTTP/1.1" 200 2977 "-" "WordPress/6.7.1; https://placidoarandaarquitectotecnico.es"
66.249.70.109 - - [17/Dec/2024:17:51:09 +0000] "GET / HTTP/1.1" 200 17013 "-" "Mozilla/5.0 (Linux; Android 6.0.1; Nexus 5X Build/MMB29P) AppleWebKit/537.36 (KHTML, like Gecko) Chrome/131.0.6778.139 Mobile Safari/537.36 (compatible; Googlebot/2.1; +http://www.google.com/bot.html)"
209.38.78.74 - - [17/Dec/2024:19:28:13 +0000] "GET / HTTP/1.1" 301 584 "-" "Mozilla/5.0 (compatible)"
209.38.78.74 - - [17/Dec/2024:19:28:13 +0000] "GET / HTTP/1.1" 301 2945 "-" "Mozilla/5.0 (compatible)"
146.190.157.162 - - [17/Dec/2024:19:28:15 +0000] "GET / HTTP/1.1" 200 70311 "-" "-"
146.190.157.162 - - [17/Dec/2024:19:28:16 +0000] "POST /wp-cron.php HTTP/1.1" 200 2976 "-" "WordPress/6.7.1; https://placidoarandaarquitectotecnico.es"
146.190.157.162 - - [17/Dec/2024:19:28:16 +0000] "GET / HTTP/1.1" 200 17001 "-" "WordPress/6.7.1; https://placidoarandaarquitectotecnico.es"
146.190.157.162 - - [17/Dec/2024:19:28:18 +0000] "GET / HTTP/1.1" 200 17002 "-" "WordPress/6.7.1; https://placidoarandaarquitectotecnico.es"
146.190.157.162 - - [17/Dec/2024:19:28:19 +0000] "GET / HTTP/1.1" 200 17001 "-" "WordPress/6.7.1; https://placidoarandaarquitectotecnico.es"
146.190.157.162 - - [17/Dec/2024:19:28:13 +0000] "POST /wp-cron.php?doing_wp_cron=1734463693.9139289855957031250000 HTTP/1.1" 200 2975 "-" "WordPress/6.7.1; https://placidoarandaarquitectotecnico.es"
146.190.157.162 - - [17/Dec/2024:20:31:15 +0000] "POST /wp-cron.php?doing_wp_cron=1734467474.9589419364929199218750 HTTP/1.1" 200 2977 "-" "WordPress/6.7.1; https://placidoarandaarquitectotecnico.es"
104.166.80.109 - - [17/Dec/2024:20:31:14 +0000] "GET / HTTP/1.1" 200 17044 "-" "Mozilla/5.0 (X11; Linux i686; rv:109.0) Gecko/20100101 Firefox/120.0"
83.36.28.130 - - [17/Dec/2024:21:26:57 +0000] "GET / HTTP/1.1" 301 640 "-" "Mozilla/5.0 (Linux; Android 9.0; MI 8 SE) AppleWebKit/537.36 (KHTML, like Gecko) Chrome/80.0.3987.119 Mobile Safari/537.36"
146.190.157.162 - - [17/Dec/2024:21:26:58 +0000] "POST /wp-cron.php?doing_wp_cron=1734470818.7389800548553466796875 HTTP/1.1" 200 2977 "-" "WordPress/6.7.1; https://placidoarandaarquitectotecnico.es"
83.36.28.130 - - [17/Dec/2024:21:26:57 +0000] "GET / HTTP/1.1" 301 2813 "-" "Mozilla/5.0 (Linux; Android 9.0; MI 8 SE) AppleWebKit/537.36 (KHTML, like Gecko) Chrome/80.0.3987.119 Mobile Safari/537.36"
83.36.28.130 - - [17/Dec/2024:21:27:00 +0000] "GET / HTTP/1.1" 200 16862 "-" "Mozilla/5.0 (Linux; Android 9.0; MI 8 SE) AppleWebKit/537.36 (KHTML, like Gecko) Chrome/80.0.3987.119 Mobile Safari/537.36"
207.241.225.134 - - [17/Dec/2024:22:05:59 +0000] "GET / HTTP/1.1" 301 591 "-" "Go-http-client/1.1"
83.36.28.130 - - [17/Dec/2024:22:08:08 +0000] "GET / HTTP/1.1" 301 628 "-" "Mozilla/5.0 (Linux; Android 9.0; MI 8 SE) AppleWebKit/537.36 (KHTML, like Gecko) Chrome/80.0.3987.119 Mobile Safari/537.36"
146.190.157.162 - - [17/Dec/2024:22:08:10 +0000] "POST /wp-cron.php?doing_wp_cron=1734473290.1147251129150390625000 HTTP/1.1" 200 2976 "-" "WordPress/6.7.1; https://placidoarandaarquitectotecnico.es"
83.36.28.130 - - [17/Dec/2024:22:08:09 +0000] "GET / HTTP/1.1" 200 16863 "-" "Mozilla/5.0 (Linux; Android 9.0; MI 8 SE) AppleWebKit/537.36 (KHTML, like Gecko) Chrome/80.0.3987.119 Mobile Safari/537.36"
146.190.157.162 - - [17/Dec/2024:22:29:32 +0000] "POST /wp-cron.php?doing_wp_cron=1734474572.4855070114135742187500 HTTP/1.1" 200 2975 "-" "WordPress/6.7.1; https://placidoarandaarquitectotecnico.es"
104.166.80.62 - - [17/Dec/2024:22:29:31 +0000] "GET / HTTP/1.1" 200 17044 "-" "Mozilla/5.0 (X11; Linux i686; rv:109.0) Gecko/20100101 Firefox/120.0"
146.190.157.162 - - [17/Dec/2024:23:48:19 +0000] "POST /wp-cron.php?doing_wp_cron=1734479299.0114889144897460937500 HTTP/1.1" 200 2975 "-" "WordPress/6.7.1; https://placidoarandaarquitectotecnico.es"
66.249.64.129 - - [17/Dec/2024:23:48:18 +0000] "GET /sitemap_index.xml HTTP/1.1" 200 3266 "-" "Mozilla/5.0 (compatible; Googlebot/2.1; +http://www.google.com/bot.html)"
146.190.157.162 - - [18/Dec/2024:03:13:53 +0000] "POST /wp-cron.php?doing_wp_cron=1734491633.5579099655151367187500 HTTP/1.1" 200 2976 "-" "WordPress/6.7.1; https://placidoarandaarquitectotecnico.es"
45.148.10.172 - - [18/Dec/2024:03:13:52 +0000] "GET /.env HTTP/1.1" 404 36901 "-" "Mozilla/5.0 (Windows NT 6.1; rv:12.0) Gecko/20120403211507 Firefox/12.0"
23.20.30.184 - - [18/Dec/2024:04:14:29 +0000] "GET / HTTP/1.1" 301 628 "-" "Mozilla/5.0 (Windows NT 10.0; Win64; x64) AppleWebKit/537.36 (KHTML, like Gecko) Chrome/103.0.5060.66 Safari/537.36 Edg/103.0.1264.44"
146.190.157.162 - - [18/Dec/2024:04:14:30 +0000] "POST /wp-cron.php?doing_wp_cron=1734495270.1115939617156982421875 HTTP/1.1" 200 2977 "-" "WordPress/6.7.1; https://placidoarandaarquitectotecnico.es"
23.20.30.184 - - [18/Dec/2024:04:14:29 +0000] "GET / HTTP/1.1" 200 17028 "-" "Mozilla/5.0 (Windows NT 10.0; Win64; x64) AppleWebKit/537.36 (KHTML, like Gecko) Chrome/103.0.5060.66 Safari/537.36 Edg/103.0.1264.44"
23.20.30.184 - - [18/Dec/2024:04:14:31 +0000] "GET /wp-includes/css/dist/block-library/style.min.css?ver=6.7.1 HTTP/1.1" 200 15604 "https://placidoarandaarquitectotecnico.es/" "Mozilla/5.0 (Windows NT 10.0; Win64; x64) AppleWebKit/537.36 (KHTML, like Gecko) Chrome/103.0.5060.66 Safari/537.36 Edg/103.0.1264.44"
23.20.30.184 - - [18/Dec/2024:04:14:31 +0000] "GET /wp-content/plugins/contact-form-7/includes/css/styles.css?ver=6.0.1 HTTP/1.1" 200 1373 "https://placidoarandaarquitectotecnico.es/" "Mozilla/5.0 (Windows NT 10.0; Win64; x64) AppleWebKit/537.36 (KHTML, like Gecko) Chrome/103.0.5060.66 Safari/537.36 Edg/103.0.1264.44"
23.20.30.184 - - [18/Dec/2024:04:14:31 +0000] "GET /wp-includes/js/jquery/jquery-migrate.min.js?ver=3.4.1 HTTP/1.1" 200 5238 "https://placidoarandaarquitectotecnico.es/" "Mozilla/5.0 (Windows NT 10.0; Win64; x64) AppleWebKit/537.36 (KHTML, like Gecko) Chrome/103.0.5060.66 Safari/537.36 Edg/103.0.1264.44"
23.20.30.184 - - [18/Dec/2024:04:14:31 +0000] "GET /wp-includes/js/dist/hooks.min.js?ver=4d63a3d491d11ffd8ac6 HTTP/1.1" 200 4696 "https://placidoarandaarquitectotecnico.es/" "Mozilla/5.0 (Windows NT 10.0; Win64; x64) AppleWebKit/537.36 (KHTML, like Gecko) Chrome/103.0.5060.66 Safari/537.36 Edg/103.0.1264.44"
23.20.30.184 - - [18/Dec/2024:04:14:31 +0000] "GET /wp-content/plugins/contact-form-7/includes/swv/js/index.js?ver=6.0.1 HTTP/1.1" 200 3868 "https://placidoarandaarquitectotecnico.es/" "Mozilla/5.0 (Windows NT 10.0; Win64; x64) AppleWebKit/537.36 (KHTML, like Gecko) Chrome/103.0.5060.66 Safari/537.36 Edg/103.0.1264.44"
23.20.30.184 - - [18/Dec/2024:04:14:31 +0000] "GET /wp-includes/js/jquery/jquery.min.js?ver=3.7.1 HTTP/1.1" 200 33528 "https://placidoarandaarquitectotecnico.es/" "Mozilla/5.0 (Windows NT 10.0; Win64; x64) AppleWebKit/537.36 (KHTML, like Gecko) Chrome/103.0.5060.66 Safari/537.36 Edg/103.0.1264.44"
23.20.30.184 - - [18/Dec/2024:04:14:31 +0000] "GET /wp-includes/css/dashicons.min.css?ver=6.7.1 HTTP/1.1" 200 38903 "https://placidoarandaarquitectotecnico.es/" "Mozilla/5.0 (Windows NT 10.0; Win64; x64) AppleWebKit/537.36 (KHTML, like Gecko) Chrome/103.0.5060.66 Safari/537.36 Edg/103.0.1264.44"
23.20.30.184 - - [18/Dec/2024:04:14:31 +0000] "GET /wp-content/themes/Divi/style.css?ver=4.9.1 HTTP/1.1" 200 86225 "https://placidoarandaarquitectotecnico.es/" "Mozilla/5.0 (Windows NT 10.0; Win64; x64) AppleWebKit/537.36 (KHTML, like Gecko) Chrome/103.0.5060.66 Safari/537.36 Edg/103.0.1264.44"
23.20.30.184 - - [18/Dec/2024:04:14:31 +0000] "GET /wp-includes/js/dist/i18n.min.js?ver=5e580eb46a90c2b997e6 HTTP/1.1" 200 6714 "https://placidoarandaarquitectotecnico.es/" "Mozilla/5.0 (Windows NT 10.0; Win64; x64) AppleWebKit/537.36 (KHTML, like Gecko) Chrome/103.0.5060.66 Safari/537.36 Edg/103.0.1264.44"
23.20.30.184 - - [18/Dec/2024:04:14:31 +0000] "GET /wp-content/plugins/contact-form-7/includes/js/index.js?ver=6.0.1 HTTP/1.1" 200 4631 "https://placidoarandaarquitectotecnico.es/" "Mozilla/5.0 (Windows NT 10.0; Win64; x64) AppleWebKit/537.36 (KHTML, like Gecko) Chrome/103.0.5060.66 Safari/537.36 Edg/103.0.1264.44"
23.20.30.184 - - [18/Dec/2024:04:14:31 +0000] "GET /wp-content/themes/Divi/core/admin/js/common.js?ver=4.9.1 HTTP/1.1" 200 930 "https://placidoarandaarquitectotecnico.es/" "Mozilla/5.0 (Windows NT 10.0; Win64; x64) AppleWebKit/537.36 (KHTML, like Gecko) Chrome/103.0.5060.66 Safari/537.36 Edg/103.0.1264.44"
23.20.30.184 - - [18/Dec/2024:04:14:31 +0000] "GET /wp-content/themes/Divi/js/custom.unified.js?ver=4.9.1 HTTP/1.1" 200 139339 "https://placidoarandaarquitectotecnico.es/" "Mozilla/5.0 (Windows NT 10.0; Win64; x64) AppleWebKit/537.36 (KHTML, like Gecko) Chrome/103.0.5060.66 Safari/537.36 Edg/103.0.1264.44"
23.20.30.184 - - [18/Dec/2024:04:14:32 +0000] "GET /wp-content/uploads/2024/12/Logo-blanco.png HTTP/1.1" 200 7647 "https://placidoarandaarquitectotecnico.es/" "Mozilla/5.0 (Windows NT 10.0; Win64; x64) AppleWebKit/537.36 (KHTML, like Gecko) Chrome/103.0.5060.66 Safari/537.36 Edg/103.0.1264.44"
23.20.30.184 - - [18/Dec/2024:04:14:32 +0000] "GET /wp-content/uploads/2024/12/Logo-vertical.png HTTP/1.1" 200 6226 "https://placidoarandaarquitectotecnico.es/" "Mozilla/5.0 (Windows NT 10.0; Win64; x64) AppleWebKit/537.36 (KHTML, like Gecko) Chrome/103.0.5060.66 Safari/537.36 Edg/103.0.1264.44"
23.20.30.184 - - [18/Dec/2024:04:14:32 +0000] "GET /wp-content/uploads/2024/12/kit_digital-1024x61-1.png HTTP/1.1" 200 63167 "https://placidoarandaarquitectotecnico.es/" "Mozilla/5.0 (Windows NT 10.0; Win64; x64) AppleWebKit/537.36 (KHTML, like Gecko) Chrome/103.0.5060.66 Safari/537.36 Edg/103.0.1264.44"
23.20.30.184 - - [18/Dec/2024:04:14:32 +0000] "GET /wp-content/uploads/2024/12/home-vertical_02-1280x1128.jpg HTTP/1.1" 200 296011 "https://placidoarandaarquitectotecnico.es/" "Mozilla/5.0 (Windows NT 10.0; Win64; x64) AppleWebKit/537.36 (KHTML, like Gecko) Chrome/103.0.5060.66 Safari/537.36 Edg/103.0.1264.44"
23.20.30.184 - - [18/Dec/2024:04:14:32 +0000] "GET /wp-includes/js/wp-emoji-release.min.js?ver=6.7.1 HTTP/1.1" 200 5428 "https://placidoarandaarquitectotecnico.es/" "Mozilla/5.0 (Windows NT 10.0; Win64; x64) AppleWebKit/537.36 (KHTML, like Gecko) Chrome/103.0.5060.66 Safari/537.36 Edg/103.0.1264.44"
23.20.30.184 - - [18/Dec/2024:04:14:32 +0000] "GET /wp-content/uploads/2024/12/home-back.jpg HTTP/1.1" 200 133768 "https://placidoarandaarquitectotecnico.es/" "Mozilla/5.0 (Windows NT 10.0; Win64; x64) AppleWebKit/537.36 (KHTML, like Gecko) Chrome/103.0.5060.66 Safari/537.36 Edg/103.0.1264.44"
23.20.30.184 - - [18/Dec/2024:04:14:32 +0000] "GET /wp-content/uploads/2024/12/cedula.jpg HTTP/1.1" 200 61863 "https://placidoarandaarquitectotecnico.es/" "Mozilla/5.0 (Windows NT 10.0; Win64; x64) AppleWebKit/537.36 (KHTML, like Gecko) Chrome/103.0.5060.66 Safari/537.36 Edg/103.0.1264.44"
23.20.30.184 - - [18/Dec/2024:04:14:32 +0000] "GET /wp-content/uploads/2024/12/hero-home.jpg HTTP/1.1" 200 175209 "https://placidoarandaarquitectotecnico.es/" "Mozilla/5.0 (Windows NT 10.0; Win64; x64) AppleWebKit/537.36 (KHTML, like Gecko) Chrome/103.0.5060.66 Safari/537.36 Edg/103.0.1264.44"
23.20.30.184 - - [18/Dec/2024:04:14:32 +0000] "GET /wp-content/uploads/2024/12/plan.jpg HTTP/1.1" 200 46947 "https://placidoarandaarquitectotecnico.es/" "Mozilla/5.0 (Windows NT 10.0; Win64; x64) AppleWebKit/537.36 (KHTML, like Gecko) Chrome/103.0.5060.66 Safari/537.36 Edg/103.0.1264.44"
23.20.30.184 - - [18/Dec/2024:04:14:32 +0000] "GET /wp-content/themes/Divi/core/admin/fonts/modules.ttf HTTP/1.1" 200 92951 "https://placidoarandaarquitectotecnico.es/" "Mozilla/5.0 (Windows NT 10.0; Win64; x64) AppleWebKit/537.36 (KHTML, like Gecko) Chrome/103.0.5060.66 Safari/537.36 Edg/103.0.1264.44"
23.20.30.184 - - [18/Dec/2024:04:14:32 +0000] "GET /wp-content/uploads/2024/12/certificado_energetico.png HTTP/1.1" 200 310606 "https://placidoarandaarquitectotecnico.es/" "Mozilla/5.0 (Windows NT 10.0; Win64; x64) AppleWebKit/537.36 (KHTML, like Gecko) Chrome/103.0.5060.66 Safari/537.36 Edg/103.0.1264.44"
52.23.152.70 - - [18/Dec/2024:04:14:33 +0000] "GET /wp-content/uploads/2024/12/favicon-150x150.jpg HTTP/1.1" 200 6821 "-" "Mozilla/5.0 (Windows NT 6.3; WOW64; rv:38.0) Gecko/20100101 Firefox/38.0"
52.23.152.70 - - [18/Dec/2024:04:14:33 +0000] "GET /wp-content/uploads/2024/12/favicon-300x300.jpg HTTP/1.1" 200 8047 "-" "Mozilla/5.0 (Windows NT 6.3; WOW64; rv:38.0) Gecko/20100101 Firefox/38.0"
52.23.152.70 - - [18/Dec/2024:04:14:33 +0000] "GET /favicon.ico HTTP/1.1" 301 650 "-" "Mozilla/5.0 (Windows NT 6.3; WOW64; rv:38.0) Gecko/20100101 Firefox/38.0"
146.190.157.162 - - [18/Dec/2024:04:14:34 +0000] "POST /wp-cron.php?doing_wp_cron=1734495273.9973120689392089843750 HTTP/1.1" 200 2976 "-" "WordPress/6.7.1; https://placidoarandaarquitectotecnico.es"
52.23.152.70 - - [18/Dec/2024:04:14:33 +0000] "GET /favicon.ico HTTP/1.1" 302 439 "-" "Mozilla/5.0 (Windows NT 6.3; WOW64; rv:38.0) Gecko/20100101 Firefox/38.0"
52.23.152.70 - - [18/Dec/2024:04:14:35 +0000] "GET /wp-content/uploads/2024/12/favicon-150x150.jpg HTTP/1.1" 200 4124 "-" "Mozilla/5.0 (Windows NT 6.3; WOW64; rv:38.0) Gecko/20100101 Firefox/38.0"
18.206.230.131 - - [18/Dec/2024:04:14:35 +0000] "GET / HTTP/1.1" 301 628 "-" "Mozilla/5.0 (iPhone; CPU iPhone OS 12_2 like Mac OS X) AppleWebKit/605.1.15 (KHTML, like Gecko) Mobile/15E148"
18.206.230.131 - - [18/Dec/2024:04:14:35 +0000] "GET / HTTP/1.1" 200 17043 "-" "Mozilla/5.0 (iPhone; CPU iPhone OS 12_2 like Mac OS X) AppleWebKit/605.1.15 (KHTML, like Gecko) Mobile/15E148"
18.206.230.131 - - [18/Dec/2024:04:14:37 +0000] "GET /wp-includes/css/dist/block-library/style.min.css?ver=6.7.1 HTTP/1.1" 200 15604 "https://placidoarandaarquitectotecnico.es/" "Mozilla/5.0 (iPhone; CPU iPhone OS 12_2 like Mac OS X) AppleWebKit/605.1.15 (KHTML, like Gecko) Mobile/15E148"
18.206.230.131 - - [18/Dec/2024:04:14:37 +0000] "GET /wp-content/plugins/contact-form-7/includes/css/styles.css?ver=6.0.1 HTTP/1.1" 200 1373 "https://placidoarandaarquitectotecnico.es/" "Mozilla/5.0 (iPhone; CPU iPhone OS 12_2 like Mac OS X) AppleWebKit/605.1.15 (KHTML, like Gecko) Mobile/15E148"
18.206.230.131 - - [18/Dec/2024:04:14:37 +0000] "GET /wp-includes/js/dist/i18n.min.js?ver=5e580eb46a90c2b997e6 HTTP/1.1" 200 4033 "https://placidoarandaarquitectotecnico.es/" "Mozilla/5.0 (iPhone; CPU iPhone OS 12_2 like Mac OS X) AppleWebKit/605.1.15 (KHTML, like Gecko) Mobile/15E148"
18.206.230.131 - - [18/Dec/2024:04:14:37 +0000] "GET /wp-includes/css/dashicons.min.css?ver=6.7.1 HTTP/1.1" 200 38919 "https://placidoarandaarquitectotecnico.es/" "Mozilla/5.0 (iPhone; CPU iPhone OS 12_2 like Mac OS X) AppleWebKit/605.1.15 (KHTML, like Gecko) Mobile/15E148"
18.206.230.131 - - [18/Dec/2024:04:14:37 +0000] "GET /wp-includes/js/jquery/jquery-migrate.min.js?ver=3.4.1 HTTP/1.1" 200 7934 "https://placidoarandaarquitectotecnico.es/" "Mozilla/5.0 (iPhone; CPU iPhone OS 12_2 like Mac OS X) AppleWebKit/605.1.15 (KHTML, like Gecko) Mobile/15E148"
18.206.230.131 - - [18/Dec/2024:04:14:37 +0000] "GET /wp-content/themes/Divi/style.css?ver=4.9.1 HTTP/1.1" 200 86240 "https://placidoarandaarquitectotecnico.es/" "Mozilla/5.0 (iPhone; CPU iPhone OS 12_2 like Mac OS X) AppleWebKit/605.1.15 (KHTML, like Gecko) Mobile/15E148"
18.206.230.131 - - [18/Dec/2024:04:14:37 +0000] "GET /wp-includes/js/dist/hooks.min.js?ver=4d63a3d491d11ffd8ac6 HTTP/1.1" 200 4711 "https://placidoarandaarquitectotecnico.es/" "Mozilla/5.0 (iPhone; CPU iPhone OS 12_2 like Mac OS X) AppleWebKit/605.1.15 (KHTML, like Gecko) Mobile/15E148"
18.206.230.131 - - [18/Dec/2024:04:14:37 +0000] "GET /wp-includes/js/jquery/jquery.min.js?ver=3.7.1 HTTP/1.1" 200 33541 "https://placidoarandaarquitectotecnico.es/" "Mozilla/5.0 (iPhone; CPU iPhone OS 12_2 like Mac OS X) AppleWebKit/605.1.15 (KHTML, like Gecko) Mobile/15E148"
18.206.230.131 - - [18/Dec/2024:04:14:37 +0000] "GET /wp-content/plugins/contact-form-7/includes/swv/js/index.js?ver=6.0.1 HTTP/1.1" 200 3868 "https://placidoarandaarquitectotecnico.es/" "Mozilla/5.0 (iPhone; CPU iPhone OS 12_2 like Mac OS X) AppleWebKit/605.1.15 (KHTML, like Gecko) Mobile/15E148"
18.206.230.131 - - [18/Dec/2024:04:14:37 +0000] "GET /wp-content/plugins/contact-form-7/includes/js/index.js?ver=6.0.1 HTTP/1.1" 200 4631 "https://placidoarandaarquitectotecnico.es/" "Mozilla/5.0 (iPhone; CPU iPhone OS 12_2 like Mac OS X) AppleWebKit/605.1.15 (KHTML, like Gecko) Mobile/15E148"
18.206.230.131 - - [18/Dec/2024:04:14:37 +0000] "GET /wp-content/themes/Divi/core/admin/js/common.js?ver=4.9.1 HTTP/1.1" 200 930 "https://placidoarandaarquitectotecnico.es/" "Mozilla/5.0 (iPhone; CPU iPhone OS 12_2 like Mac OS X) AppleWebKit/605.1.15 (KHTML, like Gecko) Mobile/15E148"
18.206.230.131 - - [18/Dec/2024:04:14:37 +0000] "GET /wp-content/themes/Divi/js/custom.unified.js?ver=4.9.1 HTTP/1.1" 200 139339 "https://placidoarandaarquitectotecnico.es/" "Mozilla/5.0 (iPhone; CPU iPhone OS 12_2 like Mac OS X) AppleWebKit/605.1.15 (KHTML, like Gecko) Mobile/15E148"
18.206.230.131 - - [18/Dec/2024:04:14:37 +0000] "GET /wp-content/uploads/2024/12/Logo-blanco.png HTTP/1.1" 200 7647 "https://placidoarandaarquitectotecnico.es/" "Mozilla/5.0 (iPhone; CPU iPhone OS 12_2 like Mac OS X) AppleWebKit/605.1.15 (KHTML, like Gecko) Mobile/15E148"
18.206.230.131 - - [18/Dec/2024:04:14:37 +0000] "GET /wp-content/uploads/2024/12/Logo-vertical.png HTTP/1.1" 200 6226 "https://placidoarandaarquitectotecnico.es/" "Mozilla/5.0 (iPhone; CPU iPhone OS 12_2 like Mac OS X) AppleWebKit/605.1.15 (KHTML, like Gecko) Mobile/15E148"
18.206.230.131 - - [18/Dec/2024:04:14:37 +0000] "GET /wp-content/uploads/2024/12/kit_digital-1024x61-1-480x29.png HTTP/1.1" 200 17943 "https://placidoarandaarquitectotecnico.es/" "Mozilla/5.0 (iPhone; CPU iPhone OS 12_2 like Mac OS X) AppleWebKit/605.1.15 (KHTML, like Gecko) Mobile/15E148"
18.206.230.131 - - [18/Dec/2024:04:14:37 +0000] "GET /wp-content/uploads/2024/12/home-vertical_02-480x423.jpg HTTP/1.1" 200 53712 "https://placidoarandaarquitectotecnico.es/" "Mozilla/5.0 (iPhone; CPU iPhone OS 12_2 like Mac OS X) AppleWebKit/605.1.15 (KHTML, like Gecko) Mobile/15E148"
18.206.230.131 - - [18/Dec/2024:04:14:37 +0000] "GET /wp-content/themes/Divi/core/admin/fonts/modules.ttf HTTP/1.1" 200 92951 "https://placidoarandaarquitectotecnico.es/" "Mozilla/5.0 (iPhone; CPU iPhone OS 12_2 like Mac OS X) AppleWebKit/605.1.15 (KHTML, like Gecko) Mobile/15E148"
18.206.230.131 - - [18/Dec/2024:04:14:37 +0000] "GET /wp-content/uploads/2024/12/hero-home.jpg HTTP/1.1" 200 175209 "https://placidoarandaarquitectotecnico.es/" "Mozilla/5.0 (iPhone; CPU iPhone OS 12_2 like Mac OS X) AppleWebKit/605.1.15 (KHTML, like Gecko) Mobile/15E148"
18.206.230.131 - - [18/Dec/2024:04:14:37 +0000] "GET /wp-includes/js/wp-emoji-release.min.js?ver=6.7.1 HTTP/1.1" 200 5428 "https://placidoarandaarquitectotecnico.es/" "Mozilla/5.0 (iPhone; CPU iPhone OS 12_2 like Mac OS X) AppleWebKit/605.1.15 (KHTML, like Gecko) Mobile/15E148"
18.206.230.131 - - [18/Dec/2024:04:14:37 +0000] "GET /wp-content/uploads/2024/12/home-back.jpg HTTP/1.1" 200 133768 "https://placidoarandaarquitectotecnico.es/" "Mozilla/5.0 (iPhone; CPU iPhone OS 12_2 like Mac OS X) AppleWebKit/605.1.15 (KHTML, like Gecko) Mobile/15E148"
18.206.230.131 - - [18/Dec/2024:04:14:37 +0000] "GET /wp-content/uploads/2024/12/cedula.jpg HTTP/1.1" 200 61863 "https://placidoarandaarquitectotecnico.es/" "Mozilla/5.0 (iPhone; CPU iPhone OS 12_2 like Mac OS X) AppleWebKit/605.1.15 (KHTML, like Gecko) Mobile/15E148"
18.206.230.131 - - [18/Dec/2024:04:14:37 +0000] "GET /wp-content/uploads/2024/12/plan.jpg HTTP/1.1" 200 46947 "https://placidoarandaarquitectotecnico.es/" "Mozilla/5.0 (iPhone; CPU iPhone OS 12_2 like Mac OS X) AppleWebKit/605.1.15 (KHTML, like Gecko) Mobile/15E148"
18.206.230.131 - - [18/Dec/2024:04:14:37 +0000] "GET /wp-content/uploads/2024/12/certificado_energetico.png HTTP/1.1" 200 310606 "https://placidoarandaarquitectotecnico.es/" "Mozilla/5.0 (iPhone; CPU iPhone OS 12_2 like Mac OS X) AppleWebKit/605.1.15 (KHTML, like Gecko) Mobile/15E148"
54.172.135.137 - - [18/Dec/2024:04:14:38 +0000] "GET /wp-content/uploads/2024/12/favicon-150x150.jpg HTTP/1.1" 200 6820 "-" "Mozilla/5.0 (Windows NT 6.3; WOW64; rv:38.0) Gecko/20100101 Firefox/38.0"
54.172.135.137 - - [18/Dec/2024:04:14:38 +0000] "GET /wp-content/uploads/2024/12/favicon-300x300.jpg HTTP/1.1" 200 8047 "-" "Mozilla/5.0 (Windows NT 6.3; WOW64; rv:38.0) Gecko/20100101 Firefox/38.0"
54.172.135.137 - - [18/Dec/2024:04:14:38 +0000] "GET /favicon.ico HTTP/1.1" 301 650 "-" "Mozilla/5.0 (Windows NT 6.3; WOW64; rv:38.0) Gecko/20100101 Firefox/38.0"
54.172.135.137 - - [18/Dec/2024:04:14:38 +0000] "GET /favicon.ico HTTP/1.1" 302 439 "-" "Mozilla/5.0 (Windows NT 6.3; WOW64; rv:38.0) Gecko/20100101 Firefox/38.0"
54.172.135.137 - - [18/Dec/2024:04:14:40 +0000] "GET /wp-content/uploads/2024/12/favicon-150x150.jpg HTTP/1.1" 200 4124 "-" "Mozilla/5.0 (Windows NT 6.3; WOW64; rv:38.0) Gecko/20100101 Firefox/38.0"
118.193.36.149 - - [18/Dec/2024:05:11:51 +0000] "GET / HTTP/1.1" 301 572 "-" "curl/7.29.0"
146.190.157.162 - - [18/Dec/2024:05:12:01 +0000] "POST /wp-cron.php?doing_wp_cron=1734498721.7945508956909179687500 HTTP/1.1" 200 2976 "-" "WordPress/6.7.1; https://placidoarandaarquitectotecnico.es"
118.193.36.149 - - [18/Dec/2024:05:12:01 +0000] "GET / HTTP/1.1" 200 70279 "-" "curl/7.29.0"
165.154.36.105 - - [18/Dec/2024:05:12:21 +0000] "GET / HTTP/1.1" 301 591 "-" "Mozilla/5.0 (X11; Linux x86_64) AppleWebKit/557.43 (KHTML, like Gecko) Chrome/75.0.1224 Safari/537.36"
165.154.36.105 - - [18/Dec/2024:05:12:22 +0000] "GET /favicon.ico HTTP/1.1" 302 3066 "-" "Go-http-client/1.1"
165.154.36.105 - - [18/Dec/2024:05:12:23 +0000] "GET /wp-content/uploads/2024/12/favicon-150x150.jpg HTTP/1.1" 200 6752 "https://placidoarandaarquitectotecnico.es/favicon.ico" "Go-http-client/1.1"
165.154.36.105 - - [18/Dec/2024:05:12:23 +0000] "GET /sitemap.xml HTTP/1.1" 301 2965 "-" "Go-http-client/1.1"
165.154.36.105 - - [18/Dec/2024:05:12:23 +0000] "GET /robots.txt HTTP/1.1" 200 3162 "-" "Go-http-client/1.1"
165.154.36.105 - - [18/Dec/2024:05:12:23 +0000] "GET /sitemap_index.xml HTTP/1.1" 200 3229 "https://placidoarandaarquitectotecnico.es/sitemap.xml" "Go-http-client/1.1"
165.154.51.221 - - [18/Dec/2024:05:12:37 +0000] "GET / HTTP/1.1" 200 16976 "-" "Mozilla/5.0 (X11; Linux x86_64) AppleWebKit/561.41 (KHTML, like Gecko) Chrome/75.0.49 Safari/537.36"
165.154.51.221 - - [18/Dec/2024:05:12:41 +0000] "GET /wp-content/uploads/2024/12/favicon-150x150.jpg HTTP/1.1" 200 6751 "-" "Go-http-client/1.1"
165.154.51.221 - - [18/Dec/2024:05:12:42 +0000] "GET /wp-content/uploads/2024/12/Logo-vertical.png HTTP/1.1" 200 8854 "-" "Mozilla/5.0 (Macintosh; Intel Mac OS X 8_0_1) AppleWebKit/547.37 (KHTML, like Gecko) Chrome/69.0.2596 Safari/537.36"
165.154.51.221 - - [18/Dec/2024:05:12:43 +0000] "GET /wp-content/plugins/contact-form-7/includes/js/index.js?ver=6.0.1 HTTP/1.1" 200 7260 "-" "Go-http-client/1.1"
165.154.51.221 - - [18/Dec/2024:05:12:43 +0000] "GET /wp-content/plugins/contact-form-7/includes/swv/js/index.js?ver=6.0.1 HTTP/1.1" 200 6496 "-" "Go-http-client/1.1"
165.154.51.221 - - [18/Dec/2024:05:12:44 +0000] "GET /wp-content/themes/Divi/js/custom.unified.js?ver=4.9.1 HTTP/1.1" 200 141966 "-" "Go-http-client/1.1"
165.154.51.221 - - [18/Dec/2024:05:12:45 +0000] "GET /sitemap.xml HTTP/1.1" 301 2965 "-" "Go-http-client/1.1"
165.154.51.221 - - [18/Dec/2024:05:12:45 +0000] "GET /robots.txt HTTP/1.1" 200 3161 "-" "Go-http-client/1.1"
165.154.51.221 - - [18/Dec/2024:05:12:46 +0000] "GET /sitemap_index.xml HTTP/1.1" 200 3228 "https://placidoarandaarquitectotecnico.es/sitemap.xml" "Go-http-client/1.1"
146.190.157.162 - - [18/Dec/2024:05:40:49 +0000] "POST /wp-cron.php?doing_wp_cron=1734500449.4466478824615478515625 HTTP/1.1" 200 2976 "-" "WordPress/6.7.1; https://placidoarandaarquitectotecnico.es"
66.249.70.108 - - [18/Dec/2024:05:40:48 +0000] "GET /robots.txt HTTP/1.1" 200 3199 "-" "Mozilla/5.0 (compatible; Googlebot/2.1; +http://www.google.com/bot.html)"
66.249.70.108 - - [18/Dec/2024:05:40:50 +0000] "GET /page-sitemap.xml HTTP/1.1" 200 877 "-" "Mozilla/5.0 (compatible; Googlebot/2.1; +http://www.google.com/bot.html)"
18.141.225.233 - - [18/Dec/2024:08:59:03 +0000] "GET / HTTP/1.1" 301 2947 "-" "Mozilla/5.0 (Linux; Android 11; SM-A415F) AppleWebKit/537.36 (KHTML, like Gecko) Chrome/101.0.4951.41 Mobile Safari/537.36"
66.249.70.109 - - [18/Dec/2024:10:34:48 +0000] "GET /politica-de-cookies/ HTTP/1.1" 200 17141 "-" "Mozilla/5.0 (Linux; Android 6.0.1; Nexus 5X Build/MMB29P) AppleWebKit/537.36 (KHTML, like Gecko) Chrome/131.0.6778.139 Mobile Safari/537.36 (compatible; Googlebot/2.1; +http://www.google.com/bot.html)"
146.190.157.162 - - [18/Dec/2024:10:34:49 +0000] "POST /wp-cron.php?doing_wp_cron=1734518089.3076260089874267578125 HTTP/1.1" 200 2976 "-" "WordPress/6.7.1; https://placidoarandaarquitectotecnico.es"
52.33.89.20 - - [18/Dec/2024:10:44:22 +0000] "GET / HTTP/1.1" 301 572 "-" "Mozilla/5.0 (X11; Linux x86_64) AppleWebKit/537.36 (KHTML, like Gecko) Chrome/83.0.4103.97 Safari/537.36"
146.190.157.162 - - [18/Dec/2024:10:44:23 +0000] "POST /wp-cron.php?doing_wp_cron=1734518663.5852949619293212890625 HTTP/1.1" 200 2977 "-" "WordPress/6.7.1; https://placidoarandaarquitectotecnico.es"
52.33.89.20 - - [18/Dec/2024:10:44:23 +0000] "GET / HTTP/1.1" 200 16955 "-" "Mozilla/5.0 (X11; Linux x86_64) AppleWebKit/537.36 (KHTML, like Gecko) Chrome/83.0.4103.97 Safari/537.36"
146.190.157.162 - - [18/Dec/2024:12:27:21 +0000] "POST /wp-cron.php?doing_wp_cron=1734524841.8805139064788818359375 HTTP/1.1" 200 2975 "-" "WordPress/6.7.1; https://placidoarandaarquitectotecnico.es"
45.148.10.172 - - [18/Dec/2024:12:27:21 +0000] "GET /.env HTTP/1.1" 301 3044 "-" "Mozilla/5.0 (Windows NT 6.3; Win64; x64) AppleWebKit/537.36 (KHTML, like Gecko) Chrome/72.0.3626.121 Safari/537.36"
54.167.92.154 - - [18/Dec/2024:12:53:16 +0000] "GET / HTTP/1.1" 301 640 "-" "Mozilla/5.0 (Windows NT 10.0; Win64; x64) AppleWebKit/537.36 (KHTML, like Gecko) Chrome/58.0.3029.110 Safari/537.3"
146.190.157.162 - - [18/Dec/2024:12:53:22 +0000] "POST /wp-cron.php?doing_wp_cron=1734526402.3682980537414550781250 HTTP/1.1" 200 2975 "-" "WordPress/6.7.1; https://placidoarandaarquitectotecnico.es"
54.167.92.154 - - [18/Dec/2024:12:53:21 +0000] "GET / HTTP/1.1" 301 3015 "-" "Mozilla/5.0 (Windows NT 10.0; Win64; x64) AppleWebKit/537.36 (KHTML, like Gecko) Chrome/58.0.3029.110 Safari/537.3"
54.167.92.154 - - [18/Dec/2024:12:53:23 +0000] "GET / HTTP/1.1" 200 17044 "-" "Mozilla/5.0 (Windows NT 10.0; Win64; x64) AppleWebKit/537.36 (KHTML, like Gecko) Chrome/58.0.3029.110 Safari/537.3"
87.121.86.59 - - [18/Dec/2024:13:19:26 +0000] "GET /.env HTTP/1.1" 301 636 "-" "Mozilla/5.0 (X11; Linux x86_64) AppleWebKit/537.36 (KHTML, like Gecko) Chrome/81.0.4044.129 Safari/537.36"
87.121.86.59 - - [18/Dec/2024:13:19:26 +0000] "GET /.env HTTP/1.1" 301 648 "-" "Mozilla/5.0 (X11; Linux x86_64) AppleWebKit/537.36 (KHTML, like Gecko) Chrome/81.0.4044.129 Safari/537.36"
87.121.86.59 - - [18/Dec/2024:13:19:27 +0000] "POST / HTTP/1.1" 301 628 "-" "Mozilla/5.0 (X11; Linux x86_64) AppleWebKit/537.36 (KHTML, like Gecko) Chrome/81.0.4044.129 Safari/537.36"
87.121.86.59 - - [18/Dec/2024:13:19:27 +0000] "POST / HTTP/1.1" 301 640 "-" "Mozilla/5.0 (X11; Linux x86_64) AppleWebKit/537.36 (KHTML, like Gecko) Chrome/81.0.4044.129 Safari/537.36"
34.222.171.210 - - [18/Dec/2024:14:02:26 +0000] "GET / HTTP/1.1" 301 628 "-" "Mozilla/5.0 (Windows NT 10.0; Win64; x64)AppleWebKit/537.36 (KHTML, like Gecko) Chrome/66.0.3359.181 Safari/537.36"
146.190.157.162 - - [18/Dec/2024:14:02:28 +0000] "POST /wp-cron.php?doing_wp_cron=1734530548.2340190410614013671875 HTTP/1.1" 200 2975 "-" "WordPress/6.7.1; https://placidoarandaarquitectotecnico.es"
34.222.171.210 - - [18/Dec/2024:14:02:27 +0000] "GET / HTTP/1.1" 200 17043 "-" "Mozilla/5.0 (Windows NT 10.0; Win64; x64)AppleWebKit/537.36 (KHTML, like Gecko) Chrome/66.0.3359.181 Safari/537.36"
34.222.171.210 - - [18/Dec/2024:14:02:31 +0000] "GET / HTTP/1.1" 200 17044 "-" "Mozilla/5.0 (Windows NT 10.0; Win64; x64)AppleWebKit/537.36 (KHTML, like Gecko) Chrome/66.0.3359.181 Safari/537.36"
146.190.157.162 - - [18/Dec/2024:15:28:17 +0000] "POST /wp-cron.php?doing_wp_cron=1734535697.5285699367523193359375 HTTP/1.1" 200 2976 "-" "WordPress/6.7.1; https://placidoarandaarquitectotecnico.es"
104.166.80.38 - - [18/Dec/2024:15:28:16 +0000] "GET / HTTP/1.1" 200 17044 "-" "Mozilla/5.0 (X11; Linux i686; rv:109.0) Gecko/20100101 Firefox/120.0"
146.190.157.162 - - [18/Dec/2024:17:29:54 +0000] "POST /wp-cron.php?doing_wp_cron=1734542994.6420829296112060546875 HTTP/1.1" 200 2977 "-" "WordPress/6.7.1; https://placidoarandaarquitectotecnico.es"
18.139.255.165 - - [18/Dec/2024:17:29:53 +0000] "GET / HTTP/1.1" 200 16974 "-" "Mozilla/5.0 (Windows NT 10.0; Win64; x64) AppleWebKit/537.36 (KHTML, like Gecko) Chrome/99.100.4896.127 Safari/537.36"
18.139.255.165 - - [18/Dec/2024:17:30:15 +0000] "GET //placidoarandaarquitectotecnico.es/wp-content/plugins/contact-form-7/includes/js/index.js HTTP/1.1" 301 3128 "-" "Mozilla/5.0 (Linux; Android 10; SM-M315F) AppleWebKit/537.36 (KHTML, like Gecko) Chrome/95.0.4638.50 Mobile Safari/537.36"
18.139.255.165 - - [18/Dec/2024:17:30:15 +0000] "GET //placidoarandaarquitectotecnico.es/wp-includes/js/dist/i18n.min.js HTTP/1.1" 301 3105 "-" "Mozilla/5.0 (Windows NT 10.0; Win64; x64) AppleWebKit/537.36 (KHTML, like Gecko) Chrome/88.0.4324.150 Safari/537.36"
18.139.255.165 - - [18/Dec/2024:17:30:15 +0000] "GET //placidoarandaarquitectotecnico.es/wp-content/themes/Divi/js/custom.unified.js HTTP/1.1" 301 3117 "-" "Mozilla/5.0 (Linux; Android 7.1.1; CPH1729) AppleWebKit/537.36 (KHTML, like Gecko) Chrome/97.0.4692.98 Mobile Safari/537.36"
18.139.255.165 - - [18/Dec/2024:17:30:16 +0000] "GET //placidoarandaarquitectotecnico.es/wp-includes/js/jquery/jquery.min.js HTTP/1.1" 301 3109 "-" "Mozilla/5.0 (Windows NT 6.3; Trident/7.0; rv:11.0) like Gecko"
18.139.255.165 - - [18/Dec/2024:17:30:16 +0000] "GET //placidoarandaarquitectotecnico.es/wp-content/plugins/contact-form-7/includes/swv/js/index.js HTTP/1.1" 301 3131 "-" "Mozilla/5.0 (Linux; Android 11; IN2025) AppleWebKit/537.36 (KHTML, like Gecko) Chrome/101.0.4951.61 Mobile Safari/537.36"
18.139.255.165 - - [18/Dec/2024:17:30:16 +0000] "GET //placidoarandaarquitectotecnico.es/wp-includes/js/jquery/jquery-migrate.min.js HTTP/1.1" 301 3117 "-" "Mozilla/5.0 (Linux; U; Android 2.0; en-us; Droid Build/ESD20) AppleWebKit/530.17 (KHTML, like Gecko) Version/4.0 Mobile Safari/530.17"
18.139.255.165 - - [18/Dec/2024:17:30:16 +0000] "GET /wp-emoji-release.min.js HTTP/1.1" 404 36900 "-" "Mozilla/5.0 (Linux; U; Android 2.3.4; en-us; BNTV250 Build/GINGERBREAD) AppleWebKit/533.1 (KHTML, like Gecko) Version/4.0 Safari/533.1"
18.139.255.165 - - [18/Dec/2024:17:30:16 +0000] "GET /index.js HTTP/1.1" 404 36899 "-" "Mozilla/5.0 (Linux; Android 10; M2003J15SC) AppleWebKit/537.36 (KHTML, like Gecko) Chrome/100.0.4896.127 Mobile Safari/537.36"
18.139.255.165 - - [18/Dec/2024:17:30:17 +0000] "GET //placidoarandaarquitectotecnico.es/wp-includes/js/dist/hooks.min.js HTTP/1.1" 301 3107 "-" "Mozilla/5.0 (Linux; Android 6.0.1; SM-G900H Build/MMB29K) AppleWebKit/537.36 (KHTML, like Gecko) Chrome/52.0.2743.98 Mobile Safari/537.36"
18.139.255.165 - - [18/Dec/2024:17:30:17 +0000] "GET //placidoarandaarquitectotecnico.es/wp-content/themes/Divi/core/admin/js/common.js HTTP/1.1" 301 3121 "-" "Mozilla/5.0 (Linux; U; Android 1.5; en-gb; T-Mobile_G2_Touch Build/CUPCAKE) AppleWebKit/528.5 (KHTML, like Gecko) Version/3.1.2 Mobile Safari/525.20.1"
18.139.255.165 - - [18/Dec/2024:17:30:40 +0000] "GET //placidoarandaarquitectotecnico.es/wp-content/themes/Divi/core/admin/js/common.js HTTP/1.1" 301 3121 "-" "Mozilla/5.0 (iPad; CPU OS 11_0 like Mac OS X) AppleWebKit/604.1.38 (KHTML, like Gecko) Version/11.0 Mobile/15A5362a Safari/604.1"
18.139.255.165 - - [18/Dec/2024:17:30:41 +0000] "GET //placidoarandaarquitectotecnico.es/wp-includes/js/dist/i18n.min.js HTTP/1.1" 301 3105 "-" "Mozilla/5.0 (Windows NT 6.3; Win64; x64) AppleWebKit/537.36 (KHTML, like Gecko) Chrome/100.0.4896.60 Safari/537.36"
