176.83.92.66 - - [16/Dec/2024:08:27:34 +0000] "GET /wp-content/uploads/2024/12/plan.jpg HTTP/1.1" 200 46947 "https://placidoarandaarquitectotecnico.es/" "Mozilla/5.0 (Linux; Android 10; K) AppleWebKit/537.36 (KHTML, like Gecko) SamsungBrowser/27.0 Chrome/125.0.0.0 Mobile Safari/537.36"
176.83.92.66 - - [16/Dec/2024:08:27:35 +0000] "GET /wp-content/uploads/2024/12/favicon-300x300.jpg HTTP/1.1" 200 8047 "https://placidoarandaarquitectotecnico.es/" "Mozilla/5.0 (Linux; Android 10; K) AppleWebKit/537.36 (KHTML, like Gecko) SamsungBrowser/27.0 Chrome/125.0.0.0 Mobile Safari/537.36"
146.190.157.162 - - [16/Dec/2024:08:28:42 +0000] "POST /wp-cron.php?doing_wp_cron=1734337722.9484789371490478515625 HTTP/1.1" 200 2976 "-" "WordPress/6.7.1; https://placidoarandaarquitectotecnico.es"
66.81.174.27 - - [16/Dec/2024:08:28:42 +0000] "GET / HTTP/1.1" 200 14670 "-" "Mozilla/5.0 (Macintosh; Intel Mac OS X 10_15_7) AppleWebKit/537.36 (KHTML, like Gecko) Chrome/131.0.0.0 Safari/537.36"
37.158.146.151 - - [16/Dec/2024:08:28:45 +0000] "GET /servicios/ HTTP/1.1" 200 15601 "https://placidoarandaarquitectotecnico.es/" "Mozilla/5.0 (Windows NT 10.0; Win64; x64) AppleWebKit/537.36 (KHTML, like Gecko) Chrome/131.0.0.0 Safari/537.36"
146.190.157.162 - - [16/Dec/2024:08:29:00 +0000] "POST /wp-cron.php?doing_wp_cron=1734337740.6473450660705566406250 HTTP/1.1" 200 2976 "-" "WordPress/6.7.1; https://placidoarandaarquitectotecnico.es"
176.83.92.66 - - [16/Dec/2024:08:29:00 +0000] "GET /servicios HTTP/1.1" 301 653 "https://placidoarandaarquitectotecnico.es/" "Mozilla/5.0 (Linux; Android 10; K) AppleWebKit/537.36 (KHTML, like Gecko) SamsungBrowser/27.0 Chrome/125.0.0.0 Mobile Safari/537.36"
176.83.92.66 - - [16/Dec/2024:08:29:01 +0000] "GET /servicios/ HTTP/1.1" 200 15278 "https://placidoarandaarquitectotecnico.es/" "Mozilla/5.0 (Linux; Android 10; K) AppleWebKit/537.36 (KHTML, like Gecko) SamsungBrowser/27.0 Chrome/125.0.0.0 Mobile Safari/537.36"
176.83.92.66 - - [16/Dec/2024:08:29:02 +0000] "GET /wp-content/uploads/2024/12/ite.jpg HTTP/1.1" 200 32364 "https://placidoarandaarquitectotecnico.es/servicios/" "Mozilla/5.0 (Linux; Android 10; K) AppleWebKit/537.36 (KHTML, like Gecko) SamsungBrowser/27.0 Chrome/125.0.0.0 Mobile Safari/537.36"
176.83.92.66 - - [16/Dec/2024:08:29:02 +0000] "GET /wp-content/uploads/2024/12/3d.jpg HTTP/1.1" 200 54754 "https://placidoarandaarquitectotecnico.es/servicios/" "Mozilla/5.0 (Linux; Android 10; K) AppleWebKit/537.36 (KHTML, like Gecko) SamsungBrowser/27.0 Chrome/125.0.0.0 Mobile Safari/537.36"
176.83.92.66 - - [16/Dec/2024:08:29:02 +0000] "GET /wp-content/uploads/2024/12/servicios-tasa.jpg HTTP/1.1" 200 50722 "https://placidoarandaarquitectotecnico.es/servicios/" "Mozilla/5.0 (Linux; Android 10; K) AppleWebKit/537.36 (KHTML, like Gecko) SamsungBrowser/27.0 Chrome/125.0.0.0 Mobile Safari/537.36"
176.83.92.66 - - [16/Dec/2024:08:29:03 +0000] "GET /wp-content/uploads/2024/12/table-3311791_1920.jpg HTTP/1.1" 200 460001 "https://placidoarandaarquitectotecnico.es/servicios/" "Mozilla/5.0 (Linux; Android 10; K) AppleWebKit/537.36 (KHTML, like Gecko) SamsungBrowser/27.0 Chrome/125.0.0.0 Mobile Safari/537.36"
176.83.92.66 - - [16/Dec/2024:08:29:03 +0000] "GET /wp-content/uploads/2024/12/hero-servicios.jpg HTTP/1.1" 200 183939 "https://placidoarandaarquitectotecnico.es/servicios/" "Mozilla/5.0 (Linux; Android 10; K) AppleWebKit/537.36 (KHTML, like Gecko) SamsungBrowser/27.0 Chrome/125.0.0.0 Mobile Safari/537.36"
176.83.92.66 - - [16/Dec/2024:08:29:21 +0000] "GET /contacto/ HTTP/1.1" 200 14300 "https://placidoarandaarquitectotecnico.es/servicios/" "Mozilla/5.0 (Linux; Android 10; K) AppleWebKit/537.36 (KHTML, like Gecko) SamsungBrowser/27.0 Chrome/125.0.0.0 Mobile Safari/537.36"
176.83.92.66 - - [16/Dec/2024:08:29:22 +0000] "GET /wp-content/uploads/2024/12/hero-contacto.jpg HTTP/1.1" 200 188262 "https://placidoarandaarquitectotecnico.es/contacto/" "Mozilla/5.0 (Linux; Android 10; K) AppleWebKit/537.36 (KHTML, like Gecko) SamsungBrowser/27.0 Chrome/125.0.0.0 Mobile Safari/537.36"
176.83.92.66 - - [16/Dec/2024:08:29:22 +0000] "GET /wp-content/uploads/2024/12/business-2717427_1920.jpg HTTP/1.1" 200 341454 "https://placidoarandaarquitectotecnico.es/contacto/" "Mozilla/5.0 (Linux; Android 10; K) AppleWebKit/537.36 (KHTML, like Gecko) SamsungBrowser/27.0 Chrome/125.0.0.0 Mobile Safari/537.36"
176.83.92.66 - - [16/Dec/2024:08:29:23 +0000] "GET /wp-json/contact-form-7/v1/contact-forms/179/feedback/schema HTTP/1.1" 200 2058 "https://placidoarandaarquitectotecnico.es/contacto/" "Mozilla/5.0 (Linux; Android 10; K) AppleWebKit/537.36 (KHTML, like Gecko) SamsungBrowser/27.0 Chrome/125.0.0.0 Mobile Safari/537.36"
146.190.157.162 - - [16/Dec/2024:08:30:40 +0000] "POST /wp-cron.php?doing_wp_cron=1734337840.7088038921356201171875 HTTP/1.1" 200 2976 "-" "WordPress/6.7.1; https://placidoarandaarquitectotecnico.es"
37.158.146.151 - - [16/Dec/2024:08:30:40 +0000] "GET /contacto/ HTTP/1.1" 200 14298 "https://placidoarandaarquitectotecnico.es/servicios/" "Mozilla/5.0 (Windows NT 10.0; Win64; x64) AppleWebKit/537.36 (KHTML, like Gecko) Chrome/131.0.0.0 Safari/537.36"
37.158.146.151 - - [16/Dec/2024:08:30:42 +0000] "GET /wp-content/uploads/2024/12/business-2717427_1920.jpg HTTP/1.1" 200 341454 "https://placidoarandaarquitectotecnico.es/contacto/" "Mozilla/5.0 (Windows NT 10.0; Win64; x64) AppleWebKit/537.36 (KHTML, like Gecko) Chrome/131.0.0.0 Safari/537.36"
37.158.146.151 - - [16/Dec/2024:08:30:42 +0000] "GET /wp-json/contact-form-7/v1/contact-forms/179/feedback/schema HTTP/1.1" 200 2058 "https://placidoarandaarquitectotecnico.es/contacto/" "Mozilla/5.0 (Windows NT 10.0; Win64; x64) AppleWebKit/537.36 (KHTML, like Gecko) Chrome/131.0.0.0 Safari/537.36"
37.158.146.151 - - [16/Dec/2024:08:30:42 +0000] "GET /wp-content/uploads/2024/12/hero-contacto.jpg HTTP/1.1" 200 188262 "https://placidoarandaarquitectotecnico.es/contacto/" "Mozilla/5.0 (Windows NT 10.0; Win64; x64) AppleWebKit/537.36 (KHTML, like Gecko) Chrome/131.0.0.0 Safari/537.36"
146.190.157.162 - - [16/Dec/2024:08:31:37 +0000] "POST /wp-cron.php?doing_wp_cron=1734337897.9715840816497802734375 HTTP/1.1" 200 2975 "-" "WordPress/6.7.1; https://placidoarandaarquitectotecnico.es"
37.158.146.151 - - [16/Dec/2024:08:31:37 +0000] "GET / HTTP/1.1" 200 14670 "https://placidoarandaarquitectotecnico.es/contacto/" "Mozilla/5.0 (Windows NT 10.0; Win64; x64) AppleWebKit/537.36 (KHTML, like Gecko) Chrome/131.0.0.0 Safari/537.36"
37.158.146.151 - - [16/Dec/2024:08:31:38 +0000] "GET /servicios/ HTTP/1.1" 200 15601 "https://placidoarandaarquitectotecnico.es/contacto/" "Mozilla/5.0 (Windows NT 10.0; Win64; x64) AppleWebKit/537.36 (KHTML, like Gecko) Chrome/131.0.0.0 Safari/537.36"
146.190.157.162 - - [16/Dec/2024:08:32:17 +0000] "POST /wp-cron.php?doing_wp_cron=1734337937.4030439853668212890625 HTTP/1.1" 200 2975 "-" "WordPress/6.7.1; https://placidoarandaarquitectotecnico.es"
37.158.146.151 - - [16/Dec/2024:08:32:16 +0000] "GET / HTTP/1.1" 200 14670 "https://placidoarandaarquitectotecnico.es/servicios/" "Mozilla/5.0 (Windows NT 10.0; Win64; x64) AppleWebKit/537.36 (KHTML, like Gecko) Chrome/131.0.0.0 Safari/537.36"
37.158.146.151 - - [16/Dec/2024:08:32:26 +0000] "GET /servicios/ HTTP/1.1" 200 15601 "https://placidoarandaarquitectotecnico.es/" "Mozilla/5.0 (Windows NT 10.0; Win64; x64) AppleWebKit/537.36 (KHTML, like Gecko) Chrome/131.0.0.0 Safari/537.36"
35.184.182.190 - - [16/Dec/2024:08:38:51 +0000] "GET / HTTP/1.1" 301 628 "-" "Mozilla/5.0 (Windows NT 6.1; Win64; x64; rv:25.0) Gecko/20100101 Firefox/29.0"
146.190.157.162 - - [16/Dec/2024:08:38:52 +0000] "POST /wp-cron.php?doing_wp_cron=1734338332.4265279769897460937500 HTTP/1.1" 200 2976 "-" "WordPress/6.7.1; https://placidoarandaarquitectotecnico.es"
35.184.182.190 - - [16/Dec/2024:08:38:51 +0000] "GET / HTTP/1.1" 200 17043 "-" "Mozilla/5.0 (Windows NT 6.1; Win64; x64; rv:25.0) Gecko/20100101 Firefox/29.0"
146.190.157.162 - - [16/Dec/2024:09:47:26 +0000] "POST /wp-cron.php?doing_wp_cron=1734342446.7698509693145751953125 HTTP/1.1" 200 2976 "-" "WordPress/6.7.1; https://placidoarandaarquitectotecnico.es"
176.83.92.66 - - [16/Dec/2024:09:47:26 +0000] "GET / HTTP/1.1" 200 17028 "-" "Mozilla/5.0 (Linux; Android 10; K) AppleWebKit/537.36 (KHTML, like Gecko) SamsungBrowser/27.0 Chrome/125.0.0.0 Mobile Safari/537.36"
146.190.157.162 - - [16/Dec/2024:09:47:56 +0000] "POST /wp-cron.php?doing_wp_cron=1734342476.8697690963745117187500 HTTP/1.1" 200 2976 "-" "WordPress/6.7.1; https://placidoarandaarquitectotecnico.es"
176.83.92.66 - - [16/Dec/2024:09:47:56 +0000] "GET /servicios/ HTTP/1.1" 200 15602 "https://placidoarandaarquitectotecnico.es/" "Mozilla/5.0 (Linux; Android 10; K) AppleWebKit/537.36 (KHTML, like Gecko) SamsungBrowser/27.0 Chrome/125.0.0.0 Mobile Safari/537.36"
176.83.92.66 - - [16/Dec/2024:09:48:24 +0000] "GET /servicios/ HTTP/1.1" 200 15602 "https://placidoarandaarquitectotecnico.es/" "Mozilla/5.0 (Linux; Android 10; K) AppleWebKit/537.36 (KHTML, like Gecko) SamsungBrowser/27.0 Chrome/125.0.0.0 Mobile Safari/537.36"
176.83.92.66 - - [16/Dec/2024:09:48:48 +0000] "GET /servicios/ HTTP/1.1" 200 15602 "https://placidoarandaarquitectotecnico.es/" "Mozilla/5.0 (Linux; Android 10; K) AppleWebKit/537.36 (KHTML, like Gecko) SamsungBrowser/27.0 Chrome/125.0.0.0 Mobile Safari/537.36"
216.41.232.74 - - [16/Dec/2024:09:49:40 +0000] "GET / HTTP/1.1" 301 572 "-" "Mozilla/5.0 (Macintosh; Intel Mac OS X 10_14_6) AppleWebKit/537.36 (KHTML, like Gecko) Chrome/78.0.3904.87 Safari/537.36"
146.190.157.162 - - [16/Dec/2024:09:49:41 +0000] "POST /wp-cron.php?doing_wp_cron=1734342581.6466369628906250000000 HTTP/1.1" 200 2977 "-" "WordPress/6.7.1; https://placidoarandaarquitectotecnico.es"
216.41.232.74 - - [16/Dec/2024:09:49:41 +0000] "GET / HTTP/1.1" 200 16955 "-" "Mozilla/5.0 (Macintosh; Intel Mac OS X 10_14_6) AppleWebKit/537.36 (KHTML, like Gecko) Chrome/78.0.3904.87 Safari/537.36"
146.190.157.162 - - [16/Dec/2024:09:50:12 +0000] "POST /wp-cron.php?doing_wp_cron=1734342612.4023079872131347656250 HTTP/1.1" 200 2977 "-" "WordPress/6.7.1; https://placidoarandaarquitectotecnico.es"
3.238.54.234 - - [16/Dec/2024:09:50:11 +0000] "GET / HTTP/1.1" 200 17027 "-" "Mozilla/5.0 (Windows NT 10.0; Win64; x64) AppleWebKit/537.36 (KHTML, like Gecko) Chrome/130.0.0.0 Safari/537.36"
3.238.54.234 - - [16/Dec/2024:09:50:14 +0000] "GET /wp-includes/css/dist/block-library/style.min.css?ver=6.7.1 HTTP/1.1" 200 15604 "https://placidoarandaarquitectotecnico.es/" "Mozilla/5.0 (Windows NT 10.0; Win64; x64) AppleWebKit/537.36 (KHTML, like Gecko) Chrome/130.0.0.0 Safari/537.36"
3.238.54.234 - - [16/Dec/2024:09:50:14 +0000] "GET /wp-content/plugins/contact-form-7/includes/css/styles.css?ver=6.0.1 HTTP/1.1" 200 1373 "https://placidoarandaarquitectotecnico.es/" "Mozilla/5.0 (Windows NT 10.0; Win64; x64) AppleWebKit/537.36 (KHTML, like Gecko) Chrome/130.0.0.0 Safari/537.36"
3.238.54.234 - - [16/Dec/2024:09:50:14 +0000] "GET /wp-includes/css/dashicons.min.css?ver=6.7.1 HTTP/1.1" 200 36222 "https://placidoarandaarquitectotecnico.es/" "Mozilla/5.0 (Windows NT 10.0; Win64; x64) AppleWebKit/537.36 (KHTML, like Gecko) Chrome/130.0.0.0 Safari/537.36"
3.238.54.234 - - [16/Dec/2024:09:50:14 +0000] "GET /wp-content/themes/Divi/style.css?ver=4.9.1 HTTP/1.1" 200 83869 "https://placidoarandaarquitectotecnico.es/" "Mozilla/5.0 (Windows NT 10.0; Win64; x64) AppleWebKit/537.36 (KHTML, like Gecko) Chrome/130.0.0.0 Safari/537.36"
3.238.54.234 - - [16/Dec/2024:09:50:14 +0000] "GET /wp-content/uploads/2024/12/Logo-blanco.png HTTP/1.1" 200 10327 "https://placidoarandaarquitectotecnico.es/" "Mozilla/5.0 (Windows NT 10.0; Win64; x64) AppleWebKit/537.36 (KHTML, like Gecko) Chrome/130.0.0.0 Safari/537.36"
3.238.54.234 - - [16/Dec/2024:09:50:14 +0000] "GET /wp-content/themes/Divi/core/admin/fonts/modules.ttf HTTP/1.1" 200 95631 "https://placidoarandaarquitectotecnico.es/" "Mozilla/5.0 (Windows NT 10.0; Win64; x64) AppleWebKit/537.36 (KHTML, like Gecko) Chrome/130.0.0.0 Safari/537.36"
3.238.54.234 - - [16/Dec/2024:09:50:14 +0000] "GET /wp-includes/js/jquery/jquery.min.js?ver=3.7.1 HTTP/1.1" 200 31170 "https://placidoarandaarquitectotecnico.es/" "Mozilla/5.0 (Windows NT 10.0; Win64; x64) AppleWebKit/537.36 (KHTML, like Gecko) Chrome/130.0.0.0 Safari/537.36"
3.238.54.234 - - [16/Dec/2024:09:50:14 +0000] "GET /wp-includes/js/jquery/jquery-migrate.min.js?ver=3.4.1 HTTP/1.1" 200 7919 "https://placidoarandaarquitectotecnico.es/" "Mozilla/5.0 (Windows NT 10.0; Win64; x64) AppleWebKit/537.36 (KHTML, like Gecko) Chrome/130.0.0.0 Safari/537.36"
3.238.54.234 - - [16/Dec/2024:09:50:14 +0000] "GET /wp-content/uploads/2024/12/Logo-vertical.png HTTP/1.1" 200 6226 "https://placidoarandaarquitectotecnico.es/" "Mozilla/5.0 (Windows NT 10.0; Win64; x64) AppleWebKit/537.36 (KHTML, like Gecko) Chrome/130.0.0.0 Safari/537.36"
3.238.54.234 - - [16/Dec/2024:09:50:14 +0000] "GET /wp-content/uploads/2024/12/kit_digital-1024x61-1.png HTTP/1.1" 200 63167 "https://placidoarandaarquitectotecnico.es/" "Mozilla/5.0 (Windows NT 10.0; Win64; x64) AppleWebKit/537.36 (KHTML, like Gecko) Chrome/130.0.0.0 Safari/537.36"
3.238.54.234 - - [16/Dec/2024:09:50:14 +0000] "GET /wp-includes/js/dist/hooks.min.js?ver=4d63a3d491d11ffd8ac6 HTTP/1.1" 200 2014 "https://placidoarandaarquitectotecnico.es/" "Mozilla/5.0 (Windows NT 10.0; Win64; x64) AppleWebKit/537.36 (KHTML, like Gecko) Chrome/130.0.0.0 Safari/537.36"
3.238.54.234 - - [16/Dec/2024:09:50:14 +0000] "GET /wp-includes/js/dist/i18n.min.js?ver=5e580eb46a90c2b997e6 HTTP/1.1" 200 4033 "https://placidoarandaarquitectotecnico.es/" "Mozilla/5.0 (Windows NT 10.0; Win64; x64) AppleWebKit/537.36 (KHTML, like Gecko) Chrome/130.0.0.0 Safari/537.36"
3.238.54.234 - - [16/Dec/2024:09:50:14 +0000] "GET /wp-content/plugins/contact-form-7/includes/js/index.js?ver=6.0.1 HTTP/1.1" 200 4631 "https://placidoarandaarquitectotecnico.es/" "Mozilla/5.0 (Windows NT 10.0; Win64; x64) AppleWebKit/537.36 (KHTML, like Gecko) Chrome/130.0.0.0 Safari/537.36"
3.238.54.234 - - [16/Dec/2024:09:50:14 +0000] "GET /wp-content/plugins/contact-form-7/includes/swv/js/index.js?ver=6.0.1 HTTP/1.1" 200 3868 "https://placidoarandaarquitectotecnico.es/" "Mozilla/5.0 (Windows NT 10.0; Win64; x64) AppleWebKit/537.36 (KHTML, like Gecko) Chrome/130.0.0.0 Safari/537.36"
3.238.54.234 - - [16/Dec/2024:09:50:14 +0000] "GET /wp-content/themes/Divi/core/admin/js/common.js?ver=4.9.1 HTTP/1.1" 200 930 "https://placidoarandaarquitectotecnico.es/" "Mozilla/5.0 (Windows NT 10.0; Win64; x64) AppleWebKit/537.36 (KHTML, like Gecko) Chrome/130.0.0.0 Safari/537.36"
3.238.54.234 - - [16/Dec/2024:09:50:14 +0000] "GET /wp-content/themes/Divi/js/custom.unified.js?ver=4.9.1 HTTP/1.1" 200 139339 "https://placidoarandaarquitectotecnico.es/" "Mozilla/5.0 (Windows NT 10.0; Win64; x64) AppleWebKit/537.36 (KHTML, like Gecko) Chrome/130.0.0.0 Safari/537.36"
3.238.54.234 - - [16/Dec/2024:09:50:14 +0000] "GET /wp-content/uploads/2024/12/hero-home.jpg HTTP/1.1" 200 175209 "https://placidoarandaarquitectotecnico.es/" "Mozilla/5.0 (Windows NT 10.0; Win64; x64) AppleWebKit/537.36 (KHTML, like Gecko) Chrome/130.0.0.0 Safari/537.36"
3.238.54.234 - - [16/Dec/2024:09:50:14 +0000] "GET /wp-content/uploads/2024/12/home-vertical_02.jpg HTTP/1.1" 200 747210 "https://placidoarandaarquitectotecnico.es/" "Mozilla/5.0 (Windows NT 10.0; Win64; x64) AppleWebKit/537.36 (KHTML, like Gecko) Chrome/130.0.0.0 Safari/537.36"
34.232.67.120 - - [16/Dec/2024:09:50:13 +0000] "GET / HTTP/1.1" 200 17026 "-" "Mozilla/5.0 (Windows NT 10.0; Win64; x64) AppleWebKit/537.36 (KHTML, like Gecko) Chrome/130.0.0.0 Safari/537.36"
3.238.54.234 - - [16/Dec/2024:09:50:15 +0000] "GET /wp-content/uploads/2024/12/home-back.jpg HTTP/1.1" 200 133768 "https://placidoarandaarquitectotecnico.es/" "Mozilla/5.0 (Windows NT 10.0; Win64; x64) AppleWebKit/537.36 (KHTML, like Gecko) Chrome/130.0.0.0 Safari/537.36"
3.238.54.234 - - [16/Dec/2024:09:50:15 +0000] "GET /wp-content/uploads/2024/12/plan.jpg HTTP/1.1" 200 46947 "https://placidoarandaarquitectotecnico.es/" "Mozilla/5.0 (Windows NT 10.0; Win64; x64) AppleWebKit/537.36 (KHTML, like Gecko) Chrome/130.0.0.0 Safari/537.36"
3.238.54.234 - - [16/Dec/2024:09:50:15 +0000] "GET /wp-content/uploads/2024/12/cedula.jpg HTTP/1.1" 200 61863 "https://placidoarandaarquitectotecnico.es/" "Mozilla/5.0 (Windows NT 10.0; Win64; x64) AppleWebKit/537.36 (KHTML, like Gecko) Chrome/130.0.0.0 Safari/537.36"
3.238.54.234 - - [16/Dec/2024:09:50:15 +0000] "GET /wp-content/uploads/2024/12/certificado_energetico.png HTTP/1.1" 200 310606 "https://placidoarandaarquitectotecnico.es/" "Mozilla/5.0 (Windows NT 10.0; Win64; x64) AppleWebKit/537.36 (KHTML, like Gecko) Chrome/130.0.0.0 Safari/537.36"
3.238.54.234 - - [16/Dec/2024:09:50:15 +0000] "GET /wp-includes/js/wp-emoji-release.min.js?ver=6.7.1 HTTP/1.1" 200 5428 "https://placidoarandaarquitectotecnico.es/" "Mozilla/5.0 (Windows NT 10.0; Win64; x64) AppleWebKit/537.36 (KHTML, like Gecko) Chrome/130.0.0.0 Safari/537.36"
34.232.67.120 - - [16/Dec/2024:09:50:15 +0000] "GET /wp-includes/css/dist/block-library/style.min.css?ver=6.7.1 HTTP/1.1" 200 15604 "https://placidoarandaarquitectotecnico.es/" "Mozilla/5.0 (Windows NT 10.0; Win64; x64) AppleWebKit/537.36 (KHTML, like Gecko) Chrome/130.0.0.0 Safari/537.36"
3.238.54.234 - - [16/Dec/2024:09:50:15 +0000] "GET /wp-content/uploads/2024/12/favicon-150x150.jpg HTTP/1.1" 200 4124 "https://placidoarandaarquitectotecnico.es/" "Mozilla/5.0 (Windows NT 10.0; Win64; x64) AppleWebKit/537.36 (KHTML, like Gecko) Chrome/130.0.0.0 Safari/537.36"
34.232.67.120 - - [16/Dec/2024:09:50:15 +0000] "GET /wp-content/plugins/contact-form-7/includes/css/styles.css?ver=6.0.1 HTTP/1.1" 200 1373 "https://placidoarandaarquitectotecnico.es/" "Mozilla/5.0 (Windows NT 10.0; Win64; x64) AppleWebKit/537.36 (KHTML, like Gecko) Chrome/130.0.0.0 Safari/537.36"
34.232.67.120 - - [16/Dec/2024:09:50:15 +0000] "GET /wp-includes/css/dashicons.min.css?ver=6.7.1 HTTP/1.1" 200 38901 "https://placidoarandaarquitectotecnico.es/" "Mozilla/5.0 (Windows NT 10.0; Win64; x64) AppleWebKit/537.36 (KHTML, like Gecko) Chrome/130.0.0.0 Safari/537.36"
34.232.67.120 - - [16/Dec/2024:09:50:15 +0000] "GET /wp-includes/js/jquery/jquery.min.js?ver=3.7.1 HTTP/1.1" 200 31170 "https://placidoarandaarquitectotecnico.es/" "Mozilla/5.0 (Windows NT 10.0; Win64; x64) AppleWebKit/537.36 (KHTML, like Gecko) Chrome/130.0.0.0 Safari/537.36"
34.232.67.120 - - [16/Dec/2024:09:50:15 +0000] "GET /wp-includes/js/jquery/jquery-migrate.min.js?ver=3.4.1 HTTP/1.1" 200 5238 "https://placidoarandaarquitectotecnico.es/" "Mozilla/5.0 (Windows NT 10.0; Win64; x64) AppleWebKit/537.36 (KHTML, like Gecko) Chrome/130.0.0.0 Safari/537.36"
34.232.67.120 - - [16/Dec/2024:09:50:15 +0000] "GET /wp-content/themes/Divi/style.css?ver=4.9.1 HTTP/1.1" 200 83869 "https://placidoarandaarquitectotecnico.es/" "Mozilla/5.0 (Windows NT 10.0; Win64; x64) AppleWebKit/537.36 (KHTML, like Gecko) Chrome/130.0.0.0 Safari/537.36"
34.232.67.120 - - [16/Dec/2024:09:50:15 +0000] "GET /wp-content/themes/Divi/core/admin/fonts/modules.ttf HTTP/1.1" 200 92951 "https://placidoarandaarquitectotecnico.es/" "Mozilla/5.0 (Windows NT 10.0; Win64; x64) AppleWebKit/537.36 (KHTML, like Gecko) Chrome/130.0.0.0 Safari/537.36"
34.232.67.120 - - [16/Dec/2024:09:50:15 +0000] "GET /wp-content/uploads/2024/12/Logo-blanco.png HTTP/1.1" 200 7647 "https://placidoarandaarquitectotecnico.es/" "Mozilla/5.0 (Windows NT 10.0; Win64; x64) AppleWebKit/537.36 (KHTML, like Gecko) Chrome/130.0.0.0 Safari/537.36"
34.232.67.120 - - [16/Dec/2024:09:50:15 +0000] "GET /wp-content/uploads/2024/12/Logo-vertical.png HTTP/1.1" 200 6226 "https://placidoarandaarquitectotecnico.es/" "Mozilla/5.0 (Windows NT 10.0; Win64; x64) AppleWebKit/537.36 (KHTML, like Gecko) Chrome/130.0.0.0 Safari/537.36"
34.232.67.120 - - [16/Dec/2024:09:50:15 +0000] "GET /wp-content/uploads/2024/12/kit_digital-1024x61-1.png HTTP/1.1" 200 63167 "https://placidoarandaarquitectotecnico.es/" "Mozilla/5.0 (Windows NT 10.0; Win64; x64) AppleWebKit/537.36 (KHTML, like Gecko) Chrome/130.0.0.0 Safari/537.36"
34.232.67.120 - - [16/Dec/2024:09:50:15 +0000] "GET /wp-includes/js/dist/hooks.min.js?ver=4d63a3d491d11ffd8ac6 HTTP/1.1" 200 2014 "https://placidoarandaarquitectotecnico.es/" "Mozilla/5.0 (Windows NT 10.0; Win64; x64) AppleWebKit/537.36 (KHTML, like Gecko) Chrome/130.0.0.0 Safari/537.36"
34.232.67.120 - - [16/Dec/2024:09:50:15 +0000] "GET /wp-includes/js/dist/i18n.min.js?ver=5e580eb46a90c2b997e6 HTTP/1.1" 200 4033 "https://placidoarandaarquitectotecnico.es/" "Mozilla/5.0 (Windows NT 10.0; Win64; x64) AppleWebKit/537.36 (KHTML, like Gecko) Chrome/130.0.0.0 Safari/537.36"
34.232.67.120 - - [16/Dec/2024:09:50:16 +0000] "GET /wp-content/plugins/contact-form-7/includes/swv/js/index.js?ver=6.0.1 HTTP/1.1" 200 3868 "https://placidoarandaarquitectotecnico.es/" "Mozilla/5.0 (Windows NT 10.0; Win64; x64) AppleWebKit/537.36 (KHTML, like Gecko) Chrome/130.0.0.0 Safari/537.36"
34.232.67.120 - - [16/Dec/2024:09:50:16 +0000] "GET /wp-content/plugins/contact-form-7/includes/js/index.js?ver=6.0.1 HTTP/1.1" 200 4631 "https://placidoarandaarquitectotecnico.es/" "Mozilla/5.0 (Windows NT 10.0; Win64; x64) AppleWebKit/537.36 (KHTML, like Gecko) Chrome/130.0.0.0 Safari/537.36"
34.232.67.120 - - [16/Dec/2024:09:50:16 +0000] "GET /wp-content/uploads/2024/12/hero-home.jpg HTTP/1.1" 200 175209 "https://placidoarandaarquitectotecnico.es/" "Mozilla/5.0 (Windows NT 10.0; Win64; x64) AppleWebKit/537.36 (KHTML, like Gecko) Chrome/130.0.0.0 Safari/537.36"
34.232.67.120 - - [16/Dec/2024:09:50:15 +0000] "GET /wp-content/uploads/2024/12/home-vertical_02.jpg HTTP/1.1" 200 747210 "https://placidoarandaarquitectotecnico.es/" "Mozilla/5.0 (Windows NT 10.0; Win64; x64) AppleWebKit/537.36 (KHTML, like Gecko) Chrome/130.0.0.0 Safari/537.36"
34.232.67.120 - - [16/Dec/2024:09:50:16 +0000] "GET /wp-content/themes/Divi/core/admin/js/common.js?ver=4.9.1 HTTP/1.1" 200 3610 "https://placidoarandaarquitectotecnico.es/" "Mozilla/5.0 (Windows NT 10.0; Win64; x64) AppleWebKit/537.36 (KHTML, like Gecko) Chrome/130.0.0.0 Safari/537.36"
34.232.67.120 - - [16/Dec/2024:09:50:16 +0000] "GET /wp-content/themes/Divi/js/custom.unified.js?ver=4.9.1 HTTP/1.1" 200 139339 "https://placidoarandaarquitectotecnico.es/" "Mozilla/5.0 (Windows NT 10.0; Win64; x64) AppleWebKit/537.36 (KHTML, like Gecko) Chrome/130.0.0.0 Safari/537.36"
34.232.67.120 - - [16/Dec/2024:09:50:16 +0000] "GET /wp-content/uploads/2024/12/home-back.jpg HTTP/1.1" 200 133768 "https://placidoarandaarquitectotecnico.es/" "Mozilla/5.0 (Windows NT 10.0; Win64; x64) AppleWebKit/537.36 (KHTML, like Gecko) Chrome/130.0.0.0 Safari/537.36"
34.232.67.120 - - [16/Dec/2024:09:50:16 +0000] "GET /wp-content/uploads/2024/12/certificado_energetico.png HTTP/1.1" 200 310606 "https://placidoarandaarquitectotecnico.es/" "Mozilla/5.0 (Windows NT 10.0; Win64; x64) AppleWebKit/537.36 (KHTML, like Gecko) Chrome/130.0.0.0 Safari/537.36"
34.232.67.120 - - [16/Dec/2024:09:50:16 +0000] "GET /wp-content/uploads/2024/12/cedula.jpg HTTP/1.1" 200 61863 "https://placidoarandaarquitectotecnico.es/" "Mozilla/5.0 (Windows NT 10.0; Win64; x64) AppleWebKit/537.36 (KHTML, like Gecko) Chrome/130.0.0.0 Safari/537.36"
34.232.67.120 - - [16/Dec/2024:09:50:16 +0000] "GET /wp-content/uploads/2024/12/plan.jpg HTTP/1.1" 200 46947 "https://placidoarandaarquitectotecnico.es/" "Mozilla/5.0 (Windows NT 10.0; Win64; x64) AppleWebKit/537.36 (KHTML, like Gecko) Chrome/130.0.0.0 Safari/537.36"
34.232.67.120 - - [16/Dec/2024:09:50:16 +0000] "GET /wp-includes/js/wp-emoji-release.min.js?ver=6.7.1 HTTP/1.1" 200 5428 "https://placidoarandaarquitectotecnico.es/" "Mozilla/5.0 (Windows NT 10.0; Win64; x64) AppleWebKit/537.36 (KHTML, like Gecko) Chrome/130.0.0.0 Safari/537.36"
34.232.67.120 - - [16/Dec/2024:09:50:16 +0000] "GET /wp-content/uploads/2024/12/favicon-150x150.jpg HTTP/1.1" 200 4124 "https://placidoarandaarquitectotecnico.es/" "Mozilla/5.0 (Windows NT 10.0; Win64; x64) AppleWebKit/537.36 (KHTML, like Gecko) Chrome/130.0.0.0 Safari/537.36"
146.190.157.162 - - [16/Dec/2024:12:28:53 +0000] "POST /wp-cron.php?doing_wp_cron=1734352133.6652309894561767578125 HTTP/1.1" 200 2976 "-" "WordPress/6.7.1; https://placidoarandaarquitectotecnico.es"
45.148.10.86 - - [16/Dec/2024:12:28:53 +0000] "GET /.git/config HTTP/1.1" 301 3052 "-" "Mozilla/5.0 (Macintosh; Intel Mac OS X 10_15_7) AppleWebKit/605.1.15 (KHTML, like Gecko) Version/17.2 Safari/605.1.1"
146.190.157.162 - - [16/Dec/2024:13:38:59 +0000] "POST /wp-cron.php?doing_wp_cron=1734356339.4927361011505126953125 HTTP/1.1" 200 2976 "-" "WordPress/6.7.1; https://placidoarandaarquitectotecnico.es"
207.241.236.83 - - [16/Dec/2024:13:38:58 +0000] "GET / HTTP/1.1" 200 16987 "-" "Mozilla/5.0 (compatible; archive.org_bot +http://archive.org/details/archive.org_bot) Zeno/76f39f7 warc/v0.8.53"
146.190.157.162 - - [16/Dec/2024:14:02:43 +0000] "POST /wp-cron.php?doing_wp_cron=1734357763.7344748973846435546875 HTTP/1.1" 200 2977 "-" "WordPress/6.7.1; https://placidoarandaarquitectotecnico.es"
54.205.4.46 - - [16/Dec/2024:14:02:43 +0000] "GET / HTTP/1.1" 200 17040 "-" "okhttp/4.11.0"
54.205.4.46 - - [16/Dec/2024:14:02:45 +0000] "GET /wp-content/uploads/2024/12/favicon-150x150.jpg HTTP/1.1" 200 4124 "-" "okhttp/4.11.0"
54.205.4.46 - - [16/Dec/2024:14:02:46 +0000] "GET /wp-content/uploads/2024/12/favicon-300x300.jpg HTTP/1.1" 200 8047 "-" "okhttp/4.11.0"
54.205.4.46 - - [16/Dec/2024:14:02:47 +0000] "GET /wp-content/uploads/2024/12/favicon-300x300.jpg HTTP/1.1" 200 8047 "-" "okhttp/4.11.0"
146.190.157.162 - - [16/Dec/2024:14:03:09 +0000] "POST /wp-cron.php?doing_wp_cron=1734357789.6340239048004150390625 HTTP/1.1" 200 2977 "-" "WordPress/6.7.1; https://placidoarandaarquitectotecnico.es"
44.199.39.34 - - [16/Dec/2024:14:03:09 +0000] "GET / HTTP/1.1" 200 17028 "-" "Mozilla/5.0 (X11; Linux aarch64) AppleWebKit/537.36 (KHTML, like Gecko) HeadlessChrome/125.0.6422.26 Safari/537.36"
44.199.39.34 - - [16/Dec/2024:14:03:11 +0000] "GET /wp-includes/css/dist/block-library/style.min.css?ver=6.7.1 HTTP/1.1" 200 15604 "https://placidoarandaarquitectotecnico.es/" "Mozilla/5.0 (X11; Linux aarch64) AppleWebKit/537.36 (KHTML, like Gecko) HeadlessChrome/125.0.6422.26 Safari/537.36"
44.199.39.34 - - [16/Dec/2024:14:03:11 +0000] "GET /wp-content/plugins/contact-form-7/includes/css/styles.css?ver=6.0.1 HTTP/1.1" 200 1373 "https://placidoarandaarquitectotecnico.es/" "Mozilla/5.0 (X11; Linux aarch64) AppleWebKit/537.36 (KHTML, like Gecko) HeadlessChrome/125.0.6422.26 Safari/537.36"
44.199.39.34 - - [16/Dec/2024:14:03:11 +0000] "GET /wp-includes/css/dashicons.min.css?ver=6.7.1 HTTP/1.1" 200 36546 "https://placidoarandaarquitectotecnico.es/" "Mozilla/5.0 (X11; Linux aarch64) AppleWebKit/537.36 (KHTML, like Gecko) HeadlessChrome/125.0.6422.26 Safari/537.36"
44.199.39.34 - - [16/Dec/2024:14:03:11 +0000] "GET /wp-includes/js/jquery/jquery.min.js?ver=3.7.1 HTTP/1.1" 200 33526 "https://placidoarandaarquitectotecnico.es/" "Mozilla/5.0 (X11; Linux aarch64) AppleWebKit/537.36 (KHTML, like Gecko) HeadlessChrome/125.0.6422.26 Safari/537.36"
44.199.39.34 - - [16/Dec/2024:14:03:11 +0000] "GET /wp-includes/js/jquery/jquery-migrate.min.js?ver=3.4.1 HTTP/1.1" 200 7918 "https://placidoarandaarquitectotecnico.es/" "Mozilla/5.0 (X11; Linux aarch64) AppleWebKit/537.36 (KHTML, like Gecko) HeadlessChrome/125.0.6422.26 Safari/537.36"
44.199.39.34 - - [16/Dec/2024:14:03:11 +0000] "GET /wp-content/themes/Divi/core/admin/fonts/modules.ttf HTTP/1.1" 200 95630 "https://placidoarandaarquitectotecnico.es/" "Mozilla/5.0 (X11; Linux aarch64) AppleWebKit/537.36 (KHTML, like Gecko) HeadlessChrome/125.0.6422.26 Safari/537.36"
44.199.39.34 - - [16/Dec/2024:14:03:11 +0000] "GET /wp-content/themes/Divi/style.css?ver=4.9.1 HTTP/1.1" 200 83869 "https://placidoarandaarquitectotecnico.es/" "Mozilla/5.0 (X11; Linux aarch64) AppleWebKit/537.36 (KHTML, like Gecko) HeadlessChrome/125.0.6422.26 Safari/537.36"
44.199.39.34 - - [16/Dec/2024:14:03:11 +0000] "GET /wp-content/uploads/2024/12/Logo-blanco.png HTTP/1.1" 200 7647 "https://placidoarandaarquitectotecnico.es/" "Mozilla/5.0 (X11; Linux aarch64) AppleWebKit/537.36 (KHTML, like Gecko) HeadlessChrome/125.0.6422.26 Safari/537.36"
44.199.39.34 - - [16/Dec/2024:14:03:11 +0000] "GET /wp-content/uploads/2024/12/Logo-vertical.png HTTP/1.1" 200 6226 "https://placidoarandaarquitectotecnico.es/" "Mozilla/5.0 (X11; Linux aarch64) AppleWebKit/537.36 (KHTML, like Gecko) HeadlessChrome/125.0.6422.26 Safari/537.36"
44.199.39.34 - - [16/Dec/2024:14:03:11 +0000] "GET /wp-content/uploads/2024/12/home-vertical_02-1280x1128.jpg HTTP/1.1" 200 296011 "https://placidoarandaarquitectotecnico.es/" "Mozilla/5.0 (X11; Linux aarch64) AppleWebKit/537.36 (KHTML, like Gecko) HeadlessChrome/125.0.6422.26 Safari/537.36"
44.199.39.34 - - [16/Dec/2024:14:03:11 +0000] "GET /wp-content/uploads/2024/12/kit_digital-1024x61-1.png HTTP/1.1" 200 63167 "https://placidoarandaarquitectotecnico.es/" "Mozilla/5.0 (X11; Linux aarch64) AppleWebKit/537.36 (KHTML, like Gecko) HeadlessChrome/125.0.6422.26 Safari/537.36"
44.199.39.34 - - [16/Dec/2024:14:03:11 +0000] "GET /wp-includes/js/dist/hooks.min.js?ver=4d63a3d491d11ffd8ac6 HTTP/1.1" 200 2014 "https://placidoarandaarquitectotecnico.es/" "Mozilla/5.0 (X11; Linux aarch64) AppleWebKit/537.36 (KHTML, like Gecko) HeadlessChrome/125.0.6422.26 Safari/537.36"
44.199.39.34 - - [16/Dec/2024:14:03:11 +0000] "GET /wp-includes/js/dist/i18n.min.js?ver=5e580eb46a90c2b997e6 HTTP/1.1" 200 4033 "https://placidoarandaarquitectotecnico.es/" "Mozilla/5.0 (X11; Linux aarch64) AppleWebKit/537.36 (KHTML, like Gecko) HeadlessChrome/125.0.6422.26 Safari/537.36"
44.199.39.34 - - [16/Dec/2024:14:03:11 +0000] "GET /wp-content/plugins/contact-form-7/includes/swv/js/index.js?ver=6.0.1 HTTP/1.1" 200 3868 "https://placidoarandaarquitectotecnico.es/" "Mozilla/5.0 (X11; Linux aarch64) AppleWebKit/537.36 (KHTML, like Gecko) HeadlessChrome/125.0.6422.26 Safari/537.36"
44.199.39.34 - - [16/Dec/2024:14:03:11 +0000] "GET /wp-content/plugins/contact-form-7/includes/js/index.js?ver=6.0.1 HTTP/1.1" 200 4631 "https://placidoarandaarquitectotecnico.es/" "Mozilla/5.0 (X11; Linux aarch64) AppleWebKit/537.36 (KHTML, like Gecko) HeadlessChrome/125.0.6422.26 Safari/537.36"
44.199.39.34 - - [16/Dec/2024:14:03:11 +0000] "GET /wp-content/themes/Divi/js/custom.unified.js?ver=4.9.1 HTTP/1.1" 200 139339 "https://placidoarandaarquitectotecnico.es/" "Mozilla/5.0 (X11; Linux aarch64) AppleWebKit/537.36 (KHTML, like Gecko) HeadlessChrome/125.0.6422.26 Safari/537.36"
44.199.39.34 - - [16/Dec/2024:14:03:11 +0000] "GET /wp-content/themes/Divi/core/admin/js/common.js?ver=4.9.1 HTTP/1.1" 200 930 "https://placidoarandaarquitectotecnico.es/" "Mozilla/5.0 (X11; Linux aarch64) AppleWebKit/537.36 (KHTML, like Gecko) HeadlessChrome/125.0.6422.26 Safari/537.36"
44.199.39.34 - - [16/Dec/2024:14:03:12 +0000] "GET /wp-content/uploads/2024/12/hero-home.jpg HTTP/1.1" 200 175209 "https://placidoarandaarquitectotecnico.es/" "Mozilla/5.0 (X11; Linux aarch64) AppleWebKit/537.36 (KHTML, like Gecko) HeadlessChrome/125.0.6422.26 Safari/537.36"
44.199.39.34 - - [16/Dec/2024:14:03:12 +0000] "GET /wp-content/uploads/2024/12/home-back.jpg HTTP/1.1" 200 133768 "https://placidoarandaarquitectotecnico.es/" "Mozilla/5.0 (X11; Linux aarch64) AppleWebKit/537.36 (KHTML, like Gecko) HeadlessChrome/125.0.6422.26 Safari/537.36"
44.199.39.34 - - [16/Dec/2024:14:03:12 +0000] "GET /wp-content/uploads/2024/12/plan.jpg HTTP/1.1" 200 46947 "https://placidoarandaarquitectotecnico.es/" "Mozilla/5.0 (X11; Linux aarch64) AppleWebKit/537.36 (KHTML, like Gecko) HeadlessChrome/125.0.6422.26 Safari/537.36"
44.199.39.34 - - [16/Dec/2024:14:03:12 +0000] "GET /wp-content/uploads/2024/12/certificado_energetico.png HTTP/1.1" 200 310606 "https://placidoarandaarquitectotecnico.es/" "Mozilla/5.0 (X11; Linux aarch64) AppleWebKit/537.36 (KHTML, like Gecko) HeadlessChrome/125.0.6422.26 Safari/537.36"
44.199.39.34 - - [16/Dec/2024:14:03:12 +0000] "GET /wp-content/uploads/2024/12/cedula.jpg HTTP/1.1" 200 61863 "https://placidoarandaarquitectotecnico.es/" "Mozilla/5.0 (X11; Linux aarch64) AppleWebKit/537.36 (KHTML, like Gecko) HeadlessChrome/125.0.6422.26 Safari/537.36"
44.199.39.34 - - [16/Dec/2024:14:03:12 +0000] "GET /wp-includes/js/wp-emoji-release.min.js?ver=6.7.1 HTTP/1.1" 200 5428 "https://placidoarandaarquitectotecnico.es/" "Mozilla/5.0 (X11; Linux aarch64) AppleWebKit/537.36 (KHTML, like Gecko) HeadlessChrome/125.0.6422.26 Safari/537.36"
44.199.39.34 - - [16/Dec/2024:14:03:14 +0000] "GET /wp-content/uploads/2024/12/favicon-300x300.jpg HTTP/1.1" 200 8047 "https://placidoarandaarquitectotecnico.es/" "Mozilla/5.0 (X11; Linux aarch64) AppleWebKit/537.36 (KHTML, like Gecko) HeadlessChrome/125.0.6422.26 Safari/537.36"
44.199.39.34 - - [16/Dec/2024:14:03:14 +0000] "GET /wp-content/uploads/2024/12/favicon-150x150.jpg HTTP/1.1" 200 4124 "https://placidoarandaarquitectotecnico.es/" "Mozilla/5.0 (X11; Linux aarch64) AppleWebKit/537.36 (KHTML, like Gecko) HeadlessChrome/125.0.6422.26 Safari/537.36"
146.190.157.162 - - [16/Dec/2024:14:16:38 +0000] "POST /wp-cron.php?doing_wp_cron=1734358598.1836330890655517578125 HTTP/1.1" 200 2976 "-" "WordPress/6.7.1; https://placidoarandaarquitectotecnico.es"
104.166.80.55 - - [16/Dec/2024:14:16:37 +0000] "GET / HTTP/1.1" 200 17043 "-" "Mozilla/5.0 (X11; Linux i686; rv:109.0) Gecko/20100101 Firefox/120.0"
146.190.157.162 - - [16/Dec/2024:14:55:33 +0000] "POST /wp-cron.php?doing_wp_cron=1734360933.6294689178466796875000 HTTP/1.1" 200 2977 "-" "WordPress/6.7.1; https://placidoarandaarquitectotecnico.es"
139.59.136.184 - - [16/Dec/2024:14:55:33 +0000] "GET / HTTP/1.1" 301 2663 "-" "-"
139.59.136.184 - - [16/Dec/2024:14:55:34 +0000] "GET / HTTP/1.1" 301 2947 "-" "Mozilla/5.0 (Linux; Android 6.0; HTC One M9 Build/MRA969164) AppleWebKit/537.36 (KHTML, like Gecko) Chrome/52.0.2461.98 Mobile Safari/537.3"
139.59.136.184 - - [16/Dec/2024:14:55:35 +0000] "GET /server HTTP/1.1" 301 3047 "-" "Go-http-client/1.1"
139.59.136.184 - - [16/Dec/2024:14:55:37 +0000] "GET /.vscode/sftp.json HTTP/1.1" 301 701 "-" "Go-http-client/1.1"
139.59.136.184 - - [16/Dec/2024:14:55:39 +0000] "GET /about HTTP/1.1" 301 689 "-" "Go-http-client/1.1"
139.59.136.184 - - [16/Dec/2024:14:55:41 +0000] "GET /debug/default/view?panel=config HTTP/1.1" 301 715 "-" "Go-http-client/1.1"
139.59.136.184 - - [16/Dec/2024:14:55:42 +0000] "GET /v2/_catalog HTTP/1.1" 301 695 "-" "Go-http-client/1.1"
139.59.136.184 - - [16/Dec/2024:14:55:44 +0000] "GET /ecp/Current/exporttool/microsoft.exchange.ediscovery.exporttool.application HTTP/1.1" 301 759 "-" "Go-http-client/1.1"
139.59.136.184 - - [16/Dec/2024:14:55:45 +0000] "GET /server-status HTTP/1.1" 403 813 "-" "Go-http-client/1.1"
139.59.136.184 - - [16/Dec/2024:14:55:46 +0000] "GET /login.action HTTP/1.1" 301 696 "-" "Go-http-client/1.1"
139.59.136.184 - - [16/Dec/2024:14:55:48 +0000] "GET /_all_dbs HTTP/1.1" 301 692 "-" "Mozilla/5.0 (l9scan/2.0.236313e2735313e2039313e2634313; +https://leakix.net)"
139.59.136.184 - - [16/Dec/2024:14:55:50 +0000] "GET /.DS_Store HTTP/1.1" 301 693 "-" "Go-http-client/1.1"
139.59.136.184 - - [16/Dec/2024:14:55:51 +0000] "GET /.env HTTP/1.1" 301 688 "-" "Go-http-client/1.1"
139.59.136.184 - - [16/Dec/2024:14:55:53 +0000] "GET /.git/config HTTP/1.1" 301 695 "-" "Go-http-client/1.1"
146.190.157.162 - - [16/Dec/2024:14:55:55 +0000] "POST /wp-cron.php?doing_wp_cron=1734360955.1980938911437988281250 HTTP/1.1" 200 2976 "-" "WordPress/6.7.1; https://placidoarandaarquitectotecnico.es"
139.59.136.184 - - [16/Dec/2024:14:55:54 +0000] "GET /s/236313e2735313e2039313e2634313/_/;/META-INF/maven/com.atlassian.jira/jira-webapp-dist/pom.properties HTTP/1.1" 301 786 "-" "Go-http-client/1.1"
139.59.136.184 - - [16/Dec/2024:14:55:56 +0000] "GET /config.json HTTP/1.1" 301 695 "-" "Go-http-client/1.1"
139.59.136.184 - - [16/Dec/2024:14:55:58 +0000] "GET /telescope/requests HTTP/1.1" 301 702 "-" "Go-http-client/1.1"
139.59.136.184 - - [16/Dec/2024:14:56:00 +0000] "GET /info.php HTTP/1.1" 301 692 "-" "Go-http-client/1.1"
139.59.136.184 - - [16/Dec/2024:14:56:01 +0000] "GET /?rest_route=/wp/v2/users/ HTTP/1.1" 200 2377 "-" "Go-http-client/1.1"
146.190.157.162 - - [16/Dec/2024:15:43:58 +0000] "POST /wp-cron.php?doing_wp_cron=1734363838.5708599090576171875000 HTTP/1.1" 200 2977 "-" "WordPress/6.7.1; https://placidoarandaarquitectotecnico.es"
45.148.10.86 - - [16/Dec/2024:15:43:58 +0000] "GET /.git/config HTTP/1.1" 404 36900 "-" "Mozilla/5.0 (SS; Linux x86_64; rv:128.0) Gecko/20100101 Firefox/128.0"
146.190.157.162 - - [16/Dec/2024:15:46:06 +0000] "POST /wp-cron.php?doing_wp_cron=1734363966.1910710334777832031250 HTTP/1.1" 200 2975 "-" "WordPress/6.7.1; https://placidoarandaarquitectotecnico.es"
159.65.18.197 - - [16/Dec/2024:15:46:05 +0000] "GET / HTTP/1.1" 200 2664 "-" "-"
159.65.18.197 - - [16/Dec/2024:15:46:06 +0000] "GET / HTTP/1.1" 200 70304 "-" "Mozilla/5.0 (Linux; Android 6.0; HTC One M9 Build/MRA969164) AppleWebKit/537.36 (KHTML, like Gecko) Chrome/52.0.2461.98 Mobile Safari/537.3"
159.65.18.197 - - [16/Dec/2024:15:46:08 +0000] "GET /server HTTP/1.1" 404 36892 "-" "Go-http-client/1.1"
159.65.18.197 - - [16/Dec/2024:15:46:10 +0000] "GET /.vscode/sftp.json HTTP/1.1" 404 34537 "-" "Go-http-client/1.1"
159.65.18.197 - - [16/Dec/2024:15:46:11 +0000] "GET /about HTTP/1.1" 404 34537 "-" "Go-http-client/1.1"
159.65.18.197 - - [16/Dec/2024:15:46:13 +0000] "GET /debug/default/view?panel=config HTTP/1.1" 404 34537 "-" "Go-http-client/1.1"
159.65.18.197 - - [16/Dec/2024:15:46:15 +0000] "GET /v2/_catalog HTTP/1.1" 404 34537 "-" "Go-http-client/1.1"
159.65.18.197 - - [16/Dec/2024:15:46:17 +0000] "GET /ecp/Current/exporttool/microsoft.exchange.ediscovery.exporttool.application HTTP/1.1" 404 34537 "-" "Go-http-client/1.1"
159.65.18.197 - - [16/Dec/2024:15:46:19 +0000] "GET /server-status HTTP/1.1" 403 809 "-" "Go-http-client/1.1"
159.65.18.197 - - [16/Dec/2024:15:46:19 +0000] "GET /login.action HTTP/1.1" 404 34537 "-" "Go-http-client/1.1"
159.65.18.197 - - [16/Dec/2024:15:46:21 +0000] "GET /_all_dbs HTTP/1.1" 404 34537 "-" "Mozilla/5.0 (l9scan/2.0.236313e2735313e2039313e2634313; +https://leakix.net)"
159.65.18.197 - - [16/Dec/2024:15:46:22 +0000] "GET /.DS_Store HTTP/1.1" 404 34537 "-" "Go-http-client/1.1"
159.65.18.197 - - [16/Dec/2024:15:46:24 +0000] "GET /.env HTTP/1.1" 404 34537 "-" "Go-http-client/1.1"
159.65.18.197 - - [16/Dec/2024:15:46:26 +0000] "GET /.git/config HTTP/1.1" 404 34537 "-" "Go-http-client/1.1"
159.65.18.197 - - [16/Dec/2024:15:46:27 +0000] "GET /s/236313e2735313e2039313e2634313/_/;/META-INF/maven/com.atlassian.jira/jira-webapp-dist/pom.properties HTTP/1.1" 404 34537 "-" "Go-http-client/1.1"
159.65.18.197 - - [16/Dec/2024:15:46:29 +0000] "GET /config.json HTTP/1.1" 404 34537 "-" "Go-http-client/1.1"
159.65.18.197 - - [16/Dec/2024:15:46:31 +0000] "GET /telescope/requests HTTP/1.1" 404 34537 "-" "Go-http-client/1.1"
159.65.18.197 - - [16/Dec/2024:15:46:32 +0000] "GET /info.php HTTP/1.1" 404 34537 "-" "Go-http-client/1.1"
159.65.18.197 - - [16/Dec/2024:15:46:34 +0000] "GET /?rest_route=/wp/v2/users/ HTTP/1.1" 200 2377 "-" "Go-http-client/1.1"
192.104.34.34 - - [16/Dec/2024:16:15:01 +0000] "GET / HTTP/1.1" 301 3001 "-" "Mozilla/5.0 (Windows NT 10.0; Win64; x64) AppleWebKit/537.36 (KHTML, like Gecko) Chrome/129.0.0.0 Safari/537.36"
146.190.157.162 - - [16/Dec/2024:16:15:04 +0000] "POST /wp-cron.php?doing_wp_cron=1734365704.5523040294647216796875 HTTP/1.1" 200 2977 "-" "WordPress/6.7.1; https://placidoarandaarquitectotecnico.es"
192.104.34.34 - - [16/Dec/2024:16:15:06 +0000] "GET / HTTP/1.1" 200 70359 "-" "Mozilla/5.0 (Windows NT 10.0; Win64; x64) AppleWebKit/537.36 (KHTML, like Gecko) Chrome/129.0.0.0 Safari/537.36"
34.34.253.91 - - [16/Dec/2024:17:21:09 +0000] "GET / HTTP/1.1" 301 572 "-" "Mozilla/5.0 (Linux; Android 11; moto e20 Build/RONS31.267-94-14) AppleWebKit/537.36 (KHTML, like Gecko) Chrome/122.0.6261.64 Mobile Safari/537.36"
146.190.157.162 - - [16/Dec/2024:17:21:11 +0000] "POST /wp-cron.php?doing_wp_cron=1734369671.1312179565429687500000 HTTP/1.1" 200 2976 "-" "WordPress/6.7.1; https://placidoarandaarquitectotecnico.es"
34.34.253.91 - - [16/Dec/2024:17:21:09 +0000] "GET / HTTP/1.1" 200 16974 "-" "Mozilla/5.0 (Linux; Android 11; moto e20 Build/RONS31.267-94-14) AppleWebKit/537.36 (KHTML, like Gecko) Chrome/122.0.6261.64 Mobile Safari/537.36"
34.34.253.91 - - [16/Dec/2024:17:21:16 +0000] "GET /wp-content/uploads/2024/12/favicon-150x150.jpg HTTP/1.1" 200 6819 "-" "python-httpx/0.27.2"
34.34.253.91 - - [16/Dec/2024:17:21:17 +0000] "GET /wp-content/uploads/2024/12/Logo-blanco.png HTTP/1.1" 200 10343 "-" "Mozilla/5.0 (X11; Linux x86_64) AppleWebKit/537.11 (KHTML, like Gecko) Chrome/23.0.1271.64 Safari/537.11"
34.34.253.91 - - [16/Dec/2024:17:21:17 +0000] "GET /wp-content/uploads/2024/12/kit_digital-1024x61-1.png HTTP/1.1" 200 65863 "-" "Mozilla/5.0 (X11; Linux x86_64) AppleWebKit/537.11 (KHTML, like Gecko) Chrome/23.0.1271.64 Safari/537.11"
34.34.253.91 - - [16/Dec/2024:17:21:17 +0000] "GET /wp-content/uploads/2024/12/home-vertical_02.jpg HTTP/1.1" 200 749906 "-" "Mozilla/5.0 (X11; Linux x86_64) AppleWebKit/537.11 (KHTML, like Gecko) Chrome/23.0.1271.64 Safari/537.11"
34.34.253.91 - - [16/Dec/2024:17:21:17 +0000] "GET /wp-content/uploads/2024/12/Logo-vertical.png HTTP/1.1" 200 8921 "-" "Mozilla/5.0 (X11; Linux x86_64) AppleWebKit/537.11 (KHTML, like Gecko) Chrome/23.0.1271.64 Safari/537.11"
104.253.203.146 - - [16/Dec/2024:18:52:09 +0000] "GET / HTTP/1.1" 200 17026 "-" "Mozilla/5.0 (iPhone; CPU iPhone OS 17_4_1 like Mac OS X) AppleWebKit/605.1.15 (KHTML, like Gecko) CriOS/123.0.6312.52 Mobile/15E148 Safari/604.1"
104.253.203.146 - - [16/Dec/2024:18:52:11 +0000] "GET /wp-includes/css/dist/block-library/style.min.css?ver=6.7.1 HTTP/1.1" 200 18284 "https://placidoarandaarquitectotecnico.es/" "Mozilla/5.0 (iPhone; CPU iPhone OS 17_4_1 like Mac OS X) AppleWebKit/605.1.15 (KHTML, like Gecko) CriOS/123.0.6312.52 Mobile/15E148 Safari/604.1"
104.253.203.146 - - [16/Dec/2024:18:52:11 +0000] "GET /wp-content/plugins/contact-form-7/includes/css/styles.css?ver=6.0.1 HTTP/1.1" 200 1373 "https://placidoarandaarquitectotecnico.es/" "Mozilla/5.0 (iPhone; CPU iPhone OS 17_4_1 like Mac OS X) AppleWebKit/605.1.15 (KHTML, like Gecko) CriOS/123.0.6312.52 Mobile/15E148 Safari/604.1"
104.253.203.146 - - [16/Dec/2024:18:52:11 +0000] "GET /wp-content/themes/Divi/style.css?ver=4.9.1 HTTP/1.1" 200 83545 "https://placidoarandaarquitectotecnico.es/" "Mozilla/5.0 (iPhone; CPU iPhone OS 17_4_1 like Mac OS X) AppleWebKit/605.1.15 (KHTML, like Gecko) CriOS/123.0.6312.52 Mobile/15E148 Safari/604.1"
104.253.203.146 - - [16/Dec/2024:18:52:11 +0000] "GET /wp-includes/css/dashicons.min.css?ver=6.7.1 HTTP/1.1" 200 36222 "https://placidoarandaarquitectotecnico.es/" "Mozilla/5.0 (iPhone; CPU iPhone OS 17_4_1 like Mac OS X) AppleWebKit/605.1.15 (KHTML, like Gecko) CriOS/123.0.6312.52 Mobile/15E148 Safari/604.1"
104.253.203.146 - - [16/Dec/2024:18:52:12 +0000] "GET /wp-includes/js/jquery/jquery-migrate.min.js?ver=3.4.1 HTTP/1.1" 200 5562 "https://placidoarandaarquitectotecnico.es/" "Mozilla/5.0 (iPhone; CPU iPhone OS 17_4_1 like Mac OS X) AppleWebKit/605.1.15 (KHTML, like Gecko) CriOS/123.0.6312.52 Mobile/15E148 Safari/604.1"
104.253.203.146 - - [16/Dec/2024:18:52:12 +0000] "GET /wp-includes/js/jquery/jquery.min.js?ver=3.7.1 HTTP/1.1" 200 31170 "https://placidoarandaarquitectotecnico.es/" "Mozilla/5.0 (iPhone; CPU iPhone OS 17_4_1 like Mac OS X) AppleWebKit/605.1.15 (KHTML, like Gecko) CriOS/123.0.6312.52 Mobile/15E148 Safari/604.1"
104.253.203.146 - - [16/Dec/2024:18:52:12 +0000] "GET /wp-content/themes/Divi/core/admin/fonts/modules.ttf HTTP/1.1" 200 95630 "https://placidoarandaarquitectotecnico.es/" "Mozilla/5.0 (iPhone; CPU iPhone OS 17_4_1 like Mac OS X) AppleWebKit/605.1.15 (KHTML, like Gecko) CriOS/123.0.6312.52 Mobile/15E148 Safari/604.1"
104.253.203.146 - - [16/Dec/2024:18:52:12 +0000] "GET /wp-content/uploads/2024/12/Logo-blanco.png HTTP/1.1" 200 10327 "https://placidoarandaarquitectotecnico.es/" "Mozilla/5.0 (iPhone; CPU iPhone OS 17_4_1 like Mac OS X) AppleWebKit/605.1.15 (KHTML, like Gecko) CriOS/123.0.6312.52 Mobile/15E148 Safari/604.1"
104.253.203.146 - - [16/Dec/2024:18:52:12 +0000] "GET /wp-content/uploads/2024/12/home-vertical_02-480x423.jpg HTTP/1.1" 200 53712 "https://placidoarandaarquitectotecnico.es/" "Mozilla/5.0 (iPhone; CPU iPhone OS 17_4_1 like Mac OS X) AppleWebKit/605.1.15 (KHTML, like Gecko) CriOS/123.0.6312.52 Mobile/15E148 Safari/604.1"
104.253.203.146 - - [16/Dec/2024:18:52:12 +0000] "GET /wp-content/uploads/2024/12/Logo-vertical.png HTTP/1.1" 200 6226 "https://placidoarandaarquitectotecnico.es/" "Mozilla/5.0 (iPhone; CPU iPhone OS 17_4_1 like Mac OS X) AppleWebKit/605.1.15 (KHTML, like Gecko) CriOS/123.0.6312.52 Mobile/15E148 Safari/604.1"
104.253.203.146 - - [16/Dec/2024:18:52:12 +0000] "GET /wp-content/uploads/2024/12/kit_digital-1024x61-1-480x29.png HTTP/1.1" 200 17943 "https://placidoarandaarquitectotecnico.es/" "Mozilla/5.0 (iPhone; CPU iPhone OS 17_4_1 like Mac OS X) AppleWebKit/605.1.15 (KHTML, like Gecko) CriOS/123.0.6312.52 Mobile/15E148 Safari/604.1"
104.253.203.146 - - [16/Dec/2024:18:52:12 +0000] "GET /wp-includes/js/dist/hooks.min.js?ver=4d63a3d491d11ffd8ac6 HTTP/1.1" 200 2014 "https://placidoarandaarquitectotecnico.es/" "Mozilla/5.0 (iPhone; CPU iPhone OS 17_4_1 like Mac OS X) AppleWebKit/605.1.15 (KHTML, like Gecko) CriOS/123.0.6312.52 Mobile/15E148 Safari/604.1"
104.253.203.146 - - [16/Dec/2024:18:52:12 +0000] "GET /wp-includes/js/dist/i18n.min.js?ver=5e580eb46a90c2b997e6 HTTP/1.1" 200 4033 "https://placidoarandaarquitectotecnico.es/" "Mozilla/5.0 (iPhone; CPU iPhone OS 17_4_1 like Mac OS X) AppleWebKit/605.1.15 (KHTML, like Gecko) CriOS/123.0.6312.52 Mobile/15E148 Safari/604.1"
104.253.203.146 - - [16/Dec/2024:18:52:12 +0000] "GET /wp-content/plugins/contact-form-7/includes/swv/js/index.js?ver=6.0.1 HTTP/1.1" 200 3868 "https://placidoarandaarquitectotecnico.es/" "Mozilla/5.0 (iPhone; CPU iPhone OS 17_4_1 like Mac OS X) AppleWebKit/605.1.15 (KHTML, like Gecko) CriOS/123.0.6312.52 Mobile/15E148 Safari/604.1"
104.253.203.146 - - [16/Dec/2024:18:52:12 +0000] "GET /wp-content/themes/Divi/core/admin/js/common.js?ver=4.9.1 HTTP/1.1" 200 930 "https://placidoarandaarquitectotecnico.es/" "Mozilla/5.0 (iPhone; CPU iPhone OS 17_4_1 like Mac OS X) AppleWebKit/605.1.15 (KHTML, like Gecko) CriOS/123.0.6312.52 Mobile/15E148 Safari/604.1"
104.253.203.146 - - [16/Dec/2024:18:52:12 +0000] "GET /wp-content/plugins/contact-form-7/includes/js/index.js?ver=6.0.1 HTTP/1.1" 200 4631 "https://placidoarandaarquitectotecnico.es/" "Mozilla/5.0 (iPhone; CPU iPhone OS 17_4_1 like Mac OS X) AppleWebKit/605.1.15 (KHTML, like Gecko) CriOS/123.0.6312.52 Mobile/15E148 Safari/604.1"
104.253.203.146 - - [16/Dec/2024:18:52:12 +0000] "GET /wp-content/uploads/2024/12/hero-home.jpg HTTP/1.1" 200 175209 "https://placidoarandaarquitectotecnico.es/" "Mozilla/5.0 (iPhone; CPU iPhone OS 17_4_1 like Mac OS X) AppleWebKit/605.1.15 (KHTML, like Gecko) CriOS/123.0.6312.52 Mobile/15E148 Safari/604.1"
104.253.203.146 - - [16/Dec/2024:18:52:12 +0000] "GET /wp-content/themes/Divi/js/custom.unified.js?ver=4.9.1 HTTP/1.1" 200 139339 "https://placidoarandaarquitectotecnico.es/" "Mozilla/5.0 (iPhone; CPU iPhone OS 17_4_1 like Mac OS X) AppleWebKit/605.1.15 (KHTML, like Gecko) CriOS/123.0.6312.52 Mobile/15E148 Safari/604.1"
104.253.203.146 - - [16/Dec/2024:18:52:12 +0000] "GET /wp-content/uploads/2024/12/plan.jpg HTTP/1.1" 200 46947 "https://placidoarandaarquitectotecnico.es/" "Mozilla/5.0 (iPhone; CPU iPhone OS 17_4_1 like Mac OS X) AppleWebKit/605.1.15 (KHTML, like Gecko) CriOS/123.0.6312.52 Mobile/15E148 Safari/604.1"
104.253.203.146 - - [16/Dec/2024:18:52:12 +0000] "GET /wp-content/uploads/2024/12/cedula.jpg HTTP/1.1" 200 61863 "https://placidoarandaarquitectotecnico.es/" "Mozilla/5.0 (iPhone; CPU iPhone OS 17_4_1 like Mac OS X) AppleWebKit/605.1.15 (KHTML, like Gecko) CriOS/123.0.6312.52 Mobile/15E148 Safari/604.1"
104.253.203.146 - - [16/Dec/2024:18:52:12 +0000] "GET /wp-content/uploads/2024/12/home-back.jpg HTTP/1.1" 200 133768 "https://placidoarandaarquitectotecnico.es/" "Mozilla/5.0 (iPhone; CPU iPhone OS 17_4_1 like Mac OS X) AppleWebKit/605.1.15 (KHTML, like Gecko) CriOS/123.0.6312.52 Mobile/15E148 Safari/604.1"
104.253.203.146 - - [16/Dec/2024:18:52:12 +0000] "GET /wp-content/uploads/2024/12/certificado_energetico.png HTTP/1.1" 200 310606 "https://placidoarandaarquitectotecnico.es/" "Mozilla/5.0 (iPhone; CPU iPhone OS 17_4_1 like Mac OS X) AppleWebKit/605.1.15 (KHTML, like Gecko) CriOS/123.0.6312.52 Mobile/15E148 Safari/604.1"
104.253.203.146 - - [16/Dec/2024:18:52:12 +0000] "GET /wp-content/uploads/2024/12/Logo-blanco.png HTTP/1.1" 200 7647 "https://placidoarandaarquitectotecnico.es/" "Mozilla/5.0 (iPhone; CPU iPhone OS 17_4_1 like Mac OS X) AppleWebKit/605.1.15 (KHTML, like Gecko) CriOS/123.0.6312.52 Mobile/15E148 Safari/604.1"
104.253.203.146 - - [16/Dec/2024:18:52:12 +0000] "GET /wp-content/uploads/2024/12/favicon-150x150.jpg HTTP/1.1" 200 4124 "https://placidoarandaarquitectotecnico.es/" "Mozilla/5.0 (iPhone; CPU iPhone OS 17_4_1 like Mac OS X) AppleWebKit/605.1.15 (KHTML, like Gecko) CriOS/123.0.6312.52 Mobile/15E148 Safari/604.1"
104.253.203.146 - - [16/Dec/2024:18:52:12 +0000] "GET /wp-content/uploads/2024/12/Logo-blanco.png HTTP/1.1" 200 7647 "https://placidoarandaarquitectotecnico.es/" "Mozilla/5.0 (iPhone; CPU iPhone OS 17_4_1 like Mac OS X) AppleWebKit/605.1.15 (KHTML, like Gecko) CriOS/123.0.6312.52 Mobile/15E148 Safari/604.1"
104.253.203.146 - - [16/Dec/2024:18:52:13 +0000] "GET /wp-content/uploads/2024/12/Logo-blanco.png HTTP/1.1" 200 7647 "https://placidoarandaarquitectotecnico.es/" "Mozilla/5.0 (iPhone; CPU iPhone OS 17_4_1 like Mac OS X) AppleWebKit/605.1.15 (KHTML, like Gecko) CriOS/123.0.6312.52 Mobile/15E148 Safari/604.1"
