191.80.140.62 - - [12/Dec/2024:15:16:22 +0000] "GET /wp-includes/js/autosave.min.js?ver=6.7.1 HTTP/1.1" 200 2637 "http://aranda.devuocloud.com/et_footer_layout/theme-builder-layout/?et_fb=1&PageSpeed=off&et_tb=1" "Mozilla/5.0 (Windows NT 10.0; Win64; x64) AppleWebKit/537.36 (KHTML, like Gecko) Chrome/131.0.0.0 Safari/537.36"
191.80.140.62 - - [12/Dec/2024:15:16:22 +0000] "GET /wp-includes/js/comment-reply.min.js?ver=6.7.1 HTTP/1.1" 200 1718 "http://aranda.devuocloud.com/et_footer_layout/theme-builder-layout/?et_fb=1&PageSpeed=off&et_tb=1" "Mozilla/5.0 (Windows NT 10.0; Win64; x64) AppleWebKit/537.36 (KHTML, like Gecko) Chrome/131.0.0.0 Safari/537.36"
191.80.140.62 - - [12/Dec/2024:15:16:22 +0000] "GET /wp-content/et-cache/es_ES/definitions-page-17340165809514.js?ver=4.9.1 HTTP/1.1" 200 205519 "http://aranda.devuocloud.com/et_footer_layout/theme-builder-layout/?et_fb=1&PageSpeed=off&et_tb=1" "Mozilla/5.0 (Windows NT 10.0; Win64; x64) AppleWebKit/537.36 (KHTML, like Gecko) Chrome/131.0.0.0 Safari/537.36"
191.80.140.62 - - [12/Dec/2024:15:16:22 +0000] "GET /wp-content/themes/Divi/includes/builder/frontend-builder/build/bundle.js?ver=4.9.1 HTTP/1.1" 200 699984 "http://aranda.devuocloud.com/et_footer_layout/theme-builder-layout/?et_fb=1&PageSpeed=off&et_tb=1" "Mozilla/5.0 (Windows NT 10.0; Win64; x64) AppleWebKit/537.36 (KHTML, like Gecko) Chrome/131.0.0.0 Safari/537.36"
191.80.140.62 - - [12/Dec/2024:15:16:24 +0000] "GET /wp-content/themes/Divi/includes/builder/frontend-builder/build/bundle.devtools.7bca25b3.js HTTP/1.1" 200 4486 "http://aranda.devuocloud.com/et_footer_layout/theme-builder-layout/?et_fb=1&PageSpeed=off&et_tb=1" "Mozilla/5.0 (Windows NT 10.0; Win64; x64) AppleWebKit/537.36 (KHTML, like Gecko) Chrome/131.0.0.0 Safari/537.36"
191.80.140.62 - - [12/Dec/2024:15:16:24 +0000] "GET /wp-content/themes/Divi/includes/builder/frontend-builder/build/bundle.modals.62f00d99.css HTTP/1.1" 200 31870 "http://aranda.devuocloud.com/wp-admin/admin.php?page=et_theme_builder" "Mozilla/5.0 (Windows NT 10.0; Win64; x64) AppleWebKit/537.36 (KHTML, like Gecko) Chrome/131.0.0.0 Safari/537.36"
191.80.140.62 - - [12/Dec/2024:15:16:24 +0000] "GET /wp-content/themes/Divi/includes/builder/frontend-builder/build/bundle.modals.62f00d99.js HTTP/1.1" 200 305843 "http://aranda.devuocloud.com/et_footer_layout/theme-builder-layout/?et_fb=1&PageSpeed=off&et_tb=1" "Mozilla/5.0 (Windows NT 10.0; Win64; x64) AppleWebKit/537.36 (KHTML, like Gecko) Chrome/131.0.0.0 Safari/537.36"
191.80.140.62 - - [12/Dec/2024:15:16:24 +0000] "POST /wp-admin/admin-ajax.php?lang=es_ES HTTP/1.1" 200 755 "http://aranda.devuocloud.com/et_footer_layout/theme-builder-layout/?et_fb=1&PageSpeed=off&et_tb=1" "Mozilla/5.0 (Windows NT 10.0; Win64; x64) AppleWebKit/537.36 (KHTML, like Gecko) Chrome/131.0.0.0 Safari/537.36"
146.190.157.162 - - [12/Dec/2024:15:17:04 +0000] "POST /wp-cron.php?doing_wp_cron=1734016624.2375481128692626953125 HTTP/1.1" 200 259 "-" "WordPress/6.7.1; http://aranda.devuocloud.com"
191.80.140.62 - - [12/Dec/2024:15:17:03 +0000] "POST /wp-admin/admin-ajax.php HTTP/1.1" 200 604 "http://aranda.devuocloud.com/wp-admin/admin.php?page=et_theme_builder" "Mozilla/5.0 (Windows NT 10.0; Win64; x64) AppleWebKit/537.36 (KHTML, like Gecko) Chrome/131.0.0.0 Safari/537.36"
191.80.140.62 - - [12/Dec/2024:15:17:24 +0000] "POST /wp-admin/admin-ajax.php HTTP/1.1" 200 855 "http://aranda.devuocloud.com/et_footer_layout/theme-builder-layout/?et_fb=1&PageSpeed=off&et_tb=1" "Mozilla/5.0 (Windows NT 10.0; Win64; x64) AppleWebKit/537.36 (KHTML, like Gecko) Chrome/131.0.0.0 Safari/537.36"
146.190.157.162 - - [12/Dec/2024:15:18:04 +0000] "POST /wp-cron.php?doing_wp_cron=1734016684.3556110858917236328125 HTTP/1.1" 200 259 "-" "WordPress/6.7.1; http://aranda.devuocloud.com"
191.80.140.62 - - [12/Dec/2024:15:18:03 +0000] "POST /wp-admin/admin-ajax.php HTTP/1.1" 200 604 "http://aranda.devuocloud.com/wp-admin/admin.php?page=et_theme_builder" "Mozilla/5.0 (Windows NT 10.0; Win64; x64) AppleWebKit/537.36 (KHTML, like Gecko) Chrome/131.0.0.0 Safari/537.36"
146.190.157.162 - - [12/Dec/2024:15:19:04 +0000] "POST /wp-cron.php?doing_wp_cron=1734016744.2967240810394287109375 HTTP/1.1" 200 259 "-" "WordPress/6.7.1; http://aranda.devuocloud.com"
191.80.140.62 - - [12/Dec/2024:15:19:03 +0000] "POST /wp-admin/admin-ajax.php HTTP/1.1" 200 604 "http://aranda.devuocloud.com/wp-admin/admin.php?page=et_theme_builder" "Mozilla/5.0 (Windows NT 10.0; Win64; x64) AppleWebKit/537.36 (KHTML, like Gecko) Chrome/131.0.0.0 Safari/537.36"
191.80.140.62 - - [12/Dec/2024:15:19:24 +0000] "POST /wp-admin/admin-ajax.php HTTP/1.1" 200 855 "http://aranda.devuocloud.com/et_footer_layout/theme-builder-layout/?et_fb=1&PageSpeed=off&et_tb=1" "Mozilla/5.0 (Windows NT 10.0; Win64; x64) AppleWebKit/537.36 (KHTML, like Gecko) Chrome/131.0.0.0 Safari/537.36"
146.190.157.162 - - [12/Dec/2024:15:20:04 +0000] "POST /wp-cron.php?doing_wp_cron=1734016804.8206160068511962890625 HTTP/1.1" 200 259 "-" "WordPress/6.7.1; http://aranda.devuocloud.com"
191.80.140.62 - - [12/Dec/2024:15:20:03 +0000] "POST /wp-admin/admin-ajax.php HTTP/1.1" 200 604 "http://aranda.devuocloud.com/wp-admin/admin.php?page=et_theme_builder" "Mozilla/5.0 (Windows NT 10.0; Win64; x64) AppleWebKit/537.36 (KHTML, like Gecko) Chrome/131.0.0.0 Safari/537.36"
146.190.157.162 - - [12/Dec/2024:15:21:04 +0000] "POST /wp-cron.php?doing_wp_cron=1734016864.2998590469360351562500 HTTP/1.1" 200 259 "-" "WordPress/6.7.1; http://aranda.devuocloud.com"
191.80.140.62 - - [12/Dec/2024:15:21:03 +0000] "POST /wp-admin/admin-ajax.php HTTP/1.1" 200 604 "http://aranda.devuocloud.com/wp-admin/admin.php?page=et_theme_builder" "Mozilla/5.0 (Windows NT 10.0; Win64; x64) AppleWebKit/537.36 (KHTML, like Gecko) Chrome/131.0.0.0 Safari/537.36"
191.80.140.62 - - [12/Dec/2024:15:21:24 +0000] "POST /wp-admin/admin-ajax.php HTTP/1.1" 200 855 "http://aranda.devuocloud.com/et_footer_layout/theme-builder-layout/?et_fb=1&PageSpeed=off&et_tb=1" "Mozilla/5.0 (Windows NT 10.0; Win64; x64) AppleWebKit/537.36 (KHTML, like Gecko) Chrome/131.0.0.0 Safari/537.36"
146.190.157.162 - - [12/Dec/2024:15:22:04 +0000] "POST /wp-cron.php?doing_wp_cron=1734016924.4562690258026123046875 HTTP/1.1" 200 259 "-" "WordPress/6.7.1; http://aranda.devuocloud.com"
191.80.140.62 - - [12/Dec/2024:15:22:03 +0000] "POST /wp-admin/admin-ajax.php HTTP/1.1" 200 604 "http://aranda.devuocloud.com/wp-admin/admin.php?page=et_theme_builder" "Mozilla/5.0 (Windows NT 10.0; Win64; x64) AppleWebKit/537.36 (KHTML, like Gecko) Chrome/131.0.0.0 Safari/537.36"
146.190.157.162 - - [12/Dec/2024:15:23:04 +0000] "POST /wp-cron.php?doing_wp_cron=1734016984.2846369743347167968750 HTTP/1.1" 200 259 "-" "WordPress/6.7.1; http://aranda.devuocloud.com"
191.80.140.62 - - [12/Dec/2024:15:23:03 +0000] "POST /wp-admin/admin-ajax.php HTTP/1.1" 200 604 "http://aranda.devuocloud.com/wp-admin/admin.php?page=et_theme_builder" "Mozilla/5.0 (Windows NT 10.0; Win64; x64) AppleWebKit/537.36 (KHTML, like Gecko) Chrome/131.0.0.0 Safari/537.36"
191.80.140.62 - - [12/Dec/2024:15:23:24 +0000] "POST /wp-admin/admin-ajax.php HTTP/1.1" 200 855 "http://aranda.devuocloud.com/et_footer_layout/theme-builder-layout/?et_fb=1&PageSpeed=off&et_tb=1" "Mozilla/5.0 (Windows NT 10.0; Win64; x64) AppleWebKit/537.36 (KHTML, like Gecko) Chrome/131.0.0.0 Safari/537.36"
146.190.157.162 - - [12/Dec/2024:15:24:04 +0000] "POST /wp-cron.php?doing_wp_cron=1734017044.2907700538635253906250 HTTP/1.1" 200 259 "-" "WordPress/6.7.1; http://aranda.devuocloud.com"
191.80.140.62 - - [12/Dec/2024:15:24:03 +0000] "POST /wp-admin/admin-ajax.php HTTP/1.1" 200 604 "http://aranda.devuocloud.com/wp-admin/admin.php?page=et_theme_builder" "Mozilla/5.0 (Windows NT 10.0; Win64; x64) AppleWebKit/537.36 (KHTML, like Gecko) Chrome/131.0.0.0 Safari/537.36"
146.190.157.162 - - [12/Dec/2024:15:25:04 +0000] "POST /wp-cron.php?doing_wp_cron=1734017104.4915049076080322265625 HTTP/1.1" 200 259 "-" "WordPress/6.7.1; http://aranda.devuocloud.com"
191.80.140.62 - - [12/Dec/2024:15:25:03 +0000] "POST /wp-admin/admin-ajax.php HTTP/1.1" 200 604 "http://aranda.devuocloud.com/wp-admin/admin.php?page=et_theme_builder" "Mozilla/5.0 (Windows NT 10.0; Win64; x64) AppleWebKit/537.36 (KHTML, like Gecko) Chrome/131.0.0.0 Safari/537.36"
191.80.140.62 - - [12/Dec/2024:15:25:27 +0000] "POST /wp-admin/admin-ajax.php HTTP/1.1" 200 855 "http://aranda.devuocloud.com/et_footer_layout/theme-builder-layout/?et_fb=1&PageSpeed=off&et_tb=1" "Mozilla/5.0 (Windows NT 10.0; Win64; x64) AppleWebKit/537.36 (KHTML, like Gecko) Chrome/131.0.0.0 Safari/537.36"
191.80.140.62 - - [12/Dec/2024:15:25:43 +0000] "GET /wp-content/themes/Divi/includes/builder/frontend-builder/assets/vendors/plugins/autolink/plugin.min.js HTTP/1.1" 200 1341 "http://aranda.devuocloud.com/et_footer_layout/theme-builder-layout/?et_fb=1&PageSpeed=off&et_tb=1" "Mozilla/5.0 (Windows NT 10.0; Win64; x64) AppleWebKit/537.36 (KHTML, like Gecko) Chrome/131.0.0.0 Safari/537.36"
191.80.140.62 - - [12/Dec/2024:15:25:43 +0000] "GET /wp-content/themes/Divi/includes/builder/frontend-builder/assets/vendors/plugins/textcolor/plugin.min.js HTTP/1.1" 200 2287 "http://aranda.devuocloud.com/et_footer_layout/theme-builder-layout/?et_fb=1&PageSpeed=off&et_tb=1" "Mozilla/5.0 (Windows NT 10.0; Win64; x64) AppleWebKit/537.36 (KHTML, like Gecko) Chrome/131.0.0.0 Safari/537.36"
191.80.140.62 - - [12/Dec/2024:15:25:43 +0000] "GET /wp-content/themes/Divi/includes/builder/frontend-builder/assets/vendors/plugins/lists/plugin.min.js HTTP/1.1" 200 9438 "http://aranda.devuocloud.com/et_footer_layout/theme-builder-layout/?et_fb=1&PageSpeed=off&et_tb=1" "Mozilla/5.0 (Windows NT 10.0; Win64; x64) AppleWebKit/537.36 (KHTML, like Gecko) Chrome/131.0.0.0 Safari/537.36"
191.80.140.62 - - [12/Dec/2024:15:25:43 +0000] "GET /wp-content/themes/Divi/includes/builder/frontend-builder/assets/vendors/plugins/image/plugin.min.js HTTP/1.1" 200 5842 "http://aranda.devuocloud.com/et_footer_layout/theme-builder-layout/?et_fb=1&PageSpeed=off&et_tb=1" "Mozilla/5.0 (Windows NT 10.0; Win64; x64) AppleWebKit/537.36 (KHTML, like Gecko) Chrome/131.0.0.0 Safari/537.36"
191.80.140.62 - - [12/Dec/2024:15:25:43 +0000] "GET /wp-content/themes/Divi/includes/builder/frontend-builder/assets/vendors/plugins/paste/plugin.min.js HTTP/1.1" 200 11694 "http://aranda.devuocloud.com/et_footer_layout/theme-builder-layout/?et_fb=1&PageSpeed=off&et_tb=1" "Mozilla/5.0 (Windows NT 10.0; Win64; x64) AppleWebKit/537.36 (KHTML, like Gecko) Chrome/131.0.0.0 Safari/537.36"
191.80.140.62 - - [12/Dec/2024:15:25:43 +0000] "GET /wp-content/themes/Divi/includes/builder/frontend-builder/assets/vendors/plugins/preview/plugin.min.js HTTP/1.1" 200 1326 "http://aranda.devuocloud.com/et_footer_layout/theme-builder-layout/?et_fb=1&PageSpeed=off&et_tb=1" "Mozilla/5.0 (Windows NT 10.0; Win64; x64) AppleWebKit/537.36 (KHTML, like Gecko) Chrome/131.0.0.0 Safari/537.36"
191.80.140.62 - - [12/Dec/2024:15:25:43 +0000] "GET /wp-content/themes/Divi/includes/builder/frontend-builder/assets/vendors/plugins/print/plugin.min.js HTTP/1.1" 200 605 "http://aranda.devuocloud.com/et_footer_layout/theme-builder-layout/?et_fb=1&PageSpeed=off&et_tb=1" "Mozilla/5.0 (Windows NT 10.0; Win64; x64) AppleWebKit/537.36 (KHTML, like Gecko) Chrome/131.0.0.0 Safari/537.36"
191.80.140.62 - - [12/Dec/2024:15:25:43 +0000] "GET /wp-content/themes/Divi/includes/builder/frontend-builder/assets/vendors/plugins/link/plugin.min.js HTTP/1.1" 200 3763 "http://aranda.devuocloud.com/et_footer_layout/theme-builder-layout/?et_fb=1&PageSpeed=off&et_tb=1" "Mozilla/5.0 (Windows NT 10.0; Win64; x64) AppleWebKit/537.36 (KHTML, like Gecko) Chrome/131.0.0.0 Safari/537.36"
191.80.140.62 - - [12/Dec/2024:15:25:43 +0000] "GET /wp-content/themes/Divi/includes/builder/frontend-builder/assets/vendors/plugins/table/plugin.min.js HTTP/1.1" 200 34848 "http://aranda.devuocloud.com/et_footer_layout/theme-builder-layout/?et_fb=1&PageSpeed=off&et_tb=1" "Mozilla/5.0 (Windows NT 10.0; Win64; x64) AppleWebKit/537.36 (KHTML, like Gecko) Chrome/131.0.0.0 Safari/537.36"
191.80.140.62 - - [12/Dec/2024:15:25:43 +0000] "POST /wp-admin/admin-ajax.php HTTP/1.1" 200 573 "http://aranda.devuocloud.com/et_footer_layout/theme-builder-layout/?et_fb=1&PageSpeed=off&et_tb=1" "Mozilla/5.0 (Windows NT 10.0; Win64; x64) AppleWebKit/537.36 (KHTML, like Gecko) Chrome/131.0.0.0 Safari/537.36"
146.190.157.162 - - [12/Dec/2024:15:26:04 +0000] "POST /wp-cron.php?doing_wp_cron=1734017164.6273880004882812500000 HTTP/1.1" 200 259 "-" "WordPress/6.7.1; http://aranda.devuocloud.com"
191.80.140.62 - - [12/Dec/2024:15:26:04 +0000] "POST /wp-admin/admin-ajax.php HTTP/1.1" 200 604 "http://aranda.devuocloud.com/wp-admin/admin.php?page=et_theme_builder" "Mozilla/5.0 (Windows NT 10.0; Win64; x64) AppleWebKit/537.36 (KHTML, like Gecko) Chrome/131.0.0.0 Safari/537.36"
191.80.140.62 - - [12/Dec/2024:15:26:24 +0000] "POST /wp-admin/admin-ajax.php HTTP/1.1" 200 721 "http://aranda.devuocloud.com/et_footer_layout/theme-builder-layout/?et_fb=1&PageSpeed=off&et_tb=1" "Mozilla/5.0 (Windows NT 10.0; Win64; x64) AppleWebKit/537.36 (KHTML, like Gecko) Chrome/131.0.0.0 Safari/537.36"
146.190.157.162 - - [12/Dec/2024:15:27:04 +0000] "POST /wp-cron.php?doing_wp_cron=1734017224.7189199924468994140625 HTTP/1.1" 200 259 "-" "WordPress/6.7.1; http://aranda.devuocloud.com"
191.80.140.62 - - [12/Dec/2024:15:27:04 +0000] "POST /wp-admin/admin-ajax.php HTTP/1.1" 200 604 "http://aranda.devuocloud.com/wp-admin/admin.php?page=et_theme_builder" "Mozilla/5.0 (Windows NT 10.0; Win64; x64) AppleWebKit/537.36 (KHTML, like Gecko) Chrome/131.0.0.0 Safari/537.36"
191.80.140.62 - - [12/Dec/2024:15:27:24 +0000] "POST /wp-admin/admin-ajax.php HTTP/1.1" 200 801 "http://aranda.devuocloud.com/et_footer_layout/theme-builder-layout/?et_fb=1&PageSpeed=off&et_tb=1" "Mozilla/5.0 (Windows NT 10.0; Win64; x64) AppleWebKit/537.36 (KHTML, like Gecko) Chrome/131.0.0.0 Safari/537.36"
191.80.140.62 - - [12/Dec/2024:15:27:25 +0000] "POST /wp-admin/admin-ajax.php HTTP/1.1" 200 810 "http://aranda.devuocloud.com/et_footer_layout/theme-builder-layout/?et_fb=1&PageSpeed=off&et_tb=1" "Mozilla/5.0 (Windows NT 10.0; Win64; x64) AppleWebKit/537.36 (KHTML, like Gecko) Chrome/131.0.0.0 Safari/537.36"
146.190.157.162 - - [12/Dec/2024:15:28:05 +0000] "POST /wp-cron.php?doing_wp_cron=1734017285.5103459358215332031250 HTTP/1.1" 200 259 "-" "WordPress/6.7.1; http://aranda.devuocloud.com"
191.80.140.62 - - [12/Dec/2024:15:28:05 +0000] "POST /wp-admin/admin-ajax.php HTTP/1.1" 200 604 "http://aranda.devuocloud.com/wp-admin/admin.php?page=et_theme_builder" "Mozilla/5.0 (Windows NT 10.0; Win64; x64) AppleWebKit/537.36 (KHTML, like Gecko) Chrome/131.0.0.0 Safari/537.36"
191.80.140.62 - - [12/Dec/2024:15:28:25 +0000] "POST /wp-admin/admin-ajax.php HTTP/1.1" 200 981 "http://aranda.devuocloud.com/et_footer_layout/theme-builder-layout/?et_fb=1&PageSpeed=off&et_tb=1" "Mozilla/5.0 (Windows NT 10.0; Win64; x64) AppleWebKit/537.36 (KHTML, like Gecko) Chrome/131.0.0.0 Safari/537.36"
191.80.140.62 - - [12/Dec/2024:15:28:31 +0000] "POST /wp-admin/admin-ajax.php HTTP/1.1" 200 799 "http://aranda.devuocloud.com/et_footer_layout/theme-builder-layout/?et_fb=1&PageSpeed=off&et_tb=1" "Mozilla/5.0 (Windows NT 10.0; Win64; x64) AppleWebKit/537.36 (KHTML, like Gecko) Chrome/131.0.0.0 Safari/537.36"
146.190.157.162 - - [12/Dec/2024:15:29:05 +0000] "POST /wp-cron.php?doing_wp_cron=1734017345.6945579051971435546875 HTTP/1.1" 200 259 "-" "WordPress/6.7.1; http://aranda.devuocloud.com"
191.80.140.62 - - [12/Dec/2024:15:29:05 +0000] "POST /wp-admin/admin-ajax.php HTTP/1.1" 200 604 "http://aranda.devuocloud.com/wp-admin/admin.php?page=et_theme_builder" "Mozilla/5.0 (Windows NT 10.0; Win64; x64) AppleWebKit/537.36 (KHTML, like Gecko) Chrome/131.0.0.0 Safari/537.36"
191.80.140.62 - - [12/Dec/2024:15:29:23 +0000] "POST /wp-admin/admin-ajax.php HTTP/1.1" 200 114103 "http://aranda.devuocloud.com/wp-admin/admin.php?page=et_theme_builder" "Mozilla/5.0 (Windows NT 10.0; Win64; x64) AppleWebKit/537.36 (KHTML, like Gecko) Chrome/131.0.0.0 Safari/537.36"
191.80.140.62 - - [12/Dec/2024:15:29:24 +0000] "GET /wp-content/uploads/2024/12/table-3311791_1920-300x200.jpg HTTP/1.1" 304 249 "http://aranda.devuocloud.com/wp-admin/admin.php?page=et_theme_builder" "Mozilla/5.0 (Windows NT 10.0; Win64; x64) AppleWebKit/537.36 (KHTML, like Gecko) Chrome/131.0.0.0 Safari/537.36"
191.80.140.62 - - [12/Dec/2024:15:29:24 +0000] "GET /wp-content/uploads/2024/12/Logo-vertical-150x150.png HTTP/1.1" 304 249 "http://aranda.devuocloud.com/wp-admin/admin.php?page=et_theme_builder" "Mozilla/5.0 (Windows NT 10.0; Win64; x64) AppleWebKit/537.36 (KHTML, like Gecko) Chrome/131.0.0.0 Safari/537.36"
191.80.140.62 - - [12/Dec/2024:15:29:24 +0000] "GET /wp-content/uploads/2024/12/architect-254579_1920-300x199.jpg HTTP/1.1" 304 250 "http://aranda.devuocloud.com/wp-admin/admin.php?page=et_theme_builder" "Mozilla/5.0 (Windows NT 10.0; Win64; x64) AppleWebKit/537.36 (KHTML, like Gecko) Chrome/131.0.0.0 Safari/537.36"
191.80.140.62 - - [12/Dec/2024:15:29:24 +0000] "GET /wp-content/uploads/2024/12/Logo-300x96.png HTTP/1.1" 304 250 "http://aranda.devuocloud.com/wp-admin/admin.php?page=et_theme_builder" "Mozilla/5.0 (Windows NT 10.0; Win64; x64) AppleWebKit/537.36 (KHTML, like Gecko) Chrome/131.0.0.0 Safari/537.36"
191.80.140.62 - - [12/Dec/2024:15:29:24 +0000] "GET /wp-content/uploads/2024/12/3d-300x172.jpg HTTP/1.1" 304 250 "http://aranda.devuocloud.com/wp-admin/admin.php?page=et_theme_builder" "Mozilla/5.0 (Windows NT 10.0; Win64; x64) AppleWebKit/537.36 (KHTML, like Gecko) Chrome/131.0.0.0 Safari/537.36"
191.80.140.62 - - [12/Dec/2024:15:29:24 +0000] "GET /wp-content/uploads/2024/12/cedula-300x172.jpg HTTP/1.1" 304 250 "http://aranda.devuocloud.com/wp-admin/admin.php?page=et_theme_builder" "Mozilla/5.0 (Windows NT 10.0; Win64; x64) AppleWebKit/537.36 (KHTML, like Gecko) Chrome/131.0.0.0 Safari/537.36"
191.80.140.62 - - [12/Dec/2024:15:29:24 +0000] "GET /wp-content/uploads/2024/12/Logo-blanco-300x96.png HTTP/1.1" 304 250 "http://aranda.devuocloud.com/wp-admin/admin.php?page=et_theme_builder" "Mozilla/5.0 (Windows NT 10.0; Win64; x64) AppleWebKit/537.36 (KHTML, like Gecko) Chrome/131.0.0.0 Safari/537.36"
191.80.140.62 - - [12/Dec/2024:15:29:25 +0000] "GET /wp-content/uploads/2024/12/plan-300x172.jpg HTTP/1.1" 304 249 "http://aranda.devuocloud.com/wp-admin/admin.php?page=et_theme_builder" "Mozilla/5.0 (Windows NT 10.0; Win64; x64) AppleWebKit/537.36 (KHTML, like Gecko) Chrome/131.0.0.0 Safari/537.36"
191.80.140.62 - - [12/Dec/2024:15:29:25 +0000] "GET /wp-content/uploads/2024/12/certificado_energetico-300x172.png HTTP/1.1" 304 250 "http://aranda.devuocloud.com/wp-admin/admin.php?page=et_theme_builder" "Mozilla/5.0 (Windows NT 10.0; Win64; x64) AppleWebKit/537.36 (KHTML, like Gecko) Chrome/131.0.0.0 Safari/537.36"
191.80.140.62 - - [12/Dec/2024:15:29:25 +0000] "GET /wp-content/uploads/2024/12/kit_digital-1024x61-1-300x18.png HTTP/1.1" 304 249 "http://aranda.devuocloud.com/wp-admin/admin.php?page=et_theme_builder" "Mozilla/5.0 (Windows NT 10.0; Win64; x64) AppleWebKit/537.36 (KHTML, like Gecko) Chrome/131.0.0.0 Safari/537.36"
191.80.140.62 - - [12/Dec/2024:15:29:25 +0000] "GET /wp-content/uploads/2024/12/Logo-vertical-blanco-150x150.png HTTP/1.1" 304 249 "http://aranda.devuocloud.com/wp-admin/admin.php?page=et_theme_builder" "Mozilla/5.0 (Windows NT 10.0; Win64; x64) AppleWebKit/537.36 (KHTML, like Gecko) Chrome/131.0.0.0 Safari/537.36"
191.80.140.62 - - [12/Dec/2024:15:29:25 +0000] "GET /wp-content/uploads/2024/12/tasacion-300x202.jpg HTTP/1.1" 304 249 "http://aranda.devuocloud.com/wp-admin/admin.php?page=et_theme_builder" "Mozilla/5.0 (Windows NT 10.0; Win64; x64) AppleWebKit/537.36 (KHTML, like Gecko) Chrome/131.0.0.0 Safari/537.36"
191.80.140.62 - - [12/Dec/2024:15:29:25 +0000] "GET /wp-content/uploads/2024/12/favicon-300x300.jpg HTTP/1.1" 304 249 "http://aranda.devuocloud.com/wp-admin/admin.php?page=et_theme_builder" "Mozilla/5.0 (Windows NT 10.0; Win64; x64) AppleWebKit/537.36 (KHTML, like Gecko) Chrome/131.0.0.0 Safari/537.36"
191.80.140.62 - - [12/Dec/2024:15:29:25 +0000] "GET /wp-content/uploads/2024/12/ite-300x172.jpg HTTP/1.1" 304 249 "http://aranda.devuocloud.com/wp-admin/admin.php?page=et_theme_builder" "Mozilla/5.0 (Windows NT 10.0; Win64; x64) AppleWebKit/537.36 (KHTML, like Gecko) Chrome/131.0.0.0 Safari/537.36"
191.80.140.62 - - [12/Dec/2024:15:29:25 +0000] "GET /wp-content/uploads/2024/12/planning-3536753_1920-300x200.jpg HTTP/1.1" 304 249 "http://aranda.devuocloud.com/wp-admin/admin.php?page=et_theme_builder" "Mozilla/5.0 (Windows NT 10.0; Win64; x64) AppleWebKit/537.36 (KHTML, like Gecko) Chrome/131.0.0.0 Safari/537.36"
191.80.140.62 - - [12/Dec/2024:15:29:25 +0000] "GET /wp-content/uploads/2024/12/meeting-2284501_1920-300x188.jpg HTTP/1.1" 304 249 "http://aranda.devuocloud.com/wp-admin/admin.php?page=et_theme_builder" "Mozilla/5.0 (Windows NT 10.0; Win64; x64) AppleWebKit/537.36 (KHTML, like Gecko) Chrome/131.0.0.0 Safari/537.36"
191.80.140.62 - - [12/Dec/2024:15:29:25 +0000] "GET /wp-content/uploads/2024/12/business-2717427_1920-300x200.jpg HTTP/1.1" 304 249 "http://aranda.devuocloud.com/wp-admin/admin.php?page=et_theme_builder" "Mozilla/5.0 (Windows NT 10.0; Win64; x64) AppleWebKit/537.36 (KHTML, like Gecko) Chrome/131.0.0.0 Safari/537.36"
191.80.140.62 - - [12/Dec/2024:15:29:25 +0000] "GET /wp-content/uploads/2024/12/building-6848037_1920-300x200.jpg HTTP/1.1" 304 249 "http://aranda.devuocloud.com/wp-admin/admin.php?page=et_theme_builder" "Mozilla/5.0 (Windows NT 10.0; Win64; x64) AppleWebKit/537.36 (KHTML, like Gecko) Chrome/131.0.0.0 Safari/537.36"
191.80.140.62 - - [12/Dec/2024:15:29:25 +0000] "GET /wp-content/uploads/2024/12/architect-1073607_1920-300x223.jpg HTTP/1.1" 304 249 "http://aranda.devuocloud.com/wp-admin/admin.php?page=et_theme_builder" "Mozilla/5.0 (Windows NT 10.0; Win64; x64) AppleWebKit/537.36 (KHTML, like Gecko) Chrome/131.0.0.0 Safari/537.36"
191.80.140.62 - - [12/Dec/2024:15:29:28 +0000] "GET /wp-content/uploads/2024/12/Logo-vertical.png HTTP/1.1" 200 6204 "http://aranda.devuocloud.com/et_footer_layout/theme-builder-layout/?et_fb=1&PageSpeed=off&et_tb=1" "Mozilla/5.0 (Windows NT 10.0; Win64; x64) AppleWebKit/537.36 (KHTML, like Gecko) Chrome/131.0.0.0 Safari/537.36"
191.80.140.62 - - [12/Dec/2024:15:29:31 +0000] "POST /wp-admin/admin-ajax.php HTTP/1.1" 200 980 "http://aranda.devuocloud.com/et_footer_layout/theme-builder-layout/?et_fb=1&PageSpeed=off&et_tb=1" "Mozilla/5.0 (Windows NT 10.0; Win64; x64) AppleWebKit/537.36 (KHTML, like Gecko) Chrome/131.0.0.0 Safari/537.36"
191.80.140.62 - - [12/Dec/2024:15:29:52 +0000] "POST /wp-admin/admin-ajax.php HTTP/1.1" 200 114103 "http://aranda.devuocloud.com/wp-admin/admin.php?page=et_theme_builder" "Mozilla/5.0 (Windows NT 10.0; Win64; x64) AppleWebKit/537.36 (KHTML, like Gecko) Chrome/131.0.0.0 Safari/537.36"
191.80.140.62 - - [12/Dec/2024:15:29:55 +0000] "GET /wp-content/uploads/2024/12/Logo-vertical-blanco.png HTTP/1.1" 200 6049 "http://aranda.devuocloud.com/et_footer_layout/theme-builder-layout/?et_fb=1&PageSpeed=off&et_tb=1" "Mozilla/5.0 (Windows NT 10.0; Win64; x64) AppleWebKit/537.36 (KHTML, like Gecko) Chrome/131.0.0.0 Safari/537.36"
146.190.157.162 - - [12/Dec/2024:15:29:58 +0000] "POST /wp-cron.php?doing_wp_cron=1734017398.8832850456237792968750 HTTP/1.1" 200 259 "-" "WordPress/6.7.1; http://aranda.devuocloud.com"
191.80.140.62 - - [12/Dec/2024:15:29:58 +0000] "POST /wp-admin/admin-ajax.php HTTP/1.1" 200 114102 "http://aranda.devuocloud.com/wp-admin/admin.php?page=et_theme_builder" "Mozilla/5.0 (Windows NT 10.0; Win64; x64) AppleWebKit/537.36 (KHTML, like Gecko) Chrome/131.0.0.0 Safari/537.36"
191.80.140.62 - - [12/Dec/2024:15:30:05 +0000] "POST /wp-admin/admin-ajax.php HTTP/1.1" 200 604 "http://aranda.devuocloud.com/wp-admin/admin.php?page=et_theme_builder" "Mozilla/5.0 (Windows NT 10.0; Win64; x64) AppleWebKit/537.36 (KHTML, like Gecko) Chrome/131.0.0.0 Safari/537.36"
191.80.140.62 - - [12/Dec/2024:15:30:31 +0000] "POST /wp-admin/admin-ajax.php HTTP/1.1" 200 981 "http://aranda.devuocloud.com/et_footer_layout/theme-builder-layout/?et_fb=1&PageSpeed=off&et_tb=1" "Mozilla/5.0 (Windows NT 10.0; Win64; x64) AppleWebKit/537.36 (KHTML, like Gecko) Chrome/131.0.0.0 Safari/537.36"
146.190.157.162 - - [12/Dec/2024:15:31:05 +0000] "POST /wp-cron.php?doing_wp_cron=1734017465.7062969207763671875000 HTTP/1.1" 200 259 "-" "WordPress/6.7.1; http://aranda.devuocloud.com"
191.80.140.62 - - [12/Dec/2024:15:31:05 +0000] "POST /wp-admin/admin-ajax.php HTTP/1.1" 200 604 "http://aranda.devuocloud.com/wp-admin/admin.php?page=et_theme_builder" "Mozilla/5.0 (Windows NT 10.0; Win64; x64) AppleWebKit/537.36 (KHTML, like Gecko) Chrome/131.0.0.0 Safari/537.36"
191.80.140.62 - - [12/Dec/2024:15:31:31 +0000] "POST /wp-admin/admin-ajax.php HTTP/1.1" 200 981 "http://aranda.devuocloud.com/et_footer_layout/theme-builder-layout/?et_fb=1&PageSpeed=off&et_tb=1" "Mozilla/5.0 (Windows NT 10.0; Win64; x64) AppleWebKit/537.36 (KHTML, like Gecko) Chrome/131.0.0.0 Safari/537.36"
191.80.140.62 - - [12/Dec/2024:15:31:39 +0000] "POST /wp-admin/admin-ajax.php HTTP/1.1" 200 811 "http://aranda.devuocloud.com/et_footer_layout/theme-builder-layout/?et_fb=1&PageSpeed=off&et_tb=1" "Mozilla/5.0 (Windows NT 10.0; Win64; x64) AppleWebKit/537.36 (KHTML, like Gecko) Chrome/131.0.0.0 Safari/537.36"
146.190.157.162 - - [12/Dec/2024:15:32:05 +0000] "POST /wp-cron.php?doing_wp_cron=1734017525.5813140869140625000000 HTTP/1.1" 200 259 "-" "WordPress/6.7.1; http://aranda.devuocloud.com"
191.80.140.62 - - [12/Dec/2024:15:32:05 +0000] "POST /wp-admin/admin-ajax.php HTTP/1.1" 200 604 "http://aranda.devuocloud.com/wp-admin/admin.php?page=et_theme_builder" "Mozilla/5.0 (Windows NT 10.0; Win64; x64) AppleWebKit/537.36 (KHTML, like Gecko) Chrome/131.0.0.0 Safari/537.36"
191.80.140.62 - - [12/Dec/2024:15:32:07 +0000] "POST /wp-admin/admin-ajax.php HTTP/1.1" 200 799 "http://aranda.devuocloud.com/et_footer_layout/theme-builder-layout/?et_fb=1&PageSpeed=off&et_tb=1" "Mozilla/5.0 (Windows NT 10.0; Win64; x64) AppleWebKit/537.36 (KHTML, like Gecko) Chrome/131.0.0.0 Safari/537.36"
191.80.140.62 - - [12/Dec/2024:15:32:35 +0000] "POST /wp-admin/admin-ajax.php HTTP/1.1" 200 800 "http://aranda.devuocloud.com/et_footer_layout/theme-builder-layout/?et_fb=1&PageSpeed=off&et_tb=1" "Mozilla/5.0 (Windows NT 10.0; Win64; x64) AppleWebKit/537.36 (KHTML, like Gecko) Chrome/131.0.0.0 Safari/537.36"
146.190.157.162 - - [12/Dec/2024:15:32:55 +0000] "POST /wp-cron.php?doing_wp_cron=1734017575.8035559654235839843750 HTTP/1.1" 200 259 "-" "WordPress/6.7.1; http://aranda.devuocloud.com"
191.80.140.62 - - [12/Dec/2024:15:32:55 +0000] "POST /wp-admin/admin-ajax.php HTTP/1.1" 200 765 "http://aranda.devuocloud.com/et_footer_layout/theme-builder-layout/?et_fb=1&PageSpeed=off&et_tb=1" "Mozilla/5.0 (Windows NT 10.0; Win64; x64) AppleWebKit/537.36 (KHTML, like Gecko) Chrome/131.0.0.0 Safari/537.36"
191.80.140.62 - - [12/Dec/2024:15:32:59 +0000] "POST /wp-admin/admin-ajax.php HTTP/1.1" 200 114102 "http://aranda.devuocloud.com/wp-admin/admin.php?page=et_theme_builder" "Mozilla/5.0 (Windows NT 10.0; Win64; x64) AppleWebKit/537.36 (KHTML, like Gecko) Chrome/131.0.0.0 Safari/537.36"
191.80.140.62 - - [12/Dec/2024:15:33:03 +0000] "GET /wp-content/uploads/2024/12/kit_digital-1024x61-1.png HTTP/1.1" 200 62991 "http://aranda.devuocloud.com/et_footer_layout/theme-builder-layout/?et_fb=1&PageSpeed=off&et_tb=1" "Mozilla/5.0 (Windows NT 10.0; Win64; x64) AppleWebKit/537.36 (KHTML, like Gecko) Chrome/131.0.0.0 Safari/537.36"
191.80.140.62 - - [12/Dec/2024:15:33:04 +0000] "POST /wp-admin/admin-ajax.php HTTP/1.1" 200 603 "http://aranda.devuocloud.com/wp-admin/admin.php?page=et_theme_builder" "Mozilla/5.0 (Windows NT 10.0; Win64; x64) AppleWebKit/537.36 (KHTML, like Gecko) Chrome/131.0.0.0 Safari/537.36"
191.80.140.62 - - [12/Dec/2024:15:33:08 +0000] "POST /wp-admin/admin-ajax.php HTTP/1.1" 200 810 "http://aranda.devuocloud.com/et_footer_layout/theme-builder-layout/?et_fb=1&PageSpeed=off&et_tb=1" "Mozilla/5.0 (Windows NT 10.0; Win64; x64) AppleWebKit/537.36 (KHTML, like Gecko) Chrome/131.0.0.0 Safari/537.36"
191.80.140.62 - - [12/Dec/2024:15:33:48 +0000] "GET /wp-content/themes/Divi/includes/builder/images/no-color.png HTTP/1.1" 200 3687 "http://aranda.devuocloud.com/wp-admin/admin.php?page=et_theme_builder" "Mozilla/5.0 (Windows NT 10.0; Win64; x64) AppleWebKit/537.36 (KHTML, like Gecko) Chrome/131.0.0.0 Safari/537.36"
146.190.157.162 - - [12/Dec/2024:15:34:01 +0000] "POST /wp-cron.php?doing_wp_cron=1734017641.9282770156860351562500 HTTP/1.1" 200 259 "-" "WordPress/6.7.1; http://aranda.devuocloud.com"
191.80.140.62 - - [12/Dec/2024:15:34:01 +0000] "POST /wp-admin/admin-ajax.php HTTP/1.1" 200 574 "http://aranda.devuocloud.com/et_footer_layout/theme-builder-layout/?et_fb=1&PageSpeed=off&et_tb=1" "Mozilla/5.0 (Windows NT 10.0; Win64; x64) AppleWebKit/537.36 (KHTML, like Gecko) Chrome/131.0.0.0 Safari/537.36"
191.80.140.62 - - [12/Dec/2024:15:34:06 +0000] "POST /wp-admin/admin-ajax.php HTTP/1.1" 200 603 "http://aranda.devuocloud.com/wp-admin/admin.php?page=et_theme_builder" "Mozilla/5.0 (Windows NT 10.0; Win64; x64) AppleWebKit/537.36 (KHTML, like Gecko) Chrome/131.0.0.0 Safari/537.36"
191.80.140.62 - - [12/Dec/2024:15:34:08 +0000] "POST /wp-admin/admin-ajax.php HTTP/1.1" 200 980 "http://aranda.devuocloud.com/et_footer_layout/theme-builder-layout/?et_fb=1&PageSpeed=off&et_tb=1" "Mozilla/5.0 (Windows NT 10.0; Win64; x64) AppleWebKit/537.36 (KHTML, like Gecko) Chrome/131.0.0.0 Safari/537.36"
191.80.140.62 - - [12/Dec/2024:15:34:21 +0000] "POST /wp-admin/admin-ajax.php HTTP/1.1" 200 648 "http://aranda.devuocloud.com/et_footer_layout/theme-builder-layout/?et_fb=1&PageSpeed=off&et_tb=1" "Mozilla/5.0 (Windows NT 10.0; Win64; x64) AppleWebKit/537.36 (KHTML, like Gecko) Chrome/131.0.0.0 Safari/537.36"
146.190.157.162 - - [12/Dec/2024:15:35:02 +0000] "POST /wp-cron.php?doing_wp_cron=1734017702.2218449115753173828125 HTTP/1.1" 200 259 "-" "WordPress/6.7.1; http://aranda.devuocloud.com"
191.80.140.62 - - [12/Dec/2024:15:35:00 +0000] "POST /wp-admin/admin-ajax.php HTTP/1.1" 200 648 "http://aranda.devuocloud.com/et_footer_layout/theme-builder-layout/?et_fb=1&PageSpeed=off&et_tb=1" "Mozilla/5.0 (Windows NT 10.0; Win64; x64) AppleWebKit/537.36 (KHTML, like Gecko) Chrome/131.0.0.0 Safari/537.36"
191.80.140.62 - - [12/Dec/2024:15:35:04 +0000] "POST /wp-admin/admin-ajax.php HTTP/1.1" 200 603 "http://aranda.devuocloud.com/wp-admin/admin.php?page=et_theme_builder" "Mozilla/5.0 (Windows NT 10.0; Win64; x64) AppleWebKit/537.36 (KHTML, like Gecko) Chrome/131.0.0.0 Safari/537.36"
191.80.140.62 - - [12/Dec/2024:15:35:08 +0000] "POST /wp-admin/admin-ajax.php HTTP/1.1" 200 980 "http://aranda.devuocloud.com/et_footer_layout/theme-builder-layout/?et_fb=1&PageSpeed=off&et_tb=1" "Mozilla/5.0 (Windows NT 10.0; Win64; x64) AppleWebKit/537.36 (KHTML, like Gecko) Chrome/131.0.0.0 Safari/537.36"
146.190.157.162 - - [12/Dec/2024:15:36:05 +0000] "POST /wp-cron.php?doing_wp_cron=1734017765.6291170120239257812500 HTTP/1.1" 200 259 "-" "WordPress/6.7.1; http://aranda.devuocloud.com"
191.80.140.62 - - [12/Dec/2024:15:36:05 +0000] "POST /wp-admin/admin-ajax.php HTTP/1.1" 200 604 "http://aranda.devuocloud.com/wp-admin/admin.php?page=et_theme_builder" "Mozilla/5.0 (Windows NT 10.0; Win64; x64) AppleWebKit/537.36 (KHTML, like Gecko) Chrome/131.0.0.0 Safari/537.36"
191.80.140.62 - - [12/Dec/2024:15:36:08 +0000] "POST /wp-admin/admin-ajax.php HTTP/1.1" 200 980 "http://aranda.devuocloud.com/et_footer_layout/theme-builder-layout/?et_fb=1&PageSpeed=off&et_tb=1" "Mozilla/5.0 (Windows NT 10.0; Win64; x64) AppleWebKit/537.36 (KHTML, like Gecko) Chrome/131.0.0.0 Safari/537.36"
146.190.157.162 - - [12/Dec/2024:15:37:05 +0000] "POST /wp-cron.php?doing_wp_cron=1734017825.6026489734649658203125 HTTP/1.1" 200 259 "-" "WordPress/6.7.1; http://aranda.devuocloud.com"
191.80.140.62 - - [12/Dec/2024:15:37:05 +0000] "POST /wp-admin/admin-ajax.php HTTP/1.1" 200 604 "http://aranda.devuocloud.com/wp-admin/admin.php?page=et_theme_builder" "Mozilla/5.0 (Windows NT 10.0; Win64; x64) AppleWebKit/537.36 (KHTML, like Gecko) Chrome/131.0.0.0 Safari/537.36"
191.80.140.62 - - [12/Dec/2024:15:37:08 +0000] "POST /wp-admin/admin-ajax.php HTTP/1.1" 200 980 "http://aranda.devuocloud.com/et_footer_layout/theme-builder-layout/?et_fb=1&PageSpeed=off&et_tb=1" "Mozilla/5.0 (Windows NT 10.0; Win64; x64) AppleWebKit/537.36 (KHTML, like Gecko) Chrome/131.0.0.0 Safari/537.36"
191.80.140.62 - - [12/Dec/2024:15:37:36 +0000] "POST /wp-admin/admin-ajax.php HTTP/1.1" 200 811 "http://aranda.devuocloud.com/et_footer_layout/theme-builder-layout/?et_fb=1&PageSpeed=off&et_tb=1" "Mozilla/5.0 (Windows NT 10.0; Win64; x64) AppleWebKit/537.36 (KHTML, like Gecko) Chrome/131.0.0.0 Safari/537.36"
146.190.157.162 - - [12/Dec/2024:15:38:05 +0000] "POST /wp-cron.php?doing_wp_cron=1734017885.5377249717712402343750 HTTP/1.1" 200 259 "-" "WordPress/6.7.1; http://aranda.devuocloud.com"
191.80.140.62 - - [12/Dec/2024:15:38:05 +0000] "POST /wp-admin/admin-ajax.php HTTP/1.1" 200 604 "http://aranda.devuocloud.com/wp-admin/admin.php?page=et_theme_builder" "Mozilla/5.0 (Windows NT 10.0; Win64; x64) AppleWebKit/537.36 (KHTML, like Gecko) Chrome/131.0.0.0 Safari/537.36"
191.80.140.62 - - [12/Dec/2024:15:38:15 +0000] "POST /wp-admin/admin-ajax.php HTTP/1.1" 200 648 "http://aranda.devuocloud.com/et_footer_layout/theme-builder-layout/?et_fb=1&PageSpeed=off&et_tb=1" "Mozilla/5.0 (Windows NT 10.0; Win64; x64) AppleWebKit/537.36 (KHTML, like Gecko) Chrome/131.0.0.0 Safari/537.36"
191.80.140.62 - - [12/Dec/2024:15:38:36 +0000] "POST /wp-admin/admin-ajax.php HTTP/1.1" 200 981 "http://aranda.devuocloud.com/et_footer_layout/theme-builder-layout/?et_fb=1&PageSpeed=off&et_tb=1" "Mozilla/5.0 (Windows NT 10.0; Win64; x64) AppleWebKit/537.36 (KHTML, like Gecko) Chrome/131.0.0.0 Safari/537.36"
191.80.140.62 - - [12/Dec/2024:15:38:40 +0000] "POST /wp-admin/admin-ajax.php HTTP/1.1" 200 647 "http://aranda.devuocloud.com/et_footer_layout/theme-builder-layout/?et_fb=1&PageSpeed=off&et_tb=1" "Mozilla/5.0 (Windows NT 10.0; Win64; x64) AppleWebKit/537.36 (KHTML, like Gecko) Chrome/131.0.0.0 Safari/537.36"
146.190.157.162 - - [12/Dec/2024:15:39:01 +0000] "POST /wp-cron.php?doing_wp_cron=1734017941.2628860473632812500000 HTTP/1.1" 200 259 "-" "WordPress/6.7.1; http://aranda.devuocloud.com"
191.80.140.62 - - [12/Dec/2024:15:39:00 +0000] "POST /wp-admin/admin-ajax.php HTTP/1.1" 200 648 "http://aranda.devuocloud.com/et_footer_layout/theme-builder-layout/?et_fb=1&PageSpeed=off&et_tb=1" "Mozilla/5.0 (Windows NT 10.0; Win64; x64) AppleWebKit/537.36 (KHTML, like Gecko) Chrome/131.0.0.0 Safari/537.36"
191.80.140.62 - - [12/Dec/2024:15:39:04 +0000] "POST /wp-admin/admin-ajax.php HTTP/1.1" 200 603 "http://aranda.devuocloud.com/wp-admin/admin.php?page=et_theme_builder" "Mozilla/5.0 (Windows NT 10.0; Win64; x64) AppleWebKit/537.36 (KHTML, like Gecko) Chrome/131.0.0.0 Safari/537.36"
191.80.140.62 - - [12/Dec/2024:15:39:10 +0000] "POST /wp-admin/admin-ajax.php HTTP/1.1" 200 572 "http://aranda.devuocloud.com/et_footer_layout/theme-builder-layout/?et_fb=1&PageSpeed=off&et_tb=1" "Mozilla/5.0 (Windows NT 10.0; Win64; x64) AppleWebKit/537.36 (KHTML, like Gecko) Chrome/131.0.0.0 Safari/537.36"
191.80.140.62 - - [12/Dec/2024:15:39:10 +0000] "POST /wp-admin/admin-ajax.php HTTP/1.1" 200 5480 "http://aranda.devuocloud.com/wp-admin/admin.php?page=et_theme_builder" "Mozilla/5.0 (Windows NT 10.0; Win64; x64) AppleWebKit/537.36 (KHTML, like Gecko) Chrome/131.0.0.0 Safari/537.36"
191.80.140.62 - - [12/Dec/2024:15:39:11 +0000] "POST /wp-admin/admin-ajax.php HTTP/1.1" 200 697 "http://aranda.devuocloud.com/wp-admin/admin.php?page=et_theme_builder" "Mozilla/5.0 (Windows NT 10.0; Win64; x64) AppleWebKit/537.36 (KHTML, like Gecko) Chrome/131.0.0.0 Safari/537.36"
191.80.140.62 - - [12/Dec/2024:15:39:12 +0000] "GET /et_header_layout/theme-builder-layout/?et_fb=1&PageSpeed=off&et_tb=1 HTTP/1.1" 200 69616 "http://aranda.devuocloud.com/wp-admin/admin.php?page=et_theme_builder" "Mozilla/5.0 (Windows NT 10.0; Win64; x64) AppleWebKit/537.36 (KHTML, like Gecko) Chrome/131.0.0.0 Safari/537.36"
191.80.140.62 - - [12/Dec/2024:15:39:13 +0000] "GET /wp-content/et-cache/13/et-core-unified-cpt-vb-tb-for-13-13-17340179525561.min.css HTTP/1.1" 200 633 "http://aranda.devuocloud.com/et_header_layout/theme-builder-layout/?et_fb=1&PageSpeed=off&et_tb=1" "Mozilla/5.0 (Windows NT 10.0; Win64; x64) AppleWebKit/537.36 (KHTML, like Gecko) Chrome/131.0.0.0 Safari/537.36"
191.80.140.62 - - [12/Dec/2024:15:39:13 +0000] "GET /wp-content/et-cache/13/et-core-unified-vb-13-17340179525561.min.css HTTP/1.1" 200 2573 "http://aranda.devuocloud.com/et_header_layout/theme-builder-layout/?et_fb=1&PageSpeed=off&et_tb=1" "Mozilla/5.0 (Windows NT 10.0; Win64; x64) AppleWebKit/537.36 (KHTML, like Gecko) Chrome/131.0.0.0 Safari/537.36"
191.80.140.62 - - [12/Dec/2024:15:39:14 +0000] "GET /wp-content/et-cache/es_ES/helpers-page-17340165807986.js?ver=4.9.1 HTTP/1.1" 200 75412 "http://aranda.devuocloud.com/et_header_layout/theme-builder-layout/?et_fb=1&PageSpeed=off&et_tb=1" "Mozilla/5.0 (Windows NT 10.0; Win64; x64) AppleWebKit/537.36 (KHTML, like Gecko) Chrome/131.0.0.0 Safari/537.36"
191.80.140.62 - - [12/Dec/2024:15:39:14 +0000] "GET /wp-content/et-cache/es_ES/definitions-page-17340165809514.js?ver=4.9.1 HTTP/1.1" 200 205519 "http://aranda.devuocloud.com/et_header_layout/theme-builder-layout/?et_fb=1&PageSpeed=off&et_tb=1" "Mozilla/5.0 (Windows NT 10.0; Win64; x64) AppleWebKit/537.36 (KHTML, like Gecko) Chrome/131.0.0.0 Safari/537.36"
191.80.140.62 - - [12/Dec/2024:15:39:15 +0000] "GET /wp-content/uploads/2024/12/favicon-150x150.jpg HTTP/1.1" 304 248 "http://aranda.devuocloud.com/et_header_layout/theme-builder-layout/?et_fb=1&PageSpeed=off&et_tb=1" "Mozilla/5.0 (Windows NT 10.0; Win64; x64) AppleWebKit/537.36 (KHTML, like Gecko) Chrome/131.0.0.0 Safari/537.36"
191.80.140.62 - - [12/Dec/2024:15:39:15 +0000] "POST /wp-admin/admin-ajax.php HTTP/1.1" 200 603 "http://aranda.devuocloud.com/et_header_layout/theme-builder-layout/?et_fb=1&PageSpeed=off&et_tb=1" "Mozilla/5.0 (Windows NT 10.0; Win64; x64) AppleWebKit/537.36 (KHTML, like Gecko) Chrome/131.0.0.0 Safari/537.36"
191.80.140.62 - - [12/Dec/2024:15:39:16 +0000] "POST /wp-admin/admin-ajax.php?lang=es_ES HTTP/1.1" 200 755 "http://aranda.devuocloud.com/et_header_layout/theme-builder-layout/?et_fb=1&PageSpeed=off&et_tb=1" "Mozilla/5.0 (Windows NT 10.0; Win64; x64) AppleWebKit/537.36 (KHTML, like Gecko) Chrome/131.0.0.0 Safari/537.36"
191.80.140.62 - - [12/Dec/2024:15:39:19 +0000] "POST /wp-admin/admin-ajax.php HTTP/1.1" 200 919 "http://aranda.devuocloud.com/et_header_layout/theme-builder-layout/?et_fb=1&PageSpeed=off&et_tb=1" "Mozilla/5.0 (Windows NT 10.0; Win64; x64) AppleWebKit/537.36 (KHTML, like Gecko) Chrome/131.0.0.0 Safari/537.36"
191.80.140.62 - - [12/Dec/2024:15:39:36 +0000] "POST /wp-admin/admin-ajax.php HTTP/1.1" 200 811 "http://aranda.devuocloud.com/et_header_layout/theme-builder-layout/?et_fb=1&PageSpeed=off&et_tb=1" "Mozilla/5.0 (Windows NT 10.0; Win64; x64) AppleWebKit/537.36 (KHTML, like Gecko) Chrome/131.0.0.0 Safari/537.36"
191.80.140.62 - - [12/Dec/2024:15:39:40 +0000] "POST /wp-admin/admin-ajax.php HTTP/1.1" 200 114102 "http://aranda.devuocloud.com/wp-admin/admin.php?page=et_theme_builder" "Mozilla/5.0 (Windows NT 10.0; Win64; x64) AppleWebKit/537.36 (KHTML, like Gecko) Chrome/131.0.0.0 Safari/537.36"
191.80.140.62 - - [12/Dec/2024:15:39:47 +0000] "GET /wp-content/uploads/2024/12/Logo.png HTTP/1.1" 200 7908 "http://aranda.devuocloud.com/et_header_layout/theme-builder-layout/?et_fb=1&PageSpeed=off&et_tb=1" "Mozilla/5.0 (Windows NT 10.0; Win64; x64) AppleWebKit/537.36 (KHTML, like Gecko) Chrome/131.0.0.0 Safari/537.36"
146.190.157.162 - - [12/Dec/2024:15:39:54 +0000] "POST /wp-cron.php?doing_wp_cron=1734017994.7729220390319824218750 HTTP/1.1" 200 259 "-" "WordPress/6.7.1; http://aranda.devuocloud.com"
191.80.140.62 - - [12/Dec/2024:15:39:50 +0000] "POST /wp-admin/admin-ajax.php HTTP/1.1" 200 647 "http://aranda.devuocloud.com/et_header_layout/theme-builder-layout/?et_fb=1&PageSpeed=off&et_tb=1" "Mozilla/5.0 (Windows NT 10.0; Win64; x64) AppleWebKit/537.36 (KHTML, like Gecko) Chrome/131.0.0.0 Safari/537.36"
191.80.140.62 - - [12/Dec/2024:15:40:03 +0000] "GET / HTTP/1.1" 200 21953 "http://aranda.devuocloud.com/wp-admin/upload.php" "Mozilla/5.0 (Windows NT 10.0; Win64; x64) AppleWebKit/537.36 (KHTML, like Gecko) Chrome/131.0.0.0 Safari/537.36"
191.80.140.62 - - [12/Dec/2024:15:40:05 +0000] "POST /wp-admin/admin-ajax.php HTTP/1.1" 200 603 "http://aranda.devuocloud.com/wp-admin/admin.php?page=et_theme_builder" "Mozilla/5.0 (Windows NT 10.0; Win64; x64) AppleWebKit/537.36 (KHTML, like Gecko) Chrome/131.0.0.0 Safari/537.36"
191.80.140.62 - - [12/Dec/2024:15:40:06 +0000] "GET /wp-content/uploads/2024/12/kit_digital-1024x61-1.png HTTP/1.1" 304 250 "http://aranda.devuocloud.com/" "Mozilla/5.0 (Windows NT 10.0; Win64; x64) AppleWebKit/537.36 (KHTML, like Gecko) Chrome/131.0.0.0 Safari/537.36"
191.80.140.62 - - [12/Dec/2024:15:40:06 +0000] "GET /wp-content/uploads/2024/12/Logo-vertical.png HTTP/1.1" 304 250 "http://aranda.devuocloud.com/" "Mozilla/5.0 (Windows NT 10.0; Win64; x64) AppleWebKit/537.36 (KHTML, like Gecko) Chrome/131.0.0.0 Safari/537.36"
191.80.140.62 - - [12/Dec/2024:15:40:06 +0000] "GET /wp-json/contact-form-7/v1/contact-forms/179/feedback/schema HTTP/1.1" 200 1983 "http://aranda.devuocloud.com/" "Mozilla/5.0 (Windows NT 10.0; Win64; x64) AppleWebKit/537.36 (KHTML, like Gecko) Chrome/131.0.0.0 Safari/537.36"
191.80.140.62 - - [12/Dec/2024:15:40:36 +0000] "POST /wp-admin/admin-ajax.php HTTP/1.1" 200 981 "http://aranda.devuocloud.com/et_header_layout/theme-builder-layout/?et_fb=1&PageSpeed=off&et_tb=1" "Mozilla/5.0 (Windows NT 10.0; Win64; x64) AppleWebKit/537.36 (KHTML, like Gecko) Chrome/131.0.0.0 Safari/537.36"
191.80.140.62 - - [12/Dec/2024:15:40:49 +0000] "POST /wp-admin/admin-ajax.php HTTP/1.1" 200 648 "http://aranda.devuocloud.com/et_header_layout/theme-builder-layout/?et_fb=1&PageSpeed=off&et_tb=1" "Mozilla/5.0 (Windows NT 10.0; Win64; x64) AppleWebKit/537.36 (KHTML, like Gecko) Chrome/131.0.0.0 Safari/537.36"
146.190.157.162 - - [12/Dec/2024:15:40:54 +0000] "POST /wp-cron.php?doing_wp_cron=1734018054.1959300041198730468750 HTTP/1.1" 200 259 "-" "WordPress/6.7.1; http://aranda.devuocloud.com"
191.80.140.62 - - [12/Dec/2024:15:40:53 +0000] "POST /wp-admin/admin-ajax.php HTTP/1.1" 200 572 "http://aranda.devuocloud.com/et_header_layout/theme-builder-layout/?et_fb=1&PageSpeed=off&et_tb=1" "Mozilla/5.0 (Windows NT 10.0; Win64; x64) AppleWebKit/537.36 (KHTML, like Gecko) Chrome/131.0.0.0 Safari/537.36"
146.190.157.162 - - [12/Dec/2024:15:40:54 +0000] "POST /wp-cron.php?doing_wp_cron=1734018054.7457869052886962890625 HTTP/1.1" 200 259 "-" "WordPress/6.7.1; http://aranda.devuocloud.com"
191.80.140.62 - - [12/Dec/2024:15:40:53 +0000] "POST /wp-admin/admin-ajax.php HTTP/1.1" 200 5480 "http://aranda.devuocloud.com/wp-admin/admin.php?page=et_theme_builder" "Mozilla/5.0 (Windows NT 10.0; Win64; x64) AppleWebKit/537.36 (KHTML, like Gecko) Chrome/131.0.0.0 Safari/537.36"
191.80.140.62 - - [12/Dec/2024:15:40:55 +0000] "GET /wp-admin/edit.php?post_type=page HTTP/1.1" 200 23794 "http://aranda.devuocloud.com/wp-admin/admin.php?page=et_theme_builder" "Mozilla/5.0 (Windows NT 10.0; Win64; x64) AppleWebKit/537.36 (KHTML, like Gecko) Chrome/131.0.0.0 Safari/537.36"
191.80.140.62 - - [12/Dec/2024:15:40:55 +0000] "GET /wp-content/plugins/wordpress-seo/css/dist/edit-page-2400.css HTTP/1.1" 200 603 "http://aranda.devuocloud.com/wp-admin/edit.php?post_type=page" "Mozilla/5.0 (Windows NT 10.0; Win64; x64) AppleWebKit/537.36 (KHTML, like Gecko) Chrome/131.0.0.0 Safari/537.36"
191.80.140.62 - - [12/Dec/2024:15:40:56 +0000] "GET /wp-includes/js/jquery/ui/autocomplete.min.js?ver=1.13.3 HTTP/1.1" 200 3249 "http://aranda.devuocloud.com/wp-admin/edit.php?post_type=page" "Mozilla/5.0 (Windows NT 10.0; Win64; x64) AppleWebKit/537.36 (KHTML, like Gecko) Chrome/131.0.0.0 Safari/537.36"
191.80.140.62 - - [12/Dec/2024:15:40:56 +0000] "GET /wp-includes/js/jquery/ui/menu.min.js?ver=1.13.3 HTTP/1.1" 200 3402 "http://aranda.devuocloud.com/wp-admin/edit.php?post_type=page" "Mozilla/5.0 (Windows NT 10.0; Win64; x64) AppleWebKit/537.36 (KHTML, like Gecko) Chrome/131.0.0.0 Safari/537.36"
191.80.140.62 - - [12/Dec/2024:15:40:57 +0000] "GET /wp-content/plugins/wordpress-seo/images/link-in-icon.svg HTTP/1.1" 200 768 "http://aranda.devuocloud.com/wp-content/plugins/wordpress-seo/css/dist/admin-global-2400.css" "Mozilla/5.0 (Windows NT 10.0; Win64; x64) AppleWebKit/537.36 (KHTML, like Gecko) Chrome/131.0.0.0 Safari/537.36"
191.80.140.62 - - [12/Dec/2024:15:40:57 +0000] "GET /wp-content/plugins/wordpress-seo/images/Yoast_SEO_negative_icon.svg HTTP/1.1" 200 885 "http://aranda.devuocloud.com/wp-content/plugins/wordpress-seo/css/dist/admin-global-2400.css" "Mozilla/5.0 (Windows NT 10.0; Win64; x64) AppleWebKit/537.36 (KHTML, like Gecko) Chrome/131.0.0.0 Safari/537.36"
191.80.140.62 - - [12/Dec/2024:15:40:57 +0000] "GET /wp-content/plugins/wordpress-seo/images/link-out-icon.svg HTTP/1.1" 304 249 "http://aranda.devuocloud.com/wp-content/plugins/wordpress-seo/css/dist/admin-global-2400.css" "Mozilla/5.0 (Windows NT 10.0; Win64; x64) AppleWebKit/537.36 (KHTML, like Gecko) Chrome/131.0.0.0 Safari/537.36"
191.80.140.62 - - [12/Dec/2024:15:40:57 +0000] "GET /wp-content/plugins/wordpress-seo/images/readability-icon.svg HTTP/1.1" 200 771 "http://aranda.devuocloud.com/wp-content/plugins/wordpress-seo/css/dist/admin-global-2400.css" "Mozilla/5.0 (Windows NT 10.0; Win64; x64) AppleWebKit/537.36 (KHTML, like Gecko) Chrome/131.0.0.0 Safari/537.36"
191.80.140.62 - - [12/Dec/2024:15:40:57 +0000] "GET /wp-admin/js/tags-suggest.min.js?ver=6.7.1 HTTP/1.1" 200 1429 "http://aranda.devuocloud.com/wp-admin/edit.php?post_type=page" "Mozilla/5.0 (Windows NT 10.0; Win64; x64) AppleWebKit/537.36 (KHTML, like Gecko) Chrome/131.0.0.0 Safari/537.36"
191.80.140.62 - - [12/Dec/2024:15:40:57 +0000] "GET /wp-admin/js/inline-edit-post.min.js?ver=6.7.1 HTTP/1.1" 200 3653 "http://aranda.devuocloud.com/wp-admin/edit.php?post_type=page" "Mozilla/5.0 (Windows NT 10.0; Win64; x64) AppleWebKit/537.36 (KHTML, like Gecko) Chrome/131.0.0.0 Safari/537.36"
191.80.140.62 - - [12/Dec/2024:15:40:57 +0000] "GET /wp-content/plugins/wordpress-seo/js/dist/quick-edit-handler.js?ver=e7d3f8a9873afbfd1425 HTTP/1.1" 200 902 "http://aranda.devuocloud.com/wp-admin/edit.php?post_type=page" "Mozilla/5.0 (Windows NT 10.0; Win64; x64) AppleWebKit/537.36 (KHTML, like Gecko) Chrome/131.0.0.0 Safari/537.36"
191.80.140.62 - - [12/Dec/2024:15:40:57 +0000] "GET /wp-content/plugins/wordpress-seo/js/dist/edit-page.js?ver=afab9d8fdff1d98c8ca9 HTTP/1.1" 200 692 "http://aranda.devuocloud.com/wp-admin/edit.php?post_type=page" "Mozilla/5.0 (Windows NT 10.0; Win64; x64) AppleWebKit/537.36 (KHTML, like Gecko) Chrome/131.0.0.0 Safari/537.36"
191.80.140.62 - - [12/Dec/2024:15:40:57 +0000] "POST /wp-admin/admin-ajax.php HTTP/1.1" 200 603 "http://aranda.devuocloud.com/wp-admin/edit.php?post_type=page" "Mozilla/5.0 (Windows NT 10.0; Win64; x64) AppleWebKit/537.36 (KHTML, like Gecko) Chrome/131.0.0.0 Safari/537.36"
191.80.140.62 - - [12/Dec/2024:15:41:07 +0000] "POST /wp-admin/admin-ajax.php HTTP/1.1" 200 604 "http://aranda.devuocloud.com/wp-admin/edit.php?post_type=page" "Mozilla/5.0 (Windows NT 10.0; Win64; x64) AppleWebKit/537.36 (KHTML, like Gecko) Chrome/131.0.0.0 Safari/537.36"
191.80.140.62 - - [12/Dec/2024:15:41:08 +0000] "GET /wp-admin/post.php?post=2&action=trash&_wpnonce=a64fbb2117 HTTP/1.1" 302 618 "http://aranda.devuocloud.com/wp-admin/edit.php?post_type=page" "Mozilla/5.0 (Windows NT 10.0; Win64; x64) AppleWebKit/537.36 (KHTML, like Gecko) Chrome/131.0.0.0 Safari/537.36"
191.80.140.62 - - [12/Dec/2024:15:41:10 +0000] "GET /wp-admin/edit.php?post_type=page&trashed=1&ids=2 HTTP/1.1" 200 24041 "http://aranda.devuocloud.com/wp-admin/edit.php?post_type=page" "Mozilla/5.0 (Windows NT 10.0; Win64; x64) AppleWebKit/537.36 (KHTML, like Gecko) Chrome/131.0.0.0 Safari/537.36"
191.80.140.62 - - [12/Dec/2024:15:41:11 +0000] "POST /wp-admin/admin-ajax.php HTTP/1.1" 200 603 "http://aranda.devuocloud.com/wp-admin/edit.php?post_type=page" "Mozilla/5.0 (Windows NT 10.0; Win64; x64) AppleWebKit/537.36 (KHTML, like Gecko) Chrome/131.0.0.0 Safari/537.36"
191.80.140.62 - - [12/Dec/2024:15:41:15 +0000] "GET /wp-admin/admin.php?action=dt_duplicate_post_as_draft&post=21&nonce=0878b0954d HTTP/1.1" 302 495 "http://aranda.devuocloud.com/wp-admin/edit.php?post_type=page" "Mozilla/5.0 (Windows NT 10.0; Win64; x64) AppleWebKit/537.36 (KHTML, like Gecko) Chrome/131.0.0.0 Safari/537.36"
191.80.140.62 - - [12/Dec/2024:15:41:16 +0000] "GET /wp-admin/edit.php?post_type=page HTTP/1.1" 200 23807 "http://aranda.devuocloud.com/wp-admin/edit.php?post_type=page" "Mozilla/5.0 (Windows NT 10.0; Win64; x64) AppleWebKit/537.36 (KHTML, like Gecko) Chrome/131.0.0.0 Safari/537.36"
191.80.140.62 - - [12/Dec/2024:15:41:17 +0000] "POST /wp-admin/admin-ajax.php HTTP/1.1" 200 603 "http://aranda.devuocloud.com/wp-admin/edit.php?post_type=page" "Mozilla/5.0 (Windows NT 10.0; Win64; x64) AppleWebKit/537.36 (KHTML, like Gecko) Chrome/131.0.0.0 Safari/537.36"
191.80.140.62 - - [12/Dec/2024:15:41:22 +0000] "POST /wp-admin/admin-ajax.php HTTP/1.1" 200 2079 "http://aranda.devuocloud.com/wp-admin/edit.php?post_type=page" "Mozilla/5.0 (Windows NT 10.0; Win64; x64) AppleWebKit/537.36 (KHTML, like Gecko) Chrome/131.0.0.0 Safari/537.36"
191.80.140.62 - - [12/Dec/2024:15:41:26 +0000] "GET /?et_fb=1&PageSpeed=off HTTP/1.1" 200 81537 "http://aranda.devuocloud.com/wp-admin/edit.php?post_type=page" "Mozilla/5.0 (Windows NT 10.0; Win64; x64) AppleWebKit/537.36 (KHTML, like Gecko) Chrome/131.0.0.0 Safari/537.36"
